Build Information
Failed to build CouncilKit, reference 0.3.0 (d083d5), with Swift 6.1 for Android on 30 Sep 2026 10:38:13 UTC.
Build Command
bash -c docker run --pull=always --rm -v "checkouts-54344845-1":/host -w "$PWD" -e JAVA_HOME="/root/.sdkman/candidates/java/current" -e SPI_BUILD="1" -e SPI_PROCESSING="1" registry.gitlab.com/saguaro1/spi-images:android-6.1-latest swift build --swift-sdk aarch64-unknown-linux-android24 2>&1Build Log
========================================
RunAll
========================================
Builder version: 5.1.1
Interrupt handler set up.
========================================
Checkout
========================================
Clone URL: https://github.com/albertofettucini/CouncilKit.git
Reference: 0.3.0
Initialized empty Git repository in /host/spi-builder-workspace/.git/
hint: Using 'master' as the name for the initial branch. This default branch name
hint: is subject to change. To configure the initial branch name to use in all
hint: of your new repositories, which will suppress this warning, call:
hint:
hint: git config --global init.defaultBranch <name>
hint:
hint: Names commonly chosen instead of 'master' are 'main', 'trunk' and
hint: 'development'. The just-created branch can be renamed via this command:
hint:
hint: git branch -m <name>
From https://github.com/albertofettucini/CouncilKit
* tag 0.3.0 -> FETCH_HEAD
HEAD is now at d083d52 Outcome reminders as local notifications (CouncilKit 0.3.0)
Cloned https://github.com/albertofettucini/CouncilKit.git
Revision (git rev-parse @):
d083d523037e7b056a847bb5a1fbff6e7a65c575
SUCCESS checkout https://github.com/albertofettucini/CouncilKit.git at 0.3.0
========================================
Build
========================================
Selected platform: android
Swift version: 6.1
Building package at path: $PWD
https://github.com/albertofettucini/CouncilKit.git
https://github.com/albertofettucini/CouncilKit.git
WARNING: environment variable SUPPRESS_SWIFT_6_FLAGS is not set
Running build ...
bash -c docker run --pull=always --rm -v "checkouts-54344845-1":/host -w "$PWD" -e JAVA_HOME="/root/.sdkman/candidates/java/current" -e SPI_BUILD="1" -e SPI_PROCESSING="1" registry.gitlab.com/saguaro1/spi-images:android-6.1-latest swift build --swift-sdk aarch64-unknown-linux-android24 -Xswiftc -Xfrontend -Xswiftc -stats-output-dir -Xswiftc -Xfrontend -Xswiftc .stats -Xswiftc -strict-concurrency=complete -Xswiftc -enable-upcoming-feature -Xswiftc StrictConcurrency -Xswiftc -enable-upcoming-feature -Xswiftc DisableOutwardActorInference -Xswiftc -enable-upcoming-feature -Xswiftc GlobalActorIsolatedTypesUsability -Xswiftc -enable-upcoming-feature -Xswiftc InferSendableFromCaptures 2>&1
android-6.1-latest: Pulling from saguaro1/spi-images
Digest: sha256:a7f4f752e160f6cbd9e0c26490aa43ccd5312d524c4c6d77f8b144559b526afa
Status: Image is up to date for registry.gitlab.com/saguaro1/spi-images:android-6.1-latest
Building for debugging...
[0/7] Write sources
[2/7] Write swift-version-24593BA9C3E375BF.txt
[4/21] Compiling CouncilKit Seat.swift
/host/spi-builder-workspace/Sources/CouncilKit/CouncilStore.swift:3:8: error: no such module 'AppKit'
1 | import Foundation
2 | import Observation
3 | import AppKit
| `- error: no such module 'AppKit'
4 | import UserNotifications
5 |
[5/22] Compiling CouncilKit OpenAICompatibleClient.swift
/host/spi-builder-workspace/Sources/CouncilKit/CouncilStore.swift:3:8: error: no such module 'AppKit'
1 | import Foundation
2 | import Observation
3 | import AppKit
| `- error: no such module 'AppKit'
4 | import UserNotifications
5 |
[6/22] Compiling CouncilKit ReminderNotifications.swift
/host/spi-builder-workspace/Sources/CouncilKit/CouncilStore.swift:3:8: error: no such module 'AppKit'
1 | import Foundation
2 | import Observation
3 | import AppKit
| `- error: no such module 'AppKit'
4 | import UserNotifications
5 |
[7/22] Compiling CouncilKit Archetype.swift
/host/spi-builder-workspace/Sources/CouncilKit/CouncilStore.swift:3:8: error: no such module 'AppKit'
1 | import Foundation
2 | import Observation
3 | import AppKit
| `- error: no such module 'AppKit'
4 | import UserNotifications
5 |
[8/22] Compiling CouncilKit Council.swift
/host/spi-builder-workspace/Sources/CouncilKit/CouncilStore.swift:3:8: error: no such module 'AppKit'
1 | import Foundation
2 | import Observation
3 | import AppKit
| `- error: no such module 'AppKit'
4 | import UserNotifications
5 |
error: emit-module command failed with exit code 1 (use -v to see invocation)
[9/22] Emitting module CouncilKit
/host/spi-builder-workspace/Sources/CouncilKit/CouncilStore.swift:3:8: error: no such module 'AppKit'
1 | import Foundation
2 | import Observation
3 | import AppKit
| `- error: no such module 'AppKit'
4 | import UserNotifications
5 |
[10/22] Compiling CouncilKit AnthropicClient.swift
/host/spi-builder-workspace/Sources/CouncilKit/CouncilStore.swift:3:8: error: no such module 'AppKit'
1 | import Foundation
2 | import Observation
3 | import AppKit
| `- error: no such module 'AppKit'
4 | import UserNotifications
5 |
[11/22] Compiling CouncilKit AppleFoundationClient.swift
/host/spi-builder-workspace/Sources/CouncilKit/CouncilStore.swift:3:8: error: no such module 'AppKit'
1 | import Foundation
2 | import Observation
3 | import AppKit
| `- error: no such module 'AppKit'
4 | import UserNotifications
5 |
[12/22] Compiling CouncilKit CouncilStore.swift
/host/spi-builder-workspace/Sources/CouncilKit/CouncilStore.swift:3:8: error: no such module 'AppKit'
1 | import Foundation
2 | import Observation
3 | import AppKit
| `- error: no such module 'AppKit'
4 | import UserNotifications
5 |
[13/22] Compiling CouncilKit KeychainStore.swift
/host/spi-builder-workspace/Sources/CouncilKit/CouncilStore.swift:3:8: error: no such module 'AppKit'
1 | import Foundation
2 | import Observation
3 | import AppKit
| `- error: no such module 'AppKit'
4 | import UserNotifications
5 |
[14/22] Compiling CouncilKit CouncilConfig.swift
/host/spi-builder-workspace/Sources/CouncilKit/CouncilStore.swift:3:8: error: no such module 'AppKit'
1 | import Foundation
2 | import Observation
3 | import AppKit
| `- error: no such module 'AppKit'
4 | import UserNotifications
5 |
[15/22] Compiling CouncilKit CouncilKit.swift
/host/spi-builder-workspace/Sources/CouncilKit/CouncilStore.swift:3:8: error: no such module 'AppKit'
1 | import Foundation
2 | import Observation
3 | import AppKit
| `- error: no such module 'AppKit'
4 | import UserNotifications
5 |
[16/22] Compiling CouncilKit LLMClient.swift
/host/spi-builder-workspace/Sources/CouncilKit/CouncilStore.swift:3:8: error: no such module 'AppKit'
1 | import Foundation
2 | import Observation
3 | import AppKit
| `- error: no such module 'AppKit'
4 | import UserNotifications
5 |
[17/22] Compiling CouncilKit LLMProvider.swift
/host/spi-builder-workspace/Sources/CouncilKit/CouncilStore.swift:3:8: error: no such module 'AppKit'
1 | import Foundation
2 | import Observation
3 | import AppKit
| `- error: no such module 'AppKit'
4 | import UserNotifications
5 |
[18/22] Compiling CouncilKit Session.swift
/host/spi-builder-workspace/Sources/CouncilKit/CouncilStore.swift:3:8: error: no such module 'AppKit'
1 | import Foundation
2 | import Observation
3 | import AppKit
| `- error: no such module 'AppKit'
4 | import UserNotifications
5 |
Running build ...
bash -c docker run --pull=always --rm -v "checkouts-54344845-1":/host -w "$PWD" -e JAVA_HOME="/root/.sdkman/candidates/java/current" -e SPI_BUILD="1" -e SPI_PROCESSING="1" registry.gitlab.com/saguaro1/spi-images:android-6.1-latest swift build --swift-sdk aarch64-unknown-linux-android24 2>&1
android-6.1-latest: Pulling from saguaro1/spi-images
Digest: sha256:a7f4f752e160f6cbd9e0c26490aa43ccd5312d524c4c6d77f8b144559b526afa
Status: Image is up to date for registry.gitlab.com/saguaro1/spi-images:android-6.1-latest
[0/1] Planning build
Building for debugging...
[0/5] Write swift-version-24593BA9C3E375BF.txt
[2/19] Compiling CouncilKit Seat.swift
/host/spi-builder-workspace/Sources/CouncilKit/CouncilStore.swift:3:8: error: no such module 'AppKit'
1 | import Foundation
2 | import Observation
3 | import AppKit
| `- error: no such module 'AppKit'
4 | import UserNotifications
5 |
[3/20] Compiling CouncilKit Session.swift
/host/spi-builder-workspace/Sources/CouncilKit/CouncilStore.swift:3:8: error: no such module 'AppKit'
1 | import Foundation
2 | import Observation
3 | import AppKit
| `- error: no such module 'AppKit'
4 | import UserNotifications
5 |
[4/20] Compiling CouncilKit OpenAICompatibleClient.swift
/host/spi-builder-workspace/Sources/CouncilKit/CouncilStore.swift:3:8: error: no such module 'AppKit'
1 | import Foundation
2 | import Observation
3 | import AppKit
| `- error: no such module 'AppKit'
4 | import UserNotifications
5 |
[5/20] Compiling CouncilKit ReminderNotifications.swift
/host/spi-builder-workspace/Sources/CouncilKit/CouncilStore.swift:3:8: error: no such module 'AppKit'
1 | import Foundation
2 | import Observation
3 | import AppKit
| `- error: no such module 'AppKit'
4 | import UserNotifications
5 |
[6/20] Compiling CouncilKit LLMClient.swift
/host/spi-builder-workspace/Sources/CouncilKit/CouncilStore.swift:3:8: error: no such module 'AppKit'
1 | import Foundation
2 | import Observation
3 | import AppKit
| `- error: no such module 'AppKit'
4 | import UserNotifications
5 |
[7/20] Compiling CouncilKit LLMProvider.swift
/host/spi-builder-workspace/Sources/CouncilKit/CouncilStore.swift:3:8: error: no such module 'AppKit'
1 | import Foundation
2 | import Observation
3 | import AppKit
| `- error: no such module 'AppKit'
4 | import UserNotifications
5 |
error: emit-module command failed with exit code 1 (use -v to see invocation)
[8/20] Emitting module CouncilKit
/host/spi-builder-workspace/Sources/CouncilKit/CouncilStore.swift:3:8: error: no such module 'AppKit'
1 | import Foundation
2 | import Observation
3 | import AppKit
| `- error: no such module 'AppKit'
4 | import UserNotifications
5 |
[9/20] Compiling CouncilKit Archetype.swift
/host/spi-builder-workspace/Sources/CouncilKit/CouncilStore.swift:3:8: error: no such module 'AppKit'
1 | import Foundation
2 | import Observation
3 | import AppKit
| `- error: no such module 'AppKit'
4 | import UserNotifications
5 |
[10/20] Compiling CouncilKit Council.swift
/host/spi-builder-workspace/Sources/CouncilKit/CouncilStore.swift:3:8: error: no such module 'AppKit'
1 | import Foundation
2 | import Observation
3 | import AppKit
| `- error: no such module 'AppKit'
4 | import UserNotifications
5 |
[11/20] Compiling CouncilKit CouncilStore.swift
/host/spi-builder-workspace/Sources/CouncilKit/CouncilStore.swift:3:8: error: no such module 'AppKit'
1 | import Foundation
2 | import Observation
3 | import AppKit
| `- error: no such module 'AppKit'
4 | import UserNotifications
5 |
[12/20] Compiling CouncilKit KeychainStore.swift
/host/spi-builder-workspace/Sources/CouncilKit/CouncilStore.swift:3:8: error: no such module 'AppKit'
1 | import Foundation
2 | import Observation
3 | import AppKit
| `- error: no such module 'AppKit'
4 | import UserNotifications
5 |
[13/20] Compiling CouncilKit AnthropicClient.swift
/host/spi-builder-workspace/Sources/CouncilKit/CouncilStore.swift:3:8: error: no such module 'AppKit'
1 | import Foundation
2 | import Observation
3 | import AppKit
| `- error: no such module 'AppKit'
4 | import UserNotifications
5 |
[14/20] Compiling CouncilKit AppleFoundationClient.swift
/host/spi-builder-workspace/Sources/CouncilKit/CouncilStore.swift:3:8: error: no such module 'AppKit'
1 | import Foundation
2 | import Observation
3 | import AppKit
| `- error: no such module 'AppKit'
4 | import UserNotifications
5 |
[15/20] Compiling CouncilKit CouncilConfig.swift
/host/spi-builder-workspace/Sources/CouncilKit/CouncilStore.swift:3:8: error: no such module 'AppKit'
1 | import Foundation
2 | import Observation
3 | import AppKit
| `- error: no such module 'AppKit'
4 | import UserNotifications
5 |
[16/20] Compiling CouncilKit CouncilKit.swift
/host/spi-builder-workspace/Sources/CouncilKit/CouncilStore.swift:3:8: error: no such module 'AppKit'
1 | import Foundation
2 | import Observation
3 | import AppKit
| `- error: no such module 'AppKit'
4 | import UserNotifications
5 |
BUILD FAILURE 6.1 android