The Swift Package Index logo.Swift Package Index

Build Information

Failed to build LiquidGlass, reference main (4b5519), with Swift 6.4 for tvOS using Xcode 27.0 on 26 Sep 2026 05:03:55 UTC.

Build Command

env DEVELOPER_DIR=/Applications/Xcode-27.0.0-Release.Candidate.app xcrun xcodebuild -IDEClonedSourcePackagesDirPathOverride=$PWD/.dependencies -skipMacroValidation -skipPackagePluginValidation -derivedDataPath $PWD/.derivedData build -scheme LiquidGlass -destination generic/platform=tvOS

Build Log

========================================
RunAll
========================================
Builder version: 5.1.0
Interrupt handler set up.
========================================
Checkout
========================================
Clone URL: https://github.com/rguillen-dev/LiquidGlass.git
Reference: main
Initialized empty Git repository in /Users/admin/builder/spi-builder-workspace/.git/
From https://github.com/rguillen-dev/LiquidGlass
 * branch            main       -> FETCH_HEAD
 * [new branch]      main       -> origin/main
HEAD is now at 4b5519f Pin MCP server versions (stable, 7+ days old) instead of @latest
Cloned https://github.com/rguillen-dev/LiquidGlass.git
Revision (git rev-parse @):
4b5519f647dc384874fbf4ef70a9a60c4352dc2e
SUCCESS checkout https://github.com/rguillen-dev/LiquidGlass.git at main
========================================
Build
========================================
Selected platform:         tvOS
Swift version:             6.4
Building package at path:  $PWD
https://github.com/rguillen-dev/LiquidGlass.git
Command line invocation:
    /Applications/Xcode-27.0.0-Release.Candidate.app/Contents/Developer/usr/bin/xcodebuild -IDEClonedSourcePackagesDirPathOverride=/Users/admin/builder/spi-builder-workspace/.dependencies -resolvePackageDependencies
Resolve Package Graph
Resolve Package Graph
Resolved source packages:
  LiquidGlass: /Users/admin/builder/spi-builder-workspace
resolved source packages: LiquidGlass
2026-09-26 01:03:06.506 xcodebuild[528:3030] [MT] IDERunDestination: Supported platforms for the buildables in the current scheme is empty.
{
  "dependencies" : [
  ],
  "manifest_display_name" : "LiquidGlass",
  "name" : "LiquidGlass",
  "path" : "/Users/admin/builder/spi-builder-workspace",
  "platforms" : [
    {
      "name" : "ios",
      "version" : "17.0"
    },
    {
      "name" : "macos",
      "version" : "14.0"
    }
  ],
  "products" : [
    {
      "name" : "LiquidGlass",
      "targets" : [
        "LiquidGlass"
      ],
      "type" : {
        "library" : [
          "automatic"
        ]
      }
    }
  ],
  "swift_languages_versions" : [
    "6"
  ],
  "targets" : [
    {
      "c99name" : "LiquidGlassTests",
      "module_type" : "SwiftTarget",
      "name" : "LiquidGlassTests",
      "path" : "Tests/LiquidGlassTests",
      "sources" : [
        "GlassBackgroundExtensionTests.swift",
        "GlassBottomAccessoryTests.swift",
        "GlassColorContrastTests.swift",
        "GlassModifierTests.swift",
        "GlassMorphUnionTests.swift",
        "GlassStyleTests.swift"
      ],
      "target_dependencies" : [
        "LiquidGlass"
      ],
      "type" : "test"
    },
    {
      "c99name" : "LiquidGlass",
      "module_type" : "SwiftTarget",
      "name" : "LiquidGlass",
      "path" : "Sources/LiquidGlass",
      "product_memberships" : [
        "LiquidGlass"
      ],
      "sources" : [
        "GlassBackgroundExtension.swift",
        "GlassBottomAccessory.swift",
        "GlassButton.swift",
        "GlassCard.swift",
        "GlassColorContrast.swift",
        "GlassEffectContainer.swift",
        "GlassMaterial.swift",
        "GlassMorphUnion.swift",
        "GlassStyle.swift",
        "GlassTabBar.swift",
        "GlassTintKey.swift",
        "View+Glass.swift"
      ],
      "type" : "library"
    }
  ],
  "tools_version" : "6.0"
}
{
  "workspace" : {
    "name" : "LiquidGlass",
    "schemes" : [
      "LiquidGlass"
    ]
  }
}
2026-09-26 01:03:38.577 xcodebuild[625:3854] [MT] IDERunDestination: Supported platforms for the buildables in the current scheme is empty.
Running build ...
env DEVELOPER_DIR=/Applications/Xcode-27.0.0-Release.Candidate.app xcrun xcodebuild -IDEClonedSourcePackagesDirPathOverride=$PWD/.dependencies -skipMacroValidation -skipPackagePluginValidation -derivedDataPath $PWD/.derivedData build -scheme LiquidGlass -destination generic/platform=tvOS
Command line invocation:
    /Applications/Xcode-27.0.0-Release.Candidate.app/Contents/Developer/usr/bin/xcodebuild -IDEClonedSourcePackagesDirPathOverride=/Users/admin/builder/spi-builder-workspace/.dependencies -skipMacroValidation -skipPackagePluginValidation -derivedDataPath /Users/admin/builder/spi-builder-workspace/.derivedData build -scheme LiquidGlass -destination generic/platform=tvOS
Resolve Package Graph
Resolved source packages:
  LiquidGlass: /Users/admin/builder/spi-builder-workspace
ComputePackagePrebuildTargetDependencyGraph
Prepare packages
CreateBuildRequest
SendProjectDescription
CreateBuildOperation
ComputeTargetDependencyGraph
note: Building targets in dependency order
note: Target dependency graph (2 targets)
    Target 'LiquidGlass-product' in project 'LiquidGlass'
        ➜ Explicit dependency on target 'LiquidGlass' in project 'LiquidGlass'
    Target 'LiquidGlass' in project 'LiquidGlass' (no dependencies)
GatherProvisioningInputs
CreateBuildDescription
ExecuteExternalTool /Applications/Xcode-27.0.0-Release.Candidate.app/Contents/Developer/Toolchains/XcodeDefault.xctoolchain/usr/bin/clang -v -E -dM -isysroot /Applications/Xcode-27.0.0-Release.Candidate.app/Contents/Developer/Platforms/AppleTVOS.platform/Developer/SDKs/AppleTVOS27.0.sdk -x c -c /dev/null
ExecuteExternalTool /Applications/Xcode-27.0.0-Release.Candidate.app/Contents/Developer/Toolchains/XcodeDefault.xctoolchain/usr/bin/swiftc --version
ExecuteExternalTool /Applications/Xcode-27.0.0-Release.Candidate.app/Contents/Developer/Toolchains/XcodeDefault.xctoolchain/usr/bin/ld -version_details
ReadFileContents /Applications/Xcode-27.0.0-Release.Candidate.app/Contents/Developer/Toolchains/XcodeDefault.xctoolchain/usr/share/docc/features.json
Build description signature: 58158ef48e68cd800d859fb0eee2227e
Build description path: /Users/admin/builder/spi-builder-workspace/.derivedData/Build/Intermediates.noindex/XCBuildData/58158ef48e68cd800d859fb0eee2227e.xcbuilddata
CreateBuildDirectory /Users/admin/builder/spi-builder-workspace/.derivedData/ModuleCache.noindex
    cd /Users/admin/builder/spi-builder-workspace/.swiftpm/xcode
    builtin-create-build-directory /Users/admin/builder/spi-builder-workspace/.derivedData/ModuleCache.noindex
CreateBuildDirectory /Users/admin/builder/spi-builder-workspace/.derivedData/SDKExplicitPrecompiledModules
    cd /Users/admin/builder/spi-builder-workspace/.swiftpm/xcode
    builtin-create-build-directory /Users/admin/builder/spi-builder-workspace/.derivedData/SDKExplicitPrecompiledModules
CreateBuildDirectory /Users/admin/builder/spi-builder-workspace/.derivedData/CompilationCache.noindex
    cd /Users/admin/builder/spi-builder-workspace/.swiftpm/xcode
    builtin-create-build-directory /Users/admin/builder/spi-builder-workspace/.derivedData/CompilationCache.noindex
CreateBuildDirectory /Users/admin/builder/spi-builder-workspace/.derivedData/Build/Intermediates.noindex
    cd /Users/admin/builder/spi-builder-workspace/.swiftpm/xcode
    builtin-create-build-directory /Users/admin/builder/spi-builder-workspace/.derivedData/Build/Intermediates.noindex
CreateBuildDirectory /Users/admin/builder/spi-builder-workspace/.derivedData/Build/Products
    cd /Users/admin/builder/spi-builder-workspace/.swiftpm/xcode
    builtin-create-build-directory /Users/admin/builder/spi-builder-workspace/.derivedData/Build/Products
ClangStatCache /Applications/Xcode-27.0.0-Release.Candidate.app/Contents/Developer/Toolchains/XcodeDefault.xctoolchain/usr/bin/clang-stat-cache /Applications/Xcode-27.0.0-Release.Candidate.app/Contents/Developer/Platforms/AppleTVOS.platform/Developer/SDKs/AppleTVOS27.0.sdk /Users/admin/builder/spi-builder-workspace/.derivedData/SDKStatCaches.noindex/appletvos27.0-24J360-e829b21a6f8c9b70876ba0858053c044b32bfd8d43560033f8d89884cdb90028.sdkstatcache
    cd /Users/admin/builder/spi-builder-workspace/.swiftpm/xcode
    /Applications/Xcode-27.0.0-Release.Candidate.app/Contents/Developer/Toolchains/XcodeDefault.xctoolchain/usr/bin/clang-stat-cache /Applications/Xcode-27.0.0-Release.Candidate.app/Contents/Developer/Platforms/AppleTVOS.platform/Developer/SDKs/AppleTVOS27.0.sdk -o /Users/admin/builder/spi-builder-workspace/.derivedData/SDKStatCaches.noindex/appletvos27.0-24J360-e829b21a6f8c9b70876ba0858053c044b32bfd8d43560033f8d89884cdb90028.sdkstatcache
CreateBuildDirectory /Users/admin/builder/spi-builder-workspace/.derivedData/Build/Intermediates.noindex/PrecompiledHeaders
    cd /Users/admin/builder/spi-builder-workspace/.swiftpm/xcode
    builtin-create-build-directory /Users/admin/builder/spi-builder-workspace/.derivedData/Build/Intermediates.noindex/PrecompiledHeaders
CreateBuildDirectory /Users/admin/builder/spi-builder-workspace/.derivedData/Build/Intermediates.noindex/ExplicitPrecompiledModules
    cd /Users/admin/builder/spi-builder-workspace/.swiftpm/xcode
    builtin-create-build-directory /Users/admin/builder/spi-builder-workspace/.derivedData/Build/Intermediates.noindex/ExplicitPrecompiledModules
CreateBuildDirectory /Users/admin/builder/spi-builder-workspace/.derivedData/Build/Intermediates.noindex/SwiftExplicitPrecompiledModules
    cd /Users/admin/builder/spi-builder-workspace/.swiftpm/xcode
    builtin-create-build-directory /Users/admin/builder/spi-builder-workspace/.derivedData/Build/Intermediates.noindex/SwiftExplicitPrecompiledModules
CreateBuildDirectory /Users/admin/builder/spi-builder-workspace/.derivedData/Build/Intermediates.noindex/EagerLinkingTBDs/Debug-appletvos
    cd /Users/admin/builder/spi-builder-workspace/.swiftpm/xcode
    builtin-create-build-directory /Users/admin/builder/spi-builder-workspace/.derivedData/Build/Intermediates.noindex/EagerLinkingTBDs/Debug-appletvos
CreateBuildDirectory /Users/admin/builder/spi-builder-workspace/.derivedData/Build/Products/Debug-appletvos
    cd /Users/admin/builder/spi-builder-workspace/.swiftpm/xcode
    builtin-create-build-directory /Users/admin/builder/spi-builder-workspace/.derivedData/Build/Products/Debug-appletvos
CreateBuildDirectory /Users/admin/builder/spi-builder-workspace/.derivedData/Build/Products/Debug-appletvos/PackageFrameworks
    cd /Users/admin/builder/spi-builder-workspace/.swiftpm/xcode
    builtin-create-build-directory /Users/admin/builder/spi-builder-workspace/.derivedData/Build/Products/Debug-appletvos/PackageFrameworks
WriteAuxiliaryFile /Users/admin/builder/spi-builder-workspace/.derivedData/Build/Intermediates.noindex/LiquidGlass.build/Debug-appletvos/LiquidGlass-t.build/LiquidGlass.DependencyMetadataFileList (in target 'LiquidGlass' from project 'LiquidGlass')
    cd /Users/admin/builder/spi-builder-workspace
    write-file /Users/admin/builder/spi-builder-workspace/.derivedData/Build/Intermediates.noindex/LiquidGlass.build/Debug-appletvos/LiquidGlass-t.build/LiquidGlass.DependencyMetadataFileList
WriteAuxiliaryFile /Users/admin/builder/spi-builder-workspace/.derivedData/Build/Intermediates.noindex/LiquidGlass.build/Debug-appletvos/LiquidGlass-t.build/LiquidGlass.DependencyStaticMetadataFileList (in target 'LiquidGlass' from project 'LiquidGlass')
    cd /Users/admin/builder/spi-builder-workspace
    write-file /Users/admin/builder/spi-builder-workspace/.derivedData/Build/Intermediates.noindex/LiquidGlass.build/Debug-appletvos/LiquidGlass-t.build/LiquidGlass.DependencyStaticMetadataFileList
WriteAuxiliaryFile /Users/admin/builder/spi-builder-workspace/.derivedData/Build/Intermediates.noindex/LiquidGlass.build/Debug-appletvos/LiquidGlass-t.build/LiquidGlass.modulemap (in target 'LiquidGlass' from project 'LiquidGlass')
    cd /Users/admin/builder/spi-builder-workspace
    write-file /Users/admin/builder/spi-builder-workspace/.derivedData/Build/Intermediates.noindex/LiquidGlass.build/Debug-appletvos/LiquidGlass-t.build/LiquidGlass.modulemap
WriteAuxiliaryFile /Users/admin/builder/spi-builder-workspace/.derivedData/Build/Intermediates.noindex/LiquidGlass.build/Debug-appletvos/LiquidGlass-t.build/Objects-normal/arm64/LiquidGlass.SwiftFileList (in target 'LiquidGlass' from project 'LiquidGlass')
    cd /Users/admin/builder/spi-builder-workspace
    write-file /Users/admin/builder/spi-builder-workspace/.derivedData/Build/Intermediates.noindex/LiquidGlass.build/Debug-appletvos/LiquidGlass-t.build/Objects-normal/arm64/LiquidGlass.SwiftFileList
WriteAuxiliaryFile /Users/admin/builder/spi-builder-workspace/.derivedData/Build/Intermediates.noindex/LiquidGlass.build/Debug-appletvos/LiquidGlass-t.build/Objects-normal/arm64/LiquidGlass-OutputFileMap.json (in target 'LiquidGlass' from project 'LiquidGlass')
    cd /Users/admin/builder/spi-builder-workspace
    write-file /Users/admin/builder/spi-builder-workspace/.derivedData/Build/Intermediates.noindex/LiquidGlass.build/Debug-appletvos/LiquidGlass-t.build/Objects-normal/arm64/LiquidGlass-OutputFileMap.json
WriteAuxiliaryFile /Users/admin/builder/spi-builder-workspace/.derivedData/Build/Intermediates.noindex/LiquidGlass.build/Debug-appletvos/LiquidGlass-t.build/Objects-normal/arm64/LiquidGlass_const_extract_protocols.json (in target 'LiquidGlass' from project 'LiquidGlass')
    cd /Users/admin/builder/spi-builder-workspace
    write-file /Users/admin/builder/spi-builder-workspace/.derivedData/Build/Intermediates.noindex/LiquidGlass.build/Debug-appletvos/LiquidGlass-t.build/Objects-normal/arm64/LiquidGlass_const_extract_protocols.json
WriteAuxiliaryFile /Users/admin/builder/spi-builder-workspace/.derivedData/Build/Intermediates.noindex/LiquidGlass.build/Debug-appletvos/LiquidGlass-t.build/Objects-normal/arm64/LiquidGlass.SwiftConstValuesFileList (in target 'LiquidGlass' from project 'LiquidGlass')
    cd /Users/admin/builder/spi-builder-workspace
    write-file /Users/admin/builder/spi-builder-workspace/.derivedData/Build/Intermediates.noindex/LiquidGlass.build/Debug-appletvos/LiquidGlass-t.build/Objects-normal/arm64/LiquidGlass.SwiftConstValuesFileList
WriteAuxiliaryFile /Users/admin/builder/spi-builder-workspace/.derivedData/Build/Intermediates.noindex/LiquidGlass.build/Debug-appletvos/LiquidGlass-t.build/Objects-normal/arm64/LiquidGlass.LinkFileList (in target 'LiquidGlass' from project 'LiquidGlass')
    cd /Users/admin/builder/spi-builder-workspace
    write-file /Users/admin/builder/spi-builder-workspace/.derivedData/Build/Intermediates.noindex/LiquidGlass.build/Debug-appletvos/LiquidGlass-t.build/Objects-normal/arm64/LiquidGlass.LinkFileList
Copy /Users/admin/builder/spi-builder-workspace/.derivedData/Build/Intermediates.noindex/GeneratedModuleMaps-appletvos/LiquidGlass.modulemap /Users/admin/builder/spi-builder-workspace/.derivedData/Build/Intermediates.noindex/LiquidGlass.build/Debug-appletvos/LiquidGlass-t.build/LiquidGlass.modulemap (in target 'LiquidGlass' from project 'LiquidGlass')
    cd /Users/admin/builder/spi-builder-workspace
    builtin-copy -exclude .DS_Store -exclude CVS -exclude .svn -exclude .git -exclude .hg -resolve-src-symlinks /Users/admin/builder/spi-builder-workspace/.derivedData/Build/Intermediates.noindex/LiquidGlass.build/Debug-appletvos/LiquidGlass-t.build/LiquidGlass.modulemap /Users/admin/builder/spi-builder-workspace/.derivedData/Build/Intermediates.noindex/GeneratedModuleMaps-appletvos
SwiftDriver LiquidGlass normal arm64 com.apple.xcode.tools.swift.compiler (in target 'LiquidGlass' from project 'LiquidGlass')
    cd /Users/admin/builder/spi-builder-workspace/.swiftpm/xcode
    builtin-SwiftDriver -- /Applications/Xcode-27.0.0-Release.Candidate.app/Contents/Developer/Toolchains/XcodeDefault.xctoolchain/usr/bin/swiftc -parse-as-library -module-name LiquidGlass -Onone @/Users/admin/builder/spi-builder-workspace/.derivedData/Build/Intermediates.noindex/LiquidGlass.build/Debug-appletvos/LiquidGlass-t.build/Objects-normal/arm64/LiquidGlass.SwiftFileList -DSWIFT_PACKAGE -DDEBUG -DSWIFT_MODULE_RESOURCE_BUNDLE_UNAVAILABLE -DXcode -plugin-path /Applications/Xcode-27.0.0-Release.Candidate.app/Contents/Developer/Toolchains/XcodeDefault.xctoolchain/usr/lib/swift/host/plugins/testing -enable-experimental-feature DebugDescriptionMacro -sdk /Applications/Xcode-27.0.0-Release.Candidate.app/Contents/Developer/Platforms/AppleTVOS.platform/Developer/SDKs/AppleTVOS27.0.sdk -target arm64-apple-tvos17.0 -g -module-cache-path /Users/admin/builder/spi-builder-workspace/.derivedData/ModuleCache.noindex -Xfrontend -serialize-debugging-options -profile-coverage-mapping -profile-generate -enable-testing -index-store-path /Users/admin/builder/spi-builder-workspace/.derivedData/Index.noindex/DataStore -Xcc -D_LIBCPP_HARDENING_MODE\=_LIBCPP_HARDENING_MODE_DEBUG -swift-version 6 -I /Users/admin/builder/spi-builder-workspace/.derivedData/Build/Products/Debug-appletvos -Isystem /Applications/Xcode-27.0.0-Release.Candidate.app/Contents/Developer/Platforms/AppleTVOS.platform/Developer/usr/lib -F /Users/admin/builder/spi-builder-workspace/.derivedData/Build/Products/Debug-appletvos -F /Applications/Xcode-27.0.0-Release.Candidate.app/Contents/Developer/Platforms/AppleTVOS.platform/Developer/Library/Frameworks -F /Applications/Xcode-27.0.0-Release.Candidate.app/Contents/Developer/Platforms/AppleTVOS.platform/Developer/SDKs/AppleTVOS27.0.sdk/Developer/Library/Frameworks -c -j10 -enable-batch-mode -incremental -Xcc -ivfsstatcache -Xcc /Users/admin/builder/spi-builder-workspace/.derivedData/SDKStatCaches.noindex/appletvos27.0-24J360-e829b21a6f8c9b70876ba0858053c044b32bfd8d43560033f8d89884cdb90028.sdkstatcache -output-file-map /Users/admin/builder/spi-builder-workspace/.derivedData/Build/Intermediates.noindex/LiquidGlass.build/Debug-appletvos/LiquidGlass-t.build/Objects-normal/arm64/LiquidGlass-OutputFileMap.json -save-temps -no-color-diagnostics -explicit-module-build -module-cache-path /Users/admin/builder/spi-builder-workspace/.derivedData/Build/Intermediates.noindex/SwiftExplicitPrecompiledModules -clang-scanner-module-cache-path /Users/admin/builder/spi-builder-workspace/.derivedData/ModuleCache.noindex -sdk-module-cache-path /Users/admin/builder/spi-builder-workspace/.derivedData/SDKExplicitPrecompiledModules -emit-dependencies -emit-module -emit-module-path /Users/admin/builder/spi-builder-workspace/.derivedData/Build/Intermediates.noindex/LiquidGlass.build/Debug-appletvos/LiquidGlass-t.build/Objects-normal/arm64/LiquidGlass.swiftmodule -serialize-diagnostics -dependency-scan-serialize-diagnostics-path /Users/admin/builder/spi-builder-workspace/.derivedData/Build/Intermediates.noindex/LiquidGlass.build/Debug-appletvos/LiquidGlass-t.build/Objects-normal/arm64/LiquidGlass-dependency-scan.dia -validate-clang-modules-once -clang-build-session-file /Users/admin/builder/spi-builder-workspace/.derivedData/ModuleCache.noindex/Session.modulevalidation -Xcc -fmodules-prune-interval\=86400 -Xcc -fmodules-prune-after\=345600 -package-name spi_builder_workspace -emit-const-values -const-gather-protocols-list /Users/admin/builder/spi-builder-workspace/.derivedData/Build/Intermediates.noindex/LiquidGlass.build/Debug-appletvos/LiquidGlass-t.build/Objects-normal/arm64/LiquidGlass_const_extract_protocols.json -Xcc -I/Users/admin/builder/spi-builder-workspace/.derivedData/Build/Products/Debug-appletvos/include -Xcc -I/Users/admin/builder/spi-builder-workspace/.derivedData/Build/Intermediates.noindex/LiquidGlass.build/Debug-appletvos/LiquidGlass-t.build/DerivedSources-normal/arm64 -Xcc -I/Users/admin/builder/spi-builder-workspace/.derivedData/Build/Intermediates.noindex/LiquidGlass.build/Debug-appletvos/LiquidGlass-t.build/DerivedSources/arm64 -Xcc -I/Users/admin/builder/spi-builder-workspace/.derivedData/Build/Intermediates.noindex/LiquidGlass.build/Debug-appletvos/LiquidGlass-t.build/DerivedSources -Xcc -DSWIFT_PACKAGE -Xcc -DDEBUG\=1 -emit-objc-header -emit-objc-header-path /Users/admin/builder/spi-builder-workspace/.derivedData/Build/Intermediates.noindex/LiquidGlass.build/Debug-appletvos/LiquidGlass-t.build/Objects-normal/arm64/LiquidGlass-Swift.h -working-directory /Users/admin/builder/spi-builder-workspace/.swiftpm/xcode -experimental-emit-module-separately -disable-cmo
SwiftExplicitDependencyGeneratePcm arm64 /Users/admin/builder/spi-builder-workspace/.derivedData/SDKExplicitPrecompiledModules/_Builtin_stdarg-719DH4G2R3NRP3HRX5HE8WX08.pcm
SwiftExplicitDependencyGeneratePcm arm64 /Users/admin/builder/spi-builder-workspace/.derivedData/SDKExplicitPrecompiledModules/SwiftShims-73G9EXEO9PVWB6PL1BR4TAJ0B.pcm
SwiftExplicitDependencyGeneratePcm arm64 /Users/admin/builder/spi-builder-workspace/.derivedData/SDKExplicitPrecompiledModules/_Builtin_stdbool-4UUPXTY52W6RPSB0N2WGGLTJT.pcm
SwiftExplicitDependencyGeneratePcm arm64 /Users/admin/builder/spi-builder-workspace/.derivedData/SDKExplicitPrecompiledModules/_Builtin_float-3RF4B70MBHPP952AX3GNZ8W3H.pcm
SwiftExplicitDependencyGeneratePcm arm64 /Users/admin/builder/spi-builder-workspace/.derivedData/SDKExplicitPrecompiledModules/DeveloperToolsSupport-CJV8SY9BXJUTONPFWMLQEGTXA.pcm
SwiftExplicitDependencyGeneratePcm arm64 /Users/admin/builder/spi-builder-workspace/.derivedData/SDKExplicitPrecompiledModules/_SwiftConcurrencyShims-3HZGHPZQL3GY71QUHDRB0P39S.pcm
SwiftExplicitDependencyGeneratePcm arm64 /Users/admin/builder/spi-builder-workspace/.derivedData/SDKExplicitPrecompiledModules/_Builtin_stddef-1MAO6P3OSQFGZFQEPM31XXNSS.pcm
SwiftExplicitDependencyGeneratePcm arm64 /Users/admin/builder/spi-builder-workspace/.derivedData/SDKExplicitPrecompiledModules/ptrcheck-BA65H1NXYZJ0BLLWO9HZOAZ6Y.pcm
SwiftExplicitDependencyGeneratePcm arm64 /Users/admin/builder/spi-builder-workspace/.derivedData/SDKExplicitPrecompiledModules/_AvailabilityInternal-99L1JVU5TYE8S0FGGB7E09QQS.pcm
SwiftExplicitDependencyGeneratePcm arm64 /Users/admin/builder/spi-builder-workspace/.derivedData/SDKExplicitPrecompiledModules/ptrauth-EMKXYE8GN9BK4M3ODSTVDUJU2.pcm
SwiftExplicitDependencyGeneratePcm arm64 /Users/admin/builder/spi-builder-workspace/.derivedData/SDKExplicitPrecompiledModules/_DarwinFoundation1-90NUFDXQ765U5FR62173FT21A.pcm
SwiftExplicitDependencyGeneratePcm arm64 /Users/admin/builder/spi-builder-workspace/.derivedData/SDKExplicitPrecompiledModules/_Builtin_limits-3JICJWOCEYXXXNXAMEJBF6UQN.pcm
SwiftExplicitDependencyGeneratePcm arm64 /Users/admin/builder/spi-builder-workspace/.derivedData/SDKExplicitPrecompiledModules/_DarwinFoundation2-EPKSYG5WMVE7WSPFQB4C0UC59.pcm
SwiftExplicitDependencyGeneratePcm arm64 /Users/admin/builder/spi-builder-workspace/.derivedData/SDKExplicitPrecompiledModules/_Builtin_stdint-A8OKY0NXO26BZ4GWYKP79TKL9.pcm
SwiftExplicitDependencyGeneratePcm arm64 /Users/admin/builder/spi-builder-workspace/.derivedData/SDKExplicitPrecompiledModules/sys_types-CATSGLJDZ8UZUMKHO6M4I4PJT.pcm
SwiftExplicitDependencyGeneratePcm arm64 /Users/admin/builder/spi-builder-workspace/.derivedData/SDKExplicitPrecompiledModules/_Builtin_tgmath-320K271Z6IM134IWIB7S3LTD.pcm
SwiftExplicitDependencyGeneratePcm arm64 /Users/admin/builder/spi-builder-workspace/.derivedData/SDKExplicitPrecompiledModules/string_h-B6D36UOVIZC2Y0YE3KEZLZAP6.pcm
SwiftExplicitDependencyGeneratePcm arm64 /Users/admin/builder/spi-builder-workspace/.derivedData/SDKExplicitPrecompiledModules/_Builtin_stdatomic-71DQV8BR56LNANL900GGEC9KO.pcm
SwiftExplicitDependencyGeneratePcm arm64 /Users/admin/builder/spi-builder-workspace/.derivedData/SDKExplicitPrecompiledModules/_Builtin_intrinsics-AQDFY8KQQX9Z38C6EI15S53EQ.pcm
SwiftExplicitDependencyGeneratePcm arm64 /Users/admin/builder/spi-builder-workspace/.derivedData/SDKExplicitPrecompiledModules/_DarwinFoundation3-63L5I5VCGX6CLI6HI7OWUXJN6.pcm
SwiftExplicitDependencyGeneratePcm arm64 /Users/admin/builder/spi-builder-workspace/.derivedData/SDKExplicitPrecompiledModules/_Builtin_inttypes-80RS02PM2X81SP8N0Q7X05540.pcm
SwiftExplicitDependencyGeneratePcm arm64 /Users/admin/builder/spi-builder-workspace/.derivedData/SDKExplicitPrecompiledModules/Darwin-1VTILT8KA42CNDAUB0H1FM7MC.pcm
SwiftExplicitDependencyGeneratePcm arm64 /Users/admin/builder/spi-builder-workspace/.derivedData/SDKExplicitPrecompiledModules/simd-D50CDGAQRFNF5E2BA2UWCCHLJ.pcm
SwiftExplicitDependencyGeneratePcm arm64 /Users/admin/builder/spi-builder-workspace/.derivedData/SDKExplicitPrecompiledModules/ObjectiveC-CC0BYHG21IQMMT48PGDNSK7G6.pcm
SwiftExplicitDependencyGeneratePcm arm64 /Users/admin/builder/spi-builder-workspace/.derivedData/SDKExplicitPrecompiledModules/MachO-A5KLTMTLJD1DPHEYPZHUSRJ4O.pcm
SwiftExplicitDependencyGeneratePcm arm64 /Users/admin/builder/spi-builder-workspace/.derivedData/SDKExplicitPrecompiledModules/os_object-1TJLDNS7X3UT7Y5TM4QQ2RN6G.pcm
SwiftExplicitDependencyGeneratePcm arm64 /Users/admin/builder/spi-builder-workspace/.derivedData/SDKExplicitPrecompiledModules/os_workgroup-E61GF9E8FAHZGKXVOV9QHUD27.pcm
SwiftExplicitDependencyGeneratePcm arm64 /Users/admin/builder/spi-builder-workspace/.derivedData/SDKExplicitPrecompiledModules/Dispatch-F564M6B2H1RRD83XZ8EBWFSHE.pcm
SwiftExplicitDependencyGeneratePcm arm64 /Users/admin/builder/spi-builder-workspace/.derivedData/SDKExplicitPrecompiledModules/Spatial-2KZFBWN278VTZL619Y96SAJC9.pcm
SwiftExplicitDependencyGeneratePcm arm64 /Users/admin/builder/spi-builder-workspace/.derivedData/SDKExplicitPrecompiledModules/XPC-2WVXL0UION0MYZOZAJZC6DUXD.pcm
SwiftExplicitDependencyGeneratePcm arm64 /Users/admin/builder/spi-builder-workspace/.derivedData/SDKExplicitPrecompiledModules/CoreFoundation-A4LOYEEJIFQKOPZRDOG9M3N2K.pcm
SwiftExplicitDependencyGeneratePcm arm64 /Users/admin/builder/spi-builder-workspace/.derivedData/SDKExplicitPrecompiledModules/os-4NLIUP5HHN7FW5ML70YLEU8QE.pcm
SwiftExplicitDependencyGeneratePcm arm64 /Users/admin/builder/spi-builder-workspace/.derivedData/SDKExplicitPrecompiledModules/CoreGraphics-D8Y0X4J52BHG7HHUQLTX6SXE1.pcm
SwiftExplicitDependencyGeneratePcm arm64 /Users/admin/builder/spi-builder-workspace/.derivedData/SDKExplicitPrecompiledModules/CFNetwork-8S7XZ5SI3TWM2JOZPDZPRY8W9.pcm
SwiftExplicitDependencyGeneratePcm arm64 /Users/admin/builder/spi-builder-workspace/.derivedData/SDKExplicitPrecompiledModules/CoreAudioTypes-3D575H9KXE9GWSK6ZWEWBV9TM.pcm
SwiftExplicitDependencyGeneratePcm arm64 /Users/admin/builder/spi-builder-workspace/.derivedData/SDKExplicitPrecompiledModules/Security-6KU6X9W8QDIJW83JUF0DRES83.pcm
SwiftExplicitDependencyGeneratePcm arm64 /Users/admin/builder/spi-builder-workspace/.derivedData/SDKExplicitPrecompiledModules/CoreAudio-46JNU59TK6U76A9ILN06CT9NS.pcm
SwiftExplicitDependencyGeneratePcm arm64 /Users/admin/builder/spi-builder-workspace/.derivedData/SDKExplicitPrecompiledModules/Foundation-1AS5K10MY6XENLLR2NDUCKYTM.pcm
SwiftExplicitDependencyGeneratePcm arm64 /Users/admin/builder/spi-builder-workspace/.derivedData/SDKExplicitPrecompiledModules/ImageIO-48DA7ET77Q34HPZP9CPHI9VS4.pcm
SwiftExplicitDependencyGeneratePcm arm64 /Users/admin/builder/spi-builder-workspace/.derivedData/SDKExplicitPrecompiledModules/CoreText-E0GG8D3D527TJX7D2QEHFQLM2.pcm
SwiftExplicitDependencyGeneratePcm arm64 /Users/admin/builder/spi-builder-workspace/.derivedData/SDKExplicitPrecompiledModules/OSLog-1UX1YGRJSIOEO9YC3MNFFD818.pcm
SwiftExplicitDependencyGeneratePcm arm64 /Users/admin/builder/spi-builder-workspace/.derivedData/SDKExplicitPrecompiledModules/Accessibility-EAPB6A95K5V0S27QNKR6ATG7F.pcm
SwiftExplicitDependencyGeneratePcm arm64 /Users/admin/builder/spi-builder-workspace/.derivedData/SDKExplicitPrecompiledModules/UIUtilities-9NQVCWATNLLVY125LB74695HY.pcm
SwiftExplicitDependencyGeneratePcm arm64 /Users/admin/builder/spi-builder-workspace/.derivedData/SDKExplicitPrecompiledModules/CoreData-3R0N6HKKQMVS32U7KOKR14383.pcm
SwiftExplicitDependencyGeneratePcm arm64 /Users/admin/builder/spi-builder-workspace/.derivedData/SDKExplicitPrecompiledModules/Symbols-9TNA7JIKOEYVTYC7A16HCS4Z8.pcm
SwiftExplicitDependencyGeneratePcm arm64 /Users/admin/builder/spi-builder-workspace/.derivedData/SDKExplicitPrecompiledModules/DataDetection-9IX0C1MAX33MS6TCZDSNKXEO8.pcm
SwiftExplicitDependencyGeneratePcm arm64 /Users/admin/builder/spi-builder-workspace/.derivedData/SDKExplicitPrecompiledModules/UserNotifications-AKH3GC0FQWUK55FNTW4WEMFQE.pcm
SwiftExplicitDependencyGeneratePcm arm64 /Users/admin/builder/spi-builder-workspace/.derivedData/SDKExplicitPrecompiledModules/UniformTypeIdentifiers-DQ77M7R0D7VCBK0YUO3VHCRB1.pcm
SwiftExplicitDependencyGeneratePcm arm64 /Users/admin/builder/spi-builder-workspace/.derivedData/SDKExplicitPrecompiledModules/_LocationEssentials-2OY9351FRBO717MIULOKMYA9E.pcm
SwiftExplicitDependencyGeneratePcm arm64 /Users/admin/builder/spi-builder-workspace/.derivedData/SDKExplicitPrecompiledModules/IOSurface-DEQULTJ8SC21O986FDCNTM8FX.pcm
SwiftExplicitDependencyGeneratePcm arm64 /Users/admin/builder/spi-builder-workspace/.derivedData/SDKExplicitPrecompiledModules/CoreTransferable-84B3V3M9DHRIQERK179SSQO5U.pcm
SwiftExplicitDependencyGeneratePcm arm64 /Users/admin/builder/spi-builder-workspace/.derivedData/SDKExplicitPrecompiledModules/CoreLocation-6939X9DMB2SA43P0TYB7Z14Z5.pcm
SwiftExplicitDependencyGeneratePcm arm64 /Users/admin/builder/spi-builder-workspace/.derivedData/SDKExplicitPrecompiledModules/OpenGLES-6Y33D4DDPO1R82EJXT1SIGNPS.pcm
SwiftExplicitDependencyGeneratePcm arm64 /Users/admin/builder/spi-builder-workspace/.derivedData/SDKExplicitPrecompiledModules/Metal-52GB3RCZ6A2WEZ7RWCXV2WL0N.pcm
SwiftExplicitDependencyGeneratePcm arm64 /Users/admin/builder/spi-builder-workspace/.derivedData/SDKExplicitPrecompiledModules/CoreVideo-5G4VAY32QMJB00PUALI6188LK.pcm
SwiftExplicitDependencyGeneratePcm arm64 /Users/admin/builder/spi-builder-workspace/.derivedData/SDKExplicitPrecompiledModules/CoreMedia-43BPYBY7ZACBDCUTAJXJFLTBP.pcm
SwiftExplicitDependencyGeneratePcm arm64 /Users/admin/builder/spi-builder-workspace/.derivedData/SDKExplicitPrecompiledModules/CoreImage-ATUQ374FIDJPA1DF5BLR644CG.pcm
SwiftExplicitDependencyGeneratePcm arm64 /Users/admin/builder/spi-builder-workspace/.derivedData/SDKExplicitPrecompiledModules/QuartzCore-DSNZZA81DYNK4OK1ANRR6HM7G.pcm
SwiftExplicitDependencyGeneratePcm arm64 /Users/admin/builder/spi-builder-workspace/.derivedData/SDKExplicitPrecompiledModules/SwiftUICore-7SJQ9GB90ACGZV5NB09LFJIRX.pcm
SwiftExplicitDependencyGeneratePcm arm64 /Users/admin/builder/spi-builder-workspace/.derivedData/SDKExplicitPrecompiledModules/UIKit-42T2ZGON9LDZUXRIAUKELQ554.pcm
SwiftExplicitDependencyGeneratePcm arm64 /Users/admin/builder/spi-builder-workspace/.derivedData/SDKExplicitPrecompiledModules/SwiftUI-B634212FU5XQXG1OEBY2WYYH3.pcm
SwiftEmitModule normal arm64 Emitting\ module\ for\ LiquidGlass (in target 'LiquidGlass' from project 'LiquidGlass')
SwiftCompile normal arm64 (in target 'LiquidGlass' from project 'LiquidGlass')
    cd /Users/admin/builder/spi-builder-workspace/.swiftpm/xcode

SwiftCompile normal arm64 Compiling\ GlassTabBar.swift /Users/admin/builder/spi-builder-workspace/Sources/LiquidGlass/GlassTabBar.swift (in target 'LiquidGlass' from project 'LiquidGlass')
SwiftCompile normal arm64 /Users/admin/builder/spi-builder-workspace/Sources/LiquidGlass/GlassTabBar.swift (in target 'LiquidGlass' from project 'LiquidGlass')
    cd /Users/admin/builder/spi-builder-workspace/.swiftpm/xcode
    builtin-SwiftPerFileCompile GlassTabBar.swift
SwiftCompile normal arm64 Compiling\ View+Glass.swift /Users/admin/builder/spi-builder-workspace/Sources/LiquidGlass/View+Glass.swift (in target 'LiquidGlass' from project 'LiquidGlass')
SwiftCompile normal arm64 /Users/admin/builder/spi-builder-workspace/Sources/LiquidGlass/View+Glass.swift (in target 'LiquidGlass' from project 'LiquidGlass')
    cd /Users/admin/builder/spi-builder-workspace/.swiftpm/xcode
    builtin-SwiftPerFileCompile View+Glass.swift
SwiftCompile normal arm64 Compiling\ GlassTintKey.swift /Users/admin/builder/spi-builder-workspace/Sources/LiquidGlass/GlassTintKey.swift (in target 'LiquidGlass' from project 'LiquidGlass')
SwiftCompile normal arm64 /Users/admin/builder/spi-builder-workspace/Sources/LiquidGlass/GlassTintKey.swift (in target 'LiquidGlass' from project 'LiquidGlass')
    cd /Users/admin/builder/spi-builder-workspace/.swiftpm/xcode
    builtin-SwiftPerFileCompile GlassTintKey.swift
SwiftCompile normal arm64 Compiling\ GlassStyle.swift /Users/admin/builder/spi-builder-workspace/Sources/LiquidGlass/GlassStyle.swift (in target 'LiquidGlass' from project 'LiquidGlass')
SwiftCompile normal arm64 /Users/admin/builder/spi-builder-workspace/Sources/LiquidGlass/GlassStyle.swift (in target 'LiquidGlass' from project 'LiquidGlass')
    cd /Users/admin/builder/spi-builder-workspace/.swiftpm/xcode
    builtin-SwiftPerFileCompile GlassStyle.swift
SwiftCompile normal arm64 Compiling\ GlassButton.swift,\ GlassCard.swift /Users/admin/builder/spi-builder-workspace/Sources/LiquidGlass/GlassButton.swift /Users/admin/builder/spi-builder-workspace/Sources/LiquidGlass/GlassCard.swift (in target 'LiquidGlass' from project 'LiquidGlass')
SwiftCompile normal arm64 /Users/admin/builder/spi-builder-workspace/Sources/LiquidGlass/GlassButton.swift (in target 'LiquidGlass' from project 'LiquidGlass')
    cd /Users/admin/builder/spi-builder-workspace/.swiftpm/xcode
    builtin-SwiftPerFileCompile GlassButton.swift
SwiftCompile normal arm64 /Users/admin/builder/spi-builder-workspace/Sources/LiquidGlass/GlassCard.swift (in target 'LiquidGlass' from project 'LiquidGlass')
    cd /Users/admin/builder/spi-builder-workspace/.swiftpm/xcode
    builtin-SwiftPerFileCompile GlassCard.swift
SwiftCompile normal arm64 Compiling\ GlassMaterial.swift /Users/admin/builder/spi-builder-workspace/Sources/LiquidGlass/GlassMaterial.swift (in target 'LiquidGlass' from project 'LiquidGlass')
/Users/admin/builder/spi-builder-workspace/Sources/LiquidGlass/GlassMaterial.swift:76:33: error: 'bar' is unavailable in tvOS
 74 |         case .card:     return .thinMaterial
 75 |         case .button:   return .regularMaterial
 76 |         case .toolbar:  return .bar
    |                                 `- error: 'bar' is unavailable in tvOS
 77 |         case .sidebar:  return .thickMaterial
 78 |         case .overlay:  return .ultraThickMaterial
SwiftUI.Material.bar:2:19: note: 'bar' has been explicitly marked unavailable here
1 | struct Material {
2 | public static let bar: Material}
  |                   `- note: 'bar' has been explicitly marked unavailable here
3 |
/Users/admin/builder/spi-builder-workspace/Sources/LiquidGlass/GlassMaterial.swift:97:32: error: 'systemBackground' is unavailable in tvOS
 95 |     var opaqueFallbackFill: Color {
 96 |         #if canImport(UIKit)
 97 |         return Color(uiColor: .systemBackground)
    |                                `- error: 'systemBackground' is unavailable in tvOS
 98 |         #elseif canImport(AppKit)
 99 |         return Color(nsColor: .windowBackgroundColor)
/Applications/Xcode-27.0.0-Release.Candidate.app/Contents/Developer/Platforms/AppleTVOS.platform/Developer/SDKs/AppleTVOS27.0.sdk/System/Library/Frameworks/UIKit.framework/Headers/UIInterface.h:208:49: note: 'systemBackground' has been explicitly marked unavailable here
206 |  *    primary background in light mode.
207 |  */
208 | @property (class, nonatomic, readonly) UIColor *systemBackgroundColor                   API_AVAILABLE(ios(13.0)) API_UNAVAILABLE(tvos, watchos);
    |                                                 `- note: 'systemBackground' has been explicitly marked unavailable here
209 | @property (class, nonatomic, readonly) UIColor *secondarySystemBackgroundColor          API_AVAILABLE(ios(13.0)) API_UNAVAILABLE(tvos, watchos);
210 | @property (class, nonatomic, readonly) UIColor *tertiarySystemBackgroundColor           API_AVAILABLE(ios(13.0)) API_UNAVAILABLE(tvos, watchos);
/Users/admin/builder/spi-builder-workspace/Sources/LiquidGlass/GlassMaterial.swift:320:21: error: 'glassEffect(_:in:)' is only available in tvOS 26.0 or newer
246 | /// ``GlassMaterial/borderColor(reduceTransparency:colorScheme:)``, shared with
247 | /// ``GlassMorphUnionSurfaces``'s fallback surface so both stay in sync.
248 | struct GlassRenderingModifier: ViewModifier {
    |        `- note: add '@available' attribute to enclosing struct
249 |
250 |     let style: GlassStyle
    :
316 |     @available(iOS 26.0, macOS 26.0, *)
317 |     @ViewBuilder
318 |     private func nativeRendering(_ content: Content, shape: RoundedRectangle) -> some View {
    |                  `- note: add '@available' attribute to enclosing instance method
319 |         if let tint {
320 |             content.glassEffect(.regular.tint(tint), in: shape)
    |                     |- error: 'glassEffect(_:in:)' is only available in tvOS 26.0 or newer
    |                     `- note: add 'if #available' version check
321 |         } else {
322 |             content.glassEffect(.regular, in: shape)
/Users/admin/builder/spi-builder-workspace/Sources/LiquidGlass/GlassMaterial.swift:322:21: error: 'glassEffect(_:in:)' is only available in tvOS 26.0 or newer
246 | /// ``GlassMaterial/borderColor(reduceTransparency:colorScheme:)``, shared with
247 | /// ``GlassMorphUnionSurfaces``'s fallback surface so both stay in sync.
248 | struct GlassRenderingModifier: ViewModifier {
    |        `- note: add '@available' attribute to enclosing struct
249 |
250 |     let style: GlassStyle
    :
316 |     @available(iOS 26.0, macOS 26.0, *)
317 |     @ViewBuilder
318 |     private func nativeRendering(_ content: Content, shape: RoundedRectangle) -> some View {
    |                  `- note: add '@available' attribute to enclosing instance method
319 |         if let tint {
320 |             content.glassEffect(.regular.tint(tint), in: shape)
321 |         } else {
322 |             content.glassEffect(.regular, in: shape)
    |                     |- error: 'glassEffect(_:in:)' is only available in tvOS 26.0 or newer
    |                     `- note: add 'if #available' version check
323 |         }
324 |     }
SwiftCompile normal arm64 /Users/admin/builder/spi-builder-workspace/Sources/LiquidGlass/GlassMaterial.swift (in target 'LiquidGlass' from project 'LiquidGlass')
    cd /Users/admin/builder/spi-builder-workspace/.swiftpm/xcode
    builtin-SwiftPerFileCompile GlassMaterial.swift
SwiftCompile normal arm64 Compiling\ GlassBackgroundExtension.swift,\ GlassBottomAccessory.swift /Users/admin/builder/spi-builder-workspace/Sources/LiquidGlass/GlassBackgroundExtension.swift /Users/admin/builder/spi-builder-workspace/Sources/LiquidGlass/GlassBottomAccessory.swift (in target 'LiquidGlass' from project 'LiquidGlass')
/Users/admin/builder/spi-builder-workspace/Sources/LiquidGlass/GlassBackgroundExtension.swift:94:21: error: 'backgroundExtensionEffect(isEnabled:)' is only available in tvOS 26.0 or newer
 63 | // MARK: - GlassBackgroundExtensionModifier
 64 |
 65 | struct GlassBackgroundExtensionModifier: ViewModifier {
    |        `- note: add '@available' attribute to enclosing struct
 66 |
 67 |     let isEnabled: Bool
    :
 87 |     }
 88 |
 89 |     func body(content: Content) -> some View {
    |          `- note: add '@available' attribute to enclosing instance method
 90 |         // `backgroundExtensionEffect` ships in the iOS 26 SDK (Swift 6.2+) —
 91 |         // same two-axis guard as `GlassRenderingModifier`.
 92 |         #if compiler(>=6.2)
 93 |         if #available(iOS 26.0, macOS 26.0, *) {
 94 |             content.backgroundExtensionEffect(isEnabled: isEnabled)
    |                     |- error: 'backgroundExtensionEffect(isEnabled:)' is only available in tvOS 26.0 or newer
    |                     `- note: add 'if #available' version check
 95 |         } else {
 96 |             fallbackRendering(content)
/Users/admin/builder/spi-builder-workspace/Sources/LiquidGlass/GlassBackgroundExtension.swift:171:25: error: 'systemBackground' is unavailable in tvOS
169 |     private var opaqueScrimFill: Color {
170 |         #if canImport(UIKit)
171 |         Color(uiColor: .systemBackground)
    |                         `- error: 'systemBackground' is unavailable in tvOS
172 |         #elseif canImport(AppKit)
173 |         Color(nsColor: .windowBackgroundColor)
/Applications/Xcode-27.0.0-Release.Candidate.app/Contents/Developer/Platforms/AppleTVOS.platform/Developer/SDKs/AppleTVOS27.0.sdk/System/Library/Frameworks/UIKit.framework/Headers/UIInterface.h:208:49: note: 'systemBackground' has been explicitly marked unavailable here
206 |  *    primary background in light mode.
207 |  */
208 | @property (class, nonatomic, readonly) UIColor *systemBackgroundColor                   API_AVAILABLE(ios(13.0)) API_UNAVAILABLE(tvos, watchos);
    |                                                 `- note: 'systemBackground' has been explicitly marked unavailable here
209 | @property (class, nonatomic, readonly) UIColor *secondarySystemBackgroundColor          API_AVAILABLE(ios(13.0)) API_UNAVAILABLE(tvos, watchos);
210 | @property (class, nonatomic, readonly) UIColor *tertiarySystemBackgroundColor           API_AVAILABLE(ios(13.0)) API_UNAVAILABLE(tvos, watchos);
SwiftCompile normal arm64 /Users/admin/builder/spi-builder-workspace/Sources/LiquidGlass/GlassBackgroundExtension.swift (in target 'LiquidGlass' from project 'LiquidGlass')
    cd /Users/admin/builder/spi-builder-workspace/.swiftpm/xcode
    builtin-SwiftPerFileCompile GlassBackgroundExtension.swift
SwiftCompile normal arm64 /Users/admin/builder/spi-builder-workspace/Sources/LiquidGlass/GlassBottomAccessory.swift (in target 'LiquidGlass' from project 'LiquidGlass')
    cd /Users/admin/builder/spi-builder-workspace/.swiftpm/xcode
    builtin-SwiftPerFileCompile GlassBottomAccessory.swift
SwiftCompile normal arm64 Compiling\ GlassEffectContainer.swift /Users/admin/builder/spi-builder-workspace/Sources/LiquidGlass/GlassEffectContainer.swift (in target 'LiquidGlass' from project 'LiquidGlass')
/Users/admin/builder/spi-builder-workspace/Sources/LiquidGlass/GlassEffectContainer.swift:82:17: error: 'GlassEffectContainer' is only available in tvOS 26.0 or newer
 42 | /// }
 43 | /// ```
 44 | public struct GlassEffectContainer<Content: View>: View {
    |               `- note: add '@available' attribute to enclosing generic struct
 45 |
 46 |     private let spacing: CGFloat?
    :
 79 |     #if compiler(>=6.2)
 80 |     @available(iOS 26.0, macOS 26.0, *)
 81 |     private var nativeRendering: some View {
    |                 `- note: add '@available' attribute to enclosing property
 82 |         SwiftUI.GlassEffectContainer(spacing: spacing) {
    |                 |- error: 'GlassEffectContainer' is only available in tvOS 26.0 or newer
    |                 `- note: add 'if #available' version check
 83 |             content
 84 |         }
/Users/admin/builder/spi-builder-workspace/Sources/LiquidGlass/GlassEffectContainer.swift:139:13: error: 'glassEffectID(_:in:)' is only available in tvOS 26.0 or newer
113 | }
114 |
115 | public extension View {
    |        `- note: add '@available' attribute to enclosing extension
116 |
117 |     /// Associates this glass surface with an identity used for morph
    :
134 |     ///     `@Namespace`.
135 |     @ViewBuilder
136 |     func glassMorphID(_ id: some Hashable & Sendable, in namespace: Namespace.ID) -> some View {
    |          `- note: add '@available' attribute to enclosing instance method
137 |         #if compiler(>=6.2)
138 |         if #available(iOS 26.0, macOS 26.0, *), GlassMaterial.nativeGlassMorphingEnabled {
139 |             glassEffectID(id, in: namespace)
    |             |- error: 'glassEffectID(_:in:)' is only available in tvOS 26.0 or newer
    |             `- note: add 'if #available' version check
140 |         } else {
141 |             self
SwiftCompile normal arm64 /Users/admin/builder/spi-builder-workspace/Sources/LiquidGlass/GlassEffectContainer.swift (in target 'LiquidGlass' from project 'LiquidGlass')
    cd /Users/admin/builder/spi-builder-workspace/.swiftpm/xcode
    builtin-SwiftPerFileCompile GlassEffectContainer.swift
SwiftCompile normal arm64 Compiling\ GlassMorphUnion.swift /Users/admin/builder/spi-builder-workspace/Sources/LiquidGlass/GlassMorphUnion.swift (in target 'LiquidGlass' from project 'LiquidGlass')
/Users/admin/builder/spi-builder-workspace/Sources/LiquidGlass/GlassMorphUnion.swift:151:20: error: 'Glass' is only available in tvOS 26.0 or newer
112 | // MARK: - GlassMorphUnionModifier
113 |
114 | struct GlassMorphUnionModifier<ID: Hashable & Sendable>: ViewModifier {
    |        `- note: add '@available' attribute to enclosing generic struct
115 |
116 |     let id: ID?
    :
148 |     @available(iOS 26.0, macOS 26.0, *)
149 |     @ViewBuilder
150 |     private func nativeRendering(_ content: Content, shape: RoundedRectangle) -> some View {
    |                  `- note: add '@available' attribute to enclosing instance method
151 |         let glass: Glass = resolvedTint.map { Glass.regular.tint($0) } ?? .regular
    |                    |- error: 'Glass' is only available in tvOS 26.0 or newer
    |                    `- note: add 'if #available' version check
152 |         content
153 |             .glassEffect(glass, in: shape)
/Users/admin/builder/spi-builder-workspace/Sources/LiquidGlass/GlassMorphUnion.swift:151:47: error: 'Glass' is only available in tvOS 26.0 or newer
112 | // MARK: - GlassMorphUnionModifier
113 |
114 | struct GlassMorphUnionModifier<ID: Hashable & Sendable>: ViewModifier {
    |        `- note: add '@available' attribute to enclosing generic struct
115 |
116 |     let id: ID?
    :
148 |     @available(iOS 26.0, macOS 26.0, *)
149 |     @ViewBuilder
150 |     private func nativeRendering(_ content: Content, shape: RoundedRectangle) -> some View {
    |                  `- note: add '@available' attribute to enclosing instance method
151 |         let glass: Glass = resolvedTint.map { Glass.regular.tint($0) } ?? .regular
    |                                               |- error: 'Glass' is only available in tvOS 26.0 or newer
    |                                               `- note: add 'if #available' version check
152 |         content
153 |             .glassEffect(glass, in: shape)
/Users/admin/builder/spi-builder-workspace/Sources/LiquidGlass/GlassMorphUnion.swift:153:14: error: 'glassEffect(_:in:)' is only available in tvOS 26.0 or newer
112 | // MARK: - GlassMorphUnionModifier
113 |
114 | struct GlassMorphUnionModifier<ID: Hashable & Sendable>: ViewModifier {
    |        `- note: add '@available' attribute to enclosing generic struct
115 |
116 |     let id: ID?
    :
148 |     @available(iOS 26.0, macOS 26.0, *)
149 |     @ViewBuilder
150 |     private func nativeRendering(_ content: Content, shape: RoundedRectangle) -> some View {
    |                  `- note: add '@available' attribute to enclosing instance method
151 |         let glass: Glass = resolvedTint.map { Glass.regular.tint($0) } ?? .regular
152 |         content
153 |             .glassEffect(glass, in: shape)
    |              |- error: 'glassEffect(_:in:)' is only available in tvOS 26.0 or newer
    |              `- note: add 'if #available' version check
154 |             .glassEffectUnion(id: id, namespace: namespace)
155 |     }
/Users/admin/builder/spi-builder-workspace/Sources/LiquidGlass/GlassMorphUnion.swift:154:14: error: 'glassEffectUnion(id:namespace:)' is only available in tvOS 26.0 or newer
112 | // MARK: - GlassMorphUnionModifier
113 |
114 | struct GlassMorphUnionModifier<ID: Hashable & Sendable>: ViewModifier {
    |        `- note: add '@available' attribute to enclosing generic struct
115 |
116 |     let id: ID?
    :
148 |     @available(iOS 26.0, macOS 26.0, *)
149 |     @ViewBuilder
150 |     private func nativeRendering(_ content: Content, shape: RoundedRectangle) -> some View {
    |                  `- note: add '@available' attribute to enclosing instance method
151 |         let glass: Glass = resolvedTint.map { Glass.regular.tint($0) } ?? .regular
152 |         content
153 |             .glassEffect(glass, in: shape)
154 |             .glassEffectUnion(id: id, namespace: namespace)
    |              |- error: 'glassEffectUnion(id:namespace:)' is only available in tvOS 26.0 or newer
    |              `- note: add 'if #available' version check
155 |     }
156 |     #endif
Failed frontend command:
/Applications/Xcode-27.0.0-Release.Candidate.app/Contents/Developer/Toolchains/XcodeDefault.xctoolchain/usr/bin/swift-frontend -frontend -c /Users/admin/builder/spi-builder-workspace/Sources/LiquidGlass/GlassBackgroundExtension.swift /Users/admin/builder/spi-builder-workspace/Sources/LiquidGlass/GlassBottomAccessory.swift /Users/admin/builder/spi-builder-workspace/Sources/LiquidGlass/GlassButton.swift /Users/admin/builder/spi-builder-workspace/Sources/LiquidGlass/GlassCard.swift /Users/admin/builder/spi-builder-workspace/Sources/LiquidGlass/GlassColorContrast.swift /Users/admin/builder/spi-builder-workspace/Sources/LiquidGlass/GlassEffectContainer.swift /Users/admin/builder/spi-builder-workspace/Sources/LiquidGlass/GlassMaterial.swift -primary-file /Users/admin/builder/spi-builder-workspace/Sources/LiquidGlass/GlassMorphUnion.swift /Users/admin/builder/spi-builder-workspace/Sources/LiquidGlass/GlassStyle.swift /Users/admin/builder/spi-builder-workspace/Sources/LiquidGlass/GlassTabBar.swift /Users/admin/builder/spi-builder-workspace/Sources/LiquidGlass/GlassTintKey.swift /Users/admin/builder/spi-builder-workspace/Sources/LiquidGlass/View+Glass.swift -emit-dependencies-path /Users/admin/builder/spi-builder-workspace/.derivedData/Build/Intermediates.noindex/LiquidGlass.build/Debug-appletvos/LiquidGlass-t.build/Objects-normal/arm64/GlassMorphUnion.d -emit-const-values-path /Users/admin/builder/spi-builder-workspace/.derivedData/Build/Intermediates.noindex/LiquidGlass.build/Debug-appletvos/LiquidGlass-t.build/Objects-normal/arm64/GlassMorphUnion.swiftconstvalues -emit-reference-dependencies-path /Users/admin/builder/spi-builder-workspace/.derivedData/Build/Intermediates.noindex/LiquidGlass.build/Debug-appletvos/LiquidGlass-t.build/Objects-normal/arm64/GlassMorphUnion.swiftdeps -serialize-diagnostics-path /Users/admin/builder/spi-builder-workspace/.derivedData/Build/Intermediates.noindex/LiquidGlass.build/Debug-appletvos/LiquidGlass-t.build/Objects-normal/arm64/GlassMorphUnion.dia -target arm64-apple-tvos17.0 -module-can-import-version UIKit 9127.0.84.1 9127.0.84 -disable-cross-import-overlay-search -load-resolved-plugin /Applications/Xcode-27.0.0-Release.Candidate.app/Contents/Developer/Platforms/AppleTVOS.platform/Developer/usr/lib/swift/host/plugins/libFoundationMacros.dylib\#/Applications/Xcode-27.0.0-Release.Candidate.app/Contents/Developer/Platforms/AppleTVOS.platform/Developer/usr/bin/swift-plugin-server\#FoundationMacros -load-resolved-plugin /Applications/Xcode-27.0.0-Release.Candidate.app/Contents/Developer/Platforms/AppleTVOS.platform/Developer/usr/lib/swift/host/plugins/libObservationMacros.dylib\#/Applications/Xcode-27.0.0-Release.Candidate.app/Contents/Developer/Platforms/AppleTVOS.platform/Developer/usr/bin/swift-plugin-server\#ObservationMacros -load-resolved-plugin /Applications/Xcode-27.0.0-Release.Candidate.app/Contents/Developer/Platforms/AppleTVOS.platform/Developer/usr/lib/swift/host/plugins/libPreviewsMacros.dylib\#/Applications/Xcode-27.0.0-Release.Candidate.app/Contents/Developer/Platforms/AppleTVOS.platform/Developer/usr/bin/swift-plugin-server\#PreviewsMacros -load-resolved-plugin /Applications/Xcode-27.0.0-Release.Candidate.app/Contents/Developer/Platforms/AppleTVOS.platform/Developer/usr/lib/swift/host/plugins/libSwiftMacros.dylib\#/Applications/Xcode-27.0.0-Release.Candidate.app/Contents/Developer/Platforms/AppleTVOS.platform/Developer/usr/bin/swift-plugin-server\#SwiftMacros -load-resolved-plugin /Applications/Xcode-27.0.0-Release.Candidate.app/Contents/Developer/Platforms/AppleTVOS.platform/Developer/usr/lib/swift/host/plugins/libSwiftUIMacros.dylib\#/Applications/Xcode-27.0.0-Release.Candidate.app/Contents/Developer/Platforms/AppleTVOS.platform/Developer/usr/bin/swift-plugin-server\#SwiftUIMacros -disable-implicit-swift-modules -Xcc -fno-implicit-modules -Xcc -fno-implicit-module-maps -explicit-swift-module-map-file /Users/admin/builder/spi-builder-workspace/.derivedData/Build/Intermediates.noindex/LiquidGlass.build/Debug-appletvos/LiquidGlass-t.build/Objects-normal/arm64/LiquidGlass-dependencies-1.json -Xllvm -aarch64-use-tbi -enable-objc-interop -stack-check -sdk /Applications/Xcode-27.0.0-Release.Candidate.app/Contents/Developer/Platforms/AppleTVOS.platform/Developer/SDKs/AppleTVOS27.0.sdk -I /Users/admin/builder/spi-builder-workspace/.derivedData/Build/Products/Debug-appletvos -Isystem /Applications/Xcode-27.0.0-Release.Candidate.app/Contents/Developer/Platforms/AppleTVOS.platform/Developer/usr/lib -F /Users/admin/builder/spi-builder-workspace/.derivedData/Build/Products/Debug-appletvos -F /Applications/Xcode-27.0.0-Release.Candidate.app/Contents/Developer/Platforms/AppleTVOS.platform/Developer/Library/Frameworks -F /Applications/Xcode-27.0.0-Release.Candidate.app/Contents/Developer/Platforms/AppleTVOS.platform/Developer/SDKs/AppleTVOS27.0.sdk/Developer/Library/Frameworks -module-cache-path /Users/admin/builder/spi-builder-workspace/.derivedData/Build/Intermediates.noindex/SwiftExplicitPrecompiledModules -no-color-diagnostics -Xcc -fno-color-diagnostics -enable-testing -g -debug-info-format\=dwarf -dwarf-version\=4 -profile-generate -profile-coverage-mapping -swift-version 6 -Onone -D SWIFT_PACKAGE -D DEBUG -D SWIFT_MODULE_RESOURCE_BUNDLE_UNAVAILABLE -D Xcode -serialize-debugging-options -enable-experimental-feature DebugDescriptionMacro -empty-abi-descriptor -validate-clang-modules-once -clang-build-session-file /Users/admin/builder/spi-builder-workspace/.derivedData/ModuleCache.noindex/Session.modulevalidation -Xcc -working-directory -Xcc /Users/admin/builder/spi-builder-workspace/.swiftpm/xcode -enable-anonymous-context-mangled-names -file-compilation-dir /Users/admin/builder/spi-builder-workspace/.swiftpm/xcode -Xcc -D_LIBCPP_HARDENING_MODE\=_LIBCPP_HARDENING_MODE_DEBUG -Xcc -ivfsstatcache -Xcc /Users/admin/builder/spi-builder-workspace/.derivedData/SDKStatCaches.noindex/appletvos27.0-24J360-e829b21a6f8c9b70876ba0858053c044b32bfd8d43560033f8d89884cdb90028.sdkstatcache -Xcc -fmodules-prune-interval\=86400 -Xcc -fmodules-prune-after\=345600 -Xcc -I/Users/admin/builder/spi-builder-workspace/.derivedData/Build/Products/Debug-appletvos/include -Xcc -I/Users/admin/builder/spi-builder-workspace/.derivedData/Build/Intermediates.noindex/LiquidGlass.build/Debug-appletvos/LiquidGlass-t.build/DerivedSources-normal/arm64 -Xcc -I/Users/admin/builder/spi-builder-workspace/.derivedData/Build/Intermediates.noindex/LiquidGlass.build/Debug-appletvos/LiquidGlass-t.build/DerivedSources/arm64 -Xcc -I/Users/admin/builder/spi-builder-workspace/.derivedData/Build/Intermediates.noindex/LiquidGlass.build/Debug-appletvos/LiquidGlass-t.build/DerivedSources -Xcc -DSWIFT_PACKAGE -Xcc -DDEBUG\=1 -no-auto-bridging-header-chaining -module-name LiquidGlass -package-name spi_builder_workspace -const-gather-protocols-file /Users/admin/builder/spi-builder-workspace/.derivedData/Build/Intermediates.noindex/LiquidGlass.build/Debug-appletvos/LiquidGlass-t.build/Objects-normal/arm64/LiquidGlass_const_extract_protocols.json -disable-clang-spi -clang-target arm64-apple-tvos27.0 -target-sdk-version 27.0 -target-sdk-name appletvos27.0 -in-process-plugin-server-path /Applications/Xcode-27.0.0-Release.Candidate.app/Contents/Developer/Toolchains/XcodeDefault.xctoolchain/usr/lib/swift/host/libSwiftInProcPluginServer.dylib -parse-as-library -o /Users/admin/builder/spi-builder-workspace/.derivedData/Build/Intermediates.noindex/LiquidGlass.build/Debug-appletvos/LiquidGlass-t.build/Objects-normal/arm64/GlassMorphUnion.o -debug-module-path /Users/admin/builder/spi-builder-workspace/.derivedData/Build/Intermediates.noindex/LiquidGlass.build/Debug-appletvos/LiquidGlass-t.build/Objects-normal/arm64/LiquidGlass.swiftmodule -index-unit-output-path /LiquidGlass.build/Debug-appletvos/LiquidGlass-t.build/Objects-normal/arm64/GlassMorphUnion.o -index-store-path /Users/admin/builder/spi-builder-workspace/.derivedData/Index.noindex/DataStore -index-system-modules
SwiftCompile normal arm64 /Users/admin/builder/spi-builder-workspace/Sources/LiquidGlass/GlassMorphUnion.swift (in target 'LiquidGlass' from project 'LiquidGlass')
    cd /Users/admin/builder/spi-builder-workspace/.swiftpm/xcode
    builtin-SwiftPerFileCompile GlassMorphUnion.swift
SwiftCompile normal arm64 Compiling\ GlassColorContrast.swift /Users/admin/builder/spi-builder-workspace/Sources/LiquidGlass/GlassColorContrast.swift (in target 'LiquidGlass' from project 'LiquidGlass')
SwiftCompile normal arm64 /Users/admin/builder/spi-builder-workspace/Sources/LiquidGlass/GlassColorContrast.swift (in target 'LiquidGlass' from project 'LiquidGlass')
    cd /Users/admin/builder/spi-builder-workspace/.swiftpm/xcode
    builtin-SwiftPerFileCompile GlassColorContrast.swift
SwiftDriverJobDiscovery normal arm64 Emitting module for LiquidGlass (in target 'LiquidGlass' from project 'LiquidGlass')
SwiftDriver\ Compilation\ Requirements LiquidGlass normal arm64 com.apple.xcode.tools.swift.compiler (in target 'LiquidGlass' from project 'LiquidGlass')
    cd /Users/admin/builder/spi-builder-workspace/.swiftpm/xcode
    builtin-Swift-Compilation-Requirements -- /Applications/Xcode-27.0.0-Release.Candidate.app/Contents/Developer/Toolchains/XcodeDefault.xctoolchain/usr/bin/swiftc -parse-as-library -module-name LiquidGlass -Onone @/Users/admin/builder/spi-builder-workspace/.derivedData/Build/Intermediates.noindex/LiquidGlass.build/Debug-appletvos/LiquidGlass-t.build/Objects-normal/arm64/LiquidGlass.SwiftFileList -DSWIFT_PACKAGE -DDEBUG -DSWIFT_MODULE_RESOURCE_BUNDLE_UNAVAILABLE -DXcode -plugin-path /Applications/Xcode-27.0.0-Release.Candidate.app/Contents/Developer/Toolchains/XcodeDefault.xctoolchain/usr/lib/swift/host/plugins/testing -enable-experimental-feature DebugDescriptionMacro -sdk /Applications/Xcode-27.0.0-Release.Candidate.app/Contents/Developer/Platforms/AppleTVOS.platform/Developer/SDKs/AppleTVOS27.0.sdk -target arm64-apple-tvos17.0 -g -module-cache-path /Users/admin/builder/spi-builder-workspace/.derivedData/ModuleCache.noindex -Xfrontend -serialize-debugging-options -profile-coverage-mapping -profile-generate -enable-testing -index-store-path /Users/admin/builder/spi-builder-workspace/.derivedData/Index.noindex/DataStore -Xcc -D_LIBCPP_HARDENING_MODE\=_LIBCPP_HARDENING_MODE_DEBUG -swift-version 6 -I /Users/admin/builder/spi-builder-workspace/.derivedData/Build/Products/Debug-appletvos -Isystem /Applications/Xcode-27.0.0-Release.Candidate.app/Contents/Developer/Platforms/AppleTVOS.platform/Developer/usr/lib -F /Users/admin/builder/spi-builder-workspace/.derivedData/Build/Products/Debug-appletvos -F /Applications/Xcode-27.0.0-Release.Candidate.app/Contents/Developer/Platforms/AppleTVOS.platform/Developer/Library/Frameworks -F /Applications/Xcode-27.0.0-Release.Candidate.app/Contents/Developer/Platforms/AppleTVOS.platform/Developer/SDKs/AppleTVOS27.0.sdk/Developer/Library/Frameworks -c -j10 -enable-batch-mode -incremental -Xcc -ivfsstatcache -Xcc /Users/admin/builder/spi-builder-workspace/.derivedData/SDKStatCaches.noindex/appletvos27.0-24J360-e829b21a6f8c9b70876ba0858053c044b32bfd8d43560033f8d89884cdb90028.sdkstatcache -output-file-map /Users/admin/builder/spi-builder-workspace/.derivedData/Build/Intermediates.noindex/LiquidGlass.build/Debug-appletvos/LiquidGlass-t.build/Objects-normal/arm64/LiquidGlass-OutputFileMap.json -save-temps -no-color-diagnostics -explicit-module-build -module-cache-path /Users/admin/builder/spi-builder-workspace/.derivedData/Build/Intermediates.noindex/SwiftExplicitPrecompiledModules -clang-scanner-module-cache-path /Users/admin/builder/spi-builder-workspace/.derivedData/ModuleCache.noindex -sdk-module-cache-path /Users/admin/builder/spi-builder-workspace/.derivedData/SDKExplicitPrecompiledModules -emit-dependencies -emit-module -emit-module-path /Users/admin/builder/spi-builder-workspace/.derivedData/Build/Intermediates.noindex/LiquidGlass.build/Debug-appletvos/LiquidGlass-t.build/Objects-normal/arm64/LiquidGlass.swiftmodule -serialize-diagnostics -dependency-scan-serialize-diagnostics-path /Users/admin/builder/spi-builder-workspace/.derivedData/Build/Intermediates.noindex/LiquidGlass.build/Debug-appletvos/LiquidGlass-t.build/Objects-normal/arm64/LiquidGlass-dependency-scan.dia -validate-clang-modules-once -clang-build-session-file /Users/admin/builder/spi-builder-workspace/.derivedData/ModuleCache.noindex/Session.modulevalidation -Xcc -fmodules-prune-interval\=86400 -Xcc -fmodules-prune-after\=345600 -package-name spi_builder_workspace -emit-const-values -const-gather-protocols-list /Users/admin/builder/spi-builder-workspace/.derivedData/Build/Intermediates.noindex/LiquidGlass.build/Debug-appletvos/LiquidGlass-t.build/Objects-normal/arm64/LiquidGlass_const_extract_protocols.json -Xcc -I/Users/admin/builder/spi-builder-workspace/.derivedData/Build/Products/Debug-appletvos/include -Xcc -I/Users/admin/builder/spi-builder-workspace/.derivedData/Build/Intermediates.noindex/LiquidGlass.build/Debug-appletvos/LiquidGlass-t.build/DerivedSources-normal/arm64 -Xcc -I/Users/admin/builder/spi-builder-workspace/.derivedData/Build/Intermediates.noindex/LiquidGlass.build/Debug-appletvos/LiquidGlass-t.build/DerivedSources/arm64 -Xcc -I/Users/admin/builder/spi-builder-workspace/.derivedData/Build/Intermediates.noindex/LiquidGlass.build/Debug-appletvos/LiquidGlass-t.build/DerivedSources -Xcc -DSWIFT_PACKAGE -Xcc -DDEBUG\=1 -emit-objc-header -emit-objc-header-path /Users/admin/builder/spi-builder-workspace/.derivedData/Build/Intermediates.noindex/LiquidGlass.build/Debug-appletvos/LiquidGlass-t.build/Objects-normal/arm64/LiquidGlass-Swift.h -working-directory /Users/admin/builder/spi-builder-workspace/.swiftpm/xcode -experimental-emit-module-separately -disable-cmo
PruneExplicitPrecompiledModules /Users/admin/builder/spi-builder-workspace/.derivedData/Build/Intermediates.noindex/ExplicitPrecompiledModules
PruneExplicitPrecompiledModules /Users/admin/builder/spi-builder-workspace/.derivedData/Build/Intermediates.noindex/SwiftExplicitPrecompiledModules
PruneExplicitPrecompiledModules /Users/admin/builder/spi-builder-workspace/.derivedData/SDKExplicitPrecompiledModules
2026-09-26 01:03:40.263 xcodebuild[626:3897] [MT] IDERunDestination: Supported platforms for the buildables in the current scheme is empty.
** BUILD FAILED **
The following build commands failed:
	SwiftCompile normal arm64 Compiling\ GlassMorphUnion.swift /Users/admin/builder/spi-builder-workspace/Sources/LiquidGlass/GlassMorphUnion.swift (in target 'LiquidGlass' from project 'LiquidGlass')
	SwiftCompile normal arm64 /Users/admin/builder/spi-builder-workspace/Sources/LiquidGlass/GlassMorphUnion.swift (in target 'LiquidGlass' from project 'LiquidGlass')
	Building workspace LiquidGlass with scheme LiquidGlass
(3 failures)
Command line invocation:
    /Applications/Xcode-27.0.0-Release.Candidate.app/Contents/Developer/usr/bin/xcodebuild -IDEClonedSourcePackagesDirPathOverride=/Users/admin/builder/spi-builder-workspace/.dependencies -resolvePackageDependencies
Resolve Package Graph
Resolved source packages:
  LiquidGlass: /Users/admin/builder/spi-builder-workspace
resolved source packages: LiquidGlass
2026-09-26 01:03:51.577 xcodebuild[745:4496] [MT] IDERunDestination: Supported platforms for the buildables in the current scheme is empty.
{
  "dependencies" : [
  ],
  "manifest_display_name" : "LiquidGlass",
  "name" : "LiquidGlass",
  "path" : "/Users/admin/builder/spi-builder-workspace",
  "platforms" : [
    {
      "name" : "ios",
      "version" : "17.0"
    },
    {
      "name" : "macos",
      "version" : "14.0"
    }
  ],
  "products" : [
    {
      "name" : "LiquidGlass",
      "targets" : [
        "LiquidGlass"
      ],
      "type" : {
        "library" : [
          "automatic"
        ]
      }
    }
  ],
  "swift_languages_versions" : [
    "6"
  ],
  "targets" : [
    {
      "c99name" : "LiquidGlassTests",
      "module_type" : "SwiftTarget",
      "name" : "LiquidGlassTests",
      "path" : "Tests/LiquidGlassTests",
      "sources" : [
        "GlassBackgroundExtensionTests.swift",
        "GlassBottomAccessoryTests.swift",
        "GlassColorContrastTests.swift",
        "GlassModifierTests.swift",
        "GlassMorphUnionTests.swift",
        "GlassStyleTests.swift"
      ],
      "target_dependencies" : [
        "LiquidGlass"
      ],
      "type" : "test"
    },
    {
      "c99name" : "LiquidGlass",
      "module_type" : "SwiftTarget",
      "name" : "LiquidGlass",
      "path" : "Sources/LiquidGlass",
      "product_memberships" : [
        "LiquidGlass"
      ],
      "sources" : [
        "GlassBackgroundExtension.swift",
        "GlassBottomAccessory.swift",
        "GlassButton.swift",
        "GlassCard.swift",
        "GlassColorContrast.swift",
        "GlassEffectContainer.swift",
        "GlassMaterial.swift",
        "GlassMorphUnion.swift",
        "GlassStyle.swift",
        "GlassTabBar.swift",
        "GlassTintKey.swift",
        "View+Glass.swift"
      ],
      "type" : "library"
    }
  ],
  "tools_version" : "6.0"
}
{
  "workspace" : {
    "name" : "LiquidGlass",
    "schemes" : [
      "LiquidGlass"
    ]
  }
}
2026-09-26 01:03:52.921 xcodebuild[753:4563] [MT] IDERunDestination: Supported platforms for the buildables in the current scheme is empty.
Running build ...
env DEVELOPER_DIR=/Applications/Xcode-27.0.0-Release.Candidate.app xcrun xcodebuild -IDEClonedSourcePackagesDirPathOverride=$PWD/.dependencies -skipMacroValidation -skipPackagePluginValidation -derivedDataPath $PWD/.derivedData build -scheme LiquidGlass -destination generic/platform=tvOS
Command line invocation:
    /Applications/Xcode-27.0.0-Release.Candidate.app/Contents/Developer/usr/bin/xcodebuild -IDEClonedSourcePackagesDirPathOverride=/Users/admin/builder/spi-builder-workspace/.dependencies -skipMacroValidation -skipPackagePluginValidation -derivedDataPath /Users/admin/builder/spi-builder-workspace/.derivedData build -scheme LiquidGlass -destination generic/platform=tvOS
Resolve Package Graph
Resolved source packages:
  LiquidGlass: /Users/admin/builder/spi-builder-workspace
ComputePackagePrebuildTargetDependencyGraph
Prepare packages
CreateBuildRequest
SendProjectDescription
CreateBuildOperation
ComputeTargetDependencyGraph
note: Building targets in dependency order
note: Target dependency graph (2 targets)
    Target 'LiquidGlass-product' in project 'LiquidGlass'
        ➜ Explicit dependency on target 'LiquidGlass' in project 'LiquidGlass'
    Target 'LiquidGlass' in project 'LiquidGlass' (no dependencies)
GatherProvisioningInputs
CreateBuildDescription
ClangStatCache /Applications/Xcode-27.0.0-Release.Candidate.app/Contents/Developer/Toolchains/XcodeDefault.xctoolchain/usr/bin/clang-stat-cache /Applications/Xcode-27.0.0-Release.Candidate.app/Contents/Developer/Platforms/AppleTVOS.platform/Developer/SDKs/AppleTVOS27.0.sdk /Users/admin/builder/spi-builder-workspace/.derivedData/SDKStatCaches.noindex/appletvos27.0-24J360-e829b21a6f8c9b70876ba0858053c044b32bfd8d43560033f8d89884cdb90028.sdkstatcache
    cd /Users/admin/builder/spi-builder-workspace/.swiftpm/xcode
    /Applications/Xcode-27.0.0-Release.Candidate.app/Contents/Developer/Toolchains/XcodeDefault.xctoolchain/usr/bin/clang-stat-cache /Applications/Xcode-27.0.0-Release.Candidate.app/Contents/Developer/Platforms/AppleTVOS.platform/Developer/SDKs/AppleTVOS27.0.sdk -o /Users/admin/builder/spi-builder-workspace/.derivedData/SDKStatCaches.noindex/appletvos27.0-24J360-e829b21a6f8c9b70876ba0858053c044b32bfd8d43560033f8d89884cdb90028.sdkstatcache
SwiftDriver LiquidGlass normal arm64 com.apple.xcode.tools.swift.compiler (in target 'LiquidGlass' from project 'LiquidGlass')
    cd /Users/admin/builder/spi-builder-workspace/.swiftpm/xcode
    builtin-SwiftDriver -- /Applications/Xcode-27.0.0-Release.Candidate.app/Contents/Developer/Toolchains/XcodeDefault.xctoolchain/usr/bin/swiftc -parse-as-library -module-name LiquidGlass -Onone @/Users/admin/builder/spi-builder-workspace/.derivedData/Build/Intermediates.noindex/LiquidGlass.build/Debug-appletvos/LiquidGlass-t.build/Objects-normal/arm64/LiquidGlass.SwiftFileList -DSWIFT_PACKAGE -DDEBUG -DSWIFT_MODULE_RESOURCE_BUNDLE_UNAVAILABLE -DXcode -plugin-path /Applications/Xcode-27.0.0-Release.Candidate.app/Contents/Developer/Toolchains/XcodeDefault.xctoolchain/usr/lib/swift/host/plugins/testing -enable-experimental-feature DebugDescriptionMacro -sdk /Applications/Xcode-27.0.0-Release.Candidate.app/Contents/Developer/Platforms/AppleTVOS.platform/Developer/SDKs/AppleTVOS27.0.sdk -target arm64-apple-tvos17.0 -g -module-cache-path /Users/admin/builder/spi-builder-workspace/.derivedData/ModuleCache.noindex -Xfrontend -serialize-debugging-options -profile-coverage-mapping -profile-generate -enable-testing -index-store-path /Users/admin/builder/spi-builder-workspace/.derivedData/Index.noindex/DataStore -Xcc -D_LIBCPP_HARDENING_MODE\=_LIBCPP_HARDENING_MODE_DEBUG -swift-version 6 -I /Users/admin/builder/spi-builder-workspace/.derivedData/Build/Products/Debug-appletvos -Isystem /Applications/Xcode-27.0.0-Release.Candidate.app/Contents/Developer/Platforms/AppleTVOS.platform/Developer/usr/lib -F /Users/admin/builder/spi-builder-workspace/.derivedData/Build/Products/Debug-appletvos -F /Applications/Xcode-27.0.0-Release.Candidate.app/Contents/Developer/Platforms/AppleTVOS.platform/Developer/Library/Frameworks -F /Applications/Xcode-27.0.0-Release.Candidate.app/Contents/Developer/Platforms/AppleTVOS.platform/Developer/SDKs/AppleTVOS27.0.sdk/Developer/Library/Frameworks -c -j10 -enable-batch-mode -incremental -Xcc -ivfsstatcache -Xcc /Users/admin/builder/spi-builder-workspace/.derivedData/SDKStatCaches.noindex/appletvos27.0-24J360-e829b21a6f8c9b70876ba0858053c044b32bfd8d43560033f8d89884cdb90028.sdkstatcache -output-file-map /Users/admin/builder/spi-builder-workspace/.derivedData/Build/Intermediates.noindex/LiquidGlass.build/Debug-appletvos/LiquidGlass-t.build/Objects-normal/arm64/LiquidGlass-OutputFileMap.json -save-temps -no-color-diagnostics -explicit-module-build -module-cache-path /Users/admin/builder/spi-builder-workspace/.derivedData/Build/Intermediates.noindex/SwiftExplicitPrecompiledModules -clang-scanner-module-cache-path /Users/admin/builder/spi-builder-workspace/.derivedData/ModuleCache.noindex -sdk-module-cache-path /Users/admin/builder/spi-builder-workspace/.derivedData/SDKExplicitPrecompiledModules -emit-dependencies -emit-module -emit-module-path /Users/admin/builder/spi-builder-workspace/.derivedData/Build/Intermediates.noindex/LiquidGlass.build/Debug-appletvos/LiquidGlass-t.build/Objects-normal/arm64/LiquidGlass.swiftmodule -serialize-diagnostics -dependency-scan-serialize-diagnostics-path /Users/admin/builder/spi-builder-workspace/.derivedData/Build/Intermediates.noindex/LiquidGlass.build/Debug-appletvos/LiquidGlass-t.build/Objects-normal/arm64/LiquidGlass-dependency-scan.dia -validate-clang-modules-once -clang-build-session-file /Users/admin/builder/spi-builder-workspace/.derivedData/ModuleCache.noindex/Session.modulevalidation -Xcc -fmodules-prune-interval\=86400 -Xcc -fmodules-prune-after\=345600 -package-name spi_builder_workspace -emit-const-values -const-gather-protocols-list /Users/admin/builder/spi-builder-workspace/.derivedData/Build/Intermediates.noindex/LiquidGlass.build/Debug-appletvos/LiquidGlass-t.build/Objects-normal/arm64/LiquidGlass_const_extract_protocols.json -Xcc -I/Users/admin/builder/spi-builder-workspace/.derivedData/Build/Products/Debug-appletvos/include -Xcc -I/Users/admin/builder/spi-builder-workspace/.derivedData/Build/Intermediates.noindex/LiquidGlass.build/Debug-appletvos/LiquidGlass-t.build/DerivedSources-normal/arm64 -Xcc -I/Users/admin/builder/spi-builder-workspace/.derivedData/Build/Intermediates.noindex/LiquidGlass.build/Debug-appletvos/LiquidGlass-t.build/DerivedSources/arm64 -Xcc -I/Users/admin/builder/spi-builder-workspace/.derivedData/Build/Intermediates.noindex/LiquidGlass.build/Debug-appletvos/LiquidGlass-t.build/DerivedSources -Xcc -DSWIFT_PACKAGE -Xcc -DDEBUG\=1 -emit-objc-header -emit-objc-header-path /Users/admin/builder/spi-builder-workspace/.derivedData/Build/Intermediates.noindex/LiquidGlass.build/Debug-appletvos/LiquidGlass-t.build/Objects-normal/arm64/LiquidGlass-Swift.h -working-directory /Users/admin/builder/spi-builder-workspace/.swiftpm/xcode -experimental-emit-module-separately -disable-cmo
SwiftCompile normal arm64 Compiling\ GlassEffectContainer.swift /Users/admin/builder/spi-builder-workspace/Sources/LiquidGlass/GlassEffectContainer.swift (in target 'LiquidGlass' from project 'LiquidGlass')
SwiftCompile normal arm64 /Users/admin/builder/spi-builder-workspace/Sources/LiquidGlass/GlassEffectContainer.swift (in target 'LiquidGlass' from project 'LiquidGlass')
    cd /Users/admin/builder/spi-builder-workspace/.swiftpm/xcode
    builtin-SwiftPerFileCompile GlassEffectContainer.swift
/Users/admin/builder/spi-builder-workspace/Sources/LiquidGlass/GlassEffectContainer.swift:82:17: error: 'GlassEffectContainer' is only available in tvOS 26.0 or newer
 42 | /// }
 43 | /// ```
 44 | public struct GlassEffectContainer<Content: View>: View {
    |               `- note: add '@available' attribute to enclosing generic struct
 45 |
 46 |     private let spacing: CGFloat?
    :
 79 |     #if compiler(>=6.2)
 80 |     @available(iOS 26.0, macOS 26.0, *)
 81 |     private var nativeRendering: some View {
    |                 `- note: add '@available' attribute to enclosing property
 82 |         SwiftUI.GlassEffectContainer(spacing: spacing) {
    |                 |- error: 'GlassEffectContainer' is only available in tvOS 26.0 or newer
    |                 `- note: add 'if #available' version check
 83 |             content
 84 |         }
/Users/admin/builder/spi-builder-workspace/Sources/LiquidGlass/GlassEffectContainer.swift:139:13: error: 'glassEffectID(_:in:)' is only available in tvOS 26.0 or newer
113 | }
114 |
115 | public extension View {
    |        `- note: add '@available' attribute to enclosing extension
116 |
117 |     /// Associates this glass surface with an identity used for morph
    :
134 |     ///     `@Namespace`.
135 |     @ViewBuilder
136 |     func glassMorphID(_ id: some Hashable & Sendable, in namespace: Namespace.ID) -> some View {
    |          `- note: add '@available' attribute to enclosing instance method
137 |         #if compiler(>=6.2)
138 |         if #available(iOS 26.0, macOS 26.0, *), GlassMaterial.nativeGlassMorphingEnabled {
139 |             glassEffectID(id, in: namespace)
    |             |- error: 'glassEffectID(_:in:)' is only available in tvOS 26.0 or newer
    |             `- note: add 'if #available' version check
140 |         } else {
141 |             self
Failed frontend command:
/Applications/Xcode-27.0.0-Release.Candidate.app/Contents/Developer/Toolchains/XcodeDefault.xctoolchain/usr/bin/swift-frontend -frontend -c /Users/admin/builder/spi-builder-workspace/Sources/LiquidGlass/GlassBackgroundExtension.swift /Users/admin/builder/spi-builder-workspace/Sources/LiquidGlass/GlassBottomAccessory.swift /Users/admin/builder/spi-builder-workspace/Sources/LiquidGlass/GlassButton.swift /Users/admin/builder/spi-builder-workspace/Sources/LiquidGlass/GlassCard.swift /Users/admin/builder/spi-builder-workspace/Sources/LiquidGlass/GlassColorContrast.swift -primary-file /Users/admin/builder/spi-builder-workspace/Sources/LiquidGlass/GlassEffectContainer.swift /Users/admin/builder/spi-builder-workspace/Sources/LiquidGlass/GlassMaterial.swift /Users/admin/builder/spi-builder-workspace/Sources/LiquidGlass/GlassMorphUnion.swift /Users/admin/builder/spi-builder-workspace/Sources/LiquidGlass/GlassStyle.swift /Users/admin/builder/spi-builder-workspace/Sources/LiquidGlass/GlassTabBar.swift /Users/admin/builder/spi-builder-workspace/Sources/LiquidGlass/GlassTintKey.swift /Users/admin/builder/spi-builder-workspace/Sources/LiquidGlass/View+Glass.swift -emit-dependencies-path /Users/admin/builder/spi-builder-workspace/.derivedData/Build/Intermediates.noindex/LiquidGlass.build/Debug-appletvos/LiquidGlass-t.build/Objects-normal/arm64/GlassEffectContainer.d -emit-const-values-path /Users/admin/builder/spi-builder-workspace/.derivedData/Build/Intermediates.noindex/LiquidGlass.build/Debug-appletvos/LiquidGlass-t.build/Objects-normal/arm64/GlassEffectContainer.swiftconstvalues -emit-reference-dependencies-path /Users/admin/builder/spi-builder-workspace/.derivedData/Build/Intermediates.noindex/LiquidGlass.build/Debug-appletvos/LiquidGlass-t.build/Objects-normal/arm64/GlassEffectContainer.swiftdeps -serialize-diagnostics-path /Users/admin/builder/spi-builder-workspace/.derivedData/Build/Intermediates.noindex/LiquidGlass.build/Debug-appletvos/LiquidGlass-t.build/Objects-normal/arm64/GlassEffectContainer.dia -target arm64-apple-tvos17.0 -module-can-import-version UIKit 9127.0.84.1 9127.0.84 -disable-cross-import-overlay-search -load-resolved-plugin /Applications/Xcode-27.0.0-Release.Candidate.app/Contents/Developer/Platforms/AppleTVOS.platform/Developer/usr/lib/swift/host/plugins/libFoundationMacros.dylib\#/Applications/Xcode-27.0.0-Release.Candidate.app/Contents/Developer/Platforms/AppleTVOS.platform/Developer/usr/bin/swift-plugin-server\#FoundationMacros -load-resolved-plugin /Applications/Xcode-27.0.0-Release.Candidate.app/Contents/Developer/Platforms/AppleTVOS.platform/Developer/usr/lib/swift/host/plugins/libObservationMacros.dylib\#/Applications/Xcode-27.0.0-Release.Candidate.app/Contents/Developer/Platforms/AppleTVOS.platform/Developer/usr/bin/swift-plugin-server\#ObservationMacros -load-resolved-plugin /Applications/Xcode-27.0.0-Release.Candidate.app/Contents/Developer/Platforms/AppleTVOS.platform/Developer/usr/lib/swift/host/plugins/libPreviewsMacros.dylib\#/Applications/Xcode-27.0.0-Release.Candidate.app/Contents/Developer/Platforms/AppleTVOS.platform/Developer/usr/bin/swift-plugin-server\#PreviewsMacros -load-resolved-plugin /Applications/Xcode-27.0.0-Release.Candidate.app/Contents/Developer/Platforms/AppleTVOS.platform/Developer/usr/lib/swift/host/plugins/libSwiftMacros.dylib\#/Applications/Xcode-27.0.0-Release.Candidate.app/Contents/Developer/Platforms/AppleTVOS.platform/Developer/usr/bin/swift-plugin-server\#SwiftMacros -load-resolved-plugin /Applications/Xcode-27.0.0-Release.Candidate.app/Contents/Developer/Platforms/AppleTVOS.platform/Developer/usr/lib/swift/host/plugins/libSwiftUIMacros.dylib\#/Applications/Xcode-27.0.0-Release.Candidate.app/Contents/Developer/Platforms/AppleTVOS.platform/Developer/usr/bin/swift-plugin-server\#SwiftUIMacros -disable-implicit-swift-modules -Xcc -fno-implicit-modules -Xcc -fno-implicit-module-maps -explicit-swift-module-map-file /Users/admin/builder/spi-builder-workspace/.derivedData/Build/Intermediates.noindex/LiquidGlass.build/Debug-appletvos/LiquidGlass-t.build/Objects-normal/arm64/LiquidGlass-dependencies-1.json -Xllvm -aarch64-use-tbi -enable-objc-interop -stack-check -sdk /Applications/Xcode-27.0.0-Release.Candidate.app/Contents/Developer/Platforms/AppleTVOS.platform/Developer/SDKs/AppleTVOS27.0.sdk -I /Users/admin/builder/spi-builder-workspace/.derivedData/Build/Products/Debug-appletvos -Isystem /Applications/Xcode-27.0.0-Release.Candidate.app/Contents/Developer/Platforms/AppleTVOS.platform/Developer/usr/lib -F /Users/admin/builder/spi-builder-workspace/.derivedData/Build/Products/Debug-appletvos -F /Applications/Xcode-27.0.0-Release.Candidate.app/Contents/Developer/Platforms/AppleTVOS.platform/Developer/Library/Frameworks -F /Applications/Xcode-27.0.0-Release.Candidate.app/Contents/Developer/Platforms/AppleTVOS.platform/Developer/SDKs/AppleTVOS27.0.sdk/Developer/Library/Frameworks -module-cache-path /Users/admin/builder/spi-builder-workspace/.derivedData/Build/Intermediates.noindex/SwiftExplicitPrecompiledModules -no-color-diagnostics -Xcc -fno-color-diagnostics -enable-testing -g -debug-info-format\=dwarf -dwarf-version\=4 -profile-generate -profile-coverage-mapping -swift-version 6 -Onone -D SWIFT_PACKAGE -D DEBUG -D SWIFT_MODULE_RESOURCE_BUNDLE_UNAVAILABLE -D Xcode -serialize-debugging-options -enable-experimental-feature DebugDescriptionMacro -empty-abi-descriptor -validate-clang-modules-once -clang-build-session-file /Users/admin/builder/spi-builder-workspace/.derivedData/ModuleCache.noindex/Session.modulevalidation -Xcc -working-directory -Xcc /Users/admin/builder/spi-builder-workspace/.swiftpm/xcode -enable-anonymous-context-mangled-names -file-compilation-dir /Users/admin/builder/spi-builder-workspace/.swiftpm/xcode -Xcc -D_LIBCPP_HARDENING_MODE\=_LIBCPP_HARDENING_MODE_DEBUG -Xcc -ivfsstatcache -Xcc /Users/admin/builder/spi-builder-workspace/.derivedData/SDKStatCaches.noindex/appletvos27.0-24J360-e829b21a6f8c9b70876ba0858053c044b32bfd8d43560033f8d89884cdb90028.sdkstatcache -Xcc -fmodules-prune-interval\=86400 -Xcc -fmodules-prune-after\=345600 -Xcc -I/Users/admin/builder/spi-builder-workspace/.derivedData/Build/Products/Debug-appletvos/include -Xcc -I/Users/admin/builder/spi-builder-workspace/.derivedData/Build/Intermediates.noindex/LiquidGlass.build/Debug-appletvos/LiquidGlass-t.build/DerivedSources-normal/arm64 -Xcc -I/Users/admin/builder/spi-builder-workspace/.derivedData/Build/Intermediates.noindex/LiquidGlass.build/Debug-appletvos/LiquidGlass-t.build/DerivedSources/arm64 -Xcc -I/Users/admin/builder/spi-builder-workspace/.derivedData/Build/Intermediates.noindex/LiquidGlass.build/Debug-appletvos/LiquidGlass-t.build/DerivedSources -Xcc -DSWIFT_PACKAGE -Xcc -DDEBUG\=1 -no-auto-bridging-header-chaining -module-name LiquidGlass -package-name spi_builder_workspace -const-gather-protocols-file /Users/admin/builder/spi-builder-workspace/.derivedData/Build/Intermediates.noindex/LiquidGlass.build/Debug-appletvos/LiquidGlass-t.build/Objects-normal/arm64/LiquidGlass_const_extract_protocols.json -disable-clang-spi -clang-target arm64-apple-tvos27.0 -target-sdk-version 27.0 -target-sdk-name appletvos27.0 -in-process-plugin-server-path /Applications/Xcode-27.0.0-Release.Candidate.app/Contents/Developer/Toolchains/XcodeDefault.xctoolchain/usr/lib/swift/host/libSwiftInProcPluginServer.dylib -parse-as-library -o /Users/admin/builder/spi-builder-workspace/.derivedData/Build/Intermediates.noindex/LiquidGlass.build/Debug-appletvos/LiquidGlass-t.build/Objects-normal/arm64/GlassEffectContainer.o -debug-module-path /Users/admin/builder/spi-builder-workspace/.derivedData/Build/Intermediates.noindex/LiquidGlass.build/Debug-appletvos/LiquidGlass-t.build/Objects-normal/arm64/LiquidGlass.swiftmodule -index-unit-output-path /LiquidGlass.build/Debug-appletvos/LiquidGlass-t.build/Objects-normal/arm64/GlassEffectContainer.o -index-store-path /Users/admin/builder/spi-builder-workspace/.derivedData/Index.noindex/DataStore -index-system-modules
SwiftCompile normal arm64 Compiling\ GlassMaterial.swift /Users/admin/builder/spi-builder-workspace/Sources/LiquidGlass/GlassMaterial.swift (in target 'LiquidGlass' from project 'LiquidGlass')
SwiftCompile normal arm64 /Users/admin/builder/spi-builder-workspace/Sources/LiquidGlass/GlassMaterial.swift (in target 'LiquidGlass' from project 'LiquidGlass')
    cd /Users/admin/builder/spi-builder-workspace/.swiftpm/xcode
    builtin-SwiftPerFileCompile GlassMaterial.swift
/Users/admin/builder/spi-builder-workspace/Sources/LiquidGlass/GlassMaterial.swift:76:33: error: 'bar' is unavailable in tvOS
 74 |         case .card:     return .thinMaterial
 75 |         case .button:   return .regularMaterial
 76 |         case .toolbar:  return .bar
    |                                 `- error: 'bar' is unavailable in tvOS
 77 |         case .sidebar:  return .thickMaterial
 78 |         case .overlay:  return .ultraThickMaterial
SwiftUI.Material.bar:2:19: note: 'bar' has been explicitly marked unavailable here
1 | struct Material {
2 | public static let bar: Material}
  |                   `- note: 'bar' has been explicitly marked unavailable here
3 |
/Users/admin/builder/spi-builder-workspace/Sources/LiquidGlass/GlassMaterial.swift:97:32: error: 'systemBackground' is unavailable in tvOS
 95 |     var opaqueFallbackFill: Color {
 96 |         #if canImport(UIKit)
 97 |         return Color(uiColor: .systemBackground)
    |                                `- error: 'systemBackground' is unavailable in tvOS
 98 |         #elseif canImport(AppKit)
 99 |         return Color(nsColor: .windowBackgroundColor)
/Applications/Xcode-27.0.0-Release.Candidate.app/Contents/Developer/Platforms/AppleTVOS.platform/Developer/SDKs/AppleTVOS27.0.sdk/System/Library/Frameworks/UIKit.framework/Headers/UIInterface.h:208:49: note: 'systemBackground' has been explicitly marked unavailable here
206 |  *    primary background in light mode.
207 |  */
208 | @property (class, nonatomic, readonly) UIColor *systemBackgroundColor                   API_AVAILABLE(ios(13.0)) API_UNAVAILABLE(tvos, watchos);
    |                                                 `- note: 'systemBackground' has been explicitly marked unavailable here
209 | @property (class, nonatomic, readonly) UIColor *secondarySystemBackgroundColor          API_AVAILABLE(ios(13.0)) API_UNAVAILABLE(tvos, watchos);
210 | @property (class, nonatomic, readonly) UIColor *tertiarySystemBackgroundColor           API_AVAILABLE(ios(13.0)) API_UNAVAILABLE(tvos, watchos);
/Users/admin/builder/spi-builder-workspace/Sources/LiquidGlass/GlassMaterial.swift:320:21: error: 'glassEffect(_:in:)' is only available in tvOS 26.0 or newer
246 | /// ``GlassMaterial/borderColor(reduceTransparency:colorScheme:)``, shared with
247 | /// ``GlassMorphUnionSurfaces``'s fallback surface so both stay in sync.
248 | struct GlassRenderingModifier: ViewModifier {
    |        `- note: add '@available' attribute to enclosing struct
249 |
250 |     let style: GlassStyle
    :
316 |     @available(iOS 26.0, macOS 26.0, *)
317 |     @ViewBuilder
318 |     private func nativeRendering(_ content: Content, shape: RoundedRectangle) -> some View {
    |                  `- note: add '@available' attribute to enclosing instance method
319 |         if let tint {
320 |             content.glassEffect(.regular.tint(tint), in: shape)
    |                     |- error: 'glassEffect(_:in:)' is only available in tvOS 26.0 or newer
    |                     `- note: add 'if #available' version check
321 |         } else {
322 |             content.glassEffect(.regular, in: shape)
SwiftCompile normal arm64 Compiling\ GlassStyle.swift /Users/admin/builder/spi-builder-workspace/Sources/LiquidGlass/GlassStyle.swift (in target 'LiquidGlass' from project 'LiquidGlass')
SwiftCompile normal arm64 /Users/admin/builder/spi-builder-workspace/Sources/LiquidGlass/GlassStyle.swift (in target 'LiquidGlass' from project 'LiquidGlass')
    cd /Users/admin/builder/spi-builder-workspace/.swiftpm/xcode
    builtin-SwiftPerFileCompile GlassStyle.swift
SwiftCompile normal arm64 Compiling\ GlassTabBar.swift /Users/admin/builder/spi-builder-workspace/Sources/LiquidGlass/GlassTabBar.swift (in target 'LiquidGlass' from project 'LiquidGlass')
SwiftCompile normal arm64 /Users/admin/builder/spi-builder-workspace/Sources/LiquidGlass/GlassTabBar.swift (in target 'LiquidGlass' from project 'LiquidGlass')
    cd /Users/admin/builder/spi-builder-workspace/.swiftpm/xcode
    builtin-SwiftPerFileCompile GlassTabBar.swift
SwiftCompile normal arm64 Compiling\ GlassColorContrast.swift /Users/admin/builder/spi-builder-workspace/Sources/LiquidGlass/GlassColorContrast.swift (in target 'LiquidGlass' from project 'LiquidGlass')
SwiftCompile normal arm64 /Users/admin/builder/spi-builder-workspace/Sources/LiquidGlass/GlassColorContrast.swift (in target 'LiquidGlass' from project 'LiquidGlass')
    cd /Users/admin/builder/spi-builder-workspace/.swiftpm/xcode
    builtin-SwiftPerFileCompile GlassColorContrast.swift
SwiftCompile normal arm64 Compiling\ GlassButton.swift,\ GlassCard.swift /Users/admin/builder/spi-builder-workspace/Sources/LiquidGlass/GlassButton.swift /Users/admin/builder/spi-builder-workspace/Sources/LiquidGlass/GlassCard.swift (in target 'LiquidGlass' from project 'LiquidGlass')
SwiftCompile normal arm64 /Users/admin/builder/spi-builder-workspace/Sources/LiquidGlass/GlassButton.swift (in target 'LiquidGlass' from project 'LiquidGlass')
    cd /Users/admin/builder/spi-builder-workspace/.swiftpm/xcode
    builtin-SwiftPerFileCompile GlassButton.swift
SwiftCompile normal arm64 /Users/admin/builder/spi-builder-workspace/Sources/LiquidGlass/GlassCard.swift (in target 'LiquidGlass' from project 'LiquidGlass')
    cd /Users/admin/builder/spi-builder-workspace/.swiftpm/xcode
    builtin-SwiftPerFileCompile GlassCard.swift
SwiftCompile normal arm64 Compiling\ GlassMorphUnion.swift /Users/admin/builder/spi-builder-workspace/Sources/LiquidGlass/GlassMorphUnion.swift (in target 'LiquidGlass' from project 'LiquidGlass')
SwiftCompile normal arm64 /Users/admin/builder/spi-builder-workspace/Sources/LiquidGlass/GlassMorphUnion.swift (in target 'LiquidGlass' from project 'LiquidGlass')
    cd /Users/admin/builder/spi-builder-workspace/.swiftpm/xcode
    builtin-SwiftPerFileCompile GlassMorphUnion.swift
SwiftCompile normal arm64 Compiling\ GlassTintKey.swift /Users/admin/builder/spi-builder-workspace/Sources/LiquidGlass/GlassTintKey.swift (in target 'LiquidGlass' from project 'LiquidGlass')
SwiftCompile normal arm64 /Users/admin/builder/spi-builder-workspace/Sources/LiquidGlass/GlassTintKey.swift (in target 'LiquidGlass' from project 'LiquidGlass')
    cd /Users/admin/builder/spi-builder-workspace/.swiftpm/xcode
    builtin-SwiftPerFileCompile GlassTintKey.swift
SwiftCompile normal arm64 Compiling\ View+Glass.swift /Users/admin/builder/spi-builder-workspace/Sources/LiquidGlass/View+Glass.swift (in target 'LiquidGlass' from project 'LiquidGlass')
SwiftCompile normal arm64 /Users/admin/builder/spi-builder-workspace/Sources/LiquidGlass/View+Glass.swift (in target 'LiquidGlass' from project 'LiquidGlass')
    cd /Users/admin/builder/spi-builder-workspace/.swiftpm/xcode
    builtin-SwiftPerFileCompile View+Glass.swift
SwiftEmitModule normal arm64 Emitting\ module\ for\ LiquidGlass (in target 'LiquidGlass' from project 'LiquidGlass')
SwiftCompile normal arm64 (in target 'LiquidGlass' from project 'LiquidGlass')
    cd /Users/admin/builder/spi-builder-workspace/.swiftpm/xcode

SwiftCompile normal arm64 Compiling\ GlassBackgroundExtension.swift,\ GlassBottomAccessory.swift /Users/admin/builder/spi-builder-workspace/Sources/LiquidGlass/GlassBackgroundExtension.swift /Users/admin/builder/spi-builder-workspace/Sources/LiquidGlass/GlassBottomAccessory.swift (in target 'LiquidGlass' from project 'LiquidGlass')
SwiftCompile normal arm64 /Users/admin/builder/spi-builder-workspace/Sources/LiquidGlass/GlassBackgroundExtension.swift (in target 'LiquidGlass' from project 'LiquidGlass')
    cd /Users/admin/builder/spi-builder-workspace/.swiftpm/xcode
    builtin-SwiftPerFileCompile GlassBackgroundExtension.swift
SwiftCompile normal arm64 /Users/admin/builder/spi-builder-workspace/Sources/LiquidGlass/GlassBottomAccessory.swift (in target 'LiquidGlass' from project 'LiquidGlass')
    cd /Users/admin/builder/spi-builder-workspace/.swiftpm/xcode
    builtin-SwiftPerFileCompile GlassBottomAccessory.swift
SwiftDriverJobDiscovery normal arm64 Compiling GlassTintKey.swift (in target 'LiquidGlass' from project 'LiquidGlass')
SwiftDriverJobDiscovery normal arm64 Compiling GlassStyle.swift (in target 'LiquidGlass' from project 'LiquidGlass')
SwiftDriverJobDiscovery normal arm64 Compiling View+Glass.swift (in target 'LiquidGlass' from project 'LiquidGlass')
PruneExplicitPrecompiledModules /Users/admin/builder/spi-builder-workspace/.derivedData/Build/Intermediates.noindex/SwiftExplicitPrecompiledModules
PruneExplicitPrecompiledModules /Users/admin/builder/spi-builder-workspace/.derivedData/Build/Intermediates.noindex/ExplicitPrecompiledModules
PruneExplicitPrecompiledModules /Users/admin/builder/spi-builder-workspace/.derivedData/SDKExplicitPrecompiledModules
2026-09-26 01:03:53.951 xcodebuild[754:4598] [MT] IDERunDestination: Supported platforms for the buildables in the current scheme is empty.
** BUILD FAILED **
The following build commands failed:
	SwiftCompile normal arm64 /Users/admin/builder/spi-builder-workspace/Sources/LiquidGlass/GlassEffectContainer.swift (in target 'LiquidGlass' from project 'LiquidGlass')
	SwiftCompile normal arm64 Compiling\ GlassEffectContainer.swift /Users/admin/builder/spi-builder-workspace/Sources/LiquidGlass/GlassEffectContainer.swift (in target 'LiquidGlass' from project 'LiquidGlass')
	Building workspace LiquidGlass with scheme LiquidGlass
(3 failures)
BUILD FAILURE 6.4 tvOS