Build Information
Failed to build APProgressToolbar, reference 7.0.0 (64209f), with Swift 6.2 for Wasm on 28 Jun 2026 05:27:44 UTC.
Build Command
bash -c docker run --pull=always --rm -v "checkouts-53886768-0":/host -w "$PWD" -e JAVA_HOME="/root/.sdkman/candidates/java/current" -e SPI_BUILD="1" -e SPI_PROCESSING="1" registry.gitlab.com/saguaro1/spi-images:wasm-6.2-latest swift build --swift-sdk swift-6.2-RELEASE_wasm 2>&1Build Log
========================================
RunAll
========================================
Builder version: 0e64495ecc1688c3b3e031a5ef1348b5c05091ae
Interrupt handler set up.
========================================
Checkout
========================================
Clone URL: https://github.com/aporat/APProgressToolbar.git
Reference: 7.0.0
Initialized empty Git repository in /host/spi-builder-workspace/.git/
hint: Using 'master' as the name for the initial branch. This default branch name
hint: is subject to change. To configure the initial branch name to use in all
hint: of your new repositories, which will suppress this warning, call:
hint:
hint: git config --global init.defaultBranch <name>
hint:
hint: Names commonly chosen instead of 'master' are 'main', 'trunk' and
hint: 'development'. The just-created branch can be renamed via this command:
hint:
hint: git branch -m <name>
From https://github.com/aporat/APProgressToolbar
* tag 7.0.0 -> FETCH_HEAD
HEAD is now at 64209fc bump
Cloned https://github.com/aporat/APProgressToolbar.git
Revision (git rev-parse @):
64209fc5b7bca74bd17703b9b8f35c7cdaf76f82
SUCCESS checkout https://github.com/aporat/APProgressToolbar.git at 7.0.0
========================================
Build
========================================
Selected platform: wasm
Swift version: 6.2
Building package at path: $PWD
https://github.com/aporat/APProgressToolbar.git
Running build ...
bash -c docker run --pull=always --rm -v "checkouts-53886768-0":/host -w "$PWD" -e JAVA_HOME="/root/.sdkman/candidates/java/current" -e SPI_BUILD="1" -e SPI_PROCESSING="1" registry.gitlab.com/saguaro1/spi-images:wasm-6.2-latest swift build --swift-sdk swift-6.2-RELEASE_wasm 2>&1
wasm-6.2-latest: Pulling from saguaro1/spi-images
Digest: sha256:dc8dffc38f1d92eca7ee5312617822470123661393ed20672e77964f9dcaaffb
Status: Image is up to date for registry.gitlab.com/saguaro1/spi-images:wasm-6.2-latest
Fetching https://github.com/SnapKit/SnapKit.git
Fetching https://github.com/aporat/GTProgressBar.git
[1/1326] Fetching gtprogressbar
Fetched https://github.com/aporat/GTProgressBar.git from cache (0.40s)
[1/4287] Fetching snapkit
Fetched https://github.com/SnapKit/SnapKit.git from cache (0.51s)
Computing version for https://github.com/SnapKit/SnapKit.git
Computed https://github.com/SnapKit/SnapKit.git at 6.0.0 (0.65s)
Computing version for https://github.com/aporat/GTProgressBar.git
Computed https://github.com/aporat/GTProgressBar.git at 1.1.0 (0.14s)
Creating working copy for https://github.com/SnapKit/SnapKit.git
Working copy of https://github.com/SnapKit/SnapKit.git resolved at 6.0.0
Creating working copy for https://github.com/aporat/GTProgressBar.git
Working copy of https://github.com/aporat/GTProgressBar.git resolved at 1.1.0
warning: 'gtprogressbar': found 1 file(s) which are unhandled; explicitly declare them as resources or exclude from the target
/host/spi-builder-workspace/.build/checkouts/GTProgressBar/GTProgressBar/Info.plist
Building for debugging...
[0/5] Write sources
[2/5] Copying PrivacyInfo.xcprivacy
[4/5] Write swift-version-24593BA9C3E375BF.txt
[6/50] Compiling SnapKit Constraint.swift
/host/spi-builder-workspace/.build/checkouts/SnapKit/Sources/Constraint.swift:27:12: error: no such module 'AppKit'
25 | import UIKit
26 | #else
27 | import AppKit
| `- error: no such module 'AppKit'
28 | #endif
29 |
[7/50] Compiling SnapKit ConstraintAttributes.swift
/host/spi-builder-workspace/.build/checkouts/SnapKit/Sources/Constraint.swift:27:12: error: no such module 'AppKit'
25 | import UIKit
26 | #else
27 | import AppKit
| `- error: no such module 'AppKit'
28 | #endif
29 |
[8/50] Compiling SnapKit ConstraintConfig.swift
/host/spi-builder-workspace/.build/checkouts/SnapKit/Sources/Constraint.swift:27:12: error: no such module 'AppKit'
25 | import UIKit
26 | #else
27 | import AppKit
| `- error: no such module 'AppKit'
28 | #endif
29 |
[9/50] Compiling SnapKit ConstraintConstantTarget.swift
/host/spi-builder-workspace/.build/checkouts/SnapKit/Sources/Constraint.swift:27:12: error: no such module 'AppKit'
25 | import UIKit
26 | #else
27 | import AppKit
| `- error: no such module 'AppKit'
28 | #endif
29 |
[10/50] Compiling SnapKit ConstraintDSL.swift
/host/spi-builder-workspace/.build/checkouts/SnapKit/Sources/Constraint.swift:27:12: error: no such module 'AppKit'
25 | import UIKit
26 | #else
27 | import AppKit
| `- error: no such module 'AppKit'
28 | #endif
29 |
[11/54] Compiling SnapKit ConstraintView.swift
/host/spi-builder-workspace/.build/checkouts/SnapKit/Sources/Constraint.swift:27:12: error: no such module 'AppKit'
25 | import UIKit
26 | #else
27 | import AppKit
| `- error: no such module 'AppKit'
28 | #endif
29 |
[12/54] Compiling SnapKit ConstraintViewDSL.swift
/host/spi-builder-workspace/.build/checkouts/SnapKit/Sources/Constraint.swift:27:12: error: no such module 'AppKit'
25 | import UIKit
26 | #else
27 | import AppKit
| `- error: no such module 'AppKit'
28 | #endif
29 |
[13/54] Compiling SnapKit Debugging.swift
/host/spi-builder-workspace/.build/checkouts/SnapKit/Sources/Constraint.swift:27:12: error: no such module 'AppKit'
25 | import UIKit
26 | #else
27 | import AppKit
| `- error: no such module 'AppKit'
28 | #endif
29 |
[14/54] Compiling SnapKit LayoutConstraint.swift
/host/spi-builder-workspace/.build/checkouts/SnapKit/Sources/Constraint.swift:27:12: error: no such module 'AppKit'
25 | import UIKit
26 | #else
27 | import AppKit
| `- error: no such module 'AppKit'
28 | #endif
29 |
[15/54] Compiling SnapKit ConstraintPriority.swift
/host/spi-builder-workspace/.build/checkouts/SnapKit/Sources/Constraint.swift:27:12: error: no such module 'AppKit'
25 | import UIKit
26 | #else
27 | import AppKit
| `- error: no such module 'AppKit'
28 | #endif
29 |
[16/54] Compiling SnapKit ConstraintPriorityTarget.swift
/host/spi-builder-workspace/.build/checkouts/SnapKit/Sources/Constraint.swift:27:12: error: no such module 'AppKit'
25 | import UIKit
26 | #else
27 | import AppKit
| `- error: no such module 'AppKit'
28 | #endif
29 |
[17/54] Compiling SnapKit ConstraintRelatableTarget.swift
/host/spi-builder-workspace/.build/checkouts/SnapKit/Sources/Constraint.swift:27:12: error: no such module 'AppKit'
25 | import UIKit
26 | #else
27 | import AppKit
| `- error: no such module 'AppKit'
28 | #endif
29 |
[18/54] Compiling SnapKit ConstraintRelation.swift
/host/spi-builder-workspace/.build/checkouts/SnapKit/Sources/Constraint.swift:27:12: error: no such module 'AppKit'
25 | import UIKit
26 | #else
27 | import AppKit
| `- error: no such module 'AppKit'
28 | #endif
29 |
[19/54] Compiling SnapKit ConstraintView+Extensions.swift
/host/spi-builder-workspace/.build/checkouts/SnapKit/Sources/Constraint.swift:27:12: error: no such module 'AppKit'
25 | import UIKit
26 | #else
27 | import AppKit
| `- error: no such module 'AppKit'
28 | #endif
29 |
error: emit-module command failed with exit code 1 (use -v to see invocation)
[20/54] Emitting module SnapKit
/host/spi-builder-workspace/.build/checkouts/SnapKit/Sources/Constraint.swift:27:12: error: no such module 'AppKit'
25 | import UIKit
26 | #else
27 | import AppKit
| `- error: no such module 'AppKit'
28 | #endif
29 |
[21/54] Compiling SnapKit ConstraintDescription.swift
/host/spi-builder-workspace/.build/checkouts/SnapKit/Sources/Constraint.swift:27:12: error: no such module 'AppKit'
25 | import UIKit
26 | #else
27 | import AppKit
| `- error: no such module 'AppKit'
28 | #endif
29 |
[22/54] Compiling SnapKit ConstraintDirectionalInsetTarget.swift
/host/spi-builder-workspace/.build/checkouts/SnapKit/Sources/Constraint.swift:27:12: error: no such module 'AppKit'
25 | import UIKit
26 | #else
27 | import AppKit
| `- error: no such module 'AppKit'
28 | #endif
29 |
[23/54] Compiling SnapKit ConstraintDirectionalInsets.swift
/host/spi-builder-workspace/.build/checkouts/SnapKit/Sources/Constraint.swift:27:12: error: no such module 'AppKit'
25 | import UIKit
26 | #else
27 | import AppKit
| `- error: no such module 'AppKit'
28 | #endif
29 |
[24/54] Compiling SnapKit ConstraintInsetTarget.swift
/host/spi-builder-workspace/.build/checkouts/SnapKit/Sources/Constraint.swift:27:12: error: no such module 'AppKit'
25 | import UIKit
26 | #else
27 | import AppKit
| `- error: no such module 'AppKit'
28 | #endif
29 |
[25/54] Compiling SnapKit ConstraintInsets.swift
/host/spi-builder-workspace/.build/checkouts/SnapKit/Sources/Constraint.swift:27:12: error: no such module 'AppKit'
25 | import UIKit
26 | #else
27 | import AppKit
| `- error: no such module 'AppKit'
28 | #endif
29 |
[26/54] Compiling SnapKit ConstraintItem.swift
/host/spi-builder-workspace/.build/checkouts/SnapKit/Sources/Constraint.swift:27:12: error: no such module 'AppKit'
25 | import UIKit
26 | #else
27 | import AppKit
| `- error: no such module 'AppKit'
28 | #endif
29 |
[27/54] Compiling SnapKit ConstraintLayoutGuide+Extensions.swift
/host/spi-builder-workspace/.build/checkouts/SnapKit/Sources/Constraint.swift:27:12: error: no such module 'AppKit'
25 | import UIKit
26 | #else
27 | import AppKit
| `- error: no such module 'AppKit'
28 | #endif
29 |
[28/54] Compiling SnapKit ConstraintLayoutGuide.swift
/host/spi-builder-workspace/.build/checkouts/SnapKit/Sources/Constraint.swift:27:12: error: no such module 'AppKit'
25 | import UIKit
26 | #else
27 | import AppKit
| `- error: no such module 'AppKit'
28 | #endif
29 |
[29/54] Compiling SnapKit ConstraintLayoutGuideDSL.swift
/host/spi-builder-workspace/.build/checkouts/SnapKit/Sources/Constraint.swift:27:12: error: no such module 'AppKit'
25 | import UIKit
26 | #else
27 | import AppKit
| `- error: no such module 'AppKit'
28 | #endif
29 |
[30/54] Compiling SnapKit ConstraintLayoutSupport.swift
/host/spi-builder-workspace/.build/checkouts/SnapKit/Sources/Constraint.swift:27:12: error: no such module 'AppKit'
25 | import UIKit
26 | #else
27 | import AppKit
| `- error: no such module 'AppKit'
28 | #endif
29 |
[31/54] Compiling GTProgressBar UIViewExtensions.swift
/host/spi-builder-workspace/.build/checkouts/GTProgressBar/GTProgressBar/Classes/FrameCalculator.swift:10:8: error: no such module 'UIKit'
8 |
9 | import Foundation
10 | import UIKit
| `- error: no such module 'UIKit'
11 |
12 | internal protocol FrameCalculator {
[32/55] Compiling SnapKit ConstraintMakerPrioritizable.swift
/host/spi-builder-workspace/.build/checkouts/SnapKit/Sources/Constraint.swift:27:12: error: no such module 'AppKit'
25 | import UIKit
26 | #else
27 | import AppKit
| `- error: no such module 'AppKit'
28 | #endif
29 |
[33/55] Compiling SnapKit ConstraintMakerRelatable+Extensions.swift
/host/spi-builder-workspace/.build/checkouts/SnapKit/Sources/Constraint.swift:27:12: error: no such module 'AppKit'
25 | import UIKit
26 | #else
27 | import AppKit
| `- error: no such module 'AppKit'
28 | #endif
29 |
[34/55] Compiling SnapKit ConstraintMakerRelatable.swift
/host/spi-builder-workspace/.build/checkouts/SnapKit/Sources/Constraint.swift:27:12: error: no such module 'AppKit'
25 | import UIKit
26 | #else
27 | import AppKit
| `- error: no such module 'AppKit'
28 | #endif
29 |
[35/55] Compiling SnapKit ConstraintMultiplierTarget.swift
/host/spi-builder-workspace/.build/checkouts/SnapKit/Sources/Constraint.swift:27:12: error: no such module 'AppKit'
25 | import UIKit
26 | #else
27 | import AppKit
| `- error: no such module 'AppKit'
28 | #endif
29 |
[36/55] Compiling SnapKit ConstraintOffsetTarget.swift
/host/spi-builder-workspace/.build/checkouts/SnapKit/Sources/Constraint.swift:27:12: error: no such module 'AppKit'
25 | import UIKit
26 | #else
27 | import AppKit
| `- error: no such module 'AppKit'
28 | #endif
29 |
[37/55] Compiling SnapKit ConstraintLayoutSupportDSL.swift
/host/spi-builder-workspace/.build/checkouts/SnapKit/Sources/Constraint.swift:27:12: error: no such module 'AppKit'
25 | import UIKit
26 | #else
27 | import AppKit
| `- error: no such module 'AppKit'
28 | #endif
29 |
[38/55] Compiling SnapKit ConstraintMaker.swift
/host/spi-builder-workspace/.build/checkouts/SnapKit/Sources/Constraint.swift:27:12: error: no such module 'AppKit'
25 | import UIKit
26 | #else
27 | import AppKit
| `- error: no such module 'AppKit'
28 | #endif
29 |
[39/55] Compiling SnapKit ConstraintMakerEditable.swift
/host/spi-builder-workspace/.build/checkouts/SnapKit/Sources/Constraint.swift:27:12: error: no such module 'AppKit'
25 | import UIKit
26 | #else
27 | import AppKit
| `- error: no such module 'AppKit'
28 | #endif
29 |
[40/55] Compiling SnapKit ConstraintMakerExtendable.swift
/host/spi-builder-workspace/.build/checkouts/SnapKit/Sources/Constraint.swift:27:12: error: no such module 'AppKit'
25 | import UIKit
26 | #else
27 | import AppKit
| `- error: no such module 'AppKit'
28 | #endif
29 |
[41/55] Compiling SnapKit ConstraintMakerFinalizable.swift
/host/spi-builder-workspace/.build/checkouts/SnapKit/Sources/Constraint.swift:27:12: error: no such module 'AppKit'
25 | import UIKit
26 | #else
27 | import AppKit
| `- error: no such module 'AppKit'
28 | #endif
29 |
[42/55] Compiling GTProgressBar VerticalLabelPositionFrameCalculator.swift
/host/spi-builder-workspace/.build/checkouts/GTProgressBar/GTProgressBar/Classes/FrameCalculator.swift:10:8: error: no such module 'UIKit'
8 |
9 | import Foundation
10 | import UIKit
| `- error: no such module 'UIKit'
11 |
12 | internal protocol FrameCalculator {
[43/55] Compiling SnapKit LayoutConstraintItem.swift
/host/spi-builder-workspace/.build/checkouts/SnapKit/Sources/Constraint.swift:27:12: error: no such module 'AppKit'
25 | import UIKit
26 | #else
27 | import AppKit
| `- error: no such module 'AppKit'
28 | #endif
29 |
[44/55] Compiling SnapKit Typealiases.swift
/host/spi-builder-workspace/.build/checkouts/SnapKit/Sources/Constraint.swift:27:12: error: no such module 'AppKit'
25 | import UIKit
26 | #else
27 | import AppKit
| `- error: no such module 'AppKit'
28 | #endif
29 |
[45/55] Compiling SnapKit UILayoutSupport+Extensions.swift
/host/spi-builder-workspace/.build/checkouts/SnapKit/Sources/Constraint.swift:27:12: error: no such module 'AppKit'
25 | import UIKit
26 | #else
27 | import AppKit
| `- error: no such module 'AppKit'
28 | #endif
29 |
[46/55] Compiling SnapKit resource_bundle_accessor.swift
/host/spi-builder-workspace/.build/checkouts/SnapKit/Sources/Constraint.swift:27:12: error: no such module 'AppKit'
25 | import UIKit
26 | #else
27 | import AppKit
| `- error: no such module 'AppKit'
28 | #endif
29 |
BUILD FAILURE 6.2 wasm