Build Information
Failed to build SwiftStorage, reference 2.0.1 (fffc92), with Swift 6.3 for Android on 25 Jun 2026 13:06:18 UTC.
Build Command
bash -c docker run --pull=always --rm -v "checkouts-53886769-0":/host -w "$PWD" -e JAVA_HOME="/root/.sdkman/candidates/java/current" -e SPI_BUILD="1" -e SPI_PROCESSING="1" registry.gitlab.com/swiftpackageindex/spi-images:android-6.3-latest swift build --swift-sdk aarch64-unknown-linux-android28 2>&1Build Log
========================================
RunAll
========================================
Builder version: 4071e0796c748d991a0123890d2f0ecadc8fcc8c
Interrupt handler set up.
========================================
Checkout
========================================
Clone URL: https://github.com/KC-2001MS/SwiftStorage.git
Reference: 2.0.1
Initialized empty Git repository in /host/spi-builder-workspace/.git/
hint: Using 'master' as the name for the initial branch. This default branch name
hint: is subject to change. To configure the initial branch name to use in all
hint: of your new repositories, which will suppress this warning, call:
hint:
hint: git config --global init.defaultBranch <name>
hint:
hint: Names commonly chosen instead of 'master' are 'main', 'trunk' and
hint: 'development'. The just-created branch can be renamed via this command:
hint:
hint: git branch -m <name>
From https://github.com/KC-2001MS/SwiftStorage
* tag 2.0.1 -> FETCH_HEAD
HEAD is now at fffc927 fix #if issue
Cloned https://github.com/KC-2001MS/SwiftStorage.git
Revision (git rev-parse @):
fffc927eb862bda57eed0f2ee2f7eab88eebded6
SUCCESS checkout https://github.com/KC-2001MS/SwiftStorage.git at 2.0.1
========================================
Build
========================================
Selected platform: android
Swift version: 6.3
Building package at path: $PWD
https://github.com/KC-2001MS/SwiftStorage.git
Running build ...
bash -c docker run --pull=always --rm -v "checkouts-53886769-0":/host -w "$PWD" -e JAVA_HOME="/root/.sdkman/candidates/java/current" -e SPI_BUILD="1" -e SPI_PROCESSING="1" registry.gitlab.com/swiftpackageindex/spi-images:android-6.3-latest swift build --swift-sdk aarch64-unknown-linux-android28 2>&1
android-6.3-latest: Pulling from swiftpackageindex/spi-images
Digest: sha256:fcf1b80e2a4fb0358ac6fbde579a6598cd5d36a88f81c802eb74b60be64a41a4
Status: Image is up to date for registry.gitlab.com/swiftpackageindex/spi-images:android-6.3-latest
Fetching https://github.com/apple/swift-docc-plugin
Fetching https://github.com/pointfreeco/swift-macro-testing.git
Fetching https://github.com/swiftlang/swift-syntax.git
Fetching https://github.com/KC-2001MS/Hashify.git
[1/961] Fetching swift-macro-testing
[463/1043] Fetching swift-macro-testing, hashify
[1044/3342] Fetching swift-macro-testing, hashify, swift-docc-plugin
Fetched https://github.com/apple/swift-docc-plugin from cache (0.59s)
[1/75744] Fetching swift-syntax
Fetched https://github.com/KC-2001MS/Hashify.git from cache (2.46s)
Fetched https://github.com/pointfreeco/swift-macro-testing.git from cache (2.46s)
Fetched https://github.com/swiftlang/swift-syntax.git from cache (2.48s)
Computing version for https://github.com/pointfreeco/swift-macro-testing.git
Computed https://github.com/pointfreeco/swift-macro-testing.git at 0.6.5 (2.64s)
Fetching https://github.com/pointfreeco/swift-snapshot-testing
[1/16173] Fetching swift-snapshot-testing
Fetched https://github.com/pointfreeco/swift-snapshot-testing from cache (2.03s)
Computing version for https://github.com/KC-2001MS/Hashify.git
Computed https://github.com/KC-2001MS/Hashify.git at 1.0.0 (2.18s)
Computing version for https://github.com/swiftlang/swift-syntax.git
Computed https://github.com/swiftlang/swift-syntax.git at 600.0.1 (0.95s)
Computing version for https://github.com/apple/swift-docc-plugin
Computed https://github.com/apple/swift-docc-plugin at 1.5.0 (0.18s)
Fetching https://github.com/swiftlang/swift-docc-symbolkit
[1/3749] Fetching swift-docc-symbolkit
Fetched https://github.com/swiftlang/swift-docc-symbolkit from cache (0.50s)
Computing version for https://github.com/swiftlang/swift-docc-symbolkit
Computed https://github.com/swiftlang/swift-docc-symbolkit at 1.0.0 (0.70s)
Computing version for https://github.com/pointfreeco/swift-snapshot-testing
Computed https://github.com/pointfreeco/swift-snapshot-testing at 1.19.2 (0.14s)
Fetching https://github.com/pointfreeco/swift-custom-dump
[1/5609] Fetching swift-custom-dump
Fetched https://github.com/pointfreeco/swift-custom-dump from cache (0.44s)
Computing version for https://github.com/pointfreeco/swift-custom-dump
Computed https://github.com/pointfreeco/swift-custom-dump at 1.6.1 (0.59s)
Fetching https://github.com/pointfreeco/xctest-dynamic-overlay
[1/5880] Fetching xctest-dynamic-overlay
Fetched https://github.com/pointfreeco/xctest-dynamic-overlay from cache (0.66s)
Computing version for https://github.com/pointfreeco/xctest-dynamic-overlay
Computed https://github.com/pointfreeco/xctest-dynamic-overlay at 1.10.1 (0.81s)
Creating working copy for https://github.com/KC-2001MS/Hashify.git
Working copy of https://github.com/KC-2001MS/Hashify.git resolved at 1.0.0
Creating working copy for https://github.com/swiftlang/swift-docc-symbolkit
Working copy of https://github.com/swiftlang/swift-docc-symbolkit resolved at 1.0.0
Creating working copy for https://github.com/pointfreeco/swift-macro-testing.git
Working copy of https://github.com/pointfreeco/swift-macro-testing.git resolved at 0.6.5
Creating working copy for https://github.com/pointfreeco/swift-custom-dump
Working copy of https://github.com/pointfreeco/swift-custom-dump resolved at 1.6.1
Creating working copy for https://github.com/swiftlang/swift-syntax.git
Working copy of https://github.com/swiftlang/swift-syntax.git resolved at 600.0.1
Creating working copy for https://github.com/pointfreeco/swift-snapshot-testing
Working copy of https://github.com/pointfreeco/swift-snapshot-testing resolved at 1.19.2
Creating working copy for https://github.com/apple/swift-docc-plugin
Working copy of https://github.com/apple/swift-docc-plugin resolved at 1.5.0
Creating working copy for https://github.com/pointfreeco/xctest-dynamic-overlay
Working copy of https://github.com/pointfreeco/xctest-dynamic-overlay resolved at 1.10.1
[1/1] Compiling plugin Swift-DocC Preview
[2/2] Compiling plugin Swift-DocC
Building for debugging...
[2/54] Write sources
[25/54] Compiling _SwiftSyntaxCShims dummy.c
[26/54] Write swift-version-272D24FF697CF451.txt
[28/64] Emitting module SwiftSyntax600
[29/64] Compiling SwiftSyntax600 Empty.swift
[30/65] Wrapping AST for SwiftSyntax600 for debugging
[32/65] Emitting module SwiftSyntax509
[33/65] Compiling SwiftSyntax509 Empty.swift
[35/66] Compiling SwiftSyntax510 Empty.swift
[36/66] Emitting module SwiftSyntax510
[36/66] Wrapping AST for SwiftSyntax509 for debugging
[38/67] Wrapping AST for SwiftSyntax510 for debugging
[40/131] Compiling SwiftSyntax AbsolutePosition.swift
[41/131] Compiling SwiftSyntax AbsoluteRawSyntax.swift
[42/131] Compiling SwiftSyntax AbsoluteSyntaxInfo.swift
[43/131] Compiling SwiftSyntax Assert.swift
[44/131] Compiling SwiftSyntax BumpPtrAllocator.swift
[45/131] Compiling SwiftSyntax CommonAncestor.swift
[46/131] Compiling SwiftSyntax Convenience.swift
[47/131] Compiling SwiftSyntax CustomTraits.swift
[48/131] Compiling SwiftSyntax Identifier.swift
error: emit-module command failed with exit code 1 (use -v to see invocation)
[49/139] Emitting module HashifyCore
/host/spi-builder-workspace/.build/checkouts/Hashify/Sources/HashifyCore/HashAlgorithm.swift:8:8: error: no such module 'CryptoKit'
6 | //
7 |
8 | import CryptoKit
| `- error: no such module 'CryptoKit'
9 | import Foundation
10 |
[50/139] Compiling HashifyCore HashAlgorithm.swift
/host/spi-builder-workspace/.build/checkouts/Hashify/Sources/HashifyCore/HashAlgorithm.swift:8:8: error: no such module 'CryptoKit'
6 | //
7 |
8 | import CryptoKit
| `- error: no such module 'CryptoKit'
9 | import Foundation
10 |
error: emit-module command failed with exit code 1 (use -v to see invocation)
[51/139] Emitting module HashifyCore
/host/spi-builder-workspace/.build/checkouts/Hashify/Sources/HashifyCore/HashAlgorithm.swift:8:8: error: no such module 'CryptoKit'
6 | //
7 |
8 | import CryptoKit
| `- error: no such module 'CryptoKit'
9 | import Foundation
10 |
BUILD FAILURE 6.3 android