The Swift Package Index logo.Swift Package Index

Build Information

Failed to build Hoist, reference main (3ffa1e), with Swift 6.2 for Android on 25 Sep 2026 16:05:09 UTC.

Build Command

bash -c docker run --pull=always --rm -v "checkouts-54344847-2":/host -w "$PWD" -e JAVA_HOME="/root/.sdkman/candidates/java/current" -e SPI_BUILD="1" -e SPI_PROCESSING="1" registry.gitlab.com/saguaro1/spi-images:android-6.2-latest swift build --swift-sdk aarch64-unknown-linux-android28 2>&1

Build Log

========================================
RunAll
========================================
Builder version: 5.1.0
Interrupt handler set up.
========================================
Checkout
========================================
Clone URL: https://github.com/GRimAce11/Hoist.git
Reference: main
Initialized empty Git repository in /host/spi-builder-workspace/.git/
hint: Using 'master' as the name for the initial branch. This default branch name
hint: is subject to change. To configure the initial branch name to use in all
hint: of your new repositories, which will suppress this warning, call:
hint:
hint: 	git config --global init.defaultBranch <name>
hint:
hint: Names commonly chosen instead of 'master' are 'main', 'trunk' and
hint: 'development'. The just-created branch can be renamed via this command:
hint:
hint: 	git branch -m <name>
From https://github.com/GRimAce11/Hoist
 * branch            main       -> FETCH_HEAD
 * [new branch]      main       -> origin/main
HEAD is now at 3ffa1e6 Point install instructions at 0.4.0
Cloned https://github.com/GRimAce11/Hoist.git
Revision (git rev-parse @):
3ffa1e6bc704ca80a19be6039a3e78b11913886c
SPI manifest file found: $PWD/.spi.yml
SUCCESS checkout https://github.com/GRimAce11/Hoist.git at main
========================================
Build
========================================
Selected platform:         android
Swift version:             6.2
Building package at path:  $PWD
https://github.com/GRimAce11/Hoist.git
Running build ...
bash -c docker run --pull=always --rm -v "checkouts-54344847-2":/host -w "$PWD" -e JAVA_HOME="/root/.sdkman/candidates/java/current" -e SPI_BUILD="1" -e SPI_PROCESSING="1" registry.gitlab.com/saguaro1/spi-images:android-6.2-latest swift build --swift-sdk aarch64-unknown-linux-android28 2>&1
android-6.2-latest: Pulling from saguaro1/spi-images
Digest: sha256:f47b2a33897778fb58ca39c1139e193fa7f391fa362fe0d23c00db9747030994
Status: Image is up to date for registry.gitlab.com/saguaro1/spi-images:android-6.2-latest
Building for debugging...
[0/2] Write sources
[1/2] Write swift-version--11D90AFD9DD3AB2.txt
[3/20] Compiling Hoist Bucketer.swift
/host/spi-builder-workspace/Sources/Hoist/Evaluator/Bucketer.swift:2:8: error: no such module 'CryptoKit'
 1 | import Foundation
 2 | import CryptoKit
   |        `- error: no such module 'CryptoKit'
 3 |
 4 | /// Deterministic, well-distributed bucketing for percentage rollouts and A/B splits.
[4/20] Compiling Hoist Evaluator.swift
/host/spi-builder-workspace/Sources/Hoist/Evaluator/Bucketer.swift:2:8: error: no such module 'CryptoKit'
 1 | import Foundation
 2 | import CryptoKit
   |        `- error: no such module 'CryptoKit'
 3 |
 4 | /// Deterministic, well-distributed bucketing for percentage rollouts and A/B splits.
[5/20] Compiling Hoist Hoist+Overrides.swift
/host/spi-builder-workspace/Sources/Hoist/Evaluator/Bucketer.swift:2:8: error: no such module 'CryptoKit'
 1 | import Foundation
 2 | import CryptoKit
   |        `- error: no such module 'CryptoKit'
 3 |
 4 | /// Deterministic, well-distributed bucketing for percentage rollouts and A/B splits.
error: emit-module command failed with exit code 1 (use -v to see invocation)
[6/22] Emitting module Hoist
/host/spi-builder-workspace/Sources/Hoist/Evaluator/Bucketer.swift:2:8: error: no such module 'CryptoKit'
 1 | import Foundation
 2 | import CryptoKit
   |        `- error: no such module 'CryptoKit'
 3 |
 4 | /// Deterministic, well-distributed bucketing for percentage rollouts and A/B splits.
[7/22] Compiling Hoist Rule.swift
/host/spi-builder-workspace/Sources/Hoist/Evaluator/Bucketer.swift:2:8: error: no such module 'CryptoKit'
 1 | import Foundation
 2 | import CryptoKit
   |        `- error: no such module 'CryptoKit'
 3 |
 4 | /// Deterministic, well-distributed bucketing for percentage rollouts and A/B splits.
[8/22] Compiling Hoist UserContext.swift
/host/spi-builder-workspace/Sources/Hoist/Evaluator/Bucketer.swift:2:8: error: no such module 'CryptoKit'
 1 | import Foundation
 2 | import CryptoKit
   |        `- error: no such module 'CryptoKit'
 3 |
 4 | /// Deterministic, well-distributed bucketing for percentage rollouts and A/B splits.
[9/22] Compiling Hoist AttributeValue.swift
/host/spi-builder-workspace/Sources/Hoist/Evaluator/Bucketer.swift:2:8: error: no such module 'CryptoKit'
 1 | import Foundation
 2 | import CryptoKit
   |        `- error: no such module 'CryptoKit'
 3 |
 4 | /// Deterministic, well-distributed bucketing for percentage rollouts and A/B splits.
[10/22] Compiling Hoist Condition.swift
/host/spi-builder-workspace/Sources/Hoist/Evaluator/Bucketer.swift:2:8: error: no such module 'CryptoKit'
 1 | import Foundation
 2 | import CryptoKit
   |        `- error: no such module 'CryptoKit'
 3 |
 4 | /// Deterministic, well-distributed bucketing for percentage rollouts and A/B splits.
[11/22] Compiling Hoist EvaluationEvent.swift
/host/spi-builder-workspace/Sources/Hoist/Evaluator/Bucketer.swift:2:8: error: no such module 'CryptoKit'
 1 | import Foundation
 2 | import CryptoKit
   |        `- error: no such module 'CryptoKit'
 3 |
 4 | /// Deterministic, well-distributed bucketing for percentage rollouts and A/B splits.
[12/22] Compiling Hoist FlagType.swift
/host/spi-builder-workspace/Sources/Hoist/Evaluator/Bucketer.swift:2:8: error: no such module 'CryptoKit'
 1 | import Foundation
 2 | import CryptoKit
   |        `- error: no such module 'CryptoKit'
 3 |
 4 | /// Deterministic, well-distributed bucketing for percentage rollouts and A/B splits.
[13/22] Compiling Hoist FlagValue.swift
/host/spi-builder-workspace/Sources/Hoist/Evaluator/Bucketer.swift:2:8: error: no such module 'CryptoKit'
 1 | import Foundation
 2 | import CryptoKit
   |        `- error: no such module 'CryptoKit'
 3 |
 4 | /// Deterministic, well-distributed bucketing for percentage rollouts and A/B splits.
[14/22] Compiling Hoist Hoist.swift
/host/spi-builder-workspace/Sources/Hoist/Evaluator/Bucketer.swift:2:8: error: no such module 'CryptoKit'
 1 | import Foundation
 2 | import CryptoKit
   |        `- error: no such module 'CryptoKit'
 3 |
 4 | /// Deterministic, well-distributed bucketing for percentage rollouts and A/B splits.
[15/22] Compiling Hoist FlagRegistry.swift
/host/spi-builder-workspace/Sources/Hoist/Evaluator/Bucketer.swift:2:8: error: no such module 'CryptoKit'
 1 | import Foundation
 2 | import CryptoKit
   |        `- error: no such module 'CryptoKit'
 3 |
 4 | /// Deterministic, well-distributed bucketing for percentage rollouts and A/B splits.
[16/22] Compiling Hoist FlagSource.swift
/host/spi-builder-workspace/Sources/Hoist/Evaluator/Bucketer.swift:2:8: error: no such module 'CryptoKit'
 1 | import Foundation
 2 | import CryptoKit
   |        `- error: no such module 'CryptoKit'
 3 |
 4 | /// Deterministic, well-distributed bucketing for percentage rollouts and A/B splits.
[17/22] Compiling Hoist OverrideStore.swift
/host/spi-builder-workspace/Sources/Hoist/Evaluator/Bucketer.swift:2:8: error: no such module 'CryptoKit'
 1 | import Foundation
 2 | import CryptoKit
   |        `- error: no such module 'CryptoKit'
 3 |
 4 | /// Deterministic, well-distributed bucketing for percentage rollouts and A/B splits.
[18/22] Compiling Hoist FeatureFlag.swift
/host/spi-builder-workspace/Sources/Hoist/Evaluator/Bucketer.swift:2:8: error: no such module 'CryptoKit'
 1 | import Foundation
 2 | import CryptoKit
   |        `- error: no such module 'CryptoKit'
 3 |
 4 | /// Deterministic, well-distributed bucketing for percentage rollouts and A/B splits.
[19/22] Compiling Hoist Flag.swift
/host/spi-builder-workspace/Sources/Hoist/Evaluator/Bucketer.swift:2:8: error: no such module 'CryptoKit'
 1 | import Foundation
 2 | import CryptoKit
   |        `- error: no such module 'CryptoKit'
 3 |
 4 | /// Deterministic, well-distributed bucketing for percentage rollouts and A/B splits.
[20/22] Compiling Hoist FlagDocument.swift
/host/spi-builder-workspace/Sources/Hoist/Evaluator/Bucketer.swift:2:8: error: no such module 'CryptoKit'
 1 | import Foundation
 2 | import CryptoKit
   |        `- error: no such module 'CryptoKit'
 3 |
 4 | /// Deterministic, well-distributed bucketing for percentage rollouts and A/B splits.
[21/22] Compiling Hoist HoistDebugView.swift
/host/spi-builder-workspace/Sources/Hoist/Evaluator/Bucketer.swift:2:8: error: no such module 'CryptoKit'
 1 | import Foundation
 2 | import CryptoKit
   |        `- error: no such module 'CryptoKit'
 3 |
 4 | /// Deterministic, well-distributed bucketing for percentage rollouts and A/B splits.
[22/22] Compiling Hoist HoistObservable.swift
/host/spi-builder-workspace/Sources/Hoist/Evaluator/Bucketer.swift:2:8: error: no such module 'CryptoKit'
 1 | import Foundation
 2 | import CryptoKit
   |        `- error: no such module 'CryptoKit'
 3 |
 4 | /// Deterministic, well-distributed bucketing for percentage rollouts and A/B splits.
BUILD FAILURE 6.2 android