Build Information
Failed to build AMADocModel, reference 3.0.0 (cb6b65), with Swift 6.4 for visionOS using Xcode 27.0 on 26 Sep 2026 01:56:29 UTC.
Build Command
env DEVELOPER_DIR=/Applications/Xcode-27.0.0-Release.Candidate.app xcrun xcodebuild -IDEClonedSourcePackagesDirPathOverride=$PWD/.dependencies -skipMacroValidation -skipPackagePluginValidation -derivedDataPath $PWD/.derivedData build -scheme AMADocModel -destination generic/platform=xrOSBuild Log
========================================
RunAll
========================================
Builder version: 5.1.0
Interrupt handler set up.
========================================
Checkout
========================================
Clone URL: https://github.com/vbmobile/AMADocModeliOS.git
Reference: 3.0.0
Initialized empty Git repository in /Users/admin/builder/spi-builder-workspace/.git/
From https://github.com/vbmobile/AMADocModeliOS
* tag 3.0.0 -> FETCH_HEAD
HEAD is now at cb6b657 Rename module AMADocModeliOS → AMADocModel (3.0.0)
Cloned https://github.com/vbmobile/AMADocModeliOS.git
Revision (git rev-parse @):
cb6b657d865cb03be319cb85fbfe14ba16a41e95
SUCCESS checkout https://github.com/vbmobile/AMADocModeliOS.git at 3.0.0
========================================
Build
========================================
Selected platform: visionOS
Swift version: 6.4
Building package at path: $PWD
https://github.com/vbmobile/AMADocModeliOS.git
Command line invocation:
/Applications/Xcode-27.0.0-Release.Candidate.app/Contents/Developer/usr/bin/xcodebuild -IDEClonedSourcePackagesDirPathOverride=/Users/admin/builder/spi-builder-workspace/.dependencies -resolvePackageDependencies
Resolve Package Graph
Resolve Package Graph
Resolved source packages:
AMADocModel: /Users/admin/builder/spi-builder-workspace
resolved source packages: AMADocModel
2026-09-25 21:55:51.827 xcodebuild[524:2996] [MT] IDERunDestination: Supported platforms for the buildables in the current scheme is empty.
{
"dependencies" : [
],
"manifest_display_name" : "AMADocModel",
"name" : "AMADocModel",
"path" : "/Users/admin/builder/spi-builder-workspace",
"platforms" : [
{
"name" : "ios",
"version" : "15.0"
}
],
"products" : [
{
"name" : "AMADocModel",
"targets" : [
"AMADocModel"
],
"type" : {
"library" : [
"automatic"
]
}
}
],
"targets" : [
{
"c99name" : "AMADocModel",
"module_type" : "BinaryTarget",
"name" : "AMADocModel",
"path" : "remote/archive/AMADocModel-3.0.0.zip",
"product_memberships" : [
"AMADocModel"
],
"sources" : [
],
"type" : "binary"
}
],
"tools_version" : "6.2"
}
{
"workspace" : {
"name" : "AMADocModel",
"schemes" : [
"AMADocModel"
]
}
}
2026-09-25 21:56:23.684 xcodebuild[634:3801] [MT] IDERunDestination: Supported platforms for the buildables in the current scheme is empty.
Running build ...
env DEVELOPER_DIR=/Applications/Xcode-27.0.0-Release.Candidate.app xcrun xcodebuild -IDEClonedSourcePackagesDirPathOverride=$PWD/.dependencies -skipMacroValidation -skipPackagePluginValidation -derivedDataPath $PWD/.derivedData build -scheme AMADocModel -destination generic/platform=xrOS
Command line invocation:
/Applications/Xcode-27.0.0-Release.Candidate.app/Contents/Developer/usr/bin/xcodebuild -IDEClonedSourcePackagesDirPathOverride=/Users/admin/builder/spi-builder-workspace/.dependencies -skipMacroValidation -skipPackagePluginValidation -derivedDataPath /Users/admin/builder/spi-builder-workspace/.derivedData build -scheme AMADocModel -destination generic/platform=xrOS
Resolve Package Graph
Resolved source packages:
AMADocModel: /Users/admin/builder/spi-builder-workspace
ComputePackagePrebuildTargetDependencyGraph
Prepare packages
CreateBuildRequest
SendProjectDescription
CreateBuildOperation
ComputeTargetDependencyGraph
note: Building targets in dependency order
note: Target dependency graph (1 target)
Target 'AMADocModel-product' in project 'AMADocModel' (no dependencies)
GatherProvisioningInputs
CreateBuildDescription
ExecuteExternalTool /Applications/Xcode-27.0.0-Release.Candidate.app/Contents/Developer/Toolchains/XcodeDefault.xctoolchain/usr/bin/clang -v -E -dM -isysroot /Applications/Xcode-27.0.0-Release.Candidate.app/Contents/Developer/Platforms/XROS.platform/Developer/SDKs/XROS27.0.sdk -x c -c /dev/null
Build description signature: 819a8ad2ca017c8f9bbec43fe839c318
Build description path: /Users/admin/builder/spi-builder-workspace/.derivedData/Build/Intermediates.noindex/XCBuildData/819a8ad2ca017c8f9bbec43fe839c318.xcbuilddata
/Users/admin/builder/spi-builder-workspace/.dependencies/artifacts/spi-builder-workspace/AMADocModel/AMADocModel.xcframework:1:1: error: While building for visionOS, no library for this platform was found in '/Users/admin/builder/spi-builder-workspace/.dependencies/artifacts/spi-builder-workspace/AMADocModel/AMADocModel.xcframework'. (in target 'AMADocModel-product' from project 'AMADocModel')
2026-09-25 21:56:25.132 xcodebuild[635:3843] [MT] IDERunDestination: Supported platforms for the buildables in the current scheme is empty.
** BUILD FAILED **
The following build commands failed:
Building workspace AMADocModel with scheme AMADocModel
(1 failure)
Command line invocation:
/Applications/Xcode-27.0.0-Release.Candidate.app/Contents/Developer/usr/bin/xcodebuild -IDEClonedSourcePackagesDirPathOverride=/Users/admin/builder/spi-builder-workspace/.dependencies -resolvePackageDependencies
Resolve Package Graph
Resolved source packages:
AMADocModel: /Users/admin/builder/spi-builder-workspace
resolved source packages: AMADocModel
2026-09-25 21:56:26.576 xcodebuild[647:3938] [MT] IDERunDestination: Supported platforms for the buildables in the current scheme is empty.
{
"dependencies" : [
],
"manifest_display_name" : "AMADocModel",
"name" : "AMADocModel",
"path" : "/Users/admin/builder/spi-builder-workspace",
"platforms" : [
{
"name" : "ios",
"version" : "15.0"
}
],
"products" : [
{
"name" : "AMADocModel",
"targets" : [
"AMADocModel"
],
"type" : {
"library" : [
"automatic"
]
}
}
],
"targets" : [
{
"c99name" : "AMADocModel",
"module_type" : "BinaryTarget",
"name" : "AMADocModel",
"path" : "remote/archive/AMADocModel-3.0.0.zip",
"product_memberships" : [
"AMADocModel"
],
"sources" : [
],
"type" : "binary"
}
],
"tools_version" : "6.2"
}
{
"workspace" : {
"name" : "AMADocModel",
"schemes" : [
"AMADocModel"
]
}
}
2026-09-25 21:56:27.757 xcodebuild[655:3996] [MT] IDERunDestination: Supported platforms for the buildables in the current scheme is empty.
Running build ...
env DEVELOPER_DIR=/Applications/Xcode-27.0.0-Release.Candidate.app xcrun xcodebuild -IDEClonedSourcePackagesDirPathOverride=$PWD/.dependencies -skipMacroValidation -skipPackagePluginValidation -derivedDataPath $PWD/.derivedData build -scheme AMADocModel -destination generic/platform=xrOS
Command line invocation:
/Applications/Xcode-27.0.0-Release.Candidate.app/Contents/Developer/usr/bin/xcodebuild -IDEClonedSourcePackagesDirPathOverride=/Users/admin/builder/spi-builder-workspace/.dependencies -skipMacroValidation -skipPackagePluginValidation -derivedDataPath /Users/admin/builder/spi-builder-workspace/.derivedData build -scheme AMADocModel -destination generic/platform=xrOS
Resolve Package Graph
Resolved source packages:
AMADocModel: /Users/admin/builder/spi-builder-workspace
ComputePackagePrebuildTargetDependencyGraph
Prepare packages
CreateBuildRequest
SendProjectDescription
CreateBuildOperation
ComputeTargetDependencyGraph
note: Building targets in dependency order
note: Target dependency graph (1 target)
Target 'AMADocModel-product' in project 'AMADocModel' (no dependencies)
GatherProvisioningInputs
CreateBuildDescription
/Users/admin/builder/spi-builder-workspace/.dependencies/artifacts/spi-builder-workspace/AMADocModel/AMADocModel.xcframework:1:1: error: While building for visionOS, no library for this platform was found in '/Users/admin/builder/spi-builder-workspace/.dependencies/artifacts/spi-builder-workspace/AMADocModel/AMADocModel.xcframework'. (in target 'AMADocModel-product' from project 'AMADocModel')
2026-09-25 21:56:28.656 xcodebuild[656:4023] [MT] IDERunDestination: Supported platforms for the buildables in the current scheme is empty.
** BUILD FAILED **
The following build commands failed:
Building workspace AMADocModel with scheme AMADocModel
(1 failure)
BUILD FAILURE 6.4 visionOS