The Swift Package Index logo.Swift Package Index

Build Information

Failed to build CustomPageableCollectionView, reference 1.0.0 (578ae9), with Swift 6.4 for tvOS using Xcode 27.0 on 18 Sep 2026 07:44:02 UTC.

Build Command

env DEVELOPER_DIR=/Applications/Xcode-27.0.0-Release.Candidate.app xcrun xcodebuild -IDEClonedSourcePackagesDirPathOverride=$PWD/.dependencies -skipMacroValidation -skipPackagePluginValidation -derivedDataPath $PWD/.derivedData build -scheme CustomPageableCollectionView -destination generic/platform=tvOS

Build Log

========================================
RunAll
========================================
Builder version: 5.1.0
Interrupt handler set up.
========================================
Checkout
========================================
Clone URL: https://github.com/AndreasVerhoeven/CustomPageableCollectionView.git
Reference: 1.0.0
Initialized empty Git repository in /Users/admin/builder/spi-builder-workspace/.git/
From https://github.com/AndreasVerhoeven/CustomPageableCollectionView
 * tag               1.0.0      -> FETCH_HEAD
HEAD is now at 578ae96 init
Cloned https://github.com/AndreasVerhoeven/CustomPageableCollectionView.git
Revision (git rev-parse @):
578ae963ff68cc32aa2026f7696ae6ec5e61bf07
SUCCESS checkout https://github.com/AndreasVerhoeven/CustomPageableCollectionView.git at 1.0.0
========================================
Build
========================================
Selected platform:         tvOS
Swift version:             6.4
Building package at path:  $PWD
https://github.com/AndreasVerhoeven/CustomPageableCollectionView.git
Command line invocation:
    /Applications/Xcode-27.0.0-Release.Candidate.app/Contents/Developer/usr/bin/xcodebuild -IDEClonedSourcePackagesDirPathOverride=/Users/admin/builder/spi-builder-workspace/.dependencies -resolvePackageDependencies
Resolve Package Graph
Resolve Package Graph
Resolved source packages:
  CustomPageableCollectionView: /Users/admin/builder/spi-builder-workspace
resolved source packages: CustomPageableCollectionView
2026-09-18 03:43:16.054 xcodebuild[529:3017] [MT] IDERunDestination: Supported platforms for the buildables in the current scheme is empty.
{
  "dependencies" : [
  ],
  "manifest_display_name" : "CustomPageableCollectionView",
  "name" : "CustomPageableCollectionView",
  "path" : "/Users/admin/builder/spi-builder-workspace",
  "platforms" : [
    {
      "name" : "ios",
      "version" : "11.0"
    }
  ],
  "products" : [
    {
      "name" : "CustomPageableCollectionView",
      "targets" : [
        "CustomPageableCollectionView"
      ],
      "type" : {
        "library" : [
          "automatic"
        ]
      }
    }
  ],
  "targets" : [
    {
      "c99name" : "CustomPageableCollectionView",
      "module_type" : "SwiftTarget",
      "name" : "CustomPageableCollectionView",
      "path" : "Sources",
      "product_memberships" : [
        "CustomPageableCollectionView"
      ],
      "sources" : [
        "CustomPageableCollectionView.swift",
        "CustomPageableScrollView.swift",
        "CustomPageableTableView.swift",
        "PagerScrollView.swift",
        "PagingConfiguration+Resolve.swift",
        "PagingConfiguration.swift"
      ],
      "type" : "library"
    }
  ],
  "tools_version" : "5.3"
}
{
  "workspace" : {
    "name" : "CustomPageableCollectionView",
    "schemes" : [
      "CustomPageableCollectionView"
    ]
  }
}
2026-09-18 03:43:51.770 xcodebuild[626:3922] [MT] IDERunDestination: Supported platforms for the buildables in the current scheme is empty.
Running build ...
env DEVELOPER_DIR=/Applications/Xcode-27.0.0-Release.Candidate.app xcrun xcodebuild -IDEClonedSourcePackagesDirPathOverride=$PWD/.dependencies -skipMacroValidation -skipPackagePluginValidation -derivedDataPath $PWD/.derivedData build -scheme CustomPageableCollectionView -destination generic/platform=tvOS
Command line invocation:
    /Applications/Xcode-27.0.0-Release.Candidate.app/Contents/Developer/usr/bin/xcodebuild -IDEClonedSourcePackagesDirPathOverride=/Users/admin/builder/spi-builder-workspace/.dependencies -skipMacroValidation -skipPackagePluginValidation -derivedDataPath /Users/admin/builder/spi-builder-workspace/.derivedData build -scheme CustomPageableCollectionView -destination generic/platform=tvOS
Resolve Package Graph
Resolved source packages:
  CustomPageableCollectionView: /Users/admin/builder/spi-builder-workspace
ComputePackagePrebuildTargetDependencyGraph
Prepare packages
CreateBuildRequest
SendProjectDescription
CreateBuildOperation
ComputeTargetDependencyGraph
note: Building targets in dependency order
note: Target dependency graph (2 targets)
    Target 'CustomPageableCollectionView-product' in project 'CustomPageableCollectionView'
        ➜ Explicit dependency on target 'CustomPageableCollectionView' in project 'CustomPageableCollectionView'
    Target 'CustomPageableCollectionView' in project 'CustomPageableCollectionView' (no dependencies)
GatherProvisioningInputs
CreateBuildDescription
ExecuteExternalTool /Applications/Xcode-27.0.0-Release.Candidate.app/Contents/Developer/Toolchains/XcodeDefault.xctoolchain/usr/bin/clang -v -E -dM -isysroot /Applications/Xcode-27.0.0-Release.Candidate.app/Contents/Developer/Platforms/AppleTVOS.platform/Developer/SDKs/AppleTVOS27.0.sdk -x c -c /dev/null
ExecuteExternalTool /Applications/Xcode-27.0.0-Release.Candidate.app/Contents/Developer/Toolchains/XcodeDefault.xctoolchain/usr/bin/swiftc --version
ExecuteExternalTool /Applications/Xcode-27.0.0-Release.Candidate.app/Contents/Developer/Toolchains/XcodeDefault.xctoolchain/usr/bin/ld -version_details
Build description signature: a0afa696f75b2aaaef8bec024788b438
Build description path: /Users/admin/builder/spi-builder-workspace/.derivedData/Build/Intermediates.noindex/XCBuildData/a0afa696f75b2aaaef8bec024788b438.xcbuilddata
CreateBuildDirectory /Users/admin/builder/spi-builder-workspace/.derivedData/SDKExplicitPrecompiledModules
    cd /Users/admin/builder/spi-builder-workspace/.swiftpm/xcode
    builtin-create-build-directory /Users/admin/builder/spi-builder-workspace/.derivedData/SDKExplicitPrecompiledModules
CreateBuildDirectory /Users/admin/builder/spi-builder-workspace/.derivedData/ModuleCache.noindex
    cd /Users/admin/builder/spi-builder-workspace/.swiftpm/xcode
    builtin-create-build-directory /Users/admin/builder/spi-builder-workspace/.derivedData/ModuleCache.noindex
CreateBuildDirectory /Users/admin/builder/spi-builder-workspace/.derivedData/CompilationCache.noindex
    cd /Users/admin/builder/spi-builder-workspace/.swiftpm/xcode
    builtin-create-build-directory /Users/admin/builder/spi-builder-workspace/.derivedData/CompilationCache.noindex
CreateBuildDirectory /Users/admin/builder/spi-builder-workspace/.derivedData/Build/Products
    cd /Users/admin/builder/spi-builder-workspace/.swiftpm/xcode
    builtin-create-build-directory /Users/admin/builder/spi-builder-workspace/.derivedData/Build/Products
CreateBuildDirectory /Users/admin/builder/spi-builder-workspace/.derivedData/Build/Intermediates.noindex
    cd /Users/admin/builder/spi-builder-workspace/.swiftpm/xcode
    builtin-create-build-directory /Users/admin/builder/spi-builder-workspace/.derivedData/Build/Intermediates.noindex
ClangStatCache /Applications/Xcode-27.0.0-Release.Candidate.app/Contents/Developer/Toolchains/XcodeDefault.xctoolchain/usr/bin/clang-stat-cache /Applications/Xcode-27.0.0-Release.Candidate.app/Contents/Developer/Platforms/AppleTVOS.platform/Developer/SDKs/AppleTVOS27.0.sdk /Users/admin/builder/spi-builder-workspace/.derivedData/SDKStatCaches.noindex/appletvos27.0-24J360-e829b21a6f8c9b70876ba0858053c044b32bfd8d43560033f8d89884cdb90028.sdkstatcache
    cd /Users/admin/builder/spi-builder-workspace/.swiftpm/xcode
    /Applications/Xcode-27.0.0-Release.Candidate.app/Contents/Developer/Toolchains/XcodeDefault.xctoolchain/usr/bin/clang-stat-cache /Applications/Xcode-27.0.0-Release.Candidate.app/Contents/Developer/Platforms/AppleTVOS.platform/Developer/SDKs/AppleTVOS27.0.sdk -o /Users/admin/builder/spi-builder-workspace/.derivedData/SDKStatCaches.noindex/appletvos27.0-24J360-e829b21a6f8c9b70876ba0858053c044b32bfd8d43560033f8d89884cdb90028.sdkstatcache
CreateBuildDirectory /Users/admin/builder/spi-builder-workspace/.derivedData/Build/Intermediates.noindex/SwiftExplicitPrecompiledModules
    cd /Users/admin/builder/spi-builder-workspace/.swiftpm/xcode
    builtin-create-build-directory /Users/admin/builder/spi-builder-workspace/.derivedData/Build/Intermediates.noindex/SwiftExplicitPrecompiledModules
CreateBuildDirectory /Users/admin/builder/spi-builder-workspace/.derivedData/Build/Products/Debug-appletvos
    cd /Users/admin/builder/spi-builder-workspace/.swiftpm/xcode
    builtin-create-build-directory /Users/admin/builder/spi-builder-workspace/.derivedData/Build/Products/Debug-appletvos
CreateBuildDirectory /Users/admin/builder/spi-builder-workspace/.derivedData/Build/Intermediates.noindex/PrecompiledHeaders
    cd /Users/admin/builder/spi-builder-workspace/.swiftpm/xcode
    builtin-create-build-directory /Users/admin/builder/spi-builder-workspace/.derivedData/Build/Intermediates.noindex/PrecompiledHeaders
CreateBuildDirectory /Users/admin/builder/spi-builder-workspace/.derivedData/Build/Intermediates.noindex/ExplicitPrecompiledModules
    cd /Users/admin/builder/spi-builder-workspace/.swiftpm/xcode
    builtin-create-build-directory /Users/admin/builder/spi-builder-workspace/.derivedData/Build/Intermediates.noindex/ExplicitPrecompiledModules
CreateBuildDirectory /Users/admin/builder/spi-builder-workspace/.derivedData/Build/Intermediates.noindex/EagerLinkingTBDs/Debug-appletvos
    cd /Users/admin/builder/spi-builder-workspace/.swiftpm/xcode
    builtin-create-build-directory /Users/admin/builder/spi-builder-workspace/.derivedData/Build/Intermediates.noindex/EagerLinkingTBDs/Debug-appletvos
CreateBuildDirectory /Users/admin/builder/spi-builder-workspace/.derivedData/Build/Products/Debug-appletvos/PackageFrameworks
    cd /Users/admin/builder/spi-builder-workspace/.swiftpm/xcode
    builtin-create-build-directory /Users/admin/builder/spi-builder-workspace/.derivedData/Build/Products/Debug-appletvos/PackageFrameworks
WriteAuxiliaryFile /Users/admin/builder/spi-builder-workspace/.derivedData/Build/Intermediates.noindex/CustomPageableCollectionView.build/Debug-appletvos/CustomPageableCollectionView-t.build/CustomPageableCollectionView.modulemap (in target 'CustomPageableCollectionView' from project 'CustomPageableCollectionView')
    cd /Users/admin/builder/spi-builder-workspace
    write-file /Users/admin/builder/spi-builder-workspace/.derivedData/Build/Intermediates.noindex/CustomPageableCollectionView.build/Debug-appletvos/CustomPageableCollectionView-t.build/CustomPageableCollectionView.modulemap
WriteAuxiliaryFile /Users/admin/builder/spi-builder-workspace/.derivedData/Build/Intermediates.noindex/CustomPageableCollectionView.build/Debug-appletvos/CustomPageableCollectionView-t.build/CustomPageableCollectionView.DependencyStaticMetadataFileList (in target 'CustomPageableCollectionView' from project 'CustomPageableCollectionView')
    cd /Users/admin/builder/spi-builder-workspace
    write-file /Users/admin/builder/spi-builder-workspace/.derivedData/Build/Intermediates.noindex/CustomPageableCollectionView.build/Debug-appletvos/CustomPageableCollectionView-t.build/CustomPageableCollectionView.DependencyStaticMetadataFileList
WriteAuxiliaryFile /Users/admin/builder/spi-builder-workspace/.derivedData/Build/Intermediates.noindex/CustomPageableCollectionView.build/Debug-appletvos/CustomPageableCollectionView-t.build/CustomPageableCollectionView.DependencyMetadataFileList (in target 'CustomPageableCollectionView' from project 'CustomPageableCollectionView')
    cd /Users/admin/builder/spi-builder-workspace
    write-file /Users/admin/builder/spi-builder-workspace/.derivedData/Build/Intermediates.noindex/CustomPageableCollectionView.build/Debug-appletvos/CustomPageableCollectionView-t.build/CustomPageableCollectionView.DependencyMetadataFileList
WriteAuxiliaryFile /Users/admin/builder/spi-builder-workspace/.derivedData/Build/Intermediates.noindex/CustomPageableCollectionView.build/Debug-appletvos/CustomPageableCollectionView-t.build/Objects-normal/arm64/CustomPageableCollectionView.LinkFileList (in target 'CustomPageableCollectionView' from project 'CustomPageableCollectionView')
    cd /Users/admin/builder/spi-builder-workspace
    write-file /Users/admin/builder/spi-builder-workspace/.derivedData/Build/Intermediates.noindex/CustomPageableCollectionView.build/Debug-appletvos/CustomPageableCollectionView-t.build/Objects-normal/arm64/CustomPageableCollectionView.LinkFileList
WriteAuxiliaryFile /Users/admin/builder/spi-builder-workspace/.derivedData/Build/Intermediates.noindex/CustomPageableCollectionView.build/Debug-appletvos/CustomPageableCollectionView-t.build/Objects-normal/arm64/CustomPageableCollectionView.SwiftFileList (in target 'CustomPageableCollectionView' from project 'CustomPageableCollectionView')
    cd /Users/admin/builder/spi-builder-workspace
    write-file /Users/admin/builder/spi-builder-workspace/.derivedData/Build/Intermediates.noindex/CustomPageableCollectionView.build/Debug-appletvos/CustomPageableCollectionView-t.build/Objects-normal/arm64/CustomPageableCollectionView.SwiftFileList
WriteAuxiliaryFile /Users/admin/builder/spi-builder-workspace/.derivedData/Build/Intermediates.noindex/CustomPageableCollectionView.build/Debug-appletvos/CustomPageableCollectionView-t.build/Objects-normal/arm64/CustomPageableCollectionView_const_extract_protocols.json (in target 'CustomPageableCollectionView' from project 'CustomPageableCollectionView')
    cd /Users/admin/builder/spi-builder-workspace
    write-file /Users/admin/builder/spi-builder-workspace/.derivedData/Build/Intermediates.noindex/CustomPageableCollectionView.build/Debug-appletvos/CustomPageableCollectionView-t.build/Objects-normal/arm64/CustomPageableCollectionView_const_extract_protocols.json
WriteAuxiliaryFile /Users/admin/builder/spi-builder-workspace/.derivedData/Build/Intermediates.noindex/CustomPageableCollectionView.build/Debug-appletvos/CustomPageableCollectionView-t.build/Objects-normal/arm64/CustomPageableCollectionView-OutputFileMap.json (in target 'CustomPageableCollectionView' from project 'CustomPageableCollectionView')
    cd /Users/admin/builder/spi-builder-workspace
    write-file /Users/admin/builder/spi-builder-workspace/.derivedData/Build/Intermediates.noindex/CustomPageableCollectionView.build/Debug-appletvos/CustomPageableCollectionView-t.build/Objects-normal/arm64/CustomPageableCollectionView-OutputFileMap.json
WriteAuxiliaryFile /Users/admin/builder/spi-builder-workspace/.derivedData/Build/Intermediates.noindex/CustomPageableCollectionView.build/Debug-appletvos/CustomPageableCollectionView-t.build/Objects-normal/arm64/CustomPageableCollectionView.SwiftConstValuesFileList (in target 'CustomPageableCollectionView' from project 'CustomPageableCollectionView')
    cd /Users/admin/builder/spi-builder-workspace
    write-file /Users/admin/builder/spi-builder-workspace/.derivedData/Build/Intermediates.noindex/CustomPageableCollectionView.build/Debug-appletvos/CustomPageableCollectionView-t.build/Objects-normal/arm64/CustomPageableCollectionView.SwiftConstValuesFileList
Copy /Users/admin/builder/spi-builder-workspace/.derivedData/Build/Intermediates.noindex/GeneratedModuleMaps-appletvos/CustomPageableCollectionView.modulemap /Users/admin/builder/spi-builder-workspace/.derivedData/Build/Intermediates.noindex/CustomPageableCollectionView.build/Debug-appletvos/CustomPageableCollectionView-t.build/CustomPageableCollectionView.modulemap (in target 'CustomPageableCollectionView' from project 'CustomPageableCollectionView')
    cd /Users/admin/builder/spi-builder-workspace
    builtin-copy -exclude .DS_Store -exclude CVS -exclude .svn -exclude .git -exclude .hg -resolve-src-symlinks /Users/admin/builder/spi-builder-workspace/.derivedData/Build/Intermediates.noindex/CustomPageableCollectionView.build/Debug-appletvos/CustomPageableCollectionView-t.build/CustomPageableCollectionView.modulemap /Users/admin/builder/spi-builder-workspace/.derivedData/Build/Intermediates.noindex/GeneratedModuleMaps-appletvos
SwiftDriver CustomPageableCollectionView normal arm64 com.apple.xcode.tools.swift.compiler (in target 'CustomPageableCollectionView' from project 'CustomPageableCollectionView')
    cd /Users/admin/builder/spi-builder-workspace/.swiftpm/xcode
    builtin-SwiftDriver -- /Applications/Xcode-27.0.0-Release.Candidate.app/Contents/Developer/Toolchains/XcodeDefault.xctoolchain/usr/bin/swiftc -parse-as-library -module-name CustomPageableCollectionView -Onone @/Users/admin/builder/spi-builder-workspace/.derivedData/Build/Intermediates.noindex/CustomPageableCollectionView.build/Debug-appletvos/CustomPageableCollectionView-t.build/Objects-normal/arm64/CustomPageableCollectionView.SwiftFileList -DSWIFT_PACKAGE -DDEBUG -DSWIFT_MODULE_RESOURCE_BUNDLE_UNAVAILABLE -DXcode -plugin-path /Applications/Xcode-27.0.0-Release.Candidate.app/Contents/Developer/Toolchains/XcodeDefault.xctoolchain/usr/lib/swift/host/plugins/testing -enable-experimental-feature DebugDescriptionMacro -sdk /Applications/Xcode-27.0.0-Release.Candidate.app/Contents/Developer/Platforms/AppleTVOS.platform/Developer/SDKs/AppleTVOS27.0.sdk -target arm64-apple-tvos15.0 -g -module-cache-path /Users/admin/builder/spi-builder-workspace/.derivedData/ModuleCache.noindex -Xfrontend -serialize-debugging-options -enable-testing -index-store-path /Users/admin/builder/spi-builder-workspace/.derivedData/Index.noindex/DataStore -Xcc -D_LIBCPP_HARDENING_MODE\=_LIBCPP_HARDENING_MODE_DEBUG -swift-version 5 -I /Users/admin/builder/spi-builder-workspace/.derivedData/Build/Products/Debug-appletvos -Isystem /Applications/Xcode-27.0.0-Release.Candidate.app/Contents/Developer/Platforms/AppleTVOS.platform/Developer/usr/lib -F /Users/admin/builder/spi-builder-workspace/.derivedData/Build/Products/Debug-appletvos -F /Applications/Xcode-27.0.0-Release.Candidate.app/Contents/Developer/Platforms/AppleTVOS.platform/Developer/Library/Frameworks -F /Applications/Xcode-27.0.0-Release.Candidate.app/Contents/Developer/Platforms/AppleTVOS.platform/Developer/SDKs/AppleTVOS27.0.sdk/Developer/Library/Frameworks -c -j10 -enable-batch-mode -incremental -Xcc -ivfsstatcache -Xcc /Users/admin/builder/spi-builder-workspace/.derivedData/SDKStatCaches.noindex/appletvos27.0-24J360-e829b21a6f8c9b70876ba0858053c044b32bfd8d43560033f8d89884cdb90028.sdkstatcache -output-file-map /Users/admin/builder/spi-builder-workspace/.derivedData/Build/Intermediates.noindex/CustomPageableCollectionView.build/Debug-appletvos/CustomPageableCollectionView-t.build/Objects-normal/arm64/CustomPageableCollectionView-OutputFileMap.json -save-temps -no-color-diagnostics -explicit-module-build -module-cache-path /Users/admin/builder/spi-builder-workspace/.derivedData/Build/Intermediates.noindex/SwiftExplicitPrecompiledModules -clang-scanner-module-cache-path /Users/admin/builder/spi-builder-workspace/.derivedData/ModuleCache.noindex -sdk-module-cache-path /Users/admin/builder/spi-builder-workspace/.derivedData/SDKExplicitPrecompiledModules -emit-dependencies -emit-module -emit-module-path /Users/admin/builder/spi-builder-workspace/.derivedData/Build/Intermediates.noindex/CustomPageableCollectionView.build/Debug-appletvos/CustomPageableCollectionView-t.build/Objects-normal/arm64/CustomPageableCollectionView.swiftmodule -serialize-diagnostics -dependency-scan-serialize-diagnostics-path /Users/admin/builder/spi-builder-workspace/.derivedData/Build/Intermediates.noindex/CustomPageableCollectionView.build/Debug-appletvos/CustomPageableCollectionView-t.build/Objects-normal/arm64/CustomPageableCollectionView-dependency-scan.dia -validate-clang-modules-once -clang-build-session-file /Users/admin/builder/spi-builder-workspace/.derivedData/ModuleCache.noindex/Session.modulevalidation -Xcc -fmodules-prune-interval\=86400 -Xcc -fmodules-prune-after\=345600 -emit-const-values -const-gather-protocols-list /Users/admin/builder/spi-builder-workspace/.derivedData/Build/Intermediates.noindex/CustomPageableCollectionView.build/Debug-appletvos/CustomPageableCollectionView-t.build/Objects-normal/arm64/CustomPageableCollectionView_const_extract_protocols.json -Xcc -I/Users/admin/builder/spi-builder-workspace/.derivedData/Build/Products/Debug-appletvos/include -Xcc -I/Users/admin/builder/spi-builder-workspace/.derivedData/Build/Intermediates.noindex/CustomPageableCollectionView.build/Debug-appletvos/CustomPageableCollectionView-t.build/DerivedSources-normal/arm64 -Xcc -I/Users/admin/builder/spi-builder-workspace/.derivedData/Build/Intermediates.noindex/CustomPageableCollectionView.build/Debug-appletvos/CustomPageableCollectionView-t.build/DerivedSources/arm64 -Xcc -I/Users/admin/builder/spi-builder-workspace/.derivedData/Build/Intermediates.noindex/CustomPageableCollectionView.build/Debug-appletvos/CustomPageableCollectionView-t.build/DerivedSources -Xcc -DSWIFT_PACKAGE -Xcc -DDEBUG\=1 -emit-objc-header -emit-objc-header-path /Users/admin/builder/spi-builder-workspace/.derivedData/Build/Intermediates.noindex/CustomPageableCollectionView.build/Debug-appletvos/CustomPageableCollectionView-t.build/Objects-normal/arm64/CustomPageableCollectionView-Swift.h -working-directory /Users/admin/builder/spi-builder-workspace/.swiftpm/xcode -experimental-emit-module-separately -disable-cmo
SwiftExplicitDependencyGeneratePcm arm64 /Users/admin/builder/spi-builder-workspace/.derivedData/SDKExplicitPrecompiledModules/_Builtin_stdbool-AHRDH5EKLY6D04C5E42F3VCQI.pcm
SwiftExplicitDependencyGeneratePcm arm64 /Users/admin/builder/spi-builder-workspace/.derivedData/SDKExplicitPrecompiledModules/ptrcheck-2AZ6B5IBYD3RRRTFWN2ONASY3.pcm
SwiftExplicitDependencyGeneratePcm arm64 /Users/admin/builder/spi-builder-workspace/.derivedData/SDKExplicitPrecompiledModules/_AvailabilityInternal-BV2EDDP0MI5QJDDPEEV4D9D3V.pcm
SwiftExplicitDependencyGeneratePcm arm64 /Users/admin/builder/spi-builder-workspace/.derivedData/SDKExplicitPrecompiledModules/_Builtin_float-8ZJAYZ85YBOAOP52Y9H6IUNP3.pcm
SwiftExplicitDependencyGeneratePcm arm64 /Users/admin/builder/spi-builder-workspace/.derivedData/SDKExplicitPrecompiledModules/_Builtin_stddef-9ZJZ6FDEZNKTZU8YLPMFT9RAQ.pcm
SwiftExplicitDependencyGeneratePcm arm64 /Users/admin/builder/spi-builder-workspace/.derivedData/SDKExplicitPrecompiledModules/_Builtin_stdarg-BO2OCAUYVAXDRVQWQ8ISKGNUQ.pcm
SwiftExplicitDependencyGeneratePcm arm64 /Users/admin/builder/spi-builder-workspace/.derivedData/SDKExplicitPrecompiledModules/SwiftShims-8N4EXJ4RUJTR8K9OO3CMOH1EP.pcm
SwiftExplicitDependencyGeneratePcm arm64 /Users/admin/builder/spi-builder-workspace/.derivedData/SDKExplicitPrecompiledModules/ptrauth-8X2KEPL7CTRPS40TUB9APHPK6.pcm
SwiftExplicitDependencyGeneratePcm arm64 /Users/admin/builder/spi-builder-workspace/.derivedData/SDKExplicitPrecompiledModules/_SwiftConcurrencyShims-BY5PD8KF1L5KF6F4Q69HE3TJ4.pcm
SwiftExplicitDependencyGeneratePcm arm64 /Users/admin/builder/spi-builder-workspace/.derivedData/SDKExplicitPrecompiledModules/DeveloperToolsSupport-B1X8RI63V48AJRTH2RK6JAARV.pcm
SwiftExplicitDependencyGeneratePcm arm64 /Users/admin/builder/spi-builder-workspace/.derivedData/SDKExplicitPrecompiledModules/_DarwinFoundation1-JOTYMOA1YZCIJ2NON6FQ848O.pcm
SwiftExplicitDependencyGeneratePcm arm64 /Users/admin/builder/spi-builder-workspace/.derivedData/SDKExplicitPrecompiledModules/_DarwinFoundation2-AOGAN1O02NKXRJN5V73AV3V3M.pcm
SwiftExplicitDependencyGeneratePcm arm64 /Users/admin/builder/spi-builder-workspace/.derivedData/SDKExplicitPrecompiledModules/_Builtin_limits-7JU2HP127LIT1X9E2V3D8WZ1.pcm
SwiftExplicitDependencyGeneratePcm arm64 /Users/admin/builder/spi-builder-workspace/.derivedData/SDKExplicitPrecompiledModules/string_h-6EVHP7A717OUS5DMC78F79HWO.pcm
SwiftExplicitDependencyGeneratePcm arm64 /Users/admin/builder/spi-builder-workspace/.derivedData/SDKExplicitPrecompiledModules/sys_types-8GCAV1YMG5UUGHUID3CA20TCH.pcm
SwiftExplicitDependencyGeneratePcm arm64 /Users/admin/builder/spi-builder-workspace/.derivedData/SDKExplicitPrecompiledModules/_Builtin_tgmath-7ULT1EUHDHW4OZPSTT33H6QGE.pcm
SwiftExplicitDependencyGeneratePcm arm64 /Users/admin/builder/spi-builder-workspace/.derivedData/SDKExplicitPrecompiledModules/_Builtin_stdint-6NFTB6IBKS143IVPGT1EKB7HO.pcm
SwiftExplicitDependencyGeneratePcm arm64 /Users/admin/builder/spi-builder-workspace/.derivedData/SDKExplicitPrecompiledModules/_Builtin_stdatomic-3YXHN678NGYM3NL9POJ2HVEIF.pcm
SwiftExplicitDependencyGeneratePcm arm64 /Users/admin/builder/spi-builder-workspace/.derivedData/SDKExplicitPrecompiledModules/_DarwinFoundation3-8SR3855WDFHQPR6G9GHOI2C07.pcm
SwiftExplicitDependencyGeneratePcm arm64 /Users/admin/builder/spi-builder-workspace/.derivedData/SDKExplicitPrecompiledModules/_Builtin_intrinsics-437O2R2NID4WAQVENR63GR82C.pcm
SwiftExplicitDependencyGeneratePcm arm64 /Users/admin/builder/spi-builder-workspace/.derivedData/SDKExplicitPrecompiledModules/_Builtin_inttypes-6X1IQ3QK9KEVKXOK9Y79EW7J3.pcm
SwiftExplicitDependencyGeneratePcm arm64 /Users/admin/builder/spi-builder-workspace/.derivedData/SDKExplicitPrecompiledModules/Darwin-DBSQAVBBPC3D2OMU5ZI2RXMST.pcm
SwiftExplicitDependencyGeneratePcm arm64 /Users/admin/builder/spi-builder-workspace/.derivedData/SDKExplicitPrecompiledModules/simd-117QUXEUT3Z7UQCUYWV2UA228.pcm
SwiftExplicitDependencyGeneratePcm arm64 /Users/admin/builder/spi-builder-workspace/.derivedData/SDKExplicitPrecompiledModules/MachO-EH3F5PJCIZG05NO51CEFSZYPW.pcm
SwiftExplicitDependencyGeneratePcm arm64 /Users/admin/builder/spi-builder-workspace/.derivedData/SDKExplicitPrecompiledModules/ObjectiveC-5250FDCE56N8508OR6XUYDKZM.pcm
SwiftExplicitDependencyGeneratePcm arm64 /Users/admin/builder/spi-builder-workspace/.derivedData/SDKExplicitPrecompiledModules/os_object-E2DGZ0SX0TULQHULZRPO6OKNW.pcm
SwiftExplicitDependencyGeneratePcm arm64 /Users/admin/builder/spi-builder-workspace/.derivedData/SDKExplicitPrecompiledModules/os_workgroup-DBUFF7811DKMX7VPBOJPGGF1U.pcm
SwiftExplicitDependencyGeneratePcm arm64 /Users/admin/builder/spi-builder-workspace/.derivedData/SDKExplicitPrecompiledModules/Dispatch-1QL58A0V50C39KVAIC6C38SHL.pcm
SwiftExplicitDependencyGeneratePcm arm64 /Users/admin/builder/spi-builder-workspace/.derivedData/SDKExplicitPrecompiledModules/Spatial-7U8NLEFXSB8BR7PJQGVMF5A4Q.pcm
SwiftExplicitDependencyGeneratePcm arm64 /Users/admin/builder/spi-builder-workspace/.derivedData/SDKExplicitPrecompiledModules/CoreFoundation-7TPJ7ENDC4L1A1ESHYI9TXS0D.pcm
SwiftExplicitDependencyGeneratePcm arm64 /Users/admin/builder/spi-builder-workspace/.derivedData/SDKExplicitPrecompiledModules/XPC-6O2DJFT3QUJ7QKTD3SNUB6PCR.pcm
SwiftExplicitDependencyGeneratePcm arm64 /Users/admin/builder/spi-builder-workspace/.derivedData/SDKExplicitPrecompiledModules/os-3GJI8H0BNAEZPQPQ1V0VVY3FY.pcm
SwiftExplicitDependencyGeneratePcm arm64 /Users/admin/builder/spi-builder-workspace/.derivedData/SDKExplicitPrecompiledModules/CoreGraphics-CWSP3J98S2658BYCVL6RP99T3.pcm
SwiftExplicitDependencyGeneratePcm arm64 /Users/admin/builder/spi-builder-workspace/.derivedData/SDKExplicitPrecompiledModules/Security-8VMXEKVDA3MHUH9AOTP905DID.pcm
SwiftExplicitDependencyGeneratePcm arm64 /Users/admin/builder/spi-builder-workspace/.derivedData/SDKExplicitPrecompiledModules/CFNetwork-2CUR2VK9S3S3WPFXPNXNUWYGN.pcm
SwiftExplicitDependencyGeneratePcm arm64 /Users/admin/builder/spi-builder-workspace/.derivedData/SDKExplicitPrecompiledModules/Foundation-BSSIP64DIGUKMAYJOG1WPQ78X.pcm
SwiftExplicitDependencyGeneratePcm arm64 /Users/admin/builder/spi-builder-workspace/.derivedData/SDKExplicitPrecompiledModules/CoreText-59NY7PABM0I4V978161FOC04A.pcm
SwiftExplicitDependencyGeneratePcm arm64 /Users/admin/builder/spi-builder-workspace/.derivedData/SDKExplicitPrecompiledModules/ImageIO-88D4CLEBD4CLWQKT78PZ6H1O8.pcm
SwiftExplicitDependencyGeneratePcm arm64 /Users/admin/builder/spi-builder-workspace/.derivedData/SDKExplicitPrecompiledModules/Accessibility-B6BODGZ4MQQTY0PBC4SHRP009.pcm
SwiftExplicitDependencyGeneratePcm arm64 /Users/admin/builder/spi-builder-workspace/.derivedData/SDKExplicitPrecompiledModules/UserNotifications-E9ZW5TH066WIJWH9080RC5NG4.pcm
SwiftExplicitDependencyGeneratePcm arm64 /Users/admin/builder/spi-builder-workspace/.derivedData/SDKExplicitPrecompiledModules/UIUtilities-6ZFJ1AK4H8IBGEBMYQBWGBYLK.pcm
SwiftExplicitDependencyGeneratePcm arm64 /Users/admin/builder/spi-builder-workspace/.derivedData/SDKExplicitPrecompiledModules/_LocationEssentials-ETSJ65FELPWR8WH8G49R1DF2E.pcm
SwiftExplicitDependencyGeneratePcm arm64 /Users/admin/builder/spi-builder-workspace/.derivedData/SDKExplicitPrecompiledModules/CoreTransferable-7V4O8DATEQ9F7SDNTCW8YWLG3.pcm
SwiftExplicitDependencyGeneratePcm arm64 /Users/admin/builder/spi-builder-workspace/.derivedData/SDKExplicitPrecompiledModules/Symbols-B5AU9VM9Y7NU79RLMH13Z4IFM.pcm
SwiftExplicitDependencyGeneratePcm arm64 /Users/admin/builder/spi-builder-workspace/.derivedData/SDKExplicitPrecompiledModules/DataDetection-37JIYZ2GWDA1L166PP1D9JKAF.pcm
SwiftExplicitDependencyGeneratePcm arm64 /Users/admin/builder/spi-builder-workspace/.derivedData/SDKExplicitPrecompiledModules/OSLog-7OT6HHTMY0ZFEQJ095LJZ6NLC.pcm
SwiftExplicitDependencyGeneratePcm arm64 /Users/admin/builder/spi-builder-workspace/.derivedData/SDKExplicitPrecompiledModules/UniformTypeIdentifiers-95CC8U42ZA9STP5K6GP9ZVJS5.pcm
SwiftExplicitDependencyGeneratePcm arm64 /Users/admin/builder/spi-builder-workspace/.derivedData/SDKExplicitPrecompiledModules/IOSurface-38FJ1CKX9FV2RD97O64Z7QB17.pcm
SwiftExplicitDependencyGeneratePcm arm64 /Users/admin/builder/spi-builder-workspace/.derivedData/SDKExplicitPrecompiledModules/CoreLocation-YVXXAOMVX0JH2KO1XTTKTY51.pcm
SwiftExplicitDependencyGeneratePcm arm64 /Users/admin/builder/spi-builder-workspace/.derivedData/SDKExplicitPrecompiledModules/Metal-2KYBS7IML1SD788M91YV7Q0CC.pcm
SwiftExplicitDependencyGeneratePcm arm64 /Users/admin/builder/spi-builder-workspace/.derivedData/SDKExplicitPrecompiledModules/OpenGLES-4NY99CNDU9WUNUYEIXSS1QFGE.pcm
SwiftExplicitDependencyGeneratePcm arm64 /Users/admin/builder/spi-builder-workspace/.derivedData/SDKExplicitPrecompiledModules/CoreVideo-DPU0PB5X0XLSVA2ETRGI6FJBM.pcm
SwiftExplicitDependencyGeneratePcm arm64 /Users/admin/builder/spi-builder-workspace/.derivedData/SDKExplicitPrecompiledModules/QuartzCore-DJSYAWKXFGVSAK5CQMOB3JSR.pcm
SwiftExplicitDependencyGeneratePcm arm64 /Users/admin/builder/spi-builder-workspace/.derivedData/SDKExplicitPrecompiledModules/CoreImage-7S2AFJ8EIY3DUFYLEAX1JR1QV.pcm
SwiftExplicitDependencyGeneratePcm arm64 /Users/admin/builder/spi-builder-workspace/.derivedData/SDKExplicitPrecompiledModules/SwiftUICore-543QU5V2NHKUFCYFJDKUJ7NYG.pcm
SwiftExplicitDependencyGeneratePcm arm64 /Users/admin/builder/spi-builder-workspace/.derivedData/SDKExplicitPrecompiledModules/UIKit-1TKWN7VC2X6N3ITMRVA2G0EB2.pcm
SwiftEmitModule normal arm64 Emitting\ module\ for\ CustomPageableCollectionView (in target 'CustomPageableCollectionView' from project 'CustomPageableCollectionView')
SwiftCompile normal arm64 (in target 'CustomPageableCollectionView' from project 'CustomPageableCollectionView')
    cd /Users/admin/builder/spi-builder-workspace/.swiftpm/xcode

/Users/admin/builder/spi-builder-workspace/Sources/PagerScrollView.swift:52:14: error: overriding declaration requires an 'override' keyword
 50 | 	}
 51 |
 52 | 	public func updateProperties() {
    |              `- error: overriding declaration requires an 'override' keyword
 53 | 		guard let parent = parent else { return }
 54 | 		isScrollEnabled = parent.isScrollEnabled
/Applications/Xcode-27.0.0-Release.Candidate.app/Contents/Developer/Platforms/AppleTVOS.platform/Developer/SDKs/AppleTVOS27.0.sdk/System/Library/Frameworks/UIKit.framework/Headers/UIView.h:260:1: note: overridden declaration is here
258 | /// Override point for subclasses to update properties of this view.
259 | /// Never call this method directly; use `setNeedsUpdateProperties` to schedule an update.
260 | - (void)updateProperties NS_REQUIRES_SUPER API_AVAILABLE(ios(26.0), tvos(26.0), visionos(26.0)) API_UNAVAILABLE(watchos);
    | `- note: overridden declaration is here
261 | /// Forces an immediate properties update for this view (and its view controller, if applicable)
262 | /// and any subviews, including any view controllers or views in its subtree.
Failed frontend command:
/Applications/Xcode-27.0.0-Release.Candidate.app/Contents/Developer/Toolchains/XcodeDefault.xctoolchain/usr/bin/swift-frontend -frontend -emit-module -experimental-skip-non-inlinable-function-bodies-without-types /Users/admin/builder/spi-builder-workspace/Sources/CustomPageableCollectionView.swift /Users/admin/builder/spi-builder-workspace/Sources/CustomPageableScrollView.swift /Users/admin/builder/spi-builder-workspace/Sources/CustomPageableTableView.swift /Users/admin/builder/spi-builder-workspace/Sources/PagerScrollView.swift /Users/admin/builder/spi-builder-workspace/Sources/PagingConfiguration+Resolve.swift /Users/admin/builder/spi-builder-workspace/Sources/PagingConfiguration.swift -target arm64-apple-tvos15.0 -disable-cross-import-overlay-search -load-resolved-plugin /Applications/Xcode-27.0.0-Release.Candidate.app/Contents/Developer/Platforms/AppleTVOS.platform/Developer/usr/lib/swift/host/plugins/libFoundationMacros.dylib\#/Applications/Xcode-27.0.0-Release.Candidate.app/Contents/Developer/Platforms/AppleTVOS.platform/Developer/usr/bin/swift-plugin-server\#FoundationMacros -load-resolved-plugin /Applications/Xcode-27.0.0-Release.Candidate.app/Contents/Developer/Platforms/AppleTVOS.platform/Developer/usr/lib/swift/host/plugins/libObservationMacros.dylib\#/Applications/Xcode-27.0.0-Release.Candidate.app/Contents/Developer/Platforms/AppleTVOS.platform/Developer/usr/bin/swift-plugin-server\#ObservationMacros -load-resolved-plugin /Applications/Xcode-27.0.0-Release.Candidate.app/Contents/Developer/Platforms/AppleTVOS.platform/Developer/usr/lib/swift/host/plugins/libPreviewsMacros.dylib\#/Applications/Xcode-27.0.0-Release.Candidate.app/Contents/Developer/Platforms/AppleTVOS.platform/Developer/usr/bin/swift-plugin-server\#PreviewsMacros -load-resolved-plugin /Applications/Xcode-27.0.0-Release.Candidate.app/Contents/Developer/Platforms/AppleTVOS.platform/Developer/usr/lib/swift/host/plugins/libSwiftMacros.dylib\#/Applications/Xcode-27.0.0-Release.Candidate.app/Contents/Developer/Platforms/AppleTVOS.platform/Developer/usr/bin/swift-plugin-server\#SwiftMacros -load-resolved-plugin /Applications/Xcode-27.0.0-Release.Candidate.app/Contents/Developer/Platforms/AppleTVOS.platform/Developer/usr/lib/swift/host/plugins/libSwiftUIMacros.dylib\#/Applications/Xcode-27.0.0-Release.Candidate.app/Contents/Developer/Platforms/AppleTVOS.platform/Developer/usr/bin/swift-plugin-server\#SwiftUIMacros -disable-implicit-swift-modules -Xcc -fno-implicit-modules -Xcc -fno-implicit-module-maps -explicit-swift-module-map-file /Users/admin/builder/spi-builder-workspace/.derivedData/Build/Intermediates.noindex/CustomPageableCollectionView.build/Debug-appletvos/CustomPageableCollectionView-t.build/Objects-normal/arm64/CustomPageableCollectionView-dependencies-1.json -Xllvm -aarch64-use-tbi -enable-objc-interop -stack-check -sdk /Applications/Xcode-27.0.0-Release.Candidate.app/Contents/Developer/Platforms/AppleTVOS.platform/Developer/SDKs/AppleTVOS27.0.sdk -I /Users/admin/builder/spi-builder-workspace/.derivedData/Build/Products/Debug-appletvos -Isystem /Applications/Xcode-27.0.0-Release.Candidate.app/Contents/Developer/Platforms/AppleTVOS.platform/Developer/usr/lib -F /Users/admin/builder/spi-builder-workspace/.derivedData/Build/Products/Debug-appletvos -F /Applications/Xcode-27.0.0-Release.Candidate.app/Contents/Developer/Platforms/AppleTVOS.platform/Developer/Library/Frameworks -F /Applications/Xcode-27.0.0-Release.Candidate.app/Contents/Developer/Platforms/AppleTVOS.platform/Developer/SDKs/AppleTVOS27.0.sdk/Developer/Library/Frameworks -module-cache-path /Users/admin/builder/spi-builder-workspace/.derivedData/Build/Intermediates.noindex/SwiftExplicitPrecompiledModules -no-color-diagnostics -Xcc -fno-color-diagnostics -enable-testing -g -debug-info-format\=dwarf -dwarf-version\=4 -swift-version 5 -Onone -D SWIFT_PACKAGE -D DEBUG -D SWIFT_MODULE_RESOURCE_BUNDLE_UNAVAILABLE -D Xcode -serialize-debugging-options -enable-experimental-feature DebugDescriptionMacro -empty-abi-descriptor -validate-clang-modules-once -clang-build-session-file /Users/admin/builder/spi-builder-workspace/.derivedData/ModuleCache.noindex/Session.modulevalidation -Xcc -working-directory -Xcc /Users/admin/builder/spi-builder-workspace/.swiftpm/xcode -enable-anonymous-context-mangled-names -file-compilation-dir /Users/admin/builder/spi-builder-workspace/.swiftpm/xcode -Xcc -D_LIBCPP_HARDENING_MODE\=_LIBCPP_HARDENING_MODE_DEBUG -Xcc -ivfsstatcache -Xcc /Users/admin/builder/spi-builder-workspace/.derivedData/SDKStatCaches.noindex/appletvos27.0-24J360-e829b21a6f8c9b70876ba0858053c044b32bfd8d43560033f8d89884cdb90028.sdkstatcache -Xcc -fmodules-prune-interval\=86400 -Xcc -fmodules-prune-after\=345600 -Xcc -I/Users/admin/builder/spi-builder-workspace/.derivedData/Build/Products/Debug-appletvos/include -Xcc -I/Users/admin/builder/spi-builder-workspace/.derivedData/Build/Intermediates.noindex/CustomPageableCollectionView.build/Debug-appletvos/CustomPageableCollectionView-t.build/DerivedSources-normal/arm64 -Xcc -I/Users/admin/builder/spi-builder-workspace/.derivedData/Build/Intermediates.noindex/CustomPageableCollectionView.build/Debug-appletvos/CustomPageableCollectionView-t.build/DerivedSources/arm64 -Xcc -I/Users/admin/builder/spi-builder-workspace/.derivedData/Build/Intermediates.noindex/CustomPageableCollectionView.build/Debug-appletvos/CustomPageableCollectionView-t.build/DerivedSources -Xcc -DSWIFT_PACKAGE -Xcc -DDEBUG\=1 -no-auto-bridging-header-chaining -module-name CustomPageableCollectionView -const-gather-protocols-file /Users/admin/builder/spi-builder-workspace/.derivedData/Build/Intermediates.noindex/CustomPageableCollectionView.build/Debug-appletvos/CustomPageableCollectionView-t.build/Objects-normal/arm64/CustomPageableCollectionView_const_extract_protocols.json -disable-clang-spi -clang-target arm64-apple-tvos27.0 -target-sdk-version 27.0 -target-sdk-name appletvos27.0 -in-process-plugin-server-path /Applications/Xcode-27.0.0-Release.Candidate.app/Contents/Developer/Toolchains/XcodeDefault.xctoolchain/usr/lib/swift/host/libSwiftInProcPluginServer.dylib -emit-module-doc-path /Users/admin/builder/spi-builder-workspace/.derivedData/Build/Intermediates.noindex/CustomPageableCollectionView.build/Debug-appletvos/CustomPageableCollectionView-t.build/Objects-normal/arm64/CustomPageableCollectionView.swiftdoc -emit-module-source-info-path /Users/admin/builder/spi-builder-workspace/.derivedData/Build/Intermediates.noindex/CustomPageableCollectionView.build/Debug-appletvos/CustomPageableCollectionView-t.build/Objects-normal/arm64/CustomPageableCollectionView.swiftsourceinfo -emit-objc-header-path /Users/admin/builder/spi-builder-workspace/.derivedData/Build/Intermediates.noindex/CustomPageableCollectionView.build/Debug-appletvos/CustomPageableCollectionView-t.build/Objects-normal/arm64/CustomPageableCollectionView-Swift.h -serialize-diagnostics-path /Users/admin/builder/spi-builder-workspace/.derivedData/Build/Intermediates.noindex/CustomPageableCollectionView.build/Debug-appletvos/CustomPageableCollectionView-t.build/Objects-normal/arm64/CustomPageableCollectionView-primary-emit-module.dia -emit-dependencies-path /Users/admin/builder/spi-builder-workspace/.derivedData/Build/Intermediates.noindex/CustomPageableCollectionView.build/Debug-appletvos/CustomPageableCollectionView-t.build/Objects-normal/arm64/CustomPageableCollectionView-primary-emit-module.d -parse-as-library -o /Users/admin/builder/spi-builder-workspace/.derivedData/Build/Intermediates.noindex/CustomPageableCollectionView.build/Debug-appletvos/CustomPageableCollectionView-t.build/Objects-normal/arm64/CustomPageableCollectionView.swiftmodule -emit-abi-descriptor-path /Users/admin/builder/spi-builder-workspace/.derivedData/Build/Intermediates.noindex/CustomPageableCollectionView.build/Debug-appletvos/CustomPageableCollectionView-t.build/Objects-normal/arm64/CustomPageableCollectionView.abi.json
SwiftCompile normal arm64 Compiling\ CustomPageableScrollView.swift /Users/admin/builder/spi-builder-workspace/Sources/CustomPageableScrollView.swift (in target 'CustomPageableCollectionView' from project 'CustomPageableCollectionView')
SwiftCompile normal arm64 /Users/admin/builder/spi-builder-workspace/Sources/CustomPageableScrollView.swift (in target 'CustomPageableCollectionView' from project 'CustomPageableCollectionView')
    cd /Users/admin/builder/spi-builder-workspace/.swiftpm/xcode
    builtin-SwiftPerFileCompile CustomPageableScrollView.swift
SwiftCompile normal arm64 Compiling\ PagingConfiguration.swift /Users/admin/builder/spi-builder-workspace/Sources/PagingConfiguration.swift (in target 'CustomPageableCollectionView' from project 'CustomPageableCollectionView')
SwiftCompile normal arm64 /Users/admin/builder/spi-builder-workspace/Sources/PagingConfiguration.swift (in target 'CustomPageableCollectionView' from project 'CustomPageableCollectionView')
    cd /Users/admin/builder/spi-builder-workspace/.swiftpm/xcode
    builtin-SwiftPerFileCompile PagingConfiguration.swift
SwiftCompile normal arm64 Compiling\ PagerScrollView.swift /Users/admin/builder/spi-builder-workspace/Sources/PagerScrollView.swift (in target 'CustomPageableCollectionView' from project 'CustomPageableCollectionView')
/Users/admin/builder/spi-builder-workspace/Sources/PagerScrollView.swift:52:14: error: overriding declaration requires an 'override' keyword
 50 | 	}
 51 |
 52 | 	public func updateProperties() {
    |              `- error: overriding declaration requires an 'override' keyword
 53 | 		guard let parent = parent else { return }
 54 | 		isScrollEnabled = parent.isScrollEnabled
/Applications/Xcode-27.0.0-Release.Candidate.app/Contents/Developer/Platforms/AppleTVOS.platform/Developer/SDKs/AppleTVOS27.0.sdk/System/Library/Frameworks/UIKit.framework/Headers/UIView.h:260:1: note: overridden declaration is here
258 | /// Override point for subclasses to update properties of this view.
259 | /// Never call this method directly; use `setNeedsUpdateProperties` to schedule an update.
260 | - (void)updateProperties NS_REQUIRES_SUPER API_AVAILABLE(ios(26.0), tvos(26.0), visionos(26.0)) API_UNAVAILABLE(watchos);
    | `- note: overridden declaration is here
261 | /// Forces an immediate properties update for this view (and its view controller, if applicable)
262 | /// and any subviews, including any view controllers or views in its subtree.
/Users/admin/builder/spi-builder-workspace/Sources/PagerScrollView.swift:45:37: error: 'isPagingEnabled' is unavailable in tvOS
 43 |
 44 | 	public func updateForBoundsChange() {
 45 | 		guard let parent = parent, parent.isPagingEnabled else { return }
    |                                     `- error: 'isPagingEnabled' is unavailable in tvOS
 46 | 		guard ignoreBoundsChange == false else { return }
 47 | 		ignorePagerBoundsChange = true
/Applications/Xcode-27.0.0-Release.Candidate.app/Contents/Developer/Platforms/AppleTVOS.platform/Developer/SDKs/AppleTVOS27.0.sdk/System/Library/Frameworks/UIKit.framework/Headers/UIScrollView.h:148:59: note: 'isPagingEnabled' has been explicitly marked unavailable here
146 | @property(nonatomic)         BOOL                         alwaysBounceVertical;           // default NO. if YES and bounces is YES, even if content is smaller than bounds, allow drag vertically
147 | @property(nonatomic)         BOOL                         alwaysBounceHorizontal;         // default NO. if YES and bounces is YES, even if content is smaller than bounds, allow drag horizontally
148 | @property(nonatomic,getter=isPagingEnabled) BOOL          pagingEnabled API_UNAVAILABLE(tvos);// default NO. if YES, stop on multiples of view bounds
    |                                                           `- note: 'isPagingEnabled' has been explicitly marked unavailable here
149 | @property(nonatomic,getter=isScrollEnabled) BOOL          scrollEnabled;                  // default YES. turn off any dragging temporarily
150 |
/Users/admin/builder/spi-builder-workspace/Sources/PagerScrollView.swift:59:3: error: 'scrollsToTop' is unavailable in tvOS
 57 | 		showsVerticalScrollIndicator = false
 58 | 		showsHorizontalScrollIndicator = false
 59 | 		scrollsToTop = false
    |   `- error: 'scrollsToTop' is unavailable in tvOS
 60 | 		decelerationRate = parent.decelerationRate
 61 | 		bounces = parent.bounces
/Applications/Xcode-27.0.0-Release.Candidate.app/Contents/Developer/Platforms/AppleTVOS.platform/Developer/SDKs/AppleTVOS27.0.sdk/System/Library/Frameworks/UIKit.framework/Headers/UIScrollView.h:267:28: note: 'scrollsToTop' has been explicitly marked unavailable here
265 | // On iPhone, we execute this gesture only if there's one on-screen scroll view with `scrollsToTop` == YES. If more than one is found, none will be scrolled.
266 | // Default: YES
267 | @property (nonatomic) BOOL scrollsToTop API_UNAVAILABLE(tvos);
    |                            `- note: 'scrollsToTop' has been explicitly marked unavailable here
268 |
269 | // Stops any scrolling or zooming, whether initiated programmatically or by the user
/Users/admin/builder/spi-builder-workspace/Sources/PagerScrollView.swift:65:43: error: 'isPagingEnabled' is unavailable in tvOS
 63 | 		isDirectionalLockEnabled = parent.isDirectionalLockEnabled
 64 |
 65 | 		panGestureRecognizer.isEnabled = parent.isPagingEnabled
    |                                           `- error: 'isPagingEnabled' is unavailable in tvOS
 66 | 		parent.panGestureRecognizer.isEnabled = (parent.isPagingEnabled == false)
 67 | 	}
/Applications/Xcode-27.0.0-Release.Candidate.app/Contents/Developer/Platforms/AppleTVOS.platform/Developer/SDKs/AppleTVOS27.0.sdk/System/Library/Frameworks/UIKit.framework/Headers/UIScrollView.h:148:59: note: 'isPagingEnabled' has been explicitly marked unavailable here
146 | @property(nonatomic)         BOOL                         alwaysBounceVertical;           // default NO. if YES and bounces is YES, even if content is smaller than bounds, allow drag vertically
147 | @property(nonatomic)         BOOL                         alwaysBounceHorizontal;         // default NO. if YES and bounces is YES, even if content is smaller than bounds, allow drag horizontally
148 | @property(nonatomic,getter=isPagingEnabled) BOOL          pagingEnabled API_UNAVAILABLE(tvos);// default NO. if YES, stop on multiples of view bounds
    |                                                           `- note: 'isPagingEnabled' has been explicitly marked unavailable here
149 | @property(nonatomic,getter=isScrollEnabled) BOOL          scrollEnabled;                  // default YES. turn off any dragging temporarily
150 |
/Users/admin/builder/spi-builder-workspace/Sources/PagerScrollView.swift:66:51: error: 'isPagingEnabled' is unavailable in tvOS
 64 |
 65 | 		panGestureRecognizer.isEnabled = parent.isPagingEnabled
 66 | 		parent.panGestureRecognizer.isEnabled = (parent.isPagingEnabled == false)
    |                                                   `- error: 'isPagingEnabled' is unavailable in tvOS
 67 | 	}
 68 |
/Applications/Xcode-27.0.0-Release.Candidate.app/Contents/Developer/Platforms/AppleTVOS.platform/Developer/SDKs/AppleTVOS27.0.sdk/System/Library/Frameworks/UIKit.framework/Headers/UIScrollView.h:148:59: note: 'isPagingEnabled' has been explicitly marked unavailable here
146 | @property(nonatomic)         BOOL                         alwaysBounceVertical;           // default NO. if YES and bounces is YES, even if content is smaller than bounds, allow drag vertically
147 | @property(nonatomic)         BOOL                         alwaysBounceHorizontal;         // default NO. if YES and bounces is YES, even if content is smaller than bounds, allow drag horizontally
148 | @property(nonatomic,getter=isPagingEnabled) BOOL          pagingEnabled API_UNAVAILABLE(tvos);// default NO. if YES, stop on multiples of view bounds
    |                                                           `- note: 'isPagingEnabled' has been explicitly marked unavailable here
149 | @property(nonatomic,getter=isScrollEnabled) BOOL          scrollEnabled;                  // default YES. turn off any dragging temporarily
150 |
/Users/admin/builder/spi-builder-workspace/Sources/PagerScrollView.swift:74:3: error: 'isPagingEnabled' is unavailable in tvOS
 72 | 		isHidden = true
 73 | 		contentInsetAdjustmentBehavior = .never
 74 | 		isPagingEnabled = true
    |   `- error: 'isPagingEnabled' is unavailable in tvOS
 75 | 		isUserInteractionEnabled = false
 76 | 		panGestureRecognizer.isEnabled = false
/Applications/Xcode-27.0.0-Release.Candidate.app/Contents/Developer/Platforms/AppleTVOS.platform/Developer/SDKs/AppleTVOS27.0.sdk/System/Library/Frameworks/UIKit.framework/Headers/UIScrollView.h:148:59: note: 'isPagingEnabled' has been explicitly marked unavailable here
146 | @property(nonatomic)         BOOL                         alwaysBounceVertical;           // default NO. if YES and bounces is YES, even if content is smaller than bounds, allow drag vertically
147 | @property(nonatomic)         BOOL                         alwaysBounceHorizontal;         // default NO. if YES and bounces is YES, even if content is smaller than bounds, allow drag horizontally
148 | @property(nonatomic,getter=isPagingEnabled) BOOL          pagingEnabled API_UNAVAILABLE(tvos);// default NO. if YES, stop on multiples of view bounds
    |                                                           `- note: 'isPagingEnabled' has been explicitly marked unavailable here
149 | @property(nonatomic,getter=isScrollEnabled) BOOL          scrollEnabled;                  // default YES. turn off any dragging temporarily
150 |
/Users/admin/builder/spi-builder-workspace/Sources/PagerScrollView.swift:77:3: error: 'scrollsToTop' is unavailable in tvOS
 75 | 		isUserInteractionEnabled = false
 76 | 		panGestureRecognizer.isEnabled = false
 77 | 		scrollsToTop = false
    |   `- error: 'scrollsToTop' is unavailable in tvOS
 78 |
 79 | 		let forwardingStopperScrollView = UIScrollView()
/Applications/Xcode-27.0.0-Release.Candidate.app/Contents/Developer/Platforms/AppleTVOS.platform/Developer/SDKs/AppleTVOS27.0.sdk/System/Library/Frameworks/UIKit.framework/Headers/UIScrollView.h:267:28: note: 'scrollsToTop' has been explicitly marked unavailable here
265 | // On iPhone, we execute this gesture only if there's one on-screen scroll view with `scrollsToTop` == YES. If more than one is found, none will be scrolled.
266 | // Default: YES
267 | @property (nonatomic) BOOL scrollsToTop API_UNAVAILABLE(tvos);
    |                            `- note: 'scrollsToTop' has been explicitly marked unavailable here
268 |
269 | // Stops any scrolling or zooming, whether initiated programmatically or by the user
SwiftCompile normal arm64 /Users/admin/builder/spi-builder-workspace/Sources/PagerScrollView.swift (in target 'CustomPageableCollectionView' from project 'CustomPageableCollectionView')
    cd /Users/admin/builder/spi-builder-workspace/.swiftpm/xcode
    builtin-SwiftPerFileCompile PagerScrollView.swift
/Users/admin/builder/spi-builder-workspace/Sources/PagerScrollView.swift:84:10: error: 'scrollsToTop' is unavailable in tvOS
 82 |
 83 | 		guard let parent = parent else { return }
 84 | 		parent.scrollsToTop = false
    |          `- error: 'scrollsToTop' is unavailable in tvOS
 85 |
 86 | 		// we need to wrap our pager into another UIScrollView
/Applications/Xcode-27.0.0-Release.Candidate.app/Contents/Developer/Platforms/AppleTVOS.platform/Developer/SDKs/AppleTVOS27.0.sdk/System/Library/Frameworks/UIKit.framework/Headers/UIScrollView.h:267:28: note: 'scrollsToTop' has been explicitly marked unavailable here
265 | // On iPhone, we execute this gesture only if there's one on-screen scroll view with `scrollsToTop` == YES. If more than one is found, none will be scrolled.
266 | // Default: YES
267 | @property (nonatomic) BOOL scrollsToTop API_UNAVAILABLE(tvos);
    |                            `- note: 'scrollsToTop' has been explicitly marked unavailable here
268 |
269 | // Stops any scrolling or zooming, whether initiated programmatically or by the user
SwiftCompile normal arm64 Compiling\ CustomPageableTableView.swift /Users/admin/builder/spi-builder-workspace/Sources/CustomPageableTableView.swift (in target 'CustomPageableCollectionView' from project 'CustomPageableCollectionView')
SwiftCompile normal arm64 /Users/admin/builder/spi-builder-workspace/Sources/CustomPageableTableView.swift (in target 'CustomPageableCollectionView' from project 'CustomPageableCollectionView')
    cd /Users/admin/builder/spi-builder-workspace/.swiftpm/xcode
    builtin-SwiftPerFileCompile CustomPageableTableView.swift
SwiftCompile normal arm64 Compiling\ PagingConfiguration+Resolve.swift /Users/admin/builder/spi-builder-workspace/Sources/PagingConfiguration+Resolve.swift (in target 'CustomPageableCollectionView' from project 'CustomPageableCollectionView')
SwiftCompile normal arm64 /Users/admin/builder/spi-builder-workspace/Sources/PagingConfiguration+Resolve.swift (in target 'CustomPageableCollectionView' from project 'CustomPageableCollectionView')
    cd /Users/admin/builder/spi-builder-workspace/.swiftpm/xcode
    builtin-SwiftPerFileCompile PagingConfiguration+Resolve.swift
SwiftCompile normal arm64 Compiling\ CustomPageableCollectionView.swift /Users/admin/builder/spi-builder-workspace/Sources/CustomPageableCollectionView.swift (in target 'CustomPageableCollectionView' from project 'CustomPageableCollectionView')
SwiftCompile normal arm64 /Users/admin/builder/spi-builder-workspace/Sources/CustomPageableCollectionView.swift (in target 'CustomPageableCollectionView' from project 'CustomPageableCollectionView')
    cd /Users/admin/builder/spi-builder-workspace/.swiftpm/xcode
    builtin-SwiftPerFileCompile CustomPageableCollectionView.swift
PruneExplicitPrecompiledModules /Users/admin/builder/spi-builder-workspace/.derivedData/SDKExplicitPrecompiledModules
PruneExplicitPrecompiledModules /Users/admin/builder/spi-builder-workspace/.derivedData/Build/Intermediates.noindex/ExplicitPrecompiledModules
PruneExplicitPrecompiledModules /Users/admin/builder/spi-builder-workspace/.derivedData/Build/Intermediates.noindex/SwiftExplicitPrecompiledModules
2026-09-18 03:43:53.223 xcodebuild[627:3968] [MT] IDERunDestination: Supported platforms for the buildables in the current scheme is empty.
** BUILD FAILED **
The following build commands failed:
	SwiftCompile normal arm64 (in target 'CustomPageableCollectionView' from project 'CustomPageableCollectionView')
	SwiftEmitModule normal arm64 Emitting\ module\ for\ CustomPageableCollectionView (in target 'CustomPageableCollectionView' from project 'CustomPageableCollectionView')
	Building workspace CustomPageableCollectionView with scheme CustomPageableCollectionView
(3 failures)
Command line invocation:
    /Applications/Xcode-27.0.0-Release.Candidate.app/Contents/Developer/usr/bin/xcodebuild -IDEClonedSourcePackagesDirPathOverride=/Users/admin/builder/spi-builder-workspace/.dependencies -resolvePackageDependencies
Resolve Package Graph
Resolved source packages:
  CustomPageableCollectionView: /Users/admin/builder/spi-builder-workspace
resolved source packages: CustomPageableCollectionView
2026-09-18 03:43:59.132 xcodebuild[731:4492] [MT] IDERunDestination: Supported platforms for the buildables in the current scheme is empty.
{
  "dependencies" : [
  ],
  "manifest_display_name" : "CustomPageableCollectionView",
  "name" : "CustomPageableCollectionView",
  "path" : "/Users/admin/builder/spi-builder-workspace",
  "platforms" : [
    {
      "name" : "ios",
      "version" : "11.0"
    }
  ],
  "products" : [
    {
      "name" : "CustomPageableCollectionView",
      "targets" : [
        "CustomPageableCollectionView"
      ],
      "type" : {
        "library" : [
          "automatic"
        ]
      }
    }
  ],
  "targets" : [
    {
      "c99name" : "CustomPageableCollectionView",
      "module_type" : "SwiftTarget",
      "name" : "CustomPageableCollectionView",
      "path" : "Sources",
      "product_memberships" : [
        "CustomPageableCollectionView"
      ],
      "sources" : [
        "CustomPageableCollectionView.swift",
        "CustomPageableScrollView.swift",
        "CustomPageableTableView.swift",
        "PagerScrollView.swift",
        "PagingConfiguration+Resolve.swift",
        "PagingConfiguration.swift"
      ],
      "type" : "library"
    }
  ],
  "tools_version" : "5.3"
}
{
  "workspace" : {
    "name" : "CustomPageableCollectionView",
    "schemes" : [
      "CustomPageableCollectionView"
    ]
  }
}
2026-09-18 03:44:00.354 xcodebuild[739:4556] [MT] IDERunDestination: Supported platforms for the buildables in the current scheme is empty.
Running build ...
env DEVELOPER_DIR=/Applications/Xcode-27.0.0-Release.Candidate.app xcrun xcodebuild -IDEClonedSourcePackagesDirPathOverride=$PWD/.dependencies -skipMacroValidation -skipPackagePluginValidation -derivedDataPath $PWD/.derivedData build -scheme CustomPageableCollectionView -destination generic/platform=tvOS
Command line invocation:
    /Applications/Xcode-27.0.0-Release.Candidate.app/Contents/Developer/usr/bin/xcodebuild -IDEClonedSourcePackagesDirPathOverride=/Users/admin/builder/spi-builder-workspace/.dependencies -skipMacroValidation -skipPackagePluginValidation -derivedDataPath /Users/admin/builder/spi-builder-workspace/.derivedData build -scheme CustomPageableCollectionView -destination generic/platform=tvOS
Resolve Package Graph
Resolved source packages:
  CustomPageableCollectionView: /Users/admin/builder/spi-builder-workspace
ComputePackagePrebuildTargetDependencyGraph
Prepare packages
CreateBuildRequest
SendProjectDescription
CreateBuildOperation
ComputeTargetDependencyGraph
note: Building targets in dependency order
note: Target dependency graph (2 targets)
    Target 'CustomPageableCollectionView-product' in project 'CustomPageableCollectionView'
        ➜ Explicit dependency on target 'CustomPageableCollectionView' in project 'CustomPageableCollectionView'
    Target 'CustomPageableCollectionView' in project 'CustomPageableCollectionView' (no dependencies)
GatherProvisioningInputs
CreateBuildDescription
ClangStatCache /Applications/Xcode-27.0.0-Release.Candidate.app/Contents/Developer/Toolchains/XcodeDefault.xctoolchain/usr/bin/clang-stat-cache /Applications/Xcode-27.0.0-Release.Candidate.app/Contents/Developer/Platforms/AppleTVOS.platform/Developer/SDKs/AppleTVOS27.0.sdk /Users/admin/builder/spi-builder-workspace/.derivedData/SDKStatCaches.noindex/appletvos27.0-24J360-e829b21a6f8c9b70876ba0858053c044b32bfd8d43560033f8d89884cdb90028.sdkstatcache
    cd /Users/admin/builder/spi-builder-workspace/.swiftpm/xcode
    /Applications/Xcode-27.0.0-Release.Candidate.app/Contents/Developer/Toolchains/XcodeDefault.xctoolchain/usr/bin/clang-stat-cache /Applications/Xcode-27.0.0-Release.Candidate.app/Contents/Developer/Platforms/AppleTVOS.platform/Developer/SDKs/AppleTVOS27.0.sdk -o /Users/admin/builder/spi-builder-workspace/.derivedData/SDKStatCaches.noindex/appletvos27.0-24J360-e829b21a6f8c9b70876ba0858053c044b32bfd8d43560033f8d89884cdb90028.sdkstatcache
SwiftDriver CustomPageableCollectionView normal arm64 com.apple.xcode.tools.swift.compiler (in target 'CustomPageableCollectionView' from project 'CustomPageableCollectionView')
    cd /Users/admin/builder/spi-builder-workspace/.swiftpm/xcode
    builtin-SwiftDriver -- /Applications/Xcode-27.0.0-Release.Candidate.app/Contents/Developer/Toolchains/XcodeDefault.xctoolchain/usr/bin/swiftc -parse-as-library -module-name CustomPageableCollectionView -Onone @/Users/admin/builder/spi-builder-workspace/.derivedData/Build/Intermediates.noindex/CustomPageableCollectionView.build/Debug-appletvos/CustomPageableCollectionView-t.build/Objects-normal/arm64/CustomPageableCollectionView.SwiftFileList -DSWIFT_PACKAGE -DDEBUG -DSWIFT_MODULE_RESOURCE_BUNDLE_UNAVAILABLE -DXcode -plugin-path /Applications/Xcode-27.0.0-Release.Candidate.app/Contents/Developer/Toolchains/XcodeDefault.xctoolchain/usr/lib/swift/host/plugins/testing -enable-experimental-feature DebugDescriptionMacro -sdk /Applications/Xcode-27.0.0-Release.Candidate.app/Contents/Developer/Platforms/AppleTVOS.platform/Developer/SDKs/AppleTVOS27.0.sdk -target arm64-apple-tvos15.0 -g -module-cache-path /Users/admin/builder/spi-builder-workspace/.derivedData/ModuleCache.noindex -Xfrontend -serialize-debugging-options -enable-testing -index-store-path /Users/admin/builder/spi-builder-workspace/.derivedData/Index.noindex/DataStore -Xcc -D_LIBCPP_HARDENING_MODE\=_LIBCPP_HARDENING_MODE_DEBUG -swift-version 5 -I /Users/admin/builder/spi-builder-workspace/.derivedData/Build/Products/Debug-appletvos -Isystem /Applications/Xcode-27.0.0-Release.Candidate.app/Contents/Developer/Platforms/AppleTVOS.platform/Developer/usr/lib -F /Users/admin/builder/spi-builder-workspace/.derivedData/Build/Products/Debug-appletvos -F /Applications/Xcode-27.0.0-Release.Candidate.app/Contents/Developer/Platforms/AppleTVOS.platform/Developer/Library/Frameworks -F /Applications/Xcode-27.0.0-Release.Candidate.app/Contents/Developer/Platforms/AppleTVOS.platform/Developer/SDKs/AppleTVOS27.0.sdk/Developer/Library/Frameworks -c -j10 -enable-batch-mode -incremental -Xcc -ivfsstatcache -Xcc /Users/admin/builder/spi-builder-workspace/.derivedData/SDKStatCaches.noindex/appletvos27.0-24J360-e829b21a6f8c9b70876ba0858053c044b32bfd8d43560033f8d89884cdb90028.sdkstatcache -output-file-map /Users/admin/builder/spi-builder-workspace/.derivedData/Build/Intermediates.noindex/CustomPageableCollectionView.build/Debug-appletvos/CustomPageableCollectionView-t.build/Objects-normal/arm64/CustomPageableCollectionView-OutputFileMap.json -save-temps -no-color-diagnostics -explicit-module-build -module-cache-path /Users/admin/builder/spi-builder-workspace/.derivedData/Build/Intermediates.noindex/SwiftExplicitPrecompiledModules -clang-scanner-module-cache-path /Users/admin/builder/spi-builder-workspace/.derivedData/ModuleCache.noindex -sdk-module-cache-path /Users/admin/builder/spi-builder-workspace/.derivedData/SDKExplicitPrecompiledModules -emit-dependencies -emit-module -emit-module-path /Users/admin/builder/spi-builder-workspace/.derivedData/Build/Intermediates.noindex/CustomPageableCollectionView.build/Debug-appletvos/CustomPageableCollectionView-t.build/Objects-normal/arm64/CustomPageableCollectionView.swiftmodule -serialize-diagnostics -dependency-scan-serialize-diagnostics-path /Users/admin/builder/spi-builder-workspace/.derivedData/Build/Intermediates.noindex/CustomPageableCollectionView.build/Debug-appletvos/CustomPageableCollectionView-t.build/Objects-normal/arm64/CustomPageableCollectionView-dependency-scan.dia -validate-clang-modules-once -clang-build-session-file /Users/admin/builder/spi-builder-workspace/.derivedData/ModuleCache.noindex/Session.modulevalidation -Xcc -fmodules-prune-interval\=86400 -Xcc -fmodules-prune-after\=345600 -emit-const-values -const-gather-protocols-list /Users/admin/builder/spi-builder-workspace/.derivedData/Build/Intermediates.noindex/CustomPageableCollectionView.build/Debug-appletvos/CustomPageableCollectionView-t.build/Objects-normal/arm64/CustomPageableCollectionView_const_extract_protocols.json -Xcc -I/Users/admin/builder/spi-builder-workspace/.derivedData/Build/Products/Debug-appletvos/include -Xcc -I/Users/admin/builder/spi-builder-workspace/.derivedData/Build/Intermediates.noindex/CustomPageableCollectionView.build/Debug-appletvos/CustomPageableCollectionView-t.build/DerivedSources-normal/arm64 -Xcc -I/Users/admin/builder/spi-builder-workspace/.derivedData/Build/Intermediates.noindex/CustomPageableCollectionView.build/Debug-appletvos/CustomPageableCollectionView-t.build/DerivedSources/arm64 -Xcc -I/Users/admin/builder/spi-builder-workspace/.derivedData/Build/Intermediates.noindex/CustomPageableCollectionView.build/Debug-appletvos/CustomPageableCollectionView-t.build/DerivedSources -Xcc -DSWIFT_PACKAGE -Xcc -DDEBUG\=1 -emit-objc-header -emit-objc-header-path /Users/admin/builder/spi-builder-workspace/.derivedData/Build/Intermediates.noindex/CustomPageableCollectionView.build/Debug-appletvos/CustomPageableCollectionView-t.build/Objects-normal/arm64/CustomPageableCollectionView-Swift.h -working-directory /Users/admin/builder/spi-builder-workspace/.swiftpm/xcode -experimental-emit-module-separately -disable-cmo
SwiftCompile normal arm64 Compiling\ CustomPageableTableView.swift /Users/admin/builder/spi-builder-workspace/Sources/CustomPageableTableView.swift (in target 'CustomPageableCollectionView' from project 'CustomPageableCollectionView')
SwiftCompile normal arm64 /Users/admin/builder/spi-builder-workspace/Sources/CustomPageableTableView.swift (in target 'CustomPageableCollectionView' from project 'CustomPageableCollectionView')
    cd /Users/admin/builder/spi-builder-workspace/.swiftpm/xcode
    builtin-SwiftPerFileCompile CustomPageableTableView.swift
SwiftEmitModule normal arm64 Emitting\ module\ for\ CustomPageableCollectionView (in target 'CustomPageableCollectionView' from project 'CustomPageableCollectionView')
/Users/admin/builder/spi-builder-workspace/Sources/PagerScrollView.swift:52:14: error: overriding declaration requires an 'override' keyword
 50 | 	}
 51 |
 52 | 	public func updateProperties() {
    |              `- error: overriding declaration requires an 'override' keyword
 53 | 		guard let parent = parent else { return }
 54 | 		isScrollEnabled = parent.isScrollEnabled
/Applications/Xcode-27.0.0-Release.Candidate.app/Contents/Developer/Platforms/AppleTVOS.platform/Developer/SDKs/AppleTVOS27.0.sdk/System/Library/Frameworks/UIKit.framework/Headers/UIView.h:260:1: note: overridden declaration is here
258 | /// Override point for subclasses to update properties of this view.
259 | /// Never call this method directly; use `setNeedsUpdateProperties` to schedule an update.
260 | - (void)updateProperties NS_REQUIRES_SUPER API_AVAILABLE(ios(26.0), tvos(26.0), visionos(26.0)) API_UNAVAILABLE(watchos);
    | `- note: overridden declaration is here
261 | /// Forces an immediate properties update for this view (and its view controller, if applicable)
262 | /// and any subviews, including any view controllers or views in its subtree.
Failed frontend command:
/Applications/Xcode-27.0.0-Release.Candidate.app/Contents/Developer/Toolchains/XcodeDefault.xctoolchain/usr/bin/swift-frontend -frontend -emit-module -experimental-skip-non-inlinable-function-bodies-without-types /Users/admin/builder/spi-builder-workspace/Sources/CustomPageableCollectionView.swift /Users/admin/builder/spi-builder-workspace/Sources/CustomPageableScrollView.swift /Users/admin/builder/spi-builder-workspace/Sources/CustomPageableTableView.swift /Users/admin/builder/spi-builder-workspace/Sources/PagerScrollView.swift /Users/admin/builder/spi-builder-workspace/Sources/PagingConfiguration+Resolve.swift /Users/admin/builder/spi-builder-workspace/Sources/PagingConfiguration.swift -target arm64-apple-tvos15.0 -disable-cross-import-overlay-search -load-resolved-plugin /Applications/Xcode-27.0.0-Release.Candidate.app/Contents/Developer/Platforms/AppleTVOS.platform/Developer/usr/lib/swift/host/plugins/libFoundationMacros.dylib\#/Applications/Xcode-27.0.0-Release.Candidate.app/Contents/Developer/Platforms/AppleTVOS.platform/Developer/usr/bin/swift-plugin-server\#FoundationMacros -load-resolved-plugin /Applications/Xcode-27.0.0-Release.Candidate.app/Contents/Developer/Platforms/AppleTVOS.platform/Developer/usr/lib/swift/host/plugins/libObservationMacros.dylib\#/Applications/Xcode-27.0.0-Release.Candidate.app/Contents/Developer/Platforms/AppleTVOS.platform/Developer/usr/bin/swift-plugin-server\#ObservationMacros -load-resolved-plugin /Applications/Xcode-27.0.0-Release.Candidate.app/Contents/Developer/Platforms/AppleTVOS.platform/Developer/usr/lib/swift/host/plugins/libPreviewsMacros.dylib\#/Applications/Xcode-27.0.0-Release.Candidate.app/Contents/Developer/Platforms/AppleTVOS.platform/Developer/usr/bin/swift-plugin-server\#PreviewsMacros -load-resolved-plugin /Applications/Xcode-27.0.0-Release.Candidate.app/Contents/Developer/Platforms/AppleTVOS.platform/Developer/usr/lib/swift/host/plugins/libSwiftMacros.dylib\#/Applications/Xcode-27.0.0-Release.Candidate.app/Contents/Developer/Platforms/AppleTVOS.platform/Developer/usr/bin/swift-plugin-server\#SwiftMacros -load-resolved-plugin /Applications/Xcode-27.0.0-Release.Candidate.app/Contents/Developer/Platforms/AppleTVOS.platform/Developer/usr/lib/swift/host/plugins/libSwiftUIMacros.dylib\#/Applications/Xcode-27.0.0-Release.Candidate.app/Contents/Developer/Platforms/AppleTVOS.platform/Developer/usr/bin/swift-plugin-server\#SwiftUIMacros -disable-implicit-swift-modules -Xcc -fno-implicit-modules -Xcc -fno-implicit-module-maps -explicit-swift-module-map-file /Users/admin/builder/spi-builder-workspace/.derivedData/Build/Intermediates.noindex/CustomPageableCollectionView.build/Debug-appletvos/CustomPageableCollectionView-t.build/Objects-normal/arm64/CustomPageableCollectionView-dependencies-1.json -Xllvm -aarch64-use-tbi -enable-objc-interop -stack-check -sdk /Applications/Xcode-27.0.0-Release.Candidate.app/Contents/Developer/Platforms/AppleTVOS.platform/Developer/SDKs/AppleTVOS27.0.sdk -I /Users/admin/builder/spi-builder-workspace/.derivedData/Build/Products/Debug-appletvos -Isystem /Applications/Xcode-27.0.0-Release.Candidate.app/Contents/Developer/Platforms/AppleTVOS.platform/Developer/usr/lib -F /Users/admin/builder/spi-builder-workspace/.derivedData/Build/Products/Debug-appletvos -F /Applications/Xcode-27.0.0-Release.Candidate.app/Contents/Developer/Platforms/AppleTVOS.platform/Developer/Library/Frameworks -F /Applications/Xcode-27.0.0-Release.Candidate.app/Contents/Developer/Platforms/AppleTVOS.platform/Developer/SDKs/AppleTVOS27.0.sdk/Developer/Library/Frameworks -module-cache-path /Users/admin/builder/spi-builder-workspace/.derivedData/Build/Intermediates.noindex/SwiftExplicitPrecompiledModules -no-color-diagnostics -Xcc -fno-color-diagnostics -enable-testing -g -debug-info-format\=dwarf -dwarf-version\=4 -swift-version 5 -Onone -D SWIFT_PACKAGE -D DEBUG -D SWIFT_MODULE_RESOURCE_BUNDLE_UNAVAILABLE -D Xcode -serialize-debugging-options -enable-experimental-feature DebugDescriptionMacro -empty-abi-descriptor -validate-clang-modules-once -clang-build-session-file /Users/admin/builder/spi-builder-workspace/.derivedData/ModuleCache.noindex/Session.modulevalidation -Xcc -working-directory -Xcc /Users/admin/builder/spi-builder-workspace/.swiftpm/xcode -enable-anonymous-context-mangled-names -file-compilation-dir /Users/admin/builder/spi-builder-workspace/.swiftpm/xcode -Xcc -D_LIBCPP_HARDENING_MODE\=_LIBCPP_HARDENING_MODE_DEBUG -Xcc -ivfsstatcache -Xcc /Users/admin/builder/spi-builder-workspace/.derivedData/SDKStatCaches.noindex/appletvos27.0-24J360-e829b21a6f8c9b70876ba0858053c044b32bfd8d43560033f8d89884cdb90028.sdkstatcache -Xcc -fmodules-prune-interval\=86400 -Xcc -fmodules-prune-after\=345600 -Xcc -I/Users/admin/builder/spi-builder-workspace/.derivedData/Build/Products/Debug-appletvos/include -Xcc -I/Users/admin/builder/spi-builder-workspace/.derivedData/Build/Intermediates.noindex/CustomPageableCollectionView.build/Debug-appletvos/CustomPageableCollectionView-t.build/DerivedSources-normal/arm64 -Xcc -I/Users/admin/builder/spi-builder-workspace/.derivedData/Build/Intermediates.noindex/CustomPageableCollectionView.build/Debug-appletvos/CustomPageableCollectionView-t.build/DerivedSources/arm64 -Xcc -I/Users/admin/builder/spi-builder-workspace/.derivedData/Build/Intermediates.noindex/CustomPageableCollectionView.build/Debug-appletvos/CustomPageableCollectionView-t.build/DerivedSources -Xcc -DSWIFT_PACKAGE -Xcc -DDEBUG\=1 -no-auto-bridging-header-chaining -module-name CustomPageableCollectionView -const-gather-protocols-file /Users/admin/builder/spi-builder-workspace/.derivedData/Build/Intermediates.noindex/CustomPageableCollectionView.build/Debug-appletvos/CustomPageableCollectionView-t.build/Objects-normal/arm64/CustomPageableCollectionView_const_extract_protocols.json -disable-clang-spi -clang-target arm64-apple-tvos27.0 -target-sdk-version 27.0 -target-sdk-name appletvos27.0 -in-process-plugin-server-path /Applications/Xcode-27.0.0-Release.Candidate.app/Contents/Developer/Toolchains/XcodeDefault.xctoolchain/usr/lib/swift/host/libSwiftInProcPluginServer.dylib -emit-module-doc-path /Users/admin/builder/spi-builder-workspace/.derivedData/Build/Intermediates.noindex/CustomPageableCollectionView.build/Debug-appletvos/CustomPageableCollectionView-t.build/Objects-normal/arm64/CustomPageableCollectionView.swiftdoc -emit-module-source-info-path /Users/admin/builder/spi-builder-workspace/.derivedData/Build/Intermediates.noindex/CustomPageableCollectionView.build/Debug-appletvos/CustomPageableCollectionView-t.build/Objects-normal/arm64/CustomPageableCollectionView.swiftsourceinfo -emit-objc-header-path /Users/admin/builder/spi-builder-workspace/.derivedData/Build/Intermediates.noindex/CustomPageableCollectionView.build/Debug-appletvos/CustomPageableCollectionView-t.build/Objects-normal/arm64/CustomPageableCollectionView-Swift.h -serialize-diagnostics-path /Users/admin/builder/spi-builder-workspace/.derivedData/Build/Intermediates.noindex/CustomPageableCollectionView.build/Debug-appletvos/CustomPageableCollectionView-t.build/Objects-normal/arm64/CustomPageableCollectionView-primary-emit-module.dia -emit-dependencies-path /Users/admin/builder/spi-builder-workspace/.derivedData/Build/Intermediates.noindex/CustomPageableCollectionView.build/Debug-appletvos/CustomPageableCollectionView-t.build/Objects-normal/arm64/CustomPageableCollectionView-primary-emit-module.d -parse-as-library -o /Users/admin/builder/spi-builder-workspace/.derivedData/Build/Intermediates.noindex/CustomPageableCollectionView.build/Debug-appletvos/CustomPageableCollectionView-t.build/Objects-normal/arm64/CustomPageableCollectionView.swiftmodule -emit-abi-descriptor-path /Users/admin/builder/spi-builder-workspace/.derivedData/Build/Intermediates.noindex/CustomPageableCollectionView.build/Debug-appletvos/CustomPageableCollectionView-t.build/Objects-normal/arm64/CustomPageableCollectionView.abi.json
SwiftCompile normal arm64 (in target 'CustomPageableCollectionView' from project 'CustomPageableCollectionView')
    cd /Users/admin/builder/spi-builder-workspace/.swiftpm/xcode

SwiftCompile normal arm64 Compiling\ CustomPageableScrollView.swift /Users/admin/builder/spi-builder-workspace/Sources/CustomPageableScrollView.swift (in target 'CustomPageableCollectionView' from project 'CustomPageableCollectionView')
SwiftCompile normal arm64 /Users/admin/builder/spi-builder-workspace/Sources/CustomPageableScrollView.swift (in target 'CustomPageableCollectionView' from project 'CustomPageableCollectionView')
    cd /Users/admin/builder/spi-builder-workspace/.swiftpm/xcode
    builtin-SwiftPerFileCompile CustomPageableScrollView.swift
SwiftCompile normal arm64 Compiling\ PagingConfiguration+Resolve.swift /Users/admin/builder/spi-builder-workspace/Sources/PagingConfiguration+Resolve.swift (in target 'CustomPageableCollectionView' from project 'CustomPageableCollectionView')
SwiftCompile normal arm64 /Users/admin/builder/spi-builder-workspace/Sources/PagingConfiguration+Resolve.swift (in target 'CustomPageableCollectionView' from project 'CustomPageableCollectionView')
    cd /Users/admin/builder/spi-builder-workspace/.swiftpm/xcode
    builtin-SwiftPerFileCompile PagingConfiguration+Resolve.swift
SwiftCompile normal arm64 Compiling\ PagingConfiguration.swift /Users/admin/builder/spi-builder-workspace/Sources/PagingConfiguration.swift (in target 'CustomPageableCollectionView' from project 'CustomPageableCollectionView')
SwiftCompile normal arm64 /Users/admin/builder/spi-builder-workspace/Sources/PagingConfiguration.swift (in target 'CustomPageableCollectionView' from project 'CustomPageableCollectionView')
    cd /Users/admin/builder/spi-builder-workspace/.swiftpm/xcode
    builtin-SwiftPerFileCompile PagingConfiguration.swift
SwiftCompile normal arm64 Compiling\ PagerScrollView.swift /Users/admin/builder/spi-builder-workspace/Sources/PagerScrollView.swift (in target 'CustomPageableCollectionView' from project 'CustomPageableCollectionView')
/Users/admin/builder/spi-builder-workspace/Sources/PagerScrollView.swift:52:14: error: overriding declaration requires an 'override' keyword
 50 | 	}
 51 |
 52 | 	public func updateProperties() {
    |              `- error: overriding declaration requires an 'override' keyword
 53 | 		guard let parent = parent else { return }
 54 | 		isScrollEnabled = parent.isScrollEnabled
/Applications/Xcode-27.0.0-Release.Candidate.app/Contents/Developer/Platforms/AppleTVOS.platform/Developer/SDKs/AppleTVOS27.0.sdk/System/Library/Frameworks/UIKit.framework/Headers/UIView.h:260:1: note: overridden declaration is here
258 | /// Override point for subclasses to update properties of this view.
259 | /// Never call this method directly; use `setNeedsUpdateProperties` to schedule an update.
260 | - (void)updateProperties NS_REQUIRES_SUPER API_AVAILABLE(ios(26.0), tvos(26.0), visionos(26.0)) API_UNAVAILABLE(watchos);
    | `- note: overridden declaration is here
261 | /// Forces an immediate properties update for this view (and its view controller, if applicable)
262 | /// and any subviews, including any view controllers or views in its subtree.
/Users/admin/builder/spi-builder-workspace/Sources/PagerScrollView.swift:45:37: error: 'isPagingEnabled' is unavailable in tvOS
 43 |
 44 | 	public func updateForBoundsChange() {
 45 | 		guard let parent = parent, parent.isPagingEnabled else { return }
    |                                     `- error: 'isPagingEnabled' is unavailable in tvOS
 46 | 		guard ignoreBoundsChange == false else { return }
 47 | 		ignorePagerBoundsChange = true
/Applications/Xcode-27.0.0-Release.Candidate.app/Contents/Developer/Platforms/AppleTVOS.platform/Developer/SDKs/AppleTVOS27.0.sdk/System/Library/Frameworks/UIKit.framework/Headers/UIScrollView.h:148:59: note: 'isPagingEnabled' has been explicitly marked unavailable here
146 | @property(nonatomic)         BOOL                         alwaysBounceVertical;           // default NO. if YES and bounces is YES, even if content is smaller than bounds, allow drag vertically
147 | @property(nonatomic)         BOOL                         alwaysBounceHorizontal;         // default NO. if YES and bounces is YES, even if content is smaller than bounds, allow drag horizontally
148 | @property(nonatomic,getter=isPagingEnabled) BOOL          pagingEnabled API_UNAVAILABLE(tvos);// default NO. if YES, stop on multiples of view bounds
    |                                                           `- note: 'isPagingEnabled' has been explicitly marked unavailable here
149 | @property(nonatomic,getter=isScrollEnabled) BOOL          scrollEnabled;                  // default YES. turn off any dragging temporarily
150 |
/Users/admin/builder/spi-builder-workspace/Sources/PagerScrollView.swift:59:3: error: 'scrollsToTop' is unavailable in tvOS
 57 | 		showsVerticalScrollIndicator = false
 58 | 		showsHorizontalScrollIndicator = false
 59 | 		scrollsToTop = false
    |   `- error: 'scrollsToTop' is unavailable in tvOS
 60 | 		decelerationRate = parent.decelerationRate
 61 | 		bounces = parent.bounces
/Applications/Xcode-27.0.0-Release.Candidate.app/Contents/Developer/Platforms/AppleTVOS.platform/Developer/SDKs/AppleTVOS27.0.sdk/System/Library/Frameworks/UIKit.framework/Headers/UIScrollView.h:267:28: note: 'scrollsToTop' has been explicitly marked unavailable here
265 | // On iPhone, we execute this gesture only if there's one on-screen scroll view with `scrollsToTop` == YES. If more than one is found, none will be scrolled.
266 | // Default: YES
267 | @property (nonatomic) BOOL scrollsToTop API_UNAVAILABLE(tvos);
    |                            `- note: 'scrollsToTop' has been explicitly marked unavailable here
268 |
269 | // Stops any scrolling or zooming, whether initiated programmatically or by the user
/Users/admin/builder/spi-builder-workspace/Sources/PagerScrollView.swift:65:43: error: 'isPagingEnabled' is unavailable in tvOS
 63 | 		isDirectionalLockEnabled = parent.isDirectionalLockEnabled
 64 |
 65 | 		panGestureRecognizer.isEnabled = parent.isPagingEnabled
    |                                           `- error: 'isPagingEnabled' is unavailable in tvOS
 66 | 		parent.panGestureRecognizer.isEnabled = (parent.isPagingEnabled == false)
 67 | 	}
/Applications/Xcode-27.0.0-Release.Candidate.app/Contents/Developer/Platforms/AppleTVOS.platform/Developer/SDKs/AppleTVOS27.0.sdk/System/Library/Frameworks/UIKit.framework/Headers/UIScrollView.h:148:59: note: 'isPagingEnabled' has been explicitly marked unavailable here
146 | @property(nonatomic)         BOOL                         alwaysBounceVertical;           // default NO. if YES and bounces is YES, even if content is smaller than bounds, allow drag vertically
147 | @property(nonatomic)         BOOL                         alwaysBounceHorizontal;         // default NO. if YES and bounces is YES, even if content is smaller than bounds, allow drag horizontally
148 | @property(nonatomic,getter=isPagingEnabled) BOOL          pagingEnabled API_UNAVAILABLE(tvos);// default NO. if YES, stop on multiples of view bounds
    |                                                           `- note: 'isPagingEnabled' has been explicitly marked unavailable here
149 | @property(nonatomic,getter=isScrollEnabled) BOOL          scrollEnabled;                  // default YES. turn off any dragging temporarily
150 |
/Users/admin/builder/spi-builder-workspace/Sources/PagerScrollView.swift:66:51: error: 'isPagingEnabled' is unavailable in tvOS
 64 |
 65 | 		panGestureRecognizer.isEnabled = parent.isPagingEnabled
 66 | 		parent.panGestureRecognizer.isEnabled = (parent.isPagingEnabled == false)
    |                                                   `- error: 'isPagingEnabled' is unavailable in tvOS
 67 | 	}
 68 |
/Applications/Xcode-27.0.0-Release.Candidate.app/Contents/Developer/Platforms/AppleTVOS.platform/Developer/SDKs/AppleTVOS27.0.sdk/System/Library/Frameworks/UIKit.framework/Headers/UIScrollView.h:148:59: note: 'isPagingEnabled' has been explicitly marked unavailable here
146 | @property(nonatomic)         BOOL                         alwaysBounceVertical;           // default NO. if YES and bounces is YES, even if content is smaller than bounds, allow drag vertically
147 | @property(nonatomic)         BOOL                         alwaysBounceHorizontal;         // default NO. if YES and bounces is YES, even if content is smaller than bounds, allow drag horizontally
148 | @property(nonatomic,getter=isPagingEnabled) BOOL          pagingEnabled API_UNAVAILABLE(tvos);// default NO. if YES, stop on multiples of view bounds
    |                                                           `- note: 'isPagingEnabled' has been explicitly marked unavailable here
149 | @property(nonatomic,getter=isScrollEnabled) BOOL          scrollEnabled;                  // default YES. turn off any dragging temporarily
150 |
/Users/admin/builder/spi-builder-workspace/Sources/PagerScrollView.swift:74:3: error: 'isPagingEnabled' is unavailable in tvOS
 72 | 		isHidden = true
 73 | 		contentInsetAdjustmentBehavior = .never
 74 | 		isPagingEnabled = true
    |   `- error: 'isPagingEnabled' is unavailable in tvOS
 75 | 		isUserInteractionEnabled = false
 76 | 		panGestureRecognizer.isEnabled = false
/Applications/Xcode-27.0.0-Release.Candidate.app/Contents/Developer/Platforms/AppleTVOS.platform/Developer/SDKs/AppleTVOS27.0.sdk/System/Library/Frameworks/UIKit.framework/Headers/UIScrollView.h:148:59: note: 'isPagingEnabled' has been explicitly marked unavailable here
146 | @property(nonatomic)         BOOL                         alwaysBounceVertical;           // default NO. if YES and bounces is YES, even if content is smaller than bounds, allow drag vertically
147 | @property(nonatomic)         BOOL                         alwaysBounceHorizontal;         // default NO. if YES and bounces is YES, even if content is smaller than bounds, allow drag horizontally
148 | @property(nonatomic,getter=isPagingEnabled) BOOL          pagingEnabled API_UNAVAILABLE(tvos);// default NO. if YES, stop on multiples of view bounds
    |                                                           `- note: 'isPagingEnabled' has been explicitly marked unavailable here
149 | @property(nonatomic,getter=isScrollEnabled) BOOL          scrollEnabled;                  // default YES. turn off any dragging temporarily
150 |
/Users/admin/builder/spi-builder-workspace/Sources/PagerScrollView.swift:77:3: error: 'scrollsToTop' is unavailable in tvOS
 75 | 		isUserInteractionEnabled = false
 76 | 		panGestureRecognizer.isEnabled = false
 77 | 		scrollsToTop = false
    |   `- error: 'scrollsToTop' is unavailable in tvOS
 78 |
 79 | 		let forwardingStopperScrollView = UIScrollView()
/Applications/Xcode-27.0.0-Release.Candidate.app/Contents/Developer/Platforms/AppleTVOS.platform/Developer/SDKs/AppleTVOS27.0.sdk/System/Library/Frameworks/UIKit.framework/Headers/UIScrollView.h:267:28: note: 'scrollsToTop' has been explicitly marked unavailable here
265 | // On iPhone, we execute this gesture only if there's one on-screen scroll view with `scrollsToTop` == YES. If more than one is found, none will be scrolled.
266 | // Default: YES
267 | @property (nonatomic) BOOL scrollsToTop API_UNAVAILABLE(tvos);
    |                            `- note: 'scrollsToTop' has been explicitly marked unavailable here
268 |
269 | // Stops any scrolling or zooming, whether initiated programmatically or by the user
SwiftCompile normal arm64 /Users/admin/builder/spi-builder-workspace/Sources/PagerScrollView.swift (in target 'CustomPageableCollectionView' from project 'CustomPageableCollectionView')
    cd /Users/admin/builder/spi-builder-workspace/.swiftpm/xcode
    builtin-SwiftPerFileCompile PagerScrollView.swift
/Users/admin/builder/spi-builder-workspace/Sources/PagerScrollView.swift:84:10: error: 'scrollsToTop' is unavailable in tvOS
 82 |
 83 | 		guard let parent = parent else { return }
 84 | 		parent.scrollsToTop = false
    |          `- error: 'scrollsToTop' is unavailable in tvOS
 85 |
 86 | 		// we need to wrap our pager into another UIScrollView
/Applications/Xcode-27.0.0-Release.Candidate.app/Contents/Developer/Platforms/AppleTVOS.platform/Developer/SDKs/AppleTVOS27.0.sdk/System/Library/Frameworks/UIKit.framework/Headers/UIScrollView.h:267:28: note: 'scrollsToTop' has been explicitly marked unavailable here
265 | // On iPhone, we execute this gesture only if there's one on-screen scroll view with `scrollsToTop` == YES. If more than one is found, none will be scrolled.
266 | // Default: YES
267 | @property (nonatomic) BOOL scrollsToTop API_UNAVAILABLE(tvos);
    |                            `- note: 'scrollsToTop' has been explicitly marked unavailable here
268 |
269 | // Stops any scrolling or zooming, whether initiated programmatically or by the user
SwiftCompile normal arm64 Compiling\ CustomPageableCollectionView.swift /Users/admin/builder/spi-builder-workspace/Sources/CustomPageableCollectionView.swift (in target 'CustomPageableCollectionView' from project 'CustomPageableCollectionView')
SwiftCompile normal arm64 /Users/admin/builder/spi-builder-workspace/Sources/CustomPageableCollectionView.swift (in target 'CustomPageableCollectionView' from project 'CustomPageableCollectionView')
    cd /Users/admin/builder/spi-builder-workspace/.swiftpm/xcode
    builtin-SwiftPerFileCompile CustomPageableCollectionView.swift
PruneExplicitPrecompiledModules /Users/admin/builder/spi-builder-workspace/.derivedData/Build/Intermediates.noindex/ExplicitPrecompiledModules
PruneExplicitPrecompiledModules /Users/admin/builder/spi-builder-workspace/.derivedData/Build/Intermediates.noindex/SwiftExplicitPrecompiledModules
PruneExplicitPrecompiledModules /Users/admin/builder/spi-builder-workspace/.derivedData/SDKExplicitPrecompiledModules
2026-09-18 03:44:01.351 xcodebuild[740:4579] [MT] IDERunDestination: Supported platforms for the buildables in the current scheme is empty.
** BUILD FAILED **
The following build commands failed:
	SwiftEmitModule normal arm64 Emitting\ module\ for\ CustomPageableCollectionView (in target 'CustomPageableCollectionView' from project 'CustomPageableCollectionView')
	SwiftCompile normal arm64 (in target 'CustomPageableCollectionView' from project 'CustomPageableCollectionView')
	Building workspace CustomPageableCollectionView with scheme CustomPageableCollectionView
(3 failures)
BUILD FAILURE 6.4 tvOS