The Swift Package Index logo.Swift Package Index

Build Information

Failed to build swift-fluent-icon, reference master (1b70e7), with Swift 6.3 for watchOS using Xcode 26.4 on 30 Sep 2026 02:34:23 UTC.

Build Command

No build command. This typically means the build failed at an early stage where we determine the build command.

Build Log

========================================
RunAll
========================================
Builder version: 5.1.0
Interrupt handler set up.
========================================
Checkout
========================================
Clone URL: https://github.com/vvisionnn/swift-fluent-icon.git
Reference: master
Initialized empty Git repository in /Users/admin/builder/spi-builder-workspace/.git/
From https://github.com/vvisionnn/swift-fluent-icon
 * branch            master     -> FETCH_HEAD
 * [new branch]      master     -> origin/master
HEAD is now at 1b70e7c chore(release): react-icons-svg-sprite-subsetting-webpack-plugin@0.0.8
Cloned https://github.com/vvisionnn/swift-fluent-icon.git
Revision (git rev-parse @):
1b70e7c996674bfd976b5cf17c83cf7ee4351642
SUCCESS checkout https://github.com/vvisionnn/swift-fluent-icon.git at master
========================================
Build
========================================
Selected platform:         watchOS
Swift version:             6.3
Building package at path:  $PWD
https://github.com/vvisionnn/swift-fluent-icon.git
Command line invocation:
    /Applications/Xcode-26.5.0.app/Contents/Developer/usr/bin/xcodebuild -IDEClonedSourcePackagesDirPathOverride=/Users/admin/builder/spi-builder-workspace/.dependencies -resolvePackageDependencies
Resolve Package Graph
the package at '/Users/admin/builder/swift-fluent-icon' cannot be accessed (/Users/admin/builder/swift-fluent-icon doesn't exist in file system)
Resolve Package Graph
the package at '/Users/admin/builder/swift-fluent-icon' cannot be accessed (/Users/admin/builder/swift-fluent-icon doesn't exist in file system)
Resolved source packages:
  spi-builder-workspace: (null)
2026-09-29 22:34:22.087 xcodebuild[541:3125] Writing error result bundle to /var/folders/xq/y_g06wb113726d38xsyx71_h0000gn/T/ResultBundle_2026-29-09_22-34-0022.xcresult
xcodebuild: error: Could not resolve package dependencies:
  the package at '/Users/admin/builder/swift-fluent-icon' cannot be accessed (/Users/admin/builder/swift-fluent-icon doesn't exist in file system)
Command line invocation:
    /Applications/Xcode-26.5.0.app/Contents/Developer/usr/bin/xcodebuild -IDEClonedSourcePackagesDirPathOverride=/Users/admin/builder/spi-builder-workspace/.dependencies -resolvePackageDependencies
Resolve Package Graph
the package at '/Users/admin/builder/swift-fluent-icon' cannot be accessed (/Users/admin/builder/swift-fluent-icon doesn't exist in file system)
Resolved source packages:
  spi-builder-workspace: (null)
2026-09-29 22:34:23.523 xcodebuild[616:3820] Writing error result bundle to /var/folders/xq/y_g06wb113726d38xsyx71_h0000gn/T/ResultBundle_2026-29-09_22-34-0023.xcresult
xcodebuild: error: Could not resolve package dependencies:
  the package at '/Users/admin/builder/swift-fluent-icon' cannot be accessed (/Users/admin/builder/swift-fluent-icon doesn't exist in file system)
BUILD FAILURE 6.3 watchOS