Build Information
Failed to build Swiftagram, reference main (de8a5d), with Swift 6.4 for visionOS using Xcode 27.0 on 17 Sep 2026 20:42:02 UTC.
Build Command
env DEVELOPER_DIR=/Applications/Xcode-27.0.0-Release.Candidate.app xcrun xcodebuild -IDEClonedSourcePackagesDirPathOverride=$PWD/.dependencies -skipMacroValidation -skipPackagePluginValidation -derivedDataPath $PWD/.derivedData build -scheme Swiftagram-Package -destination generic/platform=xrOSBuild Log
ExtractAppIntentsMetadata (in target 'ComposableStorage' from project 'ComposableRequest')
cd /Users/admin/builder/spi-builder-workspace/.dependencies/checkouts/ComposableRequest
/Applications/Xcode-27.0.0-Release.Candidate.app/Contents/Developer/Toolchains/XcodeDefault.xctoolchain/usr/bin/appintentsmetadataprocessor --toolchain-dir /var/run/com.apple.security.cryptexd/mnt/com.apple.MobileAsset.MetalToolchain-v27.1.266.1.zxEpul/Metal.xctoolchain --module-name ComposableStorage --sdk-root /Applications/Xcode-27.0.0-Release.Candidate.app/Contents/Developer/Platforms/XROS.platform/Developer/SDKs/XROS27.0.sdk --xcode-version 27A266a --platform-family xrOS --deployment-target 1.0 --bundle-identifier composablerequest.ComposableStorage --output /Users/admin/builder/spi-builder-workspace/.derivedData/Build/Products/Debug-xros/ComposableStorage.appintents --target-triple arm64-apple-xros1.0 --binary-file /Users/admin/builder/spi-builder-workspace/.derivedData/Build/Products/Debug-xros/ComposableStorage.o --dependency-file /Users/admin/builder/spi-builder-workspace/.derivedData/Build/Intermediates.noindex/ComposableRequest.build/Debug-xros/ComposableStorage-t.build/Objects-normal/arm64/ComposableStorage_dependency_info.dat --stringsdata-file /Users/admin/builder/spi-builder-workspace/.derivedData/Build/Intermediates.noindex/ComposableRequest.build/Debug-xros/ComposableStorage-t.build/Objects-normal/arm64/ExtractedAppShortcutsMetadata.stringsdata --source-file-list /Users/admin/builder/spi-builder-workspace/.derivedData/Build/Intermediates.noindex/ComposableRequest.build/Debug-xros/ComposableStorage-t.build/Objects-normal/arm64/ComposableStorage.SwiftFileList --metadata-file-list /Users/admin/builder/spi-builder-workspace/.derivedData/Build/Intermediates.noindex/ComposableRequest.build/Debug-xros/ComposableStorage-t.build/ComposableStorage.DependencyMetadataFileList --static-metadata-file-list /Users/admin/builder/spi-builder-workspace/.derivedData/Build/Intermediates.noindex/ComposableRequest.build/Debug-xros/ComposableStorage-t.build/ComposableStorage.DependencyStaticMetadataFileList --swift-const-vals-list /Users/admin/builder/spi-builder-workspace/.derivedData/Build/Intermediates.noindex/ComposableRequest.build/Debug-xros/ComposableStorage-t.build/Objects-normal/arm64/ComposableStorage.SwiftConstValuesFileList --force --compile-time-extraction --deployment-aware-processing --no-app-shortcuts-localization
2026-09-17 16:41:52.491 appintentsmetadataprocessor[947:5621] Starting appintentsmetadataprocessor export
2026-09-17 16:41:52.630 appintentsmetadataprocessor[947:5621] Extracted no relevant App Intents symbols, skipping writing output
ExtractAppIntentsMetadata (in target 'KeychainAccess' from project 'KeychainAccess')
cd /Users/admin/builder/spi-builder-workspace/.dependencies/checkouts/KeychainAccess
/Applications/Xcode-27.0.0-Release.Candidate.app/Contents/Developer/Toolchains/XcodeDefault.xctoolchain/usr/bin/appintentsmetadataprocessor --toolchain-dir /var/run/com.apple.security.cryptexd/mnt/com.apple.MobileAsset.MetalToolchain-v27.1.266.1.zxEpul/Metal.xctoolchain --module-name KeychainAccess --sdk-root /Applications/Xcode-27.0.0-Release.Candidate.app/Contents/Developer/Platforms/XROS.platform/Developer/SDKs/XROS27.0.sdk --xcode-version 27A266a --platform-family xrOS --deployment-target 1.0 --bundle-identifier keychainaccess.KeychainAccess --output /Users/admin/builder/spi-builder-workspace/.derivedData/Build/Products/Debug-xros/KeychainAccess.appintents --target-triple arm64-apple-xros1.0 --binary-file /Users/admin/builder/spi-builder-workspace/.derivedData/Build/Products/Debug-xros/KeychainAccess.o --dependency-file /Users/admin/builder/spi-builder-workspace/.derivedData/Build/Intermediates.noindex/KeychainAccess.build/Debug-xros/KeychainAccess-t.build/Objects-normal/arm64/KeychainAccess_dependency_info.dat --stringsdata-file /Users/admin/builder/spi-builder-workspace/.derivedData/Build/Intermediates.noindex/KeychainAccess.build/Debug-xros/KeychainAccess-t.build/Objects-normal/arm64/ExtractedAppShortcutsMetadata.stringsdata --source-file-list /Users/admin/builder/spi-builder-workspace/.derivedData/Build/Intermediates.noindex/KeychainAccess.build/Debug-xros/KeychainAccess-t.build/Objects-normal/arm64/KeychainAccess.SwiftFileList --metadata-file-list /Users/admin/builder/spi-builder-workspace/.derivedData/Build/Intermediates.noindex/KeychainAccess.build/Debug-xros/KeychainAccess-t.build/KeychainAccess.DependencyMetadataFileList --static-metadata-file-list /Users/admin/builder/spi-builder-workspace/.derivedData/Build/Intermediates.noindex/KeychainAccess.build/Debug-xros/KeychainAccess-t.build/KeychainAccess.DependencyStaticMetadataFileList --swift-const-vals-list /Users/admin/builder/spi-builder-workspace/.derivedData/Build/Intermediates.noindex/KeychainAccess.build/Debug-xros/KeychainAccess-t.build/Objects-normal/arm64/KeychainAccess.SwiftConstValuesFileList --force --compile-time-extraction --deployment-aware-processing --no-app-shortcuts-localization
2026-09-17 16:41:52.491 appintentsmetadataprocessor[948:5624] Starting appintentsmetadataprocessor export
2026-09-17 16:41:52.605 appintentsmetadataprocessor[948:5624] Extracted no relevant App Intents symbols, skipping writing output
SwiftDriverJobDiscovery normal arm64 Compiling Timeout.swift, @_exported.swift, CharacterSet.swift, CodableHTTPCookie.swift (in target 'ComposableRequest' from project 'ComposableRequest')
SwiftDriverJobDiscovery normal arm64 Compiling SwCrypt.swift (in target 'SwCrypt' from project 'SwCrypt')
SwiftDriver\ Compilation SwCrypt normal arm64 com.apple.xcode.tools.swift.compiler (in target 'SwCrypt' from project 'SwCrypt')
cd /Users/admin/builder/spi-builder-workspace/.swiftpm/xcode
builtin-Swift-Compilation -- /Applications/Xcode-27.0.0-Release.Candidate.app/Contents/Developer/Toolchains/XcodeDefault.xctoolchain/usr/bin/swiftc -parse-as-library -module-name SwCrypt -Onone @/Users/admin/builder/spi-builder-workspace/.derivedData/Build/Intermediates.noindex/SwCrypt.build/Debug-xros/SwCrypt-t.build/Objects-normal/arm64/SwCrypt.SwiftFileList -DSWIFT_PACKAGE -DDEBUG -DSWIFT_MODULE_RESOURCE_BUNDLE_UNAVAILABLE -DXcode -plugin-path /Applications/Xcode-27.0.0-Release.Candidate.app/Contents/Developer/Toolchains/XcodeDefault.xctoolchain/usr/lib/swift/host/plugins/testing -enable-experimental-feature DebugDescriptionMacro -sdk /Applications/Xcode-27.0.0-Release.Candidate.app/Contents/Developer/Platforms/XROS.platform/Developer/SDKs/XROS27.0.sdk -target arm64-apple-xros1.0 -g -module-cache-path /Users/admin/builder/spi-builder-workspace/.derivedData/ModuleCache.noindex -Xfrontend -serialize-debugging-options -profile-coverage-mapping -profile-generate -enable-testing -suppress-warnings -index-store-path /Users/admin/builder/spi-builder-workspace/.derivedData/Index.noindex/DataStore -Xcc -D_LIBCPP_HARDENING_MODE\=_LIBCPP_HARDENING_MODE_DEBUG -swift-version 5 -I /Users/admin/builder/spi-builder-workspace/.derivedData/Build/Products/Debug-xros -Isystem /Applications/Xcode-27.0.0-Release.Candidate.app/Contents/Developer/Platforms/XROS.platform/Developer/usr/lib -F /Users/admin/builder/spi-builder-workspace/.derivedData/Build/Products/Debug-xros -F /Applications/Xcode-27.0.0-Release.Candidate.app/Contents/Developer/Platforms/XROS.platform/Developer/Library/Frameworks -F /Applications/Xcode-27.0.0-Release.Candidate.app/Contents/Developer/Platforms/XROS.platform/Developer/SDKs/XROS27.0.sdk/Developer/Library/Frameworks -c -j10 -enable-batch-mode -incremental -Xcc -ivfsstatcache -Xcc /Users/admin/builder/spi-builder-workspace/.derivedData/SDKStatCaches.noindex/xros27.0-24M361-e829b21a6f8c9b70876ba0858053c044735bd543db762f57723cac368afd1ce4.sdkstatcache -output-file-map /Users/admin/builder/spi-builder-workspace/.derivedData/Build/Intermediates.noindex/SwCrypt.build/Debug-xros/SwCrypt-t.build/Objects-normal/arm64/SwCrypt-OutputFileMap.json -save-temps -no-color-diagnostics -explicit-module-build -module-cache-path /Users/admin/builder/spi-builder-workspace/.derivedData/Build/Intermediates.noindex/SwiftExplicitPrecompiledModules -clang-scanner-module-cache-path /Users/admin/builder/spi-builder-workspace/.derivedData/ModuleCache.noindex -sdk-module-cache-path /Users/admin/builder/spi-builder-workspace/.derivedData/SDKExplicitPrecompiledModules -emit-dependencies -emit-module -emit-module-path /Users/admin/builder/spi-builder-workspace/.derivedData/Build/Intermediates.noindex/SwCrypt.build/Debug-xros/SwCrypt-t.build/Objects-normal/arm64/SwCrypt.swiftmodule -serialize-diagnostics -dependency-scan-serialize-diagnostics-path /Users/admin/builder/spi-builder-workspace/.derivedData/Build/Intermediates.noindex/SwCrypt.build/Debug-xros/SwCrypt-t.build/Objects-normal/arm64/SwCrypt-dependency-scan.dia -validate-clang-modules-once -clang-build-session-file /Users/admin/builder/spi-builder-workspace/.derivedData/ModuleCache.noindex/Session.modulevalidation -Xcc -fmodules-prune-interval\=86400 -Xcc -fmodules-prune-after\=345600 -emit-const-values -const-gather-protocols-list /Users/admin/builder/spi-builder-workspace/.derivedData/Build/Intermediates.noindex/SwCrypt.build/Debug-xros/SwCrypt-t.build/Objects-normal/arm64/SwCrypt_const_extract_protocols.json -Xcc -I/Users/admin/builder/spi-builder-workspace/.derivedData/Build/Products/Debug-xros/include -Xcc -I/Users/admin/builder/spi-builder-workspace/.derivedData/Build/Intermediates.noindex/SwCrypt.build/Debug-xros/SwCrypt-t.build/DerivedSources-normal/arm64 -Xcc -I/Users/admin/builder/spi-builder-workspace/.derivedData/Build/Intermediates.noindex/SwCrypt.build/Debug-xros/SwCrypt-t.build/DerivedSources/arm64 -Xcc -I/Users/admin/builder/spi-builder-workspace/.derivedData/Build/Intermediates.noindex/SwCrypt.build/Debug-xros/SwCrypt-t.build/DerivedSources -Xcc -DSWIFT_PACKAGE -Xcc -DDEBUG\=1 -emit-objc-header -emit-objc-header-path /Users/admin/builder/spi-builder-workspace/.derivedData/Build/Intermediates.noindex/SwCrypt.build/Debug-xros/SwCrypt-t.build/Objects-normal/arm64/SwCrypt-Swift.h -working-directory /Users/admin/builder/spi-builder-workspace/.swiftpm/xcode -experimental-emit-module-separately -disable-cmo
SwiftCompile normal arm64 Compiling\ KeychainStorage.swift /Users/admin/builder/spi-builder-workspace/.dependencies/checkouts/ComposableRequest/Sources/ComposableStorageCrypto/KeychainStorage.swift (in target 'ComposableStorageCrypto' from project 'ComposableRequest')
SwiftCompile normal arm64 /Users/admin/builder/spi-builder-workspace/.dependencies/checkouts/ComposableRequest/Sources/ComposableStorageCrypto/KeychainStorage.swift (in target 'ComposableStorageCrypto' from project 'ComposableRequest')
cd /Users/admin/builder/spi-builder-workspace/.swiftpm/xcode
builtin-SwiftPerFileCompile KeychainStorage.swift
SwiftEmitModule normal arm64 Emitting\ module\ for\ ComposableStorageCrypto (in target 'ComposableStorageCrypto' from project 'ComposableRequest')
SwiftCompile normal arm64 (in target 'ComposableStorageCrypto' from project 'ComposableRequest')
cd /Users/admin/builder/spi-builder-workspace/.swiftpm/xcode
Ld /Users/admin/builder/spi-builder-workspace/.derivedData/Build/Products/Debug-xros/SwCrypt.o normal (in target 'SwCrypt' from project 'SwCrypt')
cd /Users/admin/builder/spi-builder-workspace/.dependencies/checkouts/SwCrypt
/Applications/Xcode-27.0.0-Release.Candidate.app/Contents/Developer/Toolchains/XcodeDefault.xctoolchain/usr/bin/clang -Xlinker -reproducible -target arm64-apple-xros1.0 -r -isysroot /Applications/Xcode-27.0.0-Release.Candidate.app/Contents/Developer/Platforms/XROS.platform/Developer/SDKs/XROS27.0.sdk -O0 -w -Xlinker -no_warn_duplicate_libraries -F/Users/admin/builder/spi-builder-workspace/.derivedData/Build/Intermediates.noindex/EagerLinkingTBDs/Debug-xros -F/Users/admin/builder/spi-builder-workspace/.derivedData/Build/Products/Debug-xros -iframework /Applications/Xcode-27.0.0-Release.Candidate.app/Contents/Developer/Platforms/XROS.platform/Developer/Library/Frameworks -iframework /Applications/Xcode-27.0.0-Release.Candidate.app/Contents/Developer/Platforms/XROS.platform/Developer/SDKs/XROS27.0.sdk/Developer/Library/Frameworks -filelist /Users/admin/builder/spi-builder-workspace/.derivedData/Build/Intermediates.noindex/SwCrypt.build/Debug-xros/SwCrypt-t.build/Objects-normal/arm64/SwCrypt.LinkFileList -nostdlib -Xlinker -object_path_lto -Xlinker /Users/admin/builder/spi-builder-workspace/.derivedData/Build/Intermediates.noindex/SwCrypt.build/Debug-xros/SwCrypt-t.build/Objects-normal/arm64/SwCrypt_lto.o -Xlinker -no_deduplicate -Xlinker -debug_variant -Xlinker -dependency_info -Xlinker /Users/admin/builder/spi-builder-workspace/.derivedData/Build/Intermediates.noindex/SwCrypt.build/Debug-xros/SwCrypt-t.build/Objects-normal/arm64/SwCrypt_dependency_info.dat -fobjc-link-runtime -L/Applications/Xcode-27.0.0-Release.Candidate.app/Contents/Developer/Toolchains/XcodeDefault.xctoolchain/usr/lib/swift/xros -L/usr/lib/swift -Xlinker -add_ast_path -Xlinker /Users/admin/builder/spi-builder-workspace/.derivedData/Build/Intermediates.noindex/SwCrypt.build/Debug-xros/SwCrypt-t.build/Objects-normal/arm64/SwCrypt.swiftmodule -o /Users/admin/builder/spi-builder-workspace/.derivedData/Build/Products/Debug-xros/SwCrypt.o
ExtractAppIntentsMetadata (in target 'SwCrypt' from project 'SwCrypt')
cd /Users/admin/builder/spi-builder-workspace/.dependencies/checkouts/SwCrypt
/Applications/Xcode-27.0.0-Release.Candidate.app/Contents/Developer/Toolchains/XcodeDefault.xctoolchain/usr/bin/appintentsmetadataprocessor --toolchain-dir /var/run/com.apple.security.cryptexd/mnt/com.apple.MobileAsset.MetalToolchain-v27.1.266.1.zxEpul/Metal.xctoolchain --module-name SwCrypt --sdk-root /Applications/Xcode-27.0.0-Release.Candidate.app/Contents/Developer/Platforms/XROS.platform/Developer/SDKs/XROS27.0.sdk --xcode-version 27A266a --platform-family xrOS --deployment-target 1.0 --bundle-identifier swcrypt.SwCrypt --output /Users/admin/builder/spi-builder-workspace/.derivedData/Build/Products/Debug-xros/SwCrypt.appintents --target-triple arm64-apple-xros1.0 --binary-file /Users/admin/builder/spi-builder-workspace/.derivedData/Build/Products/Debug-xros/SwCrypt.o --dependency-file /Users/admin/builder/spi-builder-workspace/.derivedData/Build/Intermediates.noindex/SwCrypt.build/Debug-xros/SwCrypt-t.build/Objects-normal/arm64/SwCrypt_dependency_info.dat --stringsdata-file /Users/admin/builder/spi-builder-workspace/.derivedData/Build/Intermediates.noindex/SwCrypt.build/Debug-xros/SwCrypt-t.build/Objects-normal/arm64/ExtractedAppShortcutsMetadata.stringsdata --source-file-list /Users/admin/builder/spi-builder-workspace/.derivedData/Build/Intermediates.noindex/SwCrypt.build/Debug-xros/SwCrypt-t.build/Objects-normal/arm64/SwCrypt.SwiftFileList --metadata-file-list /Users/admin/builder/spi-builder-workspace/.derivedData/Build/Intermediates.noindex/SwCrypt.build/Debug-xros/SwCrypt-t.build/SwCrypt.DependencyMetadataFileList --static-metadata-file-list /Users/admin/builder/spi-builder-workspace/.derivedData/Build/Intermediates.noindex/SwCrypt.build/Debug-xros/SwCrypt-t.build/SwCrypt.DependencyStaticMetadataFileList --swift-const-vals-list /Users/admin/builder/spi-builder-workspace/.derivedData/Build/Intermediates.noindex/SwCrypt.build/Debug-xros/SwCrypt-t.build/Objects-normal/arm64/SwCrypt.SwiftConstValuesFileList --force --compile-time-extraction --deployment-aware-processing --no-app-shortcuts-localization
2026-09-17 16:41:52.589 appintentsmetadataprocessor[953:5704] Starting appintentsmetadataprocessor export
2026-09-17 16:41:52.680 appintentsmetadataprocessor[953:5704] Extracted no relevant App Intents symbols, skipping writing output
SwiftDriverJobDiscovery normal arm64 Compiling Body.swift, Header.swift, Method.swift, Path.swift, Query.swift (in target 'ComposableRequest' from project 'ComposableRequest')
SwiftDriver\ Compilation ComposableRequest normal arm64 com.apple.xcode.tools.swift.compiler (in target 'ComposableRequest' from project 'ComposableRequest')
cd /Users/admin/builder/spi-builder-workspace/.swiftpm/xcode
builtin-Swift-Compilation -- /Applications/Xcode-27.0.0-Release.Candidate.app/Contents/Developer/Toolchains/XcodeDefault.xctoolchain/usr/bin/swiftc -parse-as-library -module-name ComposableRequest -Onone @/Users/admin/builder/spi-builder-workspace/.derivedData/Build/Intermediates.noindex/ComposableRequest.build/Debug-xros/ComposableRequest-t.build/Objects-normal/arm64/ComposableRequest.SwiftFileList -DSWIFT_PACKAGE -DDEBUG -DSWIFT_MODULE_RESOURCE_BUNDLE_UNAVAILABLE -DXcode -plugin-path /Applications/Xcode-27.0.0-Release.Candidate.app/Contents/Developer/Toolchains/XcodeDefault.xctoolchain/usr/lib/swift/host/plugins/testing -enable-experimental-feature DebugDescriptionMacro -sdk /Applications/Xcode-27.0.0-Release.Candidate.app/Contents/Developer/Platforms/XROS.platform/Developer/SDKs/XROS27.0.sdk -target arm64-apple-xros1.0 -g -module-cache-path /Users/admin/builder/spi-builder-workspace/.derivedData/ModuleCache.noindex -Xfrontend -serialize-debugging-options -profile-coverage-mapping -profile-generate -enable-testing -suppress-warnings -index-store-path /Users/admin/builder/spi-builder-workspace/.derivedData/Index.noindex/DataStore -Xcc -D_LIBCPP_HARDENING_MODE\=_LIBCPP_HARDENING_MODE_DEBUG -swift-version 5 -I /Users/admin/builder/spi-builder-workspace/.derivedData/Build/Products/Debug-xros -Isystem /Applications/Xcode-27.0.0-Release.Candidate.app/Contents/Developer/Platforms/XROS.platform/Developer/usr/lib -F /Users/admin/builder/spi-builder-workspace/.derivedData/Build/Products/Debug-xros -F /Applications/Xcode-27.0.0-Release.Candidate.app/Contents/Developer/Platforms/XROS.platform/Developer/Library/Frameworks -F /Applications/Xcode-27.0.0-Release.Candidate.app/Contents/Developer/Platforms/XROS.platform/Developer/SDKs/XROS27.0.sdk/Developer/Library/Frameworks -c -j10 -enable-batch-mode -incremental -Xcc -ivfsstatcache -Xcc /Users/admin/builder/spi-builder-workspace/.derivedData/SDKStatCaches.noindex/xros27.0-24M361-e829b21a6f8c9b70876ba0858053c044735bd543db762f57723cac368afd1ce4.sdkstatcache -output-file-map /Users/admin/builder/spi-builder-workspace/.derivedData/Build/Intermediates.noindex/ComposableRequest.build/Debug-xros/ComposableRequest-t.build/Objects-normal/arm64/ComposableRequest-OutputFileMap.json -save-temps -no-color-diagnostics -explicit-module-build -module-cache-path /Users/admin/builder/spi-builder-workspace/.derivedData/Build/Intermediates.noindex/SwiftExplicitPrecompiledModules -clang-scanner-module-cache-path /Users/admin/builder/spi-builder-workspace/.derivedData/ModuleCache.noindex -sdk-module-cache-path /Users/admin/builder/spi-builder-workspace/.derivedData/SDKExplicitPrecompiledModules -emit-dependencies -emit-module -emit-module-path /Users/admin/builder/spi-builder-workspace/.derivedData/Build/Intermediates.noindex/ComposableRequest.build/Debug-xros/ComposableRequest-t.build/Objects-normal/arm64/ComposableRequest.swiftmodule -serialize-diagnostics -dependency-scan-serialize-diagnostics-path /Users/admin/builder/spi-builder-workspace/.derivedData/Build/Intermediates.noindex/ComposableRequest.build/Debug-xros/ComposableRequest-t.build/Objects-normal/arm64/ComposableRequest-dependency-scan.dia -validate-clang-modules-once -clang-build-session-file /Users/admin/builder/spi-builder-workspace/.derivedData/ModuleCache.noindex/Session.modulevalidation -Xcc -fmodules-prune-interval\=86400 -Xcc -fmodules-prune-after\=345600 -emit-const-values -const-gather-protocols-list /Users/admin/builder/spi-builder-workspace/.derivedData/Build/Intermediates.noindex/ComposableRequest.build/Debug-xros/ComposableRequest-t.build/Objects-normal/arm64/ComposableRequest_const_extract_protocols.json -Xcc -I/Users/admin/builder/spi-builder-workspace/.derivedData/Build/Products/Debug-xros/include -Xcc -I/Users/admin/builder/spi-builder-workspace/.derivedData/Build/Intermediates.noindex/ComposableRequest.build/Debug-xros/ComposableRequest-t.build/DerivedSources-normal/arm64 -Xcc -I/Users/admin/builder/spi-builder-workspace/.derivedData/Build/Intermediates.noindex/ComposableRequest.build/Debug-xros/ComposableRequest-t.build/DerivedSources/arm64 -Xcc -I/Users/admin/builder/spi-builder-workspace/.derivedData/Build/Intermediates.noindex/ComposableRequest.build/Debug-xros/ComposableRequest-t.build/DerivedSources -Xcc -DSWIFT_PACKAGE -Xcc -DDEBUG\=1 -emit-objc-header -emit-objc-header-path /Users/admin/builder/spi-builder-workspace/.derivedData/Build/Intermediates.noindex/ComposableRequest.build/Debug-xros/ComposableRequest-t.build/Objects-normal/arm64/ComposableRequest-Swift.h -working-directory /Users/admin/builder/spi-builder-workspace/.swiftpm/xcode -experimental-emit-module-separately -disable-cmo
Ld /Users/admin/builder/spi-builder-workspace/.derivedData/Build/Products/Debug-xros/ComposableRequest.o normal (in target 'ComposableRequest' from project 'ComposableRequest')
cd /Users/admin/builder/spi-builder-workspace/.dependencies/checkouts/ComposableRequest
/Applications/Xcode-27.0.0-Release.Candidate.app/Contents/Developer/Toolchains/XcodeDefault.xctoolchain/usr/bin/clang -Xlinker -reproducible -target arm64-apple-xros1.0 -r -isysroot /Applications/Xcode-27.0.0-Release.Candidate.app/Contents/Developer/Platforms/XROS.platform/Developer/SDKs/XROS27.0.sdk -O0 -w -Xlinker -no_warn_duplicate_libraries -F/Users/admin/builder/spi-builder-workspace/.derivedData/Build/Intermediates.noindex/EagerLinkingTBDs/Debug-xros -F/Users/admin/builder/spi-builder-workspace/.derivedData/Build/Products/Debug-xros -iframework /Applications/Xcode-27.0.0-Release.Candidate.app/Contents/Developer/Platforms/XROS.platform/Developer/Library/Frameworks -iframework /Applications/Xcode-27.0.0-Release.Candidate.app/Contents/Developer/Platforms/XROS.platform/Developer/SDKs/XROS27.0.sdk/Developer/Library/Frameworks -filelist /Users/admin/builder/spi-builder-workspace/.derivedData/Build/Intermediates.noindex/ComposableRequest.build/Debug-xros/ComposableRequest-t.build/Objects-normal/arm64/ComposableRequest.LinkFileList -nostdlib -Xlinker -object_path_lto -Xlinker /Users/admin/builder/spi-builder-workspace/.derivedData/Build/Intermediates.noindex/ComposableRequest.build/Debug-xros/ComposableRequest-t.build/Objects-normal/arm64/ComposableRequest_lto.o -Xlinker -no_deduplicate -Xlinker -debug_variant -Xlinker -dependency_info -Xlinker /Users/admin/builder/spi-builder-workspace/.derivedData/Build/Intermediates.noindex/ComposableRequest.build/Debug-xros/ComposableRequest-t.build/Objects-normal/arm64/ComposableRequest_dependency_info.dat -fobjc-link-runtime -L/Applications/Xcode-27.0.0-Release.Candidate.app/Contents/Developer/Toolchains/XcodeDefault.xctoolchain/usr/lib/swift/xros -L/usr/lib/swift -Xlinker -add_ast_path -Xlinker /Users/admin/builder/spi-builder-workspace/.derivedData/Build/Intermediates.noindex/ComposableRequest.build/Debug-xros/ComposableRequest-t.build/Objects-normal/arm64/ComposableRequest.swiftmodule -o /Users/admin/builder/spi-builder-workspace/.derivedData/Build/Products/Debug-xros/ComposableRequest.o
ExtractAppIntentsMetadata (in target 'ComposableRequest' from project 'ComposableRequest')
cd /Users/admin/builder/spi-builder-workspace/.dependencies/checkouts/ComposableRequest
/Applications/Xcode-27.0.0-Release.Candidate.app/Contents/Developer/Toolchains/XcodeDefault.xctoolchain/usr/bin/appintentsmetadataprocessor --toolchain-dir /var/run/com.apple.security.cryptexd/mnt/com.apple.MobileAsset.MetalToolchain-v27.1.266.1.zxEpul/Metal.xctoolchain --module-name ComposableRequest --sdk-root /Applications/Xcode-27.0.0-Release.Candidate.app/Contents/Developer/Platforms/XROS.platform/Developer/SDKs/XROS27.0.sdk --xcode-version 27A266a --platform-family xrOS --deployment-target 1.0 --bundle-identifier composablerequest.ComposableRequest --output /Users/admin/builder/spi-builder-workspace/.derivedData/Build/Products/Debug-xros/ComposableRequest.appintents --target-triple arm64-apple-xros1.0 --binary-file /Users/admin/builder/spi-builder-workspace/.derivedData/Build/Products/Debug-xros/ComposableRequest.o --dependency-file /Users/admin/builder/spi-builder-workspace/.derivedData/Build/Intermediates.noindex/ComposableRequest.build/Debug-xros/ComposableRequest-t.build/Objects-normal/arm64/ComposableRequest_dependency_info.dat --stringsdata-file /Users/admin/builder/spi-builder-workspace/.derivedData/Build/Intermediates.noindex/ComposableRequest.build/Debug-xros/ComposableRequest-t.build/Objects-normal/arm64/ExtractedAppShortcutsMetadata.stringsdata --source-file-list /Users/admin/builder/spi-builder-workspace/.derivedData/Build/Intermediates.noindex/ComposableRequest.build/Debug-xros/ComposableRequest-t.build/Objects-normal/arm64/ComposableRequest.SwiftFileList --metadata-file-list /Users/admin/builder/spi-builder-workspace/.derivedData/Build/Intermediates.noindex/ComposableRequest.build/Debug-xros/ComposableRequest-t.build/ComposableRequest.DependencyMetadataFileList --static-metadata-file-list /Users/admin/builder/spi-builder-workspace/.derivedData/Build/Intermediates.noindex/ComposableRequest.build/Debug-xros/ComposableRequest-t.build/ComposableRequest.DependencyStaticMetadataFileList --swift-const-vals-list /Users/admin/builder/spi-builder-workspace/.derivedData/Build/Intermediates.noindex/ComposableRequest.build/Debug-xros/ComposableRequest-t.build/Objects-normal/arm64/ComposableRequest.SwiftConstValuesFileList --force --compile-time-extraction --deployment-aware-processing --no-app-shortcuts-localization
2026-09-17 16:41:52.649 appintentsmetadataprocessor[956:5737] Starting appintentsmetadataprocessor export
2026-09-17 16:41:52.716 appintentsmetadataprocessor[956:5737] Extracted no relevant App Intents symbols, skipping writing output
SwiftDriverJobDiscovery normal arm64 Emitting module for ComposableStorageCrypto (in target 'ComposableStorageCrypto' from project 'ComposableRequest')
SwiftDriver\ Compilation\ Requirements ComposableStorageCrypto normal arm64 com.apple.xcode.tools.swift.compiler (in target 'ComposableStorageCrypto' from project 'ComposableRequest')
cd /Users/admin/builder/spi-builder-workspace/.swiftpm/xcode
builtin-Swift-Compilation-Requirements -- /Applications/Xcode-27.0.0-Release.Candidate.app/Contents/Developer/Toolchains/XcodeDefault.xctoolchain/usr/bin/swiftc -parse-as-library -module-name ComposableStorageCrypto -Onone @/Users/admin/builder/spi-builder-workspace/.derivedData/Build/Intermediates.noindex/ComposableRequest.build/Debug-xros/ComposableStorageCrypto-t.build/Objects-normal/arm64/ComposableStorageCrypto.SwiftFileList -DSWIFT_PACKAGE -DDEBUG -DSWIFT_MODULE_RESOURCE_BUNDLE_UNAVAILABLE -DXcode -plugin-path /Applications/Xcode-27.0.0-Release.Candidate.app/Contents/Developer/Toolchains/XcodeDefault.xctoolchain/usr/lib/swift/host/plugins/testing -enable-experimental-feature DebugDescriptionMacro -sdk /Applications/Xcode-27.0.0-Release.Candidate.app/Contents/Developer/Platforms/XROS.platform/Developer/SDKs/XROS27.0.sdk -target arm64-apple-xros1.0 -g -module-cache-path /Users/admin/builder/spi-builder-workspace/.derivedData/ModuleCache.noindex -Xfrontend -serialize-debugging-options -profile-coverage-mapping -profile-generate -enable-testing -suppress-warnings -index-store-path /Users/admin/builder/spi-builder-workspace/.derivedData/Index.noindex/DataStore -Xcc -D_LIBCPP_HARDENING_MODE\=_LIBCPP_HARDENING_MODE_DEBUG -swift-version 5 -I /Users/admin/builder/spi-builder-workspace/.derivedData/Build/Products/Debug-xros -Isystem /Applications/Xcode-27.0.0-Release.Candidate.app/Contents/Developer/Platforms/XROS.platform/Developer/usr/lib -F /Users/admin/builder/spi-builder-workspace/.derivedData/Build/Products/Debug-xros/PackageFrameworks -F /Users/admin/builder/spi-builder-workspace/.derivedData/Build/Products/Debug-xros -F /Applications/Xcode-27.0.0-Release.Candidate.app/Contents/Developer/Platforms/XROS.platform/Developer/Library/Frameworks -F /Applications/Xcode-27.0.0-Release.Candidate.app/Contents/Developer/Platforms/XROS.platform/Developer/SDKs/XROS27.0.sdk/Developer/Library/Frameworks -c -j10 -enable-batch-mode -incremental -Xcc -ivfsstatcache -Xcc /Users/admin/builder/spi-builder-workspace/.derivedData/SDKStatCaches.noindex/xros27.0-24M361-e829b21a6f8c9b70876ba0858053c044735bd543db762f57723cac368afd1ce4.sdkstatcache -output-file-map /Users/admin/builder/spi-builder-workspace/.derivedData/Build/Intermediates.noindex/ComposableRequest.build/Debug-xros/ComposableStorageCrypto-t.build/Objects-normal/arm64/ComposableStorageCrypto-OutputFileMap.json -save-temps -no-color-diagnostics -explicit-module-build -module-cache-path /Users/admin/builder/spi-builder-workspace/.derivedData/Build/Intermediates.noindex/SwiftExplicitPrecompiledModules -clang-scanner-module-cache-path /Users/admin/builder/spi-builder-workspace/.derivedData/ModuleCache.noindex -sdk-module-cache-path /Users/admin/builder/spi-builder-workspace/.derivedData/SDKExplicitPrecompiledModules -emit-dependencies -emit-module -emit-module-path /Users/admin/builder/spi-builder-workspace/.derivedData/Build/Intermediates.noindex/ComposableRequest.build/Debug-xros/ComposableStorageCrypto-t.build/Objects-normal/arm64/ComposableStorageCrypto.swiftmodule -serialize-diagnostics -dependency-scan-serialize-diagnostics-path /Users/admin/builder/spi-builder-workspace/.derivedData/Build/Intermediates.noindex/ComposableRequest.build/Debug-xros/ComposableStorageCrypto-t.build/Objects-normal/arm64/ComposableStorageCrypto-dependency-scan.dia -validate-clang-modules-once -clang-build-session-file /Users/admin/builder/spi-builder-workspace/.derivedData/ModuleCache.noindex/Session.modulevalidation -Xcc -fmodules-prune-interval\=86400 -Xcc -fmodules-prune-after\=345600 -emit-const-values -const-gather-protocols-list /Users/admin/builder/spi-builder-workspace/.derivedData/Build/Intermediates.noindex/ComposableRequest.build/Debug-xros/ComposableStorageCrypto-t.build/Objects-normal/arm64/ComposableStorageCrypto_const_extract_protocols.json -Xcc -I/Users/admin/builder/spi-builder-workspace/.derivedData/Build/Products/Debug-xros/include -Xcc -I/Users/admin/builder/spi-builder-workspace/.derivedData/Build/Intermediates.noindex/ComposableRequest.build/Debug-xros/ComposableStorageCrypto-t.build/DerivedSources-normal/arm64 -Xcc -I/Users/admin/builder/spi-builder-workspace/.derivedData/Build/Intermediates.noindex/ComposableRequest.build/Debug-xros/ComposableStorageCrypto-t.build/DerivedSources/arm64 -Xcc -I/Users/admin/builder/spi-builder-workspace/.derivedData/Build/Intermediates.noindex/ComposableRequest.build/Debug-xros/ComposableStorageCrypto-t.build/DerivedSources -Xcc -DSWIFT_PACKAGE -Xcc -DDEBUG\=1 -emit-objc-header -emit-objc-header-path /Users/admin/builder/spi-builder-workspace/.derivedData/Build/Intermediates.noindex/ComposableRequest.build/Debug-xros/ComposableStorageCrypto-t.build/Objects-normal/arm64/ComposableStorageCrypto-Swift.h -working-directory /Users/admin/builder/spi-builder-workspace/.swiftpm/xcode -experimental-emit-module-separately -disable-cmo
SwiftMergeGeneratedHeaders /Users/admin/builder/spi-builder-workspace/.derivedData/Build/Intermediates.noindex/GeneratedModuleMaps-xros/ComposableStorageCrypto-Swift.h /Users/admin/builder/spi-builder-workspace/.derivedData/Build/Intermediates.noindex/ComposableRequest.build/Debug-xros/ComposableStorageCrypto-t.build/Objects-normal/arm64/ComposableStorageCrypto-Swift.h (in target 'ComposableStorageCrypto' from project 'ComposableRequest')
cd /Users/admin/builder/spi-builder-workspace/.dependencies/checkouts/ComposableRequest
builtin-swiftHeaderTool -arch arm64 /Users/admin/builder/spi-builder-workspace/.derivedData/Build/Intermediates.noindex/ComposableRequest.build/Debug-xros/ComposableStorageCrypto-t.build/Objects-normal/arm64/ComposableStorageCrypto-Swift.h -o /Users/admin/builder/spi-builder-workspace/.derivedData/Build/Intermediates.noindex/GeneratedModuleMaps-xros/ComposableStorageCrypto-Swift.h
Copy /Users/admin/builder/spi-builder-workspace/.derivedData/Build/Products/Debug-xros/ComposableStorageCrypto.swiftmodule/arm64-apple-xros.abi.json /Users/admin/builder/spi-builder-workspace/.derivedData/Build/Intermediates.noindex/ComposableRequest.build/Debug-xros/ComposableStorageCrypto-t.build/Objects-normal/arm64/ComposableStorageCrypto.abi.json (in target 'ComposableStorageCrypto' from project 'ComposableRequest')
cd /Users/admin/builder/spi-builder-workspace/.dependencies/checkouts/ComposableRequest
builtin-copy -exclude .DS_Store -exclude CVS -exclude .svn -exclude .git -exclude .hg -resolve-src-symlinks -rename /Users/admin/builder/spi-builder-workspace/.derivedData/Build/Intermediates.noindex/ComposableRequest.build/Debug-xros/ComposableStorageCrypto-t.build/Objects-normal/arm64/ComposableStorageCrypto.abi.json /Users/admin/builder/spi-builder-workspace/.derivedData/Build/Products/Debug-xros/ComposableStorageCrypto.swiftmodule/arm64-apple-xros.abi.json
Copy /Users/admin/builder/spi-builder-workspace/.derivedData/Build/Products/Debug-xros/ComposableStorageCrypto.swiftmodule/arm64-apple-xros.swiftdoc /Users/admin/builder/spi-builder-workspace/.derivedData/Build/Intermediates.noindex/ComposableRequest.build/Debug-xros/ComposableStorageCrypto-t.build/Objects-normal/arm64/ComposableStorageCrypto.swiftdoc (in target 'ComposableStorageCrypto' from project 'ComposableRequest')
cd /Users/admin/builder/spi-builder-workspace/.dependencies/checkouts/ComposableRequest
builtin-copy -exclude .DS_Store -exclude CVS -exclude .svn -exclude .git -exclude .hg -resolve-src-symlinks -rename /Users/admin/builder/spi-builder-workspace/.derivedData/Build/Intermediates.noindex/ComposableRequest.build/Debug-xros/ComposableStorageCrypto-t.build/Objects-normal/arm64/ComposableStorageCrypto.swiftdoc /Users/admin/builder/spi-builder-workspace/.derivedData/Build/Products/Debug-xros/ComposableStorageCrypto.swiftmodule/arm64-apple-xros.swiftdoc
Copy /Users/admin/builder/spi-builder-workspace/.derivedData/Build/Products/Debug-xros/ComposableStorageCrypto.swiftmodule/arm64-apple-xros.swiftmodule /Users/admin/builder/spi-builder-workspace/.derivedData/Build/Intermediates.noindex/ComposableRequest.build/Debug-xros/ComposableStorageCrypto-t.build/Objects-normal/arm64/ComposableStorageCrypto.swiftmodule (in target 'ComposableStorageCrypto' from project 'ComposableRequest')
cd /Users/admin/builder/spi-builder-workspace/.dependencies/checkouts/ComposableRequest
builtin-copy -exclude .DS_Store -exclude CVS -exclude .svn -exclude .git -exclude .hg -resolve-src-symlinks -rename /Users/admin/builder/spi-builder-workspace/.derivedData/Build/Intermediates.noindex/ComposableRequest.build/Debug-xros/ComposableStorageCrypto-t.build/Objects-normal/arm64/ComposableStorageCrypto.swiftmodule /Users/admin/builder/spi-builder-workspace/.derivedData/Build/Products/Debug-xros/ComposableStorageCrypto.swiftmodule/arm64-apple-xros.swiftmodule
Copy /Users/admin/builder/spi-builder-workspace/.derivedData/Build/Products/Debug-xros/ComposableStorageCrypto.swiftmodule/Project/arm64-apple-xros.swiftsourceinfo /Users/admin/builder/spi-builder-workspace/.derivedData/Build/Intermediates.noindex/ComposableRequest.build/Debug-xros/ComposableStorageCrypto-t.build/Objects-normal/arm64/ComposableStorageCrypto.swiftsourceinfo (in target 'ComposableStorageCrypto' from project 'ComposableRequest')
cd /Users/admin/builder/spi-builder-workspace/.dependencies/checkouts/ComposableRequest
builtin-copy -exclude .DS_Store -exclude CVS -exclude .svn -exclude .git -exclude .hg -resolve-src-symlinks -rename /Users/admin/builder/spi-builder-workspace/.derivedData/Build/Intermediates.noindex/ComposableRequest.build/Debug-xros/ComposableStorageCrypto-t.build/Objects-normal/arm64/ComposableStorageCrypto.swiftsourceinfo /Users/admin/builder/spi-builder-workspace/.derivedData/Build/Products/Debug-xros/ComposableStorageCrypto.swiftmodule/Project/arm64-apple-xros.swiftsourceinfo
SwiftDriverJobDiscovery normal arm64 Compiling KeychainStorage.swift (in target 'ComposableStorageCrypto' from project 'ComposableRequest')
SwiftDriver\ Compilation ComposableStorageCrypto normal arm64 com.apple.xcode.tools.swift.compiler (in target 'ComposableStorageCrypto' from project 'ComposableRequest')
cd /Users/admin/builder/spi-builder-workspace/.swiftpm/xcode
builtin-Swift-Compilation -- /Applications/Xcode-27.0.0-Release.Candidate.app/Contents/Developer/Toolchains/XcodeDefault.xctoolchain/usr/bin/swiftc -parse-as-library -module-name ComposableStorageCrypto -Onone @/Users/admin/builder/spi-builder-workspace/.derivedData/Build/Intermediates.noindex/ComposableRequest.build/Debug-xros/ComposableStorageCrypto-t.build/Objects-normal/arm64/ComposableStorageCrypto.SwiftFileList -DSWIFT_PACKAGE -DDEBUG -DSWIFT_MODULE_RESOURCE_BUNDLE_UNAVAILABLE -DXcode -plugin-path /Applications/Xcode-27.0.0-Release.Candidate.app/Contents/Developer/Toolchains/XcodeDefault.xctoolchain/usr/lib/swift/host/plugins/testing -enable-experimental-feature DebugDescriptionMacro -sdk /Applications/Xcode-27.0.0-Release.Candidate.app/Contents/Developer/Platforms/XROS.platform/Developer/SDKs/XROS27.0.sdk -target arm64-apple-xros1.0 -g -module-cache-path /Users/admin/builder/spi-builder-workspace/.derivedData/ModuleCache.noindex -Xfrontend -serialize-debugging-options -profile-coverage-mapping -profile-generate -enable-testing -suppress-warnings -index-store-path /Users/admin/builder/spi-builder-workspace/.derivedData/Index.noindex/DataStore -Xcc -D_LIBCPP_HARDENING_MODE\=_LIBCPP_HARDENING_MODE_DEBUG -swift-version 5 -I /Users/admin/builder/spi-builder-workspace/.derivedData/Build/Products/Debug-xros -Isystem /Applications/Xcode-27.0.0-Release.Candidate.app/Contents/Developer/Platforms/XROS.platform/Developer/usr/lib -F /Users/admin/builder/spi-builder-workspace/.derivedData/Build/Products/Debug-xros/PackageFrameworks -F /Users/admin/builder/spi-builder-workspace/.derivedData/Build/Products/Debug-xros -F /Applications/Xcode-27.0.0-Release.Candidate.app/Contents/Developer/Platforms/XROS.platform/Developer/Library/Frameworks -F /Applications/Xcode-27.0.0-Release.Candidate.app/Contents/Developer/Platforms/XROS.platform/Developer/SDKs/XROS27.0.sdk/Developer/Library/Frameworks -c -j10 -enable-batch-mode -incremental -Xcc -ivfsstatcache -Xcc /Users/admin/builder/spi-builder-workspace/.derivedData/SDKStatCaches.noindex/xros27.0-24M361-e829b21a6f8c9b70876ba0858053c044735bd543db762f57723cac368afd1ce4.sdkstatcache -output-file-map /Users/admin/builder/spi-builder-workspace/.derivedData/Build/Intermediates.noindex/ComposableRequest.build/Debug-xros/ComposableStorageCrypto-t.build/Objects-normal/arm64/ComposableStorageCrypto-OutputFileMap.json -save-temps -no-color-diagnostics -explicit-module-build -module-cache-path /Users/admin/builder/spi-builder-workspace/.derivedData/Build/Intermediates.noindex/SwiftExplicitPrecompiledModules -clang-scanner-module-cache-path /Users/admin/builder/spi-builder-workspace/.derivedData/ModuleCache.noindex -sdk-module-cache-path /Users/admin/builder/spi-builder-workspace/.derivedData/SDKExplicitPrecompiledModules -emit-dependencies -emit-module -emit-module-path /Users/admin/builder/spi-builder-workspace/.derivedData/Build/Intermediates.noindex/ComposableRequest.build/Debug-xros/ComposableStorageCrypto-t.build/Objects-normal/arm64/ComposableStorageCrypto.swiftmodule -serialize-diagnostics -dependency-scan-serialize-diagnostics-path /Users/admin/builder/spi-builder-workspace/.derivedData/Build/Intermediates.noindex/ComposableRequest.build/Debug-xros/ComposableStorageCrypto-t.build/Objects-normal/arm64/ComposableStorageCrypto-dependency-scan.dia -validate-clang-modules-once -clang-build-session-file /Users/admin/builder/spi-builder-workspace/.derivedData/ModuleCache.noindex/Session.modulevalidation -Xcc -fmodules-prune-interval\=86400 -Xcc -fmodules-prune-after\=345600 -emit-const-values -const-gather-protocols-list /Users/admin/builder/spi-builder-workspace/.derivedData/Build/Intermediates.noindex/ComposableRequest.build/Debug-xros/ComposableStorageCrypto-t.build/Objects-normal/arm64/ComposableStorageCrypto_const_extract_protocols.json -Xcc -I/Users/admin/builder/spi-builder-workspace/.derivedData/Build/Products/Debug-xros/include -Xcc -I/Users/admin/builder/spi-builder-workspace/.derivedData/Build/Intermediates.noindex/ComposableRequest.build/Debug-xros/ComposableStorageCrypto-t.build/DerivedSources-normal/arm64 -Xcc -I/Users/admin/builder/spi-builder-workspace/.derivedData/Build/Intermediates.noindex/ComposableRequest.build/Debug-xros/ComposableStorageCrypto-t.build/DerivedSources/arm64 -Xcc -I/Users/admin/builder/spi-builder-workspace/.derivedData/Build/Intermediates.noindex/ComposableRequest.build/Debug-xros/ComposableStorageCrypto-t.build/DerivedSources -Xcc -DSWIFT_PACKAGE -Xcc -DDEBUG\=1 -emit-objc-header -emit-objc-header-path /Users/admin/builder/spi-builder-workspace/.derivedData/Build/Intermediates.noindex/ComposableRequest.build/Debug-xros/ComposableStorageCrypto-t.build/Objects-normal/arm64/ComposableStorageCrypto-Swift.h -working-directory /Users/admin/builder/spi-builder-workspace/.swiftpm/xcode -experimental-emit-module-separately -disable-cmo
Ld /Users/admin/builder/spi-builder-workspace/.derivedData/Build/Products/Debug-xros/ComposableStorageCrypto.o normal (in target 'ComposableStorageCrypto' from project 'ComposableRequest')
cd /Users/admin/builder/spi-builder-workspace/.dependencies/checkouts/ComposableRequest
/Applications/Xcode-27.0.0-Release.Candidate.app/Contents/Developer/Toolchains/XcodeDefault.xctoolchain/usr/bin/clang -Xlinker -reproducible -target arm64-apple-xros1.0 -r -isysroot /Applications/Xcode-27.0.0-Release.Candidate.app/Contents/Developer/Platforms/XROS.platform/Developer/SDKs/XROS27.0.sdk -O0 -w -Xlinker -no_warn_duplicate_libraries -F/Users/admin/builder/spi-builder-workspace/.derivedData/Build/Intermediates.noindex/EagerLinkingTBDs/Debug-xros -F/Users/admin/builder/spi-builder-workspace/.derivedData/Build/Products/Debug-xros/PackageFrameworks -F/Users/admin/builder/spi-builder-workspace/.derivedData/Build/Products/Debug-xros -iframework /Applications/Xcode-27.0.0-Release.Candidate.app/Contents/Developer/Platforms/XROS.platform/Developer/Library/Frameworks -iframework /Applications/Xcode-27.0.0-Release.Candidate.app/Contents/Developer/Platforms/XROS.platform/Developer/SDKs/XROS27.0.sdk/Developer/Library/Frameworks -filelist /Users/admin/builder/spi-builder-workspace/.derivedData/Build/Intermediates.noindex/ComposableRequest.build/Debug-xros/ComposableStorageCrypto-t.build/Objects-normal/arm64/ComposableStorageCrypto.LinkFileList -nostdlib -Xlinker -object_path_lto -Xlinker /Users/admin/builder/spi-builder-workspace/.derivedData/Build/Intermediates.noindex/ComposableRequest.build/Debug-xros/ComposableStorageCrypto-t.build/Objects-normal/arm64/ComposableStorageCrypto_lto.o -Xlinker -no_deduplicate -Xlinker -debug_variant -Xlinker -dependency_info -Xlinker /Users/admin/builder/spi-builder-workspace/.derivedData/Build/Intermediates.noindex/ComposableRequest.build/Debug-xros/ComposableStorageCrypto-t.build/Objects-normal/arm64/ComposableStorageCrypto_dependency_info.dat -fobjc-link-runtime -L/Applications/Xcode-27.0.0-Release.Candidate.app/Contents/Developer/Toolchains/XcodeDefault.xctoolchain/usr/lib/swift/xros -L/usr/lib/swift -Xlinker -add_ast_path -Xlinker /Users/admin/builder/spi-builder-workspace/.derivedData/Build/Intermediates.noindex/ComposableRequest.build/Debug-xros/ComposableStorageCrypto-t.build/Objects-normal/arm64/ComposableStorageCrypto.swiftmodule -o /Users/admin/builder/spi-builder-workspace/.derivedData/Build/Products/Debug-xros/ComposableStorageCrypto.o
ExtractAppIntentsMetadata (in target 'ComposableStorageCrypto' from project 'ComposableRequest')
cd /Users/admin/builder/spi-builder-workspace/.dependencies/checkouts/ComposableRequest
/Applications/Xcode-27.0.0-Release.Candidate.app/Contents/Developer/Toolchains/XcodeDefault.xctoolchain/usr/bin/appintentsmetadataprocessor --toolchain-dir /var/run/com.apple.security.cryptexd/mnt/com.apple.MobileAsset.MetalToolchain-v27.1.266.1.zxEpul/Metal.xctoolchain --module-name ComposableStorageCrypto --sdk-root /Applications/Xcode-27.0.0-Release.Candidate.app/Contents/Developer/Platforms/XROS.platform/Developer/SDKs/XROS27.0.sdk --xcode-version 27A266a --platform-family xrOS --deployment-target 1.0 --bundle-identifier composablerequest.ComposableStorageCrypto --output /Users/admin/builder/spi-builder-workspace/.derivedData/Build/Products/Debug-xros/ComposableStorageCrypto.appintents --target-triple arm64-apple-xros1.0 --binary-file /Users/admin/builder/spi-builder-workspace/.derivedData/Build/Products/Debug-xros/ComposableStorageCrypto.o --dependency-file /Users/admin/builder/spi-builder-workspace/.derivedData/Build/Intermediates.noindex/ComposableRequest.build/Debug-xros/ComposableStorageCrypto-t.build/Objects-normal/arm64/ComposableStorageCrypto_dependency_info.dat --stringsdata-file /Users/admin/builder/spi-builder-workspace/.derivedData/Build/Intermediates.noindex/ComposableRequest.build/Debug-xros/ComposableStorageCrypto-t.build/Objects-normal/arm64/ExtractedAppShortcutsMetadata.stringsdata --source-file-list /Users/admin/builder/spi-builder-workspace/.derivedData/Build/Intermediates.noindex/ComposableRequest.build/Debug-xros/ComposableStorageCrypto-t.build/Objects-normal/arm64/ComposableStorageCrypto.SwiftFileList --metadata-file-list /Users/admin/builder/spi-builder-workspace/.derivedData/Build/Intermediates.noindex/ComposableRequest.build/Debug-xros/ComposableStorageCrypto-t.build/ComposableStorageCrypto.DependencyMetadataFileList --static-metadata-file-list /Users/admin/builder/spi-builder-workspace/.derivedData/Build/Intermediates.noindex/ComposableRequest.build/Debug-xros/ComposableStorageCrypto-t.build/ComposableStorageCrypto.DependencyStaticMetadataFileList --swift-const-vals-list /Users/admin/builder/spi-builder-workspace/.derivedData/Build/Intermediates.noindex/ComposableRequest.build/Debug-xros/ComposableStorageCrypto-t.build/Objects-normal/arm64/ComposableStorageCrypto.SwiftConstValuesFileList --force --compile-time-extraction --deployment-aware-processing --no-app-shortcuts-localization
2026-09-17 16:41:52.751 appintentsmetadataprocessor[959:5758] Starting appintentsmetadataprocessor export
2026-09-17 16:41:52.812 appintentsmetadataprocessor[959:5758] Extracted no relevant App Intents symbols, skipping writing output
SwiftExplicitDependencyGeneratePcm arm64 /Users/admin/builder/spi-builder-workspace/.derivedData/SDKExplicitPrecompiledModules/CoreTransferable-8TBYAKHCX6UC8QQSS7BD8GQK5.pcm
SwiftExplicitDependencyGeneratePcm arm64 /Users/admin/builder/spi-builder-workspace/.derivedData/SDKExplicitPrecompiledModules/ImageIO-5CC6COR9KJYI1UBL7CSHLU2OG.pcm
SwiftExplicitDependencyGeneratePcm arm64 /Users/admin/builder/spi-builder-workspace/.derivedData/SDKExplicitPrecompiledModules/DataDetection-BANTQ3WXXGKZJYC0LLB3MD9K0.pcm
SwiftExplicitDependencyGeneratePcm arm64 /Users/admin/builder/spi-builder-workspace/.derivedData/SDKExplicitPrecompiledModules/IOSurface-5FE9U89GVFF9A7X7AGO2R8ENI.pcm
SwiftExplicitDependencyGeneratePcm arm64 /Users/admin/builder/spi-builder-workspace/.derivedData/SDKExplicitPrecompiledModules/UniformTypeIdentifiers-E5KMWDZEKS4QW9RO1KBRDEXV6.pcm
SwiftExplicitDependencyGeneratePcm arm64 /Users/admin/builder/spi-builder-workspace/.derivedData/SDKExplicitPrecompiledModules/DeveloperToolsSupport-46GOQP8J1QTHLYQSJW81T8UZ3.pcm
SwiftExplicitDependencyGeneratePcm arm64 /Users/admin/builder/spi-builder-workspace/.derivedData/SDKExplicitPrecompiledModules/_Builtin_intrinsics-BC5IJI3YI34RQ61ZNVDRDZ6RN.pcm
SwiftExplicitDependencyGeneratePcm arm64 /Users/admin/builder/spi-builder-workspace/.derivedData/SDKExplicitPrecompiledModules/_LocationEssentials-8GQGFVARUE99D8VJX3TINY0VP.pcm
SwiftExplicitDependencyGeneratePcm arm64 /Users/admin/builder/spi-builder-workspace/.derivedData/SDKExplicitPrecompiledModules/MachO-3XTHY7HWV6RF3KXKYQVHUBUXK.pcm
SwiftExplicitDependencyGeneratePcm arm64 /Users/admin/builder/spi-builder-workspace/.derivedData/SDKExplicitPrecompiledModules/UIUtilities-AOVGLUWEAN6CG2UZFNESGSP6C.pcm
SwiftExplicitDependencyGeneratePcm arm64 /Users/admin/builder/spi-builder-workspace/.derivedData/SDKExplicitPrecompiledModules/CoreText-6F9TY5TEPCCZ1K2KYM4GMEGHD.pcm
SwiftExplicitDependencyGeneratePcm arm64 /Users/admin/builder/spi-builder-workspace/.derivedData/SDKExplicitPrecompiledModules/Accessibility-1DR4J4YDVDGAYQTZ0FKZ1PU09.pcm
SwiftExplicitDependencyGeneratePcm arm64 /Users/admin/builder/spi-builder-workspace/.derivedData/SDKExplicitPrecompiledModules/_Builtin_stdatomic-1VUZPM79PNCAHXVBERD53WRSF.pcm
SwiftExplicitDependencyGeneratePcm arm64 /Users/admin/builder/spi-builder-workspace/.derivedData/SDKExplicitPrecompiledModules/FileProvider-C9I28SI56F2SEVH1BCWTKGODO.pcm
SwiftExplicitDependencyGeneratePcm arm64 /Users/admin/builder/spi-builder-workspace/.derivedData/SDKExplicitPrecompiledModules/dnssd-CCUV1M8EULNEQJUXO7L0PJAL4.pcm
SwiftExplicitDependencyGeneratePcm arm64 /Users/admin/builder/spi-builder-workspace/.derivedData/SDKExplicitPrecompiledModules/UserNotifications-8IIV1V1FPNAPA4LY1Y23LOM2N.pcm
SwiftExplicitDependencyGeneratePcm arm64 /Users/admin/builder/spi-builder-workspace/.derivedData/SDKExplicitPrecompiledModules/OpenGLES-56BKSYXNVAP91BYZRWAKQZKGI.pcm
SwiftExplicitDependencyGeneratePcm arm64 /Users/admin/builder/spi-builder-workspace/.derivedData/SDKExplicitPrecompiledModules/Metal-EKNUM9P3PRIBHZK1ZBD6BA2T7.pcm
SwiftExplicitDependencyGeneratePcm arm64 /Users/admin/builder/spi-builder-workspace/.derivedData/SDKExplicitPrecompiledModules/CoreLocation-1SN37095DAPVJ068LLP9TBDQX.pcm
SwiftExplicitDependencyGeneratePcm arm64 /Users/admin/builder/spi-builder-workspace/.derivedData/SDKExplicitPrecompiledModules/_Builtin_tgmath-BPYSMHWI520EQRL2HW519ZY7Z.pcm
SwiftExplicitDependencyGeneratePcm arm64 /Users/admin/builder/spi-builder-workspace/.derivedData/SDKExplicitPrecompiledModules/os-1004XEJ3IXOOAU0KL58SM3D0K.pcm
SwiftExplicitDependencyGeneratePcm arm64 /Users/admin/builder/spi-builder-workspace/.derivedData/SDKExplicitPrecompiledModules/Symbols-8G2XC01RPQ5HYIZE6JNUT864I.pcm
SwiftExplicitDependencyGeneratePcm arm64 /Users/admin/builder/spi-builder-workspace/.derivedData/SDKExplicitPrecompiledModules/Network-EQPZZF3W6BWG89K0PY9NZO3T0.pcm
SwiftExplicitDependencyGeneratePcm arm64 /Users/admin/builder/spi-builder-workspace/.derivedData/SDKExplicitPrecompiledModules/CoreMotion-10LV922UPGE28QX2SOIO7ALIZ.pcm
SwiftExplicitDependencyGeneratePcm arm64 /Users/admin/builder/spi-builder-workspace/.derivedData/SDKExplicitPrecompiledModules/OSLog-BNGT87TS0GMBFF7TY70HHB69.pcm
SwiftExplicitDependencyGeneratePcm arm64 /Users/admin/builder/spi-builder-workspace/.derivedData/SDKExplicitPrecompiledModules/simd-9XXAB17Y6E4BBPQADD61NZ23.pcm
SwiftExplicitDependencyGeneratePcm arm64 /Users/admin/builder/spi-builder-workspace/.derivedData/SDKExplicitPrecompiledModules/CoreVideo-E12HJSJSLO0YKWYBES11UKJ02.pcm
SwiftExplicitDependencyGeneratePcm arm64 /Users/admin/builder/spi-builder-workspace/.derivedData/SDKExplicitPrecompiledModules/QuartzCore-12T8WVKUNCL1N7VXH87MM4YOB.pcm
SwiftExplicitDependencyGeneratePcm arm64 /Users/admin/builder/spi-builder-workspace/.derivedData/SDKExplicitPrecompiledModules/CoreImage-8WF1P230U10QM666EQMNV7OF1.pcm
SwiftExplicitDependencyGeneratePcm arm64 /Users/admin/builder/spi-builder-workspace/.derivedData/SDKExplicitPrecompiledModules/UIKit-2D2PMAAE45TMO6S28UCGCO5BR.pcm
SwiftExplicitDependencyGeneratePcm arm64 /Users/admin/builder/spi-builder-workspace/.derivedData/SDKExplicitPrecompiledModules/Spatial-5E0I2846LO3ZE24CSVR2O57TI.pcm
SwiftExplicitDependencyGeneratePcm arm64 /Users/admin/builder/spi-builder-workspace/.derivedData/SDKExplicitPrecompiledModules/SwiftUICore-6OBBMA39VFD4CB6SG2PE41FAP.pcm
SwiftExplicitDependencyGeneratePcm arm64 /Users/admin/builder/spi-builder-workspace/.derivedData/SDKExplicitPrecompiledModules/WebKit-BIQTA3F8AT12VFQGOTXW8E4NN.pcm
SwiftEmitModule normal arm64 Emitting\ module\ for\ Swiftagram (in target 'Swiftagram' from project 'Swiftagram')
SwiftCompile normal arm64 (in target 'Swiftagram' from project 'Swiftagram')
cd /Users/admin/builder/spi-builder-workspace/.swiftpm/xcode
SwiftCompile normal arm64 Compiling\ Endpoint+TagPosts.swift,\ Endpoint+ManyUsers.swift,\ Endpoint+User.swift,\ Endpoint+Users.swift,\ @_exported.swift,\ Agnostic.swift /Users/admin/builder/spi-builder-workspace/Sources/Swiftagram/Endpoints/Tag/Endpoint+TagPosts.swift /Users/admin/builder/spi-builder-workspace/Sources/Swiftagram/Endpoints/User/Endpoint+ManyUsers.swift /Users/admin/builder/spi-builder-workspace/Sources/Swiftagram/Endpoints/User/Endpoint+User.swift /Users/admin/builder/spi-builder-workspace/Sources/Swiftagram/Endpoints/User/Endpoint+Users.swift /Users/admin/builder/spi-builder-workspace/Sources/Swiftagram/Extensions/@_exported.swift /Users/admin/builder/spi-builder-workspace/Sources/Swiftagram/Extensions/Agnostic.swift (in target 'Swiftagram' from project 'Swiftagram')
SwiftCompile normal arm64 /Users/admin/builder/spi-builder-workspace/Sources/Swiftagram/Endpoints/Tag/Endpoint+TagPosts.swift (in target 'Swiftagram' from project 'Swiftagram')
cd /Users/admin/builder/spi-builder-workspace/.swiftpm/xcode
builtin-SwiftPerFileCompile Endpoint+TagPosts.swift
SwiftCompile normal arm64 /Users/admin/builder/spi-builder-workspace/Sources/Swiftagram/Endpoints/User/Endpoint+ManyUsers.swift (in target 'Swiftagram' from project 'Swiftagram')
cd /Users/admin/builder/spi-builder-workspace/.swiftpm/xcode
builtin-SwiftPerFileCompile Endpoint+ManyUsers.swift
SwiftCompile normal arm64 /Users/admin/builder/spi-builder-workspace/Sources/Swiftagram/Endpoints/User/Endpoint+User.swift (in target 'Swiftagram' from project 'Swiftagram')
cd /Users/admin/builder/spi-builder-workspace/.swiftpm/xcode
builtin-SwiftPerFileCompile Endpoint+User.swift
SwiftCompile normal arm64 /Users/admin/builder/spi-builder-workspace/Sources/Swiftagram/Endpoints/User/Endpoint+Users.swift (in target 'Swiftagram' from project 'Swiftagram')
cd /Users/admin/builder/spi-builder-workspace/.swiftpm/xcode
builtin-SwiftPerFileCompile Endpoint+Users.swift
SwiftCompile normal arm64 /Users/admin/builder/spi-builder-workspace/Sources/Swiftagram/Extensions/@_exported.swift (in target 'Swiftagram' from project 'Swiftagram')
cd /Users/admin/builder/spi-builder-workspace/.swiftpm/xcode
builtin-SwiftPerFileCompile @_exported.swift
SwiftCompile normal arm64 /Users/admin/builder/spi-builder-workspace/Sources/Swiftagram/Extensions/Agnostic.swift (in target 'Swiftagram' from project 'Swiftagram')
cd /Users/admin/builder/spi-builder-workspace/.swiftpm/xcode
builtin-SwiftPerFileCompile Agnostic.swift
SwiftCompile normal arm64 Compiling\ AuthenticationError.swift,\ Comment.swift,\ Conversation.swift,\ Friendship.swift,\ Location.swift,\ Media.swift /Users/admin/builder/spi-builder-workspace/Sources/Swiftagram/Models/Errors/AuthenticationError.swift /Users/admin/builder/spi-builder-workspace/Sources/Swiftagram/Models/Specialized/Comment.swift /Users/admin/builder/spi-builder-workspace/Sources/Swiftagram/Models/Specialized/Conversation.swift /Users/admin/builder/spi-builder-workspace/Sources/Swiftagram/Models/Specialized/Friendship.swift /Users/admin/builder/spi-builder-workspace/Sources/Swiftagram/Models/Specialized/Location.swift /Users/admin/builder/spi-builder-workspace/Sources/Swiftagram/Models/Specialized/Media.swift (in target 'Swiftagram' from project 'Swiftagram')
SwiftCompile normal arm64 /Users/admin/builder/spi-builder-workspace/Sources/Swiftagram/Models/Errors/AuthenticationError.swift (in target 'Swiftagram' from project 'Swiftagram')
cd /Users/admin/builder/spi-builder-workspace/.swiftpm/xcode
builtin-SwiftPerFileCompile AuthenticationError.swift
SwiftCompile normal arm64 /Users/admin/builder/spi-builder-workspace/Sources/Swiftagram/Models/Specialized/Comment.swift (in target 'Swiftagram' from project 'Swiftagram')
cd /Users/admin/builder/spi-builder-workspace/.swiftpm/xcode
builtin-SwiftPerFileCompile Comment.swift
SwiftCompile normal arm64 /Users/admin/builder/spi-builder-workspace/Sources/Swiftagram/Models/Specialized/Conversation.swift (in target 'Swiftagram' from project 'Swiftagram')
cd /Users/admin/builder/spi-builder-workspace/.swiftpm/xcode
builtin-SwiftPerFileCompile Conversation.swift
SwiftCompile normal arm64 /Users/admin/builder/spi-builder-workspace/Sources/Swiftagram/Models/Specialized/Friendship.swift (in target 'Swiftagram' from project 'Swiftagram')
cd /Users/admin/builder/spi-builder-workspace/.swiftpm/xcode
builtin-SwiftPerFileCompile Friendship.swift
SwiftCompile normal arm64 /Users/admin/builder/spi-builder-workspace/Sources/Swiftagram/Models/Specialized/Location.swift (in target 'Swiftagram' from project 'Swiftagram')
cd /Users/admin/builder/spi-builder-workspace/.swiftpm/xcode
builtin-SwiftPerFileCompile Location.swift
SwiftCompile normal arm64 /Users/admin/builder/spi-builder-workspace/Sources/Swiftagram/Models/Specialized/Media.swift (in target 'Swiftagram' from project 'Swiftagram')
cd /Users/admin/builder/spi-builder-workspace/.swiftpm/xcode
builtin-SwiftPerFileCompile Media.swift
SwiftCompile normal arm64 Compiling\ Authenticator+Visual.swift,\ AuthenticatorWebView.swift,\ Application.swift,\ Client.swift,\ Device.swift,\ LegacyDevice.swift /Users/admin/builder/spi-builder-workspace/Sources/Swiftagram/Authentication/Visual/Authenticator+Visual.swift /Users/admin/builder/spi-builder-workspace/Sources/Swiftagram/Authentication/Visual/AuthenticatorWebView.swift /Users/admin/builder/spi-builder-workspace/Sources/Swiftagram/Client/Application.swift /Users/admin/builder/spi-builder-workspace/Sources/Swiftagram/Client/Client.swift /Users/admin/builder/spi-builder-workspace/Sources/Swiftagram/Client/Device.swift /Users/admin/builder/spi-builder-workspace/Sources/Swiftagram/Client/LegacyDevice.swift (in target 'Swiftagram' from project 'Swiftagram')
/Users/admin/builder/spi-builder-workspace/Sources/Swiftagram/Authentication/Visual/AuthenticatorWebView.swift:48:23: warning: 'processPool' was deprecated in visionOS 1.0: Creating and using multiple instances of WKProcessPool no longer has any effect. [#DeprecatedDeclaration]
46 | required init(client: Client) {
47 | let configuration = WKWebViewConfiguration()
48 | configuration.processPool = WKProcessPool()
| `- warning: 'processPool' was deprecated in visionOS 1.0: Creating and using multiple instances of WKProcessPool no longer has any effect. [#DeprecatedDeclaration]
49 | configuration.userContentController
50 | .addUserScript(
/Users/admin/builder/spi-builder-workspace/Sources/Swiftagram/Authentication/Visual/AuthenticatorWebView.swift:48:37: warning: 'WKProcessPool' was deprecated in visionOS 1.0: Creating and using multiple instances of WKProcessPool no longer has any effect. [#DeprecatedDeclaration]
46 | required init(client: Client) {
47 | let configuration = WKWebViewConfiguration()
48 | configuration.processPool = WKProcessPool()
| `- warning: 'WKProcessPool' was deprecated in visionOS 1.0: Creating and using multiple instances of WKProcessPool no longer has any effect. [#DeprecatedDeclaration]
49 | configuration.userContentController
50 | .addUserScript(
/Users/admin/builder/spi-builder-workspace/Sources/Swiftagram/Client/Client.swift:103:62: warning: 'languageCode' was deprecated in iOS 1.0: renamed to 'language.languageCode.identifier' [#DeprecatedDeclaration]
101 | return .init(application: .iOS(),
102 | device: .iOS("iOS " + UIDevice.current.systemVersion.replacingOccurrences(of: ".", with: "_"),
103 | language: NSLocale.current.languageCode ?? "en_US",
| |- warning: 'languageCode' was deprecated in iOS 1.0: renamed to 'language.languageCode.identifier' [#DeprecatedDeclaration]
| `- note: use 'language.languageCode.identifier' instead
104 | model: identifier,
105 | resolution: .init(width: Int(UIScreen.main.nativeBounds.width),
/Users/admin/builder/spi-builder-workspace/Sources/Swiftagram/Client/Client.swift:105:64: error: 'UIScreen' is unavailable in visionOS
103 | language: NSLocale.current.languageCode ?? "en_US",
104 | model: identifier,
105 | resolution: .init(width: Int(UIScreen.main.nativeBounds.width),
| `- error: 'UIScreen' is unavailable in visionOS
106 | height: Int(UIScreen.main.nativeBounds.height),
107 | scale: Int(UIScreen.main.scale),
/Applications/Xcode-27.0.0-Release.Candidate.app/Contents/Developer/Platforms/XROS.platform/Developer/SDKs/XROS27.0.sdk/System/Library/Frameworks/UIKit.framework/Headers/UIScreen.h:54:12: note: 'UIScreen' has been explicitly marked unavailable here
52 |
53 | UIKIT_EXTERN API_AVAILABLE(ios(2.0)) API_UNAVAILABLE(visionos, watchos) NS_SWIFT_UI_ACTOR
54 | @interface UIScreen : NSObject <UITraitEnvironment>
| `- note: 'UIScreen' has been explicitly marked unavailable here
55 |
56 | @property(class, nonatomic, readonly) NSArray<UIScreen *> *screens API_DEPRECATED("Use UIApplication.shared.openSessions to find open sessions with scenes from other screens", ios(3.2, 16.0), visionos(1.0, 1.0)) API_UNAVAILABLE(watchos); // all screens currently attached to the device
/Users/admin/builder/spi-builder-workspace/Sources/Swiftagram/Client/Client.swift:106:65: error: 'UIScreen' is unavailable in visionOS
104 | model: identifier,
105 | resolution: .init(width: Int(UIScreen.main.nativeBounds.width),
106 | height: Int(UIScreen.main.nativeBounds.height),
| `- error: 'UIScreen' is unavailable in visionOS
107 | scale: Int(UIScreen.main.scale),
108 | dpi: 458)))
/Applications/Xcode-27.0.0-Release.Candidate.app/Contents/Developer/Platforms/XROS.platform/Developer/SDKs/XROS27.0.sdk/System/Library/Frameworks/UIKit.framework/Headers/UIScreen.h:54:12: note: 'UIScreen' has been explicitly marked unavailable here
52 |
53 | UIKIT_EXTERN API_AVAILABLE(ios(2.0)) API_UNAVAILABLE(visionos, watchos) NS_SWIFT_UI_ACTOR
54 | @interface UIScreen : NSObject <UITraitEnvironment>
| `- note: 'UIScreen' has been explicitly marked unavailable here
55 |
56 | @property(class, nonatomic, readonly) NSArray<UIScreen *> *screens API_DEPRECATED("Use UIApplication.shared.openSessions to find open sessions with scenes from other screens", ios(3.2, 16.0), visionos(1.0, 1.0)) API_UNAVAILABLE(watchos); // all screens currently attached to the device
/Users/admin/builder/spi-builder-workspace/Sources/Swiftagram/Client/Client.swift:107:64: error: 'UIScreen' is unavailable in visionOS
105 | resolution: .init(width: Int(UIScreen.main.nativeBounds.width),
106 | height: Int(UIScreen.main.nativeBounds.height),
107 | scale: Int(UIScreen.main.scale),
| `- error: 'UIScreen' is unavailable in visionOS
108 | dpi: 458)))
109 | }
/Applications/Xcode-27.0.0-Release.Candidate.app/Contents/Developer/Platforms/XROS.platform/Developer/SDKs/XROS27.0.sdk/System/Library/Frameworks/UIKit.framework/Headers/UIScreen.h:54:12: note: 'UIScreen' has been explicitly marked unavailable here
52 |
53 | UIKIT_EXTERN API_AVAILABLE(ios(2.0)) API_UNAVAILABLE(visionos, watchos) NS_SWIFT_UI_ACTOR
54 | @interface UIScreen : NSObject <UITraitEnvironment>
| `- note: 'UIScreen' has been explicitly marked unavailable here
55 |
56 | @property(class, nonatomic, readonly) NSArray<UIScreen *> *screens API_DEPRECATED("Use UIApplication.shared.openSessions to find open sessions with scenes from other screens", ios(3.2, 16.0), visionos(1.0, 1.0)) API_UNAVAILABLE(watchos); // all screens currently attached to the device
[#DeprecatedDeclaration]: <https://docs.swift.org/compiler/documentation/diagnostics/deprecated-declaration>
Failed frontend command:
SwiftCompile normal arm64 /Users/admin/builder/spi-builder-workspace/Sources/Swiftagram/Authentication/Visual/Authenticator+Visual.swift (in target 'Swiftagram' from project 'Swiftagram')
cd /Users/admin/builder/spi-builder-workspace/.swiftpm/xcode
builtin-SwiftPerFileCompile Authenticator+Visual.swift
SwiftCompile normal arm64 /Users/admin/builder/spi-builder-workspace/Sources/Swiftagram/Authentication/Visual/AuthenticatorWebView.swift (in target 'Swiftagram' from project 'Swiftagram')
cd /Users/admin/builder/spi-builder-workspace/.swiftpm/xcode
builtin-SwiftPerFileCompile AuthenticatorWebView.swift
SwiftCompile normal arm64 /Users/admin/builder/spi-builder-workspace/Sources/Swiftagram/Client/Application.swift (in target 'Swiftagram' from project 'Swiftagram')
cd /Users/admin/builder/spi-builder-workspace/.swiftpm/xcode
builtin-SwiftPerFileCompile Application.swift
SwiftCompile normal arm64 /Users/admin/builder/spi-builder-workspace/Sources/Swiftagram/Client/Client.swift (in target 'Swiftagram' from project 'Swiftagram')
cd /Users/admin/builder/spi-builder-workspace/.swiftpm/xcode
builtin-SwiftPerFileCompile Client.swift
SwiftCompile normal arm64 /Users/admin/builder/spi-builder-workspace/Sources/Swiftagram/Client/Device.swift (in target 'Swiftagram' from project 'Swiftagram')
cd /Users/admin/builder/spi-builder-workspace/.swiftpm/xcode
builtin-SwiftPerFileCompile Device.swift
SwiftCompile normal arm64 /Users/admin/builder/spi-builder-workspace/Sources/Swiftagram/Client/LegacyDevice.swift (in target 'Swiftagram' from project 'Swiftagram')
cd /Users/admin/builder/spi-builder-workspace/.swiftpm/xcode
builtin-SwiftPerFileCompile LegacyDevice.swift
/Applications/Xcode-27.0.0-Release.Candidate.app/Contents/Developer/Toolchains/XcodeDefault.xctoolchain/usr/bin/swift-frontend -frontend -c /Users/admin/builder/spi-builder-workspace/Sources/Swiftagram/Authentication/Authentication.swift /Users/admin/builder/spi-builder-workspace/Sources/Swiftagram/Authentication/Authenticator+Error.swift /Users/admin/builder/spi-builder-workspace/Sources/Swiftagram/Authentication/Authenticator+Key.swift /Users/admin/builder/spi-builder-workspace/Sources/Swiftagram/Authentication/Authenticator+Keys.swift /Users/admin/builder/spi-builder-workspace/Sources/Swiftagram/Authentication/Authenticator.swift /Users/admin/builder/spi-builder-workspace/Sources/Swiftagram/Authentication/Secret.swift -primary-file /Users/admin/builder/spi-builder-workspace/Sources/Swiftagram/Authentication/Visual/Authenticator+Visual.swift -primary-file /Users/admin/builder/spi-builder-workspace/Sources/Swiftagram/Authentication/Visual/AuthenticatorWebView.swift -primary-file /Users/admin/builder/spi-builder-workspace/Sources/Swiftagram/Client/Application.swift -primary-file /Users/admin/builder/spi-builder-workspace/Sources/Swiftagram/Client/Client.swift -primary-file /Users/admin/builder/spi-builder-workspace/Sources/Swiftagram/Client/Device.swift -primary-file /Users/admin/builder/spi-builder-workspace/Sources/Swiftagram/Client/LegacyDevice.swift /Users/admin/builder/spi-builder-workspace/Sources/Swiftagram/Endpoints/Archived/Endpoint+Archived.swift /Users/admin/builder/spi-builder-workspace/Sources/Swiftagram/Endpoints/Direct/Endpoint+Conversation.swift /Users/admin/builder/spi-builder-workspace/Sources/Swiftagram/Endpoints/Direct/Endpoint+ConversationRequest.swift /Users/admin/builder/spi-builder-workspace/Sources/Swiftagram/Endpoints/Direct/Endpoint+Direct.swift /Users/admin/builder/spi-builder-workspace/Sources/Swiftagram/Endpoints/Direct/Endpoint+Message.swift /Users/admin/builder/spi-builder-workspace/Sources/Swiftagram/Endpoints/Endpoint.swift /Users/admin/builder/spi-builder-workspace/Sources/Swiftagram/Endpoints/Explore/Endpoint+Explore.swift /Users/admin/builder/spi-builder-workspace/Sources/Swiftagram/Endpoints/Location/Endpoint+Location.swift /Users/admin/builder/spi-builder-workspace/Sources/Swiftagram/Endpoints/Location/Endpoint+LocationPosts.swift /Users/admin/builder/spi-builder-workspace/Sources/Swiftagram/Endpoints/Media/Endpoint+Comment.swift /Users/admin/builder/spi-builder-workspace/Sources/Swiftagram/Endpoints/Media/Endpoint+ManyComments.swift /Users/admin/builder/spi-builder-workspace/Sources/Swiftagram/Endpoints/Media/Endpoint+Media.swift /Users/admin/builder/spi-builder-workspace/Sources/Swiftagram/Endpoints/Posts/Endpoint+Posts.swift /Users/admin/builder/spi-builder-workspace/Sources/Swiftagram/Endpoints/Recent/Endpoint+Recent.swift /Users/admin/builder/spi-builder-workspace/Sources/Swiftagram/Endpoints/Saved/Endpoint+Saved.swift /Users/admin/builder/spi-builder-workspace/Sources/Swiftagram/Endpoints/Saved/Endpoint+SavedCollection.swift /Users/admin/builder/spi-builder-workspace/Sources/Swiftagram/Endpoints/Stories/Endpoint+Stories.swift /Users/admin/builder/spi-builder-workspace/Sources/Swiftagram/Endpoints/Tag/Endpoint+Tag.swift /Users/admin/builder/spi-builder-workspace/Sources/Swiftagram/Endpoints/Tag/Endpoint+TagPosts.swift /Users/admin/builder/spi-builder-workspace/Sources/Swiftagram/Endpoints/User/Endpoint+ManyUsers.swift /Users/admin/builder/spi-builder-workspace/Sources/Swiftagram/Endpoints/User/Endpoint+User.swift /Users/admin/builder/spi-builder-workspace/Sources/Swiftagram/Endpoints/User/Endpoint+Users.swift /Users/admin/builder/spi-builder-workspace/Sources/Swiftagram/Extensions/@_exported.swift /Users/admin/builder/spi-builder-workspace/Sources/Swiftagram/Extensions/Agnostic.swift /Users/admin/builder/spi-builder-workspace/Sources/Swiftagram/Extensions/Constants.swift /Users/admin/builder/spi-builder-workspace/Sources/Swiftagram/Extensions/HTTPCookie.swift /Users/admin/builder/spi-builder-workspace/Sources/Swiftagram/Extensions/Header.swift /Users/admin/builder/spi-builder-workspace/Sources/Swiftagram/Extensions/Paginatable.swift /Users/admin/builder/spi-builder-workspace/Sources/Swiftagram/Extensions/Publisher.swift /Users/admin/builder/spi-builder-workspace/Sources/Swiftagram/Extensions/URLSession.swift /Users/admin/builder/spi-builder-workspace/Sources/Swiftagram/Models/Errors/AuthenticationError.swift /Users/admin/builder/spi-builder-workspace/Sources/Swiftagram/Models/Specialized/Comment.swift /Users/admin/builder/spi-builder-workspace/Sources/Swiftagram/Models/Specialized/Conversation.swift /Users/admin/builder/spi-builder-workspace/Sources/Swiftagram/Models/Specialized/Friendship.swift /Users/admin/builder/spi-builder-workspace/Sources/Swiftagram/Models/Specialized/Location.swift /Users/admin/builder/spi-builder-workspace/Sources/Swiftagram/Models/Specialized/Media.swift /Users/admin/builder/spi-builder-workspace/Sources/Swiftagram/Models/Specialized/Recipient.swift /Users/admin/builder/spi-builder-workspace/Sources/Swiftagram/Models/Specialized/SavedCollection.swift /Users/admin/builder/spi-builder-workspace/Sources/Swiftagram/Models/Specialized/Section.swift /Users/admin/builder/spi-builder-workspace/Sources/Swiftagram/Models/Specialized/Specialized.swift /Users/admin/builder/spi-builder-workspace/Sources/Swiftagram/Models/Specialized/Status.swift /Users/admin/builder/spi-builder-workspace/Sources/Swiftagram/Models/Specialized/Sticker.swift /Users/admin/builder/spi-builder-workspace/Sources/Swiftagram/Models/Specialized/Tag.swift /Users/admin/builder/spi-builder-workspace/Sources/Swiftagram/Models/Specialized/TrayItem.swift /Users/admin/builder/spi-builder-workspace/Sources/Swiftagram/Models/Specialized/User.swift /Users/admin/builder/spi-builder-workspace/Sources/Swiftagram/Models/Specialized/UserTag.swift -supplementary-output-file-map /Users/admin/builder/spi-builder-workspace/.derivedData/Build/Intermediates.noindex/Swiftagram.build/Debug-xros/Swiftagram-t.build/Objects-normal/arm64/supplementaryOutputs-12 -target arm64-apple-xros1.0 -module-can-import SwCrypt -module-can-import-version UIKit 9127.0.84.1 9127.0.84 -module-can-import-version WebKit 7625.1.29.14 625.1.29 -disable-cross-import-overlay-search -swift-module-cross-import WebKit /Applications/Xcode-27.0.0-Release.Candidate.app/Contents/Developer/Platforms/XROS.platform/Developer/SDKs/XROS.sdk/System/Library/Frameworks/WebKit.framework/Modules/WebKit.swiftcrossimport/SwiftUI.swiftoverlay -swift-module-cross-import WebKit /Applications/Xcode-27.0.0-Release.Candidate.app/Contents/Developer/Platforms/XROS.platform/Developer/SDKs/XROS27.0.sdk/System/Library/Frameworks/WebKit.framework/Modules/WebKit.swiftcrossimport/SwiftUI.swiftoverlay -load-resolved-plugin /Applications/Xcode-27.0.0-Release.Candidate.app/Contents/Developer/Platforms/XROS.platform/Developer/usr/lib/swift/host/plugins/libFoundationMacros.dylib\#/Applications/Xcode-27.0.0-Release.Candidate.app/Contents/Developer/Platforms/XROS.platform/Developer/usr/bin/swift-plugin-server\#FoundationMacros -load-resolved-plugin /Applications/Xcode-27.0.0-Release.Candidate.app/Contents/Developer/Platforms/XROS.platform/Developer/usr/lib/swift/host/plugins/libObservationMacros.dylib\#/Applications/Xcode-27.0.0-Release.Candidate.app/Contents/Developer/Platforms/XROS.platform/Developer/usr/bin/swift-plugin-server\#ObservationMacros -load-resolved-plugin /Applications/Xcode-27.0.0-Release.Candidate.app/Contents/Developer/Platforms/XROS.platform/Developer/usr/lib/swift/host/plugins/libPreviewsMacros.dylib\#/Applications/Xcode-27.0.0-Release.Candidate.app/Contents/Developer/Platforms/XROS.platform/Developer/usr/bin/swift-plugin-server\#PreviewsMacros -load-resolved-plugin /Applications/Xcode-27.0.0-Release.Candidate.app/Contents/Developer/Platforms/XROS.platform/Developer/usr/lib/swift/host/plugins/libSwiftMacros.dylib\#/Applications/Xcode-27.0.0-Release.Candidate.app/Contents/Developer/Platforms/XROS.platform/Developer/usr/bin/swift-plugin-server\#SwiftMacros -load-resolved-plugin /Applications/Xcode-27.0.0-Release.Candidate.app/Contents/Developer/Platforms/XROS.platform/Developer/usr/lib/swift/host/plugins/libSwiftUIMacros.dylib\#/Applications/Xcode-27.0.0-Release.Candidate.app/Contents/Developer/Platforms/XROS.platform/Developer/usr/bin/swift-plugin-server\#SwiftUIMacros -disable-implicit-swift-modules -Xcc -fno-implicit-modules -Xcc -fno-implicit-module-maps -explicit-swift-module-map-file /Users/admin/builder/spi-builder-workspace/.derivedData/Build/Intermediates.noindex/Swiftagram.build/Debug-xros/Swiftagram-t.build/Objects-normal/arm64/Swiftagram-dependencies-1.json -Xllvm -aarch64-use-tbi -enable-objc-interop -stack-check -sdk /Applications/Xcode-27.0.0-Release.Candidate.app/Contents/Developer/Platforms/XROS.platform/Developer/SDKs/XROS27.0.sdk -I /Users/admin/builder/spi-builder-workspace/.derivedData/Build/Products/Debug-xros -Isystem /Applications/Xcode-27.0.0-Release.Candidate.app/Contents/Developer/Platforms/XROS.platform/Developer/usr/lib -F /Users/admin/builder/spi-builder-workspace/.derivedData/Build/Products/Debug-xros/PackageFrameworks -F /Users/admin/builder/spi-builder-workspace/.derivedData/Build/Products/Debug-xros -F /Applications/Xcode-27.0.0-Release.Candidate.app/Contents/Developer/Platforms/XROS.platform/Developer/Library/Frameworks -F /Applications/Xcode-27.0.0-Release.Candidate.app/Contents/Developer/Platforms/XROS.platform/Developer/SDKs/XROS27.0.sdk/Developer/Library/Frameworks -module-cache-path /Users/admin/builder/spi-builder-workspace/.derivedData/Build/Intermediates.noindex/SwiftExplicitPrecompiledModules -no-color-diagnostics -Xcc -fno-color-diagnostics -enable-testing -g -debug-info-format\=dwarf -dwarf-version\=4 -profile-generate -profile-coverage-mapping -swift-version 5 -Onone -D SWIFT_PACKAGE -D DEBUG -D SWIFT_MODULE_RESOURCE_BUNDLE_UNAVAILABLE -D Xcode -serialize-debugging-options -enable-experimental-feature DebugDescriptionMacro -empty-abi-descriptor -validate-clang-modules-once -clang-build-session-file /Users/admin/builder/spi-builder-workspace/.derivedData/ModuleCache.noindex/Session.modulevalidation -Xcc -working-directory -Xcc /Users/admin/builder/spi-builder-workspace/.swiftpm/xcode -enable-anonymous-context-mangled-names -file-compilation-dir /Users/admin/builder/spi-builder-workspace/.swiftpm/xcode -Xcc -D_LIBCPP_HARDENING_MODE\=_LIBCPP_HARDENING_MODE_DEBUG -Xcc -ivfsstatcache -Xcc /Users/admin/builder/spi-builder-workspace/.derivedData/SDKStatCaches.noindex/xros27.0-24M361-e829b21a6f8c9b70876ba0858053c044735bd543db762f57723cac368afd1ce4.sdkstatcache -Xcc -fmodules-prune-interval\=86400 -Xcc -fmodules-prune-after\=345600 -Xcc -I/Users/admin/builder/spi-builder-workspace/.derivedData/Build/Products/Debug-xros/include -Xcc -I/Users/admin/builder/spi-builder-workspace/.derivedData/Build/Intermediates.noindex/Swiftagram.build/Debug-xros/Swiftagram-t.build/DerivedSources-normal/arm64 -Xcc -I/Users/admin/builder/spi-builder-workspace/.derivedData/Build/Intermediates.noindex/Swiftagram.build/Debug-xros/Swiftagram-t.build/DerivedSources/arm64 -Xcc -I/Users/admin/builder/spi-builder-workspace/.derivedData/Build/Intermediates.noindex/Swiftagram.build/Debug-xros/Swiftagram-t.build/DerivedSources -Xcc -DSWIFT_PACKAGE -Xcc -DDEBUG\=1 -no-auto-bridging-header-chaining -module-name Swiftagram -const-gather-protocols-file /Users/admin/builder/spi-builder-workspace/.derivedData/Build/Intermediates.noindex/Swiftagram.build/Debug-xros/Swiftagram-t.build/Objects-normal/arm64/Swiftagram_const_extract_protocols.json -disable-clang-spi -clang-target arm64-apple-xros27.0 -target-sdk-version 27.0 -target-sdk-name xros27.0 -in-process-plugin-server-path /Applications/Xcode-27.0.0-Release.Candidate.app/Contents/Developer/Toolchains/XcodeDefault.xctoolchain/usr/lib/swift/host/libSwiftInProcPluginServer.dylib -parse-as-library -o /Users/admin/builder/spi-builder-workspace/.derivedData/Build/Intermediates.noindex/Swiftagram.build/Debug-xros/Swiftagram-t.build/Objects-normal/arm64/Authenticator+Visual.o -o /Users/admin/builder/spi-builder-workspace/.derivedData/Build/Intermediates.noindex/Swiftagram.build/Debug-xros/Swiftagram-t.build/Objects-normal/arm64/AuthenticatorWebView.o -o /Users/admin/builder/spi-builder-workspace/.derivedData/Build/Intermediates.noindex/Swiftagram.build/Debug-xros/Swiftagram-t.build/Objects-normal/arm64/Application.o -o /Users/admin/builder/spi-builder-workspace/.derivedData/Build/Intermediates.noindex/Swiftagram.build/Debug-xros/Swiftagram-t.build/Objects-normal/arm64/Client.o -o /Users/admin/builder/spi-builder-workspace/.derivedData/Build/Intermediates.noindex/Swiftagram.build/Debug-xros/Swiftagram-t.build/Objects-normal/arm64/Device.o -o /Users/admin/builder/spi-builder-workspace/.derivedData/Build/Intermediates.noindex/Swiftagram.build/Debug-xros/Swiftagram-t.build/Objects-normal/arm64/LegacyDevice.o -debug-module-path /Users/admin/builder/spi-builder-workspace/.derivedData/Build/Intermediates.noindex/Swiftagram.build/Debug-xros/Swiftagram-t.build/Objects-normal/arm64/Swiftagram.swiftmodule -index-unit-output-path /Swiftagram.build/Debug-xros/Swiftagram-t.build/Objects-normal/arm64/Authenticator+Visual.o -index-unit-output-path /Swiftagram.build/Debug-xros/Swiftagram-t.build/Objects-normal/arm64/AuthenticatorWebView.o -index-unit-output-path /Swiftagram.build/Debug-xros/Swiftagram-t.build/Objects-normal/arm64/Application.o -index-unit-output-path /Swiftagram.build/Debug-xros/Swiftagram-t.build/Objects-normal/arm64/Client.o -index-unit-output-path /Swiftagram.build/Debug-xros/Swiftagram-t.build/Objects-normal/arm64/Device.o -index-unit-output-path /Swiftagram.build/Debug-xros/Swiftagram-t.build/Objects-normal/arm64/LegacyDevice.o -index-store-path /Users/admin/builder/spi-builder-workspace/.derivedData/Index.noindex/DataStore -index-system-modules
SwiftCompile normal arm64 Compiling\ Endpoint+Posts.swift,\ Endpoint+Recent.swift,\ Endpoint+Saved.swift,\ Endpoint+SavedCollection.swift,\ Endpoint+Stories.swift,\ Endpoint+Tag.swift /Users/admin/builder/spi-builder-workspace/Sources/Swiftagram/Endpoints/Posts/Endpoint+Posts.swift /Users/admin/builder/spi-builder-workspace/Sources/Swiftagram/Endpoints/Recent/Endpoint+Recent.swift /Users/admin/builder/spi-builder-workspace/Sources/Swiftagram/Endpoints/Saved/Endpoint+Saved.swift /Users/admin/builder/spi-builder-workspace/Sources/Swiftagram/Endpoints/Saved/Endpoint+SavedCollection.swift /Users/admin/builder/spi-builder-workspace/Sources/Swiftagram/Endpoints/Stories/Endpoint+Stories.swift /Users/admin/builder/spi-builder-workspace/Sources/Swiftagram/Endpoints/Tag/Endpoint+Tag.swift (in target 'Swiftagram' from project 'Swiftagram')
SwiftCompile normal arm64 /Users/admin/builder/spi-builder-workspace/Sources/Swiftagram/Endpoints/Posts/Endpoint+Posts.swift (in target 'Swiftagram' from project 'Swiftagram')
cd /Users/admin/builder/spi-builder-workspace/.swiftpm/xcode
builtin-SwiftPerFileCompile Endpoint+Posts.swift
SwiftCompile normal arm64 /Users/admin/builder/spi-builder-workspace/Sources/Swiftagram/Endpoints/Recent/Endpoint+Recent.swift (in target 'Swiftagram' from project 'Swiftagram')
cd /Users/admin/builder/spi-builder-workspace/.swiftpm/xcode
builtin-SwiftPerFileCompile Endpoint+Recent.swift
SwiftCompile normal arm64 /Users/admin/builder/spi-builder-workspace/Sources/Swiftagram/Endpoints/Saved/Endpoint+Saved.swift (in target 'Swiftagram' from project 'Swiftagram')
cd /Users/admin/builder/spi-builder-workspace/.swiftpm/xcode
builtin-SwiftPerFileCompile Endpoint+Saved.swift
SwiftCompile normal arm64 /Users/admin/builder/spi-builder-workspace/Sources/Swiftagram/Endpoints/Saved/Endpoint+SavedCollection.swift (in target 'Swiftagram' from project 'Swiftagram')
cd /Users/admin/builder/spi-builder-workspace/.swiftpm/xcode
builtin-SwiftPerFileCompile Endpoint+SavedCollection.swift
SwiftCompile normal arm64 /Users/admin/builder/spi-builder-workspace/Sources/Swiftagram/Endpoints/Stories/Endpoint+Stories.swift (in target 'Swiftagram' from project 'Swiftagram')
cd /Users/admin/builder/spi-builder-workspace/.swiftpm/xcode
builtin-SwiftPerFileCompile Endpoint+Stories.swift
SwiftCompile normal arm64 /Users/admin/builder/spi-builder-workspace/Sources/Swiftagram/Endpoints/Tag/Endpoint+Tag.swift (in target 'Swiftagram' from project 'Swiftagram')
cd /Users/admin/builder/spi-builder-workspace/.swiftpm/xcode
builtin-SwiftPerFileCompile Endpoint+Tag.swift
SwiftCompile normal arm64 Compiling\ Recipient.swift,\ SavedCollection.swift,\ Section.swift,\ Specialized.swift,\ Status.swift /Users/admin/builder/spi-builder-workspace/Sources/Swiftagram/Models/Specialized/Recipient.swift /Users/admin/builder/spi-builder-workspace/Sources/Swiftagram/Models/Specialized/SavedCollection.swift /Users/admin/builder/spi-builder-workspace/Sources/Swiftagram/Models/Specialized/Section.swift /Users/admin/builder/spi-builder-workspace/Sources/Swiftagram/Models/Specialized/Specialized.swift /Users/admin/builder/spi-builder-workspace/Sources/Swiftagram/Models/Specialized/Status.swift (in target 'Swiftagram' from project 'Swiftagram')
SwiftCompile normal arm64 /Users/admin/builder/spi-builder-workspace/Sources/Swiftagram/Models/Specialized/Recipient.swift (in target 'Swiftagram' from project 'Swiftagram')
cd /Users/admin/builder/spi-builder-workspace/.swiftpm/xcode
builtin-SwiftPerFileCompile Recipient.swift
SwiftCompile normal arm64 /Users/admin/builder/spi-builder-workspace/Sources/Swiftagram/Models/Specialized/SavedCollection.swift (in target 'Swiftagram' from project 'Swiftagram')
cd /Users/admin/builder/spi-builder-workspace/.swiftpm/xcode
builtin-SwiftPerFileCompile SavedCollection.swift
SwiftCompile normal arm64 /Users/admin/builder/spi-builder-workspace/Sources/Swiftagram/Models/Specialized/Section.swift (in target 'Swiftagram' from project 'Swiftagram')
cd /Users/admin/builder/spi-builder-workspace/.swiftpm/xcode
builtin-SwiftPerFileCompile Section.swift
SwiftCompile normal arm64 /Users/admin/builder/spi-builder-workspace/Sources/Swiftagram/Models/Specialized/Specialized.swift (in target 'Swiftagram' from project 'Swiftagram')
cd /Users/admin/builder/spi-builder-workspace/.swiftpm/xcode
builtin-SwiftPerFileCompile Specialized.swift
SwiftCompile normal arm64 /Users/admin/builder/spi-builder-workspace/Sources/Swiftagram/Models/Specialized/Status.swift (in target 'Swiftagram' from project 'Swiftagram')
cd /Users/admin/builder/spi-builder-workspace/.swiftpm/xcode
builtin-SwiftPerFileCompile Status.swift
SwiftCompile normal arm64 Compiling\ Constants.swift,\ HTTPCookie.swift,\ Header.swift,\ Paginatable.swift,\ Publisher.swift,\ URLSession.swift /Users/admin/builder/spi-builder-workspace/Sources/Swiftagram/Extensions/Constants.swift /Users/admin/builder/spi-builder-workspace/Sources/Swiftagram/Extensions/HTTPCookie.swift /Users/admin/builder/spi-builder-workspace/Sources/Swiftagram/Extensions/Header.swift /Users/admin/builder/spi-builder-workspace/Sources/Swiftagram/Extensions/Paginatable.swift /Users/admin/builder/spi-builder-workspace/Sources/Swiftagram/Extensions/Publisher.swift /Users/admin/builder/spi-builder-workspace/Sources/Swiftagram/Extensions/URLSession.swift (in target 'Swiftagram' from project 'Swiftagram')
SwiftCompile normal arm64 /Users/admin/builder/spi-builder-workspace/Sources/Swiftagram/Extensions/Constants.swift (in target 'Swiftagram' from project 'Swiftagram')
cd /Users/admin/builder/spi-builder-workspace/.swiftpm/xcode
builtin-SwiftPerFileCompile Constants.swift
SwiftCompile normal arm64 /Users/admin/builder/spi-builder-workspace/Sources/Swiftagram/Extensions/HTTPCookie.swift (in target 'Swiftagram' from project 'Swiftagram')
cd /Users/admin/builder/spi-builder-workspace/.swiftpm/xcode
builtin-SwiftPerFileCompile HTTPCookie.swift
SwiftCompile normal arm64 /Users/admin/builder/spi-builder-workspace/Sources/Swiftagram/Extensions/Header.swift (in target 'Swiftagram' from project 'Swiftagram')
cd /Users/admin/builder/spi-builder-workspace/.swiftpm/xcode
builtin-SwiftPerFileCompile Header.swift
SwiftCompile normal arm64 /Users/admin/builder/spi-builder-workspace/Sources/Swiftagram/Extensions/Paginatable.swift (in target 'Swiftagram' from project 'Swiftagram')
cd /Users/admin/builder/spi-builder-workspace/.swiftpm/xcode
builtin-SwiftPerFileCompile Paginatable.swift
SwiftCompile normal arm64 /Users/admin/builder/spi-builder-workspace/Sources/Swiftagram/Extensions/Publisher.swift (in target 'Swiftagram' from project 'Swiftagram')
cd /Users/admin/builder/spi-builder-workspace/.swiftpm/xcode
builtin-SwiftPerFileCompile Publisher.swift
SwiftCompile normal arm64 /Users/admin/builder/spi-builder-workspace/Sources/Swiftagram/Extensions/URLSession.swift (in target 'Swiftagram' from project 'Swiftagram')
cd /Users/admin/builder/spi-builder-workspace/.swiftpm/xcode
builtin-SwiftPerFileCompile URLSession.swift
SwiftCompile normal arm64 Compiling\ Endpoint+Archived.swift,\ Endpoint+Conversation.swift,\ Endpoint+ConversationRequest.swift,\ Endpoint+Direct.swift,\ Endpoint+Message.swift,\ Endpoint.swift /Users/admin/builder/spi-builder-workspace/Sources/Swiftagram/Endpoints/Archived/Endpoint+Archived.swift /Users/admin/builder/spi-builder-workspace/Sources/Swiftagram/Endpoints/Direct/Endpoint+Conversation.swift /Users/admin/builder/spi-builder-workspace/Sources/Swiftagram/Endpoints/Direct/Endpoint+ConversationRequest.swift /Users/admin/builder/spi-builder-workspace/Sources/Swiftagram/Endpoints/Direct/Endpoint+Direct.swift /Users/admin/builder/spi-builder-workspace/Sources/Swiftagram/Endpoints/Direct/Endpoint+Message.swift /Users/admin/builder/spi-builder-workspace/Sources/Swiftagram/Endpoints/Endpoint.swift (in target 'Swiftagram' from project 'Swiftagram')
SwiftCompile normal arm64 /Users/admin/builder/spi-builder-workspace/Sources/Swiftagram/Endpoints/Archived/Endpoint+Archived.swift (in target 'Swiftagram' from project 'Swiftagram')
cd /Users/admin/builder/spi-builder-workspace/.swiftpm/xcode
builtin-SwiftPerFileCompile Endpoint+Archived.swift
SwiftCompile normal arm64 /Users/admin/builder/spi-builder-workspace/Sources/Swiftagram/Endpoints/Direct/Endpoint+Conversation.swift (in target 'Swiftagram' from project 'Swiftagram')
cd /Users/admin/builder/spi-builder-workspace/.swiftpm/xcode
builtin-SwiftPerFileCompile Endpoint+Conversation.swift
SwiftCompile normal arm64 /Users/admin/builder/spi-builder-workspace/Sources/Swiftagram/Endpoints/Direct/Endpoint+ConversationRequest.swift (in target 'Swiftagram' from project 'Swiftagram')
cd /Users/admin/builder/spi-builder-workspace/.swiftpm/xcode
builtin-SwiftPerFileCompile Endpoint+ConversationRequest.swift
SwiftCompile normal arm64 /Users/admin/builder/spi-builder-workspace/Sources/Swiftagram/Endpoints/Direct/Endpoint+Direct.swift (in target 'Swiftagram' from project 'Swiftagram')
cd /Users/admin/builder/spi-builder-workspace/.swiftpm/xcode
builtin-SwiftPerFileCompile Endpoint+Direct.swift
SwiftCompile normal arm64 /Users/admin/builder/spi-builder-workspace/Sources/Swiftagram/Endpoints/Direct/Endpoint+Message.swift (in target 'Swiftagram' from project 'Swiftagram')
cd /Users/admin/builder/spi-builder-workspace/.swiftpm/xcode
builtin-SwiftPerFileCompile Endpoint+Message.swift
SwiftCompile normal arm64 /Users/admin/builder/spi-builder-workspace/Sources/Swiftagram/Endpoints/Endpoint.swift (in target 'Swiftagram' from project 'Swiftagram')
cd /Users/admin/builder/spi-builder-workspace/.swiftpm/xcode
builtin-SwiftPerFileCompile Endpoint.swift
SwiftCompile normal arm64 Compiling\ Authentication.swift,\ Authenticator+Error.swift,\ Authenticator+Key.swift,\ Authenticator+Keys.swift,\ Authenticator.swift,\ Secret.swift /Users/admin/builder/spi-builder-workspace/Sources/Swiftagram/Authentication/Authentication.swift /Users/admin/builder/spi-builder-workspace/Sources/Swiftagram/Authentication/Authenticator+Error.swift /Users/admin/builder/spi-builder-workspace/Sources/Swiftagram/Authentication/Authenticator+Key.swift /Users/admin/builder/spi-builder-workspace/Sources/Swiftagram/Authentication/Authenticator+Keys.swift /Users/admin/builder/spi-builder-workspace/Sources/Swiftagram/Authentication/Authenticator.swift /Users/admin/builder/spi-builder-workspace/Sources/Swiftagram/Authentication/Secret.swift (in target 'Swiftagram' from project 'Swiftagram')
SwiftCompile normal arm64 /Users/admin/builder/spi-builder-workspace/Sources/Swiftagram/Authentication/Authentication.swift (in target 'Swiftagram' from project 'Swiftagram')
cd /Users/admin/builder/spi-builder-workspace/.swiftpm/xcode
builtin-SwiftPerFileCompile Authentication.swift
SwiftCompile normal arm64 /Users/admin/builder/spi-builder-workspace/Sources/Swiftagram/Authentication/Authenticator+Error.swift (in target 'Swiftagram' from project 'Swiftagram')
cd /Users/admin/builder/spi-builder-workspace/.swiftpm/xcode
builtin-SwiftPerFileCompile Authenticator+Error.swift
SwiftCompile normal arm64 /Users/admin/builder/spi-builder-workspace/Sources/Swiftagram/Authentication/Authenticator+Key.swift (in target 'Swiftagram' from project 'Swiftagram')
cd /Users/admin/builder/spi-builder-workspace/.swiftpm/xcode
builtin-SwiftPerFileCompile Authenticator+Key.swift
SwiftCompile normal arm64 /Users/admin/builder/spi-builder-workspace/Sources/Swiftagram/Authentication/Authenticator+Keys.swift (in target 'Swiftagram' from project 'Swiftagram')
cd /Users/admin/builder/spi-builder-workspace/.swiftpm/xcode
builtin-SwiftPerFileCompile Authenticator+Keys.swift
SwiftCompile normal arm64 /Users/admin/builder/spi-builder-workspace/Sources/Swiftagram/Authentication/Authenticator.swift (in target 'Swiftagram' from project 'Swiftagram')
cd /Users/admin/builder/spi-builder-workspace/.swiftpm/xcode
builtin-SwiftPerFileCompile Authenticator.swift
SwiftCompile normal arm64 /Users/admin/builder/spi-builder-workspace/Sources/Swiftagram/Authentication/Secret.swift (in target 'Swiftagram' from project 'Swiftagram')
cd /Users/admin/builder/spi-builder-workspace/.swiftpm/xcode
builtin-SwiftPerFileCompile Secret.swift
SwiftCompile normal arm64 Compiling\ Endpoint+Explore.swift,\ Endpoint+Location.swift,\ Endpoint+LocationPosts.swift,\ Endpoint+Comment.swift,\ Endpoint+ManyComments.swift,\ Endpoint+Media.swift /Users/admin/builder/spi-builder-workspace/Sources/Swiftagram/Endpoints/Explore/Endpoint+Explore.swift /Users/admin/builder/spi-builder-workspace/Sources/Swiftagram/Endpoints/Location/Endpoint+Location.swift /Users/admin/builder/spi-builder-workspace/Sources/Swiftagram/Endpoints/Location/Endpoint+LocationPosts.swift /Users/admin/builder/spi-builder-workspace/Sources/Swiftagram/Endpoints/Media/Endpoint+Comment.swift /Users/admin/builder/spi-builder-workspace/Sources/Swiftagram/Endpoints/Media/Endpoint+ManyComments.swift /Users/admin/builder/spi-builder-workspace/Sources/Swiftagram/Endpoints/Media/Endpoint+Media.swift (in target 'Swiftagram' from project 'Swiftagram')
SwiftCompile normal arm64 /Users/admin/builder/spi-builder-workspace/Sources/Swiftagram/Endpoints/Explore/Endpoint+Explore.swift (in target 'Swiftagram' from project 'Swiftagram')
cd /Users/admin/builder/spi-builder-workspace/.swiftpm/xcode
builtin-SwiftPerFileCompile Endpoint+Explore.swift
SwiftCompile normal arm64 /Users/admin/builder/spi-builder-workspace/Sources/Swiftagram/Endpoints/Location/Endpoint+Location.swift (in target 'Swiftagram' from project 'Swiftagram')
cd /Users/admin/builder/spi-builder-workspace/.swiftpm/xcode
builtin-SwiftPerFileCompile Endpoint+Location.swift
SwiftCompile normal arm64 /Users/admin/builder/spi-builder-workspace/Sources/Swiftagram/Endpoints/Location/Endpoint+LocationPosts.swift (in target 'Swiftagram' from project 'Swiftagram')
cd /Users/admin/builder/spi-builder-workspace/.swiftpm/xcode
builtin-SwiftPerFileCompile Endpoint+LocationPosts.swift
SwiftCompile normal arm64 /Users/admin/builder/spi-builder-workspace/Sources/Swiftagram/Endpoints/Media/Endpoint+Comment.swift (in target 'Swiftagram' from project 'Swiftagram')
cd /Users/admin/builder/spi-builder-workspace/.swiftpm/xcode
builtin-SwiftPerFileCompile Endpoint+Comment.swift
SwiftCompile normal arm64 /Users/admin/builder/spi-builder-workspace/Sources/Swiftagram/Endpoints/Media/Endpoint+ManyComments.swift (in target 'Swiftagram' from project 'Swiftagram')
cd /Users/admin/builder/spi-builder-workspace/.swiftpm/xcode
builtin-SwiftPerFileCompile Endpoint+ManyComments.swift
SwiftCompile normal arm64 /Users/admin/builder/spi-builder-workspace/Sources/Swiftagram/Endpoints/Media/Endpoint+Media.swift (in target 'Swiftagram' from project 'Swiftagram')
cd /Users/admin/builder/spi-builder-workspace/.swiftpm/xcode
builtin-SwiftPerFileCompile Endpoint+Media.swift
SwiftCompile normal arm64 Compiling\ Sticker.swift,\ Tag.swift,\ TrayItem.swift,\ User.swift,\ UserTag.swift /Users/admin/builder/spi-builder-workspace/Sources/Swiftagram/Models/Specialized/Sticker.swift /Users/admin/builder/spi-builder-workspace/Sources/Swiftagram/Models/Specialized/Tag.swift /Users/admin/builder/spi-builder-workspace/Sources/Swiftagram/Models/Specialized/TrayItem.swift /Users/admin/builder/spi-builder-workspace/Sources/Swiftagram/Models/Specialized/User.swift /Users/admin/builder/spi-builder-workspace/Sources/Swiftagram/Models/Specialized/UserTag.swift (in target 'Swiftagram' from project 'Swiftagram')
SwiftCompile normal arm64 /Users/admin/builder/spi-builder-workspace/Sources/Swiftagram/Models/Specialized/Sticker.swift (in target 'Swiftagram' from project 'Swiftagram')
cd /Users/admin/builder/spi-builder-workspace/.swiftpm/xcode
builtin-SwiftPerFileCompile Sticker.swift
SwiftCompile normal arm64 /Users/admin/builder/spi-builder-workspace/Sources/Swiftagram/Models/Specialized/Tag.swift (in target 'Swiftagram' from project 'Swiftagram')
cd /Users/admin/builder/spi-builder-workspace/.swiftpm/xcode
builtin-SwiftPerFileCompile Tag.swift
SwiftCompile normal arm64 /Users/admin/builder/spi-builder-workspace/Sources/Swiftagram/Models/Specialized/TrayItem.swift (in target 'Swiftagram' from project 'Swiftagram')
cd /Users/admin/builder/spi-builder-workspace/.swiftpm/xcode
builtin-SwiftPerFileCompile TrayItem.swift
SwiftCompile normal arm64 /Users/admin/builder/spi-builder-workspace/Sources/Swiftagram/Models/Specialized/User.swift (in target 'Swiftagram' from project 'Swiftagram')
cd /Users/admin/builder/spi-builder-workspace/.swiftpm/xcode
builtin-SwiftPerFileCompile User.swift
SwiftCompile normal arm64 /Users/admin/builder/spi-builder-workspace/Sources/Swiftagram/Models/Specialized/UserTag.swift (in target 'Swiftagram' from project 'Swiftagram')
cd /Users/admin/builder/spi-builder-workspace/.swiftpm/xcode
builtin-SwiftPerFileCompile UserTag.swift
SwiftDriverJobDiscovery normal arm64 Compiling Constants.swift, HTTPCookie.swift, Header.swift, Paginatable.swift, Publisher.swift, URLSession.swift (in target 'Swiftagram' from project 'Swiftagram')
SwiftDriverJobDiscovery normal arm64 Compiling Authentication.swift, Authenticator+Error.swift, Authenticator+Key.swift, Authenticator+Keys.swift, Authenticator.swift, Secret.swift (in target 'Swiftagram' from project 'Swiftagram')
SwiftDriverJobDiscovery normal arm64 Compiling Recipient.swift, SavedCollection.swift, Section.swift, Specialized.swift, Status.swift (in target 'Swiftagram' from project 'Swiftagram')
SwiftDriverJobDiscovery normal arm64 Emitting module for Swiftagram (in target 'Swiftagram' from project 'Swiftagram')
SwiftDriver\ Compilation\ Requirements Swiftagram normal arm64 com.apple.xcode.tools.swift.compiler (in target 'Swiftagram' from project 'Swiftagram')
cd /Users/admin/builder/spi-builder-workspace/.swiftpm/xcode
builtin-Swift-Compilation-Requirements -- /Applications/Xcode-27.0.0-Release.Candidate.app/Contents/Developer/Toolchains/XcodeDefault.xctoolchain/usr/bin/swiftc -parse-as-library -module-name Swiftagram -Onone @/Users/admin/builder/spi-builder-workspace/.derivedData/Build/Intermediates.noindex/Swiftagram.build/Debug-xros/Swiftagram-t.build/Objects-normal/arm64/Swiftagram.SwiftFileList -DSWIFT_PACKAGE -DDEBUG -DSWIFT_MODULE_RESOURCE_BUNDLE_UNAVAILABLE -DXcode -plugin-path /Applications/Xcode-27.0.0-Release.Candidate.app/Contents/Developer/Toolchains/XcodeDefault.xctoolchain/usr/lib/swift/host/plugins/testing -enable-experimental-feature DebugDescriptionMacro -sdk /Applications/Xcode-27.0.0-Release.Candidate.app/Contents/Developer/Platforms/XROS.platform/Developer/SDKs/XROS27.0.sdk -target arm64-apple-xros1.0 -g -module-cache-path /Users/admin/builder/spi-builder-workspace/.derivedData/ModuleCache.noindex -Xfrontend -serialize-debugging-options -profile-coverage-mapping -profile-generate -enable-testing -index-store-path /Users/admin/builder/spi-builder-workspace/.derivedData/Index.noindex/DataStore -Xcc -D_LIBCPP_HARDENING_MODE\=_LIBCPP_HARDENING_MODE_DEBUG -swift-version 5 -I /Users/admin/builder/spi-builder-workspace/.derivedData/Build/Products/Debug-xros -Isystem /Applications/Xcode-27.0.0-Release.Candidate.app/Contents/Developer/Platforms/XROS.platform/Developer/usr/lib -F /Users/admin/builder/spi-builder-workspace/.derivedData/Build/Products/Debug-xros/PackageFrameworks -F /Users/admin/builder/spi-builder-workspace/.derivedData/Build/Products/Debug-xros -F /Applications/Xcode-27.0.0-Release.Candidate.app/Contents/Developer/Platforms/XROS.platform/Developer/Library/Frameworks -F /Applications/Xcode-27.0.0-Release.Candidate.app/Contents/Developer/Platforms/XROS.platform/Developer/SDKs/XROS27.0.sdk/Developer/Library/Frameworks -c -j10 -enable-batch-mode -incremental -Xcc -ivfsstatcache -Xcc /Users/admin/builder/spi-builder-workspace/.derivedData/SDKStatCaches.noindex/xros27.0-24M361-e829b21a6f8c9b70876ba0858053c044735bd543db762f57723cac368afd1ce4.sdkstatcache -output-file-map /Users/admin/builder/spi-builder-workspace/.derivedData/Build/Intermediates.noindex/Swiftagram.build/Debug-xros/Swiftagram-t.build/Objects-normal/arm64/Swiftagram-OutputFileMap.json -save-temps -no-color-diagnostics -explicit-module-build -module-cache-path /Users/admin/builder/spi-builder-workspace/.derivedData/Build/Intermediates.noindex/SwiftExplicitPrecompiledModules -clang-scanner-module-cache-path /Users/admin/builder/spi-builder-workspace/.derivedData/ModuleCache.noindex -sdk-module-cache-path /Users/admin/builder/spi-builder-workspace/.derivedData/SDKExplicitPrecompiledModules -emit-dependencies -emit-module -emit-module-path /Users/admin/builder/spi-builder-workspace/.derivedData/Build/Intermediates.noindex/Swiftagram.build/Debug-xros/Swiftagram-t.build/Objects-normal/arm64/Swiftagram.swiftmodule -serialize-diagnostics -dependency-scan-serialize-diagnostics-path /Users/admin/builder/spi-builder-workspace/.derivedData/Build/Intermediates.noindex/Swiftagram.build/Debug-xros/Swiftagram-t.build/Objects-normal/arm64/Swiftagram-dependency-scan.dia -validate-clang-modules-once -clang-build-session-file /Users/admin/builder/spi-builder-workspace/.derivedData/ModuleCache.noindex/Session.modulevalidation -Xcc -fmodules-prune-interval\=86400 -Xcc -fmodules-prune-after\=345600 -emit-const-values -const-gather-protocols-list /Users/admin/builder/spi-builder-workspace/.derivedData/Build/Intermediates.noindex/Swiftagram.build/Debug-xros/Swiftagram-t.build/Objects-normal/arm64/Swiftagram_const_extract_protocols.json -Xcc -I/Users/admin/builder/spi-builder-workspace/.derivedData/Build/Products/Debug-xros/include -Xcc -I/Users/admin/builder/spi-builder-workspace/.derivedData/Build/Intermediates.noindex/Swiftagram.build/Debug-xros/Swiftagram-t.build/DerivedSources-normal/arm64 -Xcc -I/Users/admin/builder/spi-builder-workspace/.derivedData/Build/Intermediates.noindex/Swiftagram.build/Debug-xros/Swiftagram-t.build/DerivedSources/arm64 -Xcc -I/Users/admin/builder/spi-builder-workspace/.derivedData/Build/Intermediates.noindex/Swiftagram.build/Debug-xros/Swiftagram-t.build/DerivedSources -Xcc -DSWIFT_PACKAGE -Xcc -DDEBUG\=1 -emit-objc-header -emit-objc-header-path /Users/admin/builder/spi-builder-workspace/.derivedData/Build/Intermediates.noindex/Swiftagram.build/Debug-xros/Swiftagram-t.build/Objects-normal/arm64/Swiftagram-Swift.h -working-directory /Users/admin/builder/spi-builder-workspace/.swiftpm/xcode -experimental-emit-module-separately -disable-cmo
SwiftMergeGeneratedHeaders /Users/admin/builder/spi-builder-workspace/.derivedData/Build/Intermediates.noindex/GeneratedModuleMaps-xros/Swiftagram-Swift.h /Users/admin/builder/spi-builder-workspace/.derivedData/Build/Intermediates.noindex/Swiftagram.build/Debug-xros/Swiftagram-t.build/Objects-normal/arm64/Swiftagram-Swift.h (in target 'Swiftagram' from project 'Swiftagram')
cd /Users/admin/builder/spi-builder-workspace
builtin-swiftHeaderTool -arch arm64 /Users/admin/builder/spi-builder-workspace/.derivedData/Build/Intermediates.noindex/Swiftagram.build/Debug-xros/Swiftagram-t.build/Objects-normal/arm64/Swiftagram-Swift.h -o /Users/admin/builder/spi-builder-workspace/.derivedData/Build/Intermediates.noindex/GeneratedModuleMaps-xros/Swiftagram-Swift.h
Copy /Users/admin/builder/spi-builder-workspace/.derivedData/Build/Products/Debug-xros/Swiftagram.swiftmodule/arm64-apple-xros.swiftdoc /Users/admin/builder/spi-builder-workspace/.derivedData/Build/Intermediates.noindex/Swiftagram.build/Debug-xros/Swiftagram-t.build/Objects-normal/arm64/Swiftagram.swiftdoc (in target 'Swiftagram' from project 'Swiftagram')
cd /Users/admin/builder/spi-builder-workspace
builtin-copy -exclude .DS_Store -exclude CVS -exclude .svn -exclude .git -exclude .hg -resolve-src-symlinks -rename /Users/admin/builder/spi-builder-workspace/.derivedData/Build/Intermediates.noindex/Swiftagram.build/Debug-xros/Swiftagram-t.build/Objects-normal/arm64/Swiftagram.swiftdoc /Users/admin/builder/spi-builder-workspace/.derivedData/Build/Products/Debug-xros/Swiftagram.swiftmodule/arm64-apple-xros.swiftdoc
Copy /Users/admin/builder/spi-builder-workspace/.derivedData/Build/Products/Debug-xros/Swiftagram.swiftmodule/arm64-apple-xros.swiftmodule /Users/admin/builder/spi-builder-workspace/.derivedData/Build/Intermediates.noindex/Swiftagram.build/Debug-xros/Swiftagram-t.build/Objects-normal/arm64/Swiftagram.swiftmodule (in target 'Swiftagram' from project 'Swiftagram')
cd /Users/admin/builder/spi-builder-workspace
builtin-copy -exclude .DS_Store -exclude CVS -exclude .svn -exclude .git -exclude .hg -resolve-src-symlinks -rename /Users/admin/builder/spi-builder-workspace/.derivedData/Build/Intermediates.noindex/Swiftagram.build/Debug-xros/Swiftagram-t.build/Objects-normal/arm64/Swiftagram.swiftmodule /Users/admin/builder/spi-builder-workspace/.derivedData/Build/Products/Debug-xros/Swiftagram.swiftmodule/arm64-apple-xros.swiftmodule
Copy /Users/admin/builder/spi-builder-workspace/.derivedData/Build/Products/Debug-xros/Swiftagram.swiftmodule/arm64-apple-xros.abi.json /Users/admin/builder/spi-builder-workspace/.derivedData/Build/Intermediates.noindex/Swiftagram.build/Debug-xros/Swiftagram-t.build/Objects-normal/arm64/Swiftagram.abi.json (in target 'Swiftagram' from project 'Swiftagram')
cd /Users/admin/builder/spi-builder-workspace
builtin-copy -exclude .DS_Store -exclude CVS -exclude .svn -exclude .git -exclude .hg -resolve-src-symlinks -rename /Users/admin/builder/spi-builder-workspace/.derivedData/Build/Intermediates.noindex/Swiftagram.build/Debug-xros/Swiftagram-t.build/Objects-normal/arm64/Swiftagram.abi.json /Users/admin/builder/spi-builder-workspace/.derivedData/Build/Products/Debug-xros/Swiftagram.swiftmodule/arm64-apple-xros.abi.json
Copy /Users/admin/builder/spi-builder-workspace/.derivedData/Build/Products/Debug-xros/Swiftagram.swiftmodule/Project/arm64-apple-xros.swiftsourceinfo /Users/admin/builder/spi-builder-workspace/.derivedData/Build/Intermediates.noindex/Swiftagram.build/Debug-xros/Swiftagram-t.build/Objects-normal/arm64/Swiftagram.swiftsourceinfo (in target 'Swiftagram' from project 'Swiftagram')
cd /Users/admin/builder/spi-builder-workspace
builtin-copy -exclude .DS_Store -exclude CVS -exclude .svn -exclude .git -exclude .hg -resolve-src-symlinks -rename /Users/admin/builder/spi-builder-workspace/.derivedData/Build/Intermediates.noindex/Swiftagram.build/Debug-xros/Swiftagram-t.build/Objects-normal/arm64/Swiftagram.swiftsourceinfo /Users/admin/builder/spi-builder-workspace/.derivedData/Build/Products/Debug-xros/Swiftagram.swiftmodule/Project/arm64-apple-xros.swiftsourceinfo
SwiftDriver SwiftagramCrypto normal arm64 com.apple.xcode.tools.swift.compiler (in target 'SwiftagramCrypto' from project 'Swiftagram')
cd /Users/admin/builder/spi-builder-workspace/.swiftpm/xcode
builtin-SwiftDriver -- /Applications/Xcode-27.0.0-Release.Candidate.app/Contents/Developer/Toolchains/XcodeDefault.xctoolchain/usr/bin/swiftc -parse-as-library -module-name SwiftagramCrypto -Onone @/Users/admin/builder/spi-builder-workspace/.derivedData/Build/Intermediates.noindex/Swiftagram.build/Debug-xros/SwiftagramCrypto-t.build/Objects-normal/arm64/SwiftagramCrypto.SwiftFileList -DSWIFT_PACKAGE -DDEBUG -DSWIFT_MODULE_RESOURCE_BUNDLE_UNAVAILABLE -DXcode -plugin-path /Applications/Xcode-27.0.0-Release.Candidate.app/Contents/Developer/Toolchains/XcodeDefault.xctoolchain/usr/lib/swift/host/plugins/testing -enable-experimental-feature DebugDescriptionMacro -sdk /Applications/Xcode-27.0.0-Release.Candidate.app/Contents/Developer/Platforms/XROS.platform/Developer/SDKs/XROS27.0.sdk -target arm64-apple-xros1.0 -g -module-cache-path /Users/admin/builder/spi-builder-workspace/.derivedData/ModuleCache.noindex -Xfrontend -serialize-debugging-options -profile-coverage-mapping -profile-generate -enable-testing -index-store-path /Users/admin/builder/spi-builder-workspace/.derivedData/Index.noindex/DataStore -Xcc -D_LIBCPP_HARDENING_MODE\=_LIBCPP_HARDENING_MODE_DEBUG -swift-version 5 -I /Users/admin/builder/spi-builder-workspace/.derivedData/Build/Products/Debug-xros -Isystem /Applications/Xcode-27.0.0-Release.Candidate.app/Contents/Developer/Platforms/XROS.platform/Developer/usr/lib -F /Users/admin/builder/spi-builder-workspace/.derivedData/Build/Products/Debug-xros/PackageFrameworks -F /Users/admin/builder/spi-builder-workspace/.derivedData/Build/Products/Debug-xros -F /Applications/Xcode-27.0.0-Release.Candidate.app/Contents/Developer/Platforms/XROS.platform/Developer/Library/Frameworks -F /Applications/Xcode-27.0.0-Release.Candidate.app/Contents/Developer/Platforms/XROS.platform/Developer/SDKs/XROS27.0.sdk/Developer/Library/Frameworks -c -j10 -enable-batch-mode -incremental -Xcc -ivfsstatcache -Xcc /Users/admin/builder/spi-builder-workspace/.derivedData/SDKStatCaches.noindex/xros27.0-24M361-e829b21a6f8c9b70876ba0858053c044735bd543db762f57723cac368afd1ce4.sdkstatcache -output-file-map /Users/admin/builder/spi-builder-workspace/.derivedData/Build/Intermediates.noindex/Swiftagram.build/Debug-xros/SwiftagramCrypto-t.build/Objects-normal/arm64/SwiftagramCrypto-OutputFileMap.json -save-temps -no-color-diagnostics -explicit-module-build -module-cache-path /Users/admin/builder/spi-builder-workspace/.derivedData/Build/Intermediates.noindex/SwiftExplicitPrecompiledModules -clang-scanner-module-cache-path /Users/admin/builder/spi-builder-workspace/.derivedData/ModuleCache.noindex -sdk-module-cache-path /Users/admin/builder/spi-builder-workspace/.derivedData/SDKExplicitPrecompiledModules -emit-dependencies -emit-module -emit-module-path /Users/admin/builder/spi-builder-workspace/.derivedData/Build/Intermediates.noindex/Swiftagram.build/Debug-xros/SwiftagramCrypto-t.build/Objects-normal/arm64/SwiftagramCrypto.swiftmodule -serialize-diagnostics -dependency-scan-serialize-diagnostics-path /Users/admin/builder/spi-builder-workspace/.derivedData/Build/Intermediates.noindex/Swiftagram.build/Debug-xros/SwiftagramCrypto-t.build/Objects-normal/arm64/SwiftagramCrypto-dependency-scan.dia -validate-clang-modules-once -clang-build-session-file /Users/admin/builder/spi-builder-workspace/.derivedData/ModuleCache.noindex/Session.modulevalidation -Xcc -fmodules-prune-interval\=86400 -Xcc -fmodules-prune-after\=345600 -emit-const-values -const-gather-protocols-list /Users/admin/builder/spi-builder-workspace/.derivedData/Build/Intermediates.noindex/Swiftagram.build/Debug-xros/SwiftagramCrypto-t.build/Objects-normal/arm64/SwiftagramCrypto_const_extract_protocols.json -Xcc -I/Users/admin/builder/spi-builder-workspace/.derivedData/Build/Products/Debug-xros/include -Xcc -I/Users/admin/builder/spi-builder-workspace/.derivedData/Build/Intermediates.noindex/Swiftagram.build/Debug-xros/SwiftagramCrypto-t.build/DerivedSources-normal/arm64 -Xcc -I/Users/admin/builder/spi-builder-workspace/.derivedData/Build/Intermediates.noindex/Swiftagram.build/Debug-xros/SwiftagramCrypto-t.build/DerivedSources/arm64 -Xcc -I/Users/admin/builder/spi-builder-workspace/.derivedData/Build/Intermediates.noindex/Swiftagram.build/Debug-xros/SwiftagramCrypto-t.build/DerivedSources -Xcc -DSWIFT_PACKAGE -Xcc -DDEBUG\=1 -emit-objc-header -emit-objc-header-path /Users/admin/builder/spi-builder-workspace/.derivedData/Build/Intermediates.noindex/Swiftagram.build/Debug-xros/SwiftagramCrypto-t.build/Objects-normal/arm64/SwiftagramCrypto-Swift.h -working-directory /Users/admin/builder/spi-builder-workspace/.swiftpm/xcode -experimental-emit-module-separately -disable-cmo
SwiftDriverJobDiscovery normal arm64 Compiling Endpoint+Archived.swift, Endpoint+Conversation.swift, Endpoint+ConversationRequest.swift, Endpoint+Direct.swift, Endpoint+Message.swift, Endpoint.swift (in target 'Swiftagram' from project 'Swiftagram')
SwiftDriverJobDiscovery normal arm64 Compiling Endpoint+Posts.swift, Endpoint+Recent.swift, Endpoint+Saved.swift, Endpoint+SavedCollection.swift, Endpoint+Stories.swift, Endpoint+Tag.swift (in target 'Swiftagram' from project 'Swiftagram')
SwiftDriverJobDiscovery normal arm64 Compiling AuthenticationError.swift, Comment.swift, Conversation.swift, Friendship.swift, Location.swift, Media.swift (in target 'Swiftagram' from project 'Swiftagram')
SwiftDriverJobDiscovery normal arm64 Compiling Endpoint+Explore.swift, Endpoint+Location.swift, Endpoint+LocationPosts.swift, Endpoint+Comment.swift, Endpoint+ManyComments.swift, Endpoint+Media.swift (in target 'Swiftagram' from project 'Swiftagram')
SwiftDriverJobDiscovery normal arm64 Compiling Sticker.swift, Tag.swift, TrayItem.swift, User.swift, UserTag.swift (in target 'Swiftagram' from project 'Swiftagram')
SwiftExplicitDependencyGeneratePcm arm64 /Users/admin/builder/spi-builder-workspace/.derivedData/SDKExplicitPrecompiledModules/CoreMIDI-7L19IC4ZH9BPYLVTD8IIFWN9R.pcm
SwiftExplicitDependencyGeneratePcm arm64 /Users/admin/builder/spi-builder-workspace/.derivedData/SDKExplicitPrecompiledModules/AVRouting-55P8FRNK50AFZOMMB2LBBOX33.pcm
SwiftExplicitDependencyGeneratePcm arm64 /Users/admin/builder/spi-builder-workspace/.derivedData/SDKExplicitPrecompiledModules/CoreAudioTypes-45UXYEQRN95KG6BF2CW0QIYK9.pcm
SwiftExplicitDependencyGeneratePcm arm64 /Users/admin/builder/spi-builder-workspace/.derivedData/SDKExplicitPrecompiledModules/CoreAudio-CXS3C78T5TQDGLEGXIBJ04WJ4.pcm
SwiftExplicitDependencyGeneratePcm arm64 /Users/admin/builder/spi-builder-workspace/.derivedData/SDKExplicitPrecompiledModules/AudioToolbox-2K3S8EA590EB3GMH6D6784BWZ.pcm
SwiftExplicitDependencyGeneratePcm arm64 /Users/admin/builder/spi-builder-workspace/.derivedData/SDKExplicitPrecompiledModules/CoreMedia-D1IBHC28BRHWLNUG1Q75G5YN0.pcm
SwiftExplicitDependencyGeneratePcm arm64 /Users/admin/builder/spi-builder-workspace/.derivedData/SDKExplicitPrecompiledModules/AVFAudio-E8GATWFYYBEBB41O9N0LRRGYC.pcm
SwiftExplicitDependencyGeneratePcm arm64 /Users/admin/builder/spi-builder-workspace/.derivedData/SDKExplicitPrecompiledModules/VideoToolbox-7I4MDYIPJ4IWU1ZSL4JE3I7M6.pcm
SwiftExplicitDependencyGeneratePcm arm64 /Users/admin/builder/spi-builder-workspace/.derivedData/SDKExplicitPrecompiledModules/MediaToolbox-1J5U29ERBPNPI1HKEJHXOP8EV.pcm
SwiftExplicitDependencyGeneratePcm arm64 /Users/admin/builder/spi-builder-workspace/.derivedData/SDKExplicitPrecompiledModules/AVFoundation-DFCX8GQJWVA3CZBITWEHAZEFX.pcm
SwiftDriverJobDiscovery normal arm64 Compiling Endpoint+TagPosts.swift, Endpoint+ManyUsers.swift, Endpoint+User.swift, Endpoint+Users.swift, @_exported.swift, Agnostic.swift (in target 'Swiftagram' from project 'Swiftagram')
SwiftEmitModule normal arm64 Emitting\ module\ for\ SwiftagramCrypto (in target 'SwiftagramCrypto' from project 'Swiftagram')
SwiftCompile normal arm64 (in target 'SwiftagramCrypto' from project 'Swiftagram')
cd /Users/admin/builder/spi-builder-workspace/.swiftpm/xcode
SwiftCompile normal arm64 Compiling\ Crypto.swift /Users/admin/builder/spi-builder-workspace/Sources/SwiftagramCrypto/Extensions/Crypto.swift (in target 'SwiftagramCrypto' from project 'Swiftagram')
SwiftCompile normal arm64 /Users/admin/builder/spi-builder-workspace/Sources/SwiftagramCrypto/Extensions/Crypto.swift (in target 'SwiftagramCrypto' from project 'Swiftagram')
cd /Users/admin/builder/spi-builder-workspace/.swiftpm/xcode
builtin-SwiftPerFileCompile Crypto.swift
SwiftCompile normal arm64 Compiling\ @_exported.swift /Users/admin/builder/spi-builder-workspace/Sources/SwiftagramCrypto/Extensions/@_exported.swift (in target 'SwiftagramCrypto' from project 'Swiftagram')
SwiftCompile normal arm64 /Users/admin/builder/spi-builder-workspace/Sources/SwiftagramCrypto/Extensions/@_exported.swift (in target 'SwiftagramCrypto' from project 'Swiftagram')
cd /Users/admin/builder/spi-builder-workspace/.swiftpm/xcode
builtin-SwiftPerFileCompile @_exported.swift
SwiftCompile normal arm64 Compiling\ Endpoint+Tag.swift /Users/admin/builder/spi-builder-workspace/Sources/SwiftagramCrypto/Endpoints/Endpoint+Tag.swift (in target 'SwiftagramCrypto' from project 'Swiftagram')
SwiftCompile normal arm64 /Users/admin/builder/spi-builder-workspace/Sources/SwiftagramCrypto/Endpoints/Endpoint+Tag.swift (in target 'SwiftagramCrypto' from project 'Swiftagram')
cd /Users/admin/builder/spi-builder-workspace/.swiftpm/xcode
builtin-SwiftPerFileCompile Endpoint+Tag.swift
SwiftCompile normal arm64 Compiling\ Endpoint+Uploader.swift /Users/admin/builder/spi-builder-workspace/Sources/SwiftagramCrypto/Endpoints/Endpoint+Uploader.swift (in target 'SwiftagramCrypto' from project 'Swiftagram')
SwiftCompile normal arm64 /Users/admin/builder/spi-builder-workspace/Sources/SwiftagramCrypto/Endpoints/Endpoint+Uploader.swift (in target 'SwiftagramCrypto' from project 'Swiftagram')
cd /Users/admin/builder/spi-builder-workspace/.swiftpm/xcode
builtin-SwiftPerFileCompile Endpoint+Uploader.swift
SwiftCompile normal arm64 Compiling\ Endpoint+User.swift /Users/admin/builder/spi-builder-workspace/Sources/SwiftagramCrypto/Endpoints/Endpoint+User.swift (in target 'SwiftagramCrypto' from project 'Swiftagram')
SwiftCompile normal arm64 /Users/admin/builder/spi-builder-workspace/Sources/SwiftagramCrypto/Endpoints/Endpoint+User.swift (in target 'SwiftagramCrypto' from project 'Swiftagram')
cd /Users/admin/builder/spi-builder-workspace/.swiftpm/xcode
builtin-SwiftPerFileCompile Endpoint+User.swift
SwiftCompile normal arm64 Compiling\ Authenticator+Keychain.swift,\ Authenticator+Basic.swift /Users/admin/builder/spi-builder-workspace/Sources/SwiftagramCrypto/Authentication/Authenticator+Keychain.swift /Users/admin/builder/spi-builder-workspace/Sources/SwiftagramCrypto/Authentication/Basic/Authenticator+Basic.swift (in target 'SwiftagramCrypto' from project 'Swiftagram')
SwiftCompile normal arm64 /Users/admin/builder/spi-builder-workspace/Sources/SwiftagramCrypto/Authentication/Authenticator+Keychain.swift (in target 'SwiftagramCrypto' from project 'Swiftagram')
cd /Users/admin/builder/spi-builder-workspace/.swiftpm/xcode
builtin-SwiftPerFileCompile Authenticator+Keychain.swift
SwiftCompile normal arm64 /Users/admin/builder/spi-builder-workspace/Sources/SwiftagramCrypto/Authentication/Basic/Authenticator+Basic.swift (in target 'SwiftagramCrypto' from project 'Swiftagram')
cd /Users/admin/builder/spi-builder-workspace/.swiftpm/xcode
builtin-SwiftPerFileCompile Authenticator+Basic.swift
SwiftCompile normal arm64 Compiling\ Authenticator+TwoFactor.swift,\ Endpoint+Comment.swift /Users/admin/builder/spi-builder-workspace/Sources/SwiftagramCrypto/Authentication/Basic/Authenticator+TwoFactor.swift /Users/admin/builder/spi-builder-workspace/Sources/SwiftagramCrypto/Endpoints/Endpoint+Comment.swift (in target 'SwiftagramCrypto' from project 'Swiftagram')
SwiftCompile normal arm64 /Users/admin/builder/spi-builder-workspace/Sources/SwiftagramCrypto/Authentication/Basic/Authenticator+TwoFactor.swift (in target 'SwiftagramCrypto' from project 'Swiftagram')
cd /Users/admin/builder/spi-builder-workspace/.swiftpm/xcode
builtin-SwiftPerFileCompile Authenticator+TwoFactor.swift
SwiftCompile normal arm64 /Users/admin/builder/spi-builder-workspace/Sources/SwiftagramCrypto/Endpoints/Endpoint+Comment.swift (in target 'SwiftagramCrypto' from project 'Swiftagram')
cd /Users/admin/builder/spi-builder-workspace/.swiftpm/xcode
builtin-SwiftPerFileCompile Endpoint+Comment.swift
SwiftCompile normal arm64 Compiling\ Endpoint+ManyComments.swift,\ Endpoint+Media.swift /Users/admin/builder/spi-builder-workspace/Sources/SwiftagramCrypto/Endpoints/Endpoint+ManyComments.swift /Users/admin/builder/spi-builder-workspace/Sources/SwiftagramCrypto/Endpoints/Endpoint+Media.swift (in target 'SwiftagramCrypto' from project 'Swiftagram')
SwiftCompile normal arm64 /Users/admin/builder/spi-builder-workspace/Sources/SwiftagramCrypto/Endpoints/Endpoint+ManyComments.swift (in target 'SwiftagramCrypto' from project 'Swiftagram')
cd /Users/admin/builder/spi-builder-workspace/.swiftpm/xcode
builtin-SwiftPerFileCompile Endpoint+ManyComments.swift
SwiftCompile normal arm64 /Users/admin/builder/spi-builder-workspace/Sources/SwiftagramCrypto/Endpoints/Endpoint+Media.swift (in target 'SwiftagramCrypto' from project 'Swiftagram')
cd /Users/admin/builder/spi-builder-workspace/.swiftpm/xcode
builtin-SwiftPerFileCompile Endpoint+Media.swift
PruneExplicitPrecompiledModules /Users/admin/builder/spi-builder-workspace/.derivedData/Build/Intermediates.noindex/ExplicitPrecompiledModules
PruneExplicitPrecompiledModules /Users/admin/builder/spi-builder-workspace/.derivedData/Build/Intermediates.noindex/SwiftExplicitPrecompiledModules
PruneExplicitPrecompiledModules /Users/admin/builder/spi-builder-workspace/.derivedData/SDKExplicitPrecompiledModules
warning: 'Swiftagram' is missing a dependency on 'SwCrypt' because dependency scan of Swift module 'Swiftagram' discovered a dependency on 'SwCrypt'
2026-09-17 16:41:44.741 xcodebuild[804:4927] [MT] IDERunDestination: Supported platforms for the buildables in the current scheme is empty.
** BUILD FAILED **
The following build commands failed:
SwiftCompile normal arm64 /Users/admin/builder/spi-builder-workspace/Sources/Swiftagram/Client/Client.swift (in target 'Swiftagram' from project 'Swiftagram')
SwiftCompile normal arm64 Compiling\ Authenticator+Visual.swift,\ AuthenticatorWebView.swift,\ Application.swift,\ Client.swift,\ Device.swift,\ LegacyDevice.swift /Users/admin/builder/spi-builder-workspace/Sources/Swiftagram/Authentication/Visual/Authenticator+Visual.swift /Users/admin/builder/spi-builder-workspace/Sources/Swiftagram/Authentication/Visual/AuthenticatorWebView.swift /Users/admin/builder/spi-builder-workspace/Sources/Swiftagram/Client/Application.swift /Users/admin/builder/spi-builder-workspace/Sources/Swiftagram/Client/Client.swift /Users/admin/builder/spi-builder-workspace/Sources/Swiftagram/Client/Device.swift /Users/admin/builder/spi-builder-workspace/Sources/Swiftagram/Client/LegacyDevice.swift (in target 'Swiftagram' from project 'Swiftagram')
Building workspace Swiftagram with scheme Swiftagram-Package
(3 failures)
Command line invocation:
/Applications/Xcode-27.0.0-Release.Candidate.app/Contents/Developer/usr/bin/xcodebuild -IDEClonedSourcePackagesDirPathOverride=/Users/admin/builder/spi-builder-workspace/.dependencies -resolvePackageDependencies
Resolve Package Graph
Resolved source packages:
ComposableRequest: https://github.com/sbertix/ComposableRequest @ 5.3.3
KeychainAccess: https://github.com/kishikawakatsumi/KeychainAccess @ 4.2.2
Swiftagram: /Users/admin/builder/spi-builder-workspace
SwCrypt: https://github.com/sbertix/SwCrypt.git @ 5.1.4
resolved source packages: ComposableRequest, KeychainAccess, Swiftagram, SwCrypt
2026-09-17 16:41:57.114 xcodebuild[1029:6070] [MT] IDERunDestination: Supported platforms for the buildables in the current scheme is empty.
{
"dependencies" : [
{
"identity" : "composablerequest",
"requirement" : {
"range" : [
{
"lower_bound" : "5.3.1",
"upper_bound" : "5.4.0"
}
]
},
"type" : "sourceControl",
"url" : "https://github.com/sbertix/ComposableRequest"
},
{
"identity" : "swcrypt",
"requirement" : {
"range" : [
{
"lower_bound" : "5.1.0",
"upper_bound" : "5.2.0"
}
]
},
"type" : "sourceControl",
"url" : "https://github.com/sbertix/SwCrypt.git"
}
],
"manifest_display_name" : "Swiftagram",
"name" : "Swiftagram",
"path" : "/Users/admin/builder/spi-builder-workspace",
"platforms" : [
{
"name" : "ios",
"version" : "13.0"
},
{
"name" : "macos",
"version" : "10.15"
},
{
"name" : "tvos",
"version" : "13.0"
},
{
"name" : "watchos",
"version" : "6.0"
}
],
"products" : [
{
"name" : "Swiftagram",
"targets" : [
"Swiftagram"
],
"type" : {
"library" : [
"automatic"
]
}
},
{
"name" : "SwiftagramCrypto",
"targets" : [
"SwiftagramCrypto"
],
"type" : {
"library" : [
"automatic"
]
}
}
],
"targets" : [
{
"c99name" : "SwiftagramTests",
"module_type" : "SwiftTarget",
"name" : "SwiftagramTests",
"path" : "Tests/SwiftagramTests",
"sources" : [
"AuthenticatorTests.swift",
"ClientTests.swift",
"EndpointTests.swift",
"ModelTests.swift",
"Shared/Media+Content.swift",
"Shared/Reflection/Comment.swift",
"Shared/Reflection/Conversation.swift",
"Shared/Reflection/Friendship.swift",
"Shared/Reflection/Location.swift",
"Shared/Reflection/Media.swift",
"Shared/Reflection/Recipient.swift",
"Shared/Reflection/Reflected.swift",
"Shared/Reflection/SavedCollection.swift",
"Shared/Reflection/Status.swift",
"Shared/Reflection/Sticker.swift",
"Shared/Reflection/Tag.swift",
"Shared/Reflection/TrayItem.swift",
"Shared/Reflection/User.swift",
"Shared/Reflection/UserTag.swift"
],
"target_dependencies" : [
"Swiftagram",
"SwiftagramCrypto"
],
"type" : "test"
},
{
"c99name" : "SwiftagramCrypto",
"module_type" : "SwiftTarget",
"name" : "SwiftagramCrypto",
"path" : "Sources/SwiftagramCrypto",
"product_dependencies" : [
"StorageCrypto",
"SwCrypt"
],
"product_memberships" : [
"SwiftagramCrypto"
],
"sources" : [
"Authentication/Authenticator+Keychain.swift",
"Authentication/Basic/Authenticator+Basic.swift",
"Authentication/Basic/Authenticator+TwoFactor.swift",
"Endpoints/Endpoint+Comment.swift",
"Endpoints/Endpoint+ManyComments.swift",
"Endpoints/Endpoint+Media.swift",
"Endpoints/Endpoint+Posts.swift",
"Endpoints/Endpoint+Stories.swift",
"Endpoints/Endpoint+Tag.swift",
"Endpoints/Endpoint+Uploader.swift",
"Endpoints/Endpoint+User.swift",
"Extensions/@_exported.swift",
"Extensions/Crypto.swift"
],
"target_dependencies" : [
"Swiftagram"
],
"type" : "library"
},
{
"c99name" : "Swiftagram",
"module_type" : "SwiftTarget",
"name" : "Swiftagram",
"path" : "Sources/Swiftagram",
"product_dependencies" : [
"Requests",
"Storage"
],
"product_memberships" : [
"Swiftagram",
"SwiftagramCrypto"
],
"sources" : [
"Authentication/Authentication.swift",
"Authentication/Authenticator+Error.swift",
"Authentication/Authenticator+Key.swift",
"Authentication/Authenticator+Keys.swift",
"Authentication/Authenticator.swift",
"Authentication/Secret.swift",
"Authentication/Visual/Authenticator+Visual.swift",
"Authentication/Visual/AuthenticatorWebView.swift",
"Client/Application.swift",
"Client/Client.swift",
"Client/Device.swift",
"Client/LegacyDevice.swift",
"Endpoints/Archived/Endpoint+Archived.swift",
"Endpoints/Direct/Endpoint+Conversation.swift",
"Endpoints/Direct/Endpoint+ConversationRequest.swift",
"Endpoints/Direct/Endpoint+Direct.swift",
"Endpoints/Direct/Endpoint+Message.swift",
"Endpoints/Endpoint.swift",
"Endpoints/Explore/Endpoint+Explore.swift",
"Endpoints/Location/Endpoint+Location.swift",
"Endpoints/Location/Endpoint+LocationPosts.swift",
"Endpoints/Media/Endpoint+Comment.swift",
"Endpoints/Media/Endpoint+ManyComments.swift",
"Endpoints/Media/Endpoint+Media.swift",
"Endpoints/Posts/Endpoint+Posts.swift",
"Endpoints/Recent/Endpoint+Recent.swift",
"Endpoints/Saved/Endpoint+Saved.swift",
"Endpoints/Saved/Endpoint+SavedCollection.swift",
"Endpoints/Stories/Endpoint+Stories.swift",
"Endpoints/Tag/Endpoint+Tag.swift",
"Endpoints/Tag/Endpoint+TagPosts.swift",
"Endpoints/User/Endpoint+ManyUsers.swift",
"Endpoints/User/Endpoint+User.swift",
"Endpoints/User/Endpoint+Users.swift",
"Extensions/@_exported.swift",
"Extensions/Agnostic.swift",
"Extensions/Constants.swift",
"Extensions/HTTPCookie.swift",
"Extensions/Header.swift",
"Extensions/Paginatable.swift",
"Extensions/Publisher.swift",
"Extensions/URLSession.swift",
"Models/Errors/AuthenticationError.swift",
"Models/Specialized/Comment.swift",
"Models/Specialized/Conversation.swift",
"Models/Specialized/Friendship.swift",
"Models/Specialized/Location.swift",
"Models/Specialized/Media.swift",
"Models/Specialized/Recipient.swift",
"Models/Specialized/SavedCollection.swift",
"Models/Specialized/Section.swift",
"Models/Specialized/Specialized.swift",
"Models/Specialized/Status.swift",
"Models/Specialized/Sticker.swift",
"Models/Specialized/Tag.swift",
"Models/Specialized/TrayItem.swift",
"Models/Specialized/User.swift",
"Models/Specialized/UserTag.swift"
],
"type" : "library"
}
],
"tools_version" : "5.2"
}
{
"workspace" : {
"name" : "Swiftagram",
"schemes" : [
"Swiftagram",
"Swiftagram-Package",
"SwiftagramCrypto"
]
}
}
2026-09-17 16:41:58.386 xcodebuild[1037:6138] [MT] IDERunDestination: Supported platforms for the buildables in the current scheme is empty.
{
"workspace" : {
"name" : "Swiftagram",
"schemes" : [
"Swiftagram",
"Swiftagram-Package",
"SwiftagramCrypto"
]
}
}
2026-09-17 16:41:59.437 xcodebuild[1039:6168] [MT] IDERunDestination: Supported platforms for the buildables in the current scheme is empty.
Running build ...
env DEVELOPER_DIR=/Applications/Xcode-27.0.0-Release.Candidate.app xcrun xcodebuild -IDEClonedSourcePackagesDirPathOverride=$PWD/.dependencies -skipMacroValidation -skipPackagePluginValidation -derivedDataPath $PWD/.derivedData build -scheme Swiftagram-Package -destination generic/platform=xrOS
Command line invocation:
/Applications/Xcode-27.0.0-Release.Candidate.app/Contents/Developer/usr/bin/xcodebuild -IDEClonedSourcePackagesDirPathOverride=/Users/admin/builder/spi-builder-workspace/.dependencies -skipMacroValidation -skipPackagePluginValidation -derivedDataPath /Users/admin/builder/spi-builder-workspace/.derivedData build -scheme Swiftagram-Package -destination generic/platform=xrOS
Resolve Package Graph
Resolved source packages:
KeychainAccess: https://github.com/kishikawakatsumi/KeychainAccess @ 4.2.2
Swiftagram: /Users/admin/builder/spi-builder-workspace
ComposableRequest: https://github.com/sbertix/ComposableRequest @ 5.3.3
SwCrypt: https://github.com/sbertix/SwCrypt.git @ 5.1.4
ComputePackagePrebuildTargetDependencyGraph
Prepare packages
CreateBuildRequest
SendProjectDescription
CreateBuildOperation
ComputeTargetDependencyGraph
note: Building targets in dependency order
note: Target dependency graph (14 targets)
Target 'SwiftagramCrypto-product' in project 'Swiftagram'
➜ Explicit dependency on target 'SwiftagramCrypto' in project 'Swiftagram'
➜ Explicit dependency on target 'Swiftagram' in project 'Swiftagram'
➜ Explicit dependency on target 'Requests-product' in project 'ComposableRequest'
➜ Explicit dependency on target 'Storage-product' in project 'ComposableRequest'
➜ Explicit dependency on target 'StorageCrypto-product' in project 'ComposableRequest'
➜ Explicit dependency on target 'SwCrypt-product' in project 'SwCrypt'
Target 'SwiftagramCrypto' in project 'Swiftagram'
➜ Explicit dependency on target 'Swiftagram' in project 'Swiftagram'
➜ Explicit dependency on target 'Requests-product' in project 'ComposableRequest'
➜ Explicit dependency on target 'Storage-product' in project 'ComposableRequest'
➜ Explicit dependency on target 'StorageCrypto-product' in project 'ComposableRequest'
➜ Explicit dependency on target 'SwCrypt-product' in project 'SwCrypt'
Target 'SwCrypt-product' in project 'SwCrypt'
➜ Explicit dependency on target 'SwCrypt' in project 'SwCrypt'
Target 'SwCrypt' in project 'SwCrypt' (no dependencies)
Target 'StorageCrypto-product' in project 'ComposableRequest'
➜ Explicit dependency on target 'ComposableStorageCrypto' in project 'ComposableRequest'
➜ Explicit dependency on target 'ComposableStorage' in project 'ComposableRequest'
➜ Explicit dependency on target 'KeychainAccess-product' in project 'KeychainAccess'
Target 'ComposableStorageCrypto' in project 'ComposableRequest'
➜ Explicit dependency on target 'ComposableStorage' in project 'ComposableRequest'
➜ Explicit dependency on target 'KeychainAccess-product' in project 'KeychainAccess'
Target 'KeychainAccess-product' in project 'KeychainAccess'
➜ Explicit dependency on target 'KeychainAccess' in project 'KeychainAccess'
Target 'KeychainAccess' in project 'KeychainAccess' (no dependencies)
Target 'Swiftagram-product' in project 'Swiftagram'
➜ Explicit dependency on target 'Swiftagram' in project 'Swiftagram'
➜ Explicit dependency on target 'Requests-product' in project 'ComposableRequest'
➜ Explicit dependency on target 'Storage-product' in project 'ComposableRequest'
Target 'Swiftagram' in project 'Swiftagram'
➜ Explicit dependency on target 'Requests-product' in project 'ComposableRequest'
➜ Explicit dependency on target 'Storage-product' in project 'ComposableRequest'
Target 'Storage-product' in project 'ComposableRequest'
➜ Explicit dependency on target 'ComposableStorage' in project 'ComposableRequest'
Target 'ComposableStorage' in project 'ComposableRequest' (no dependencies)
Target 'Requests-product' in project 'ComposableRequest'
➜ Explicit dependency on target 'ComposableRequest' in project 'ComposableRequest'
Target 'ComposableRequest' in project 'ComposableRequest' (no dependencies)
GatherProvisioningInputs
CreateBuildDescription
ClangStatCache /Applications/Xcode-27.0.0-Release.Candidate.app/Contents/Developer/Toolchains/XcodeDefault.xctoolchain/usr/bin/clang-stat-cache /Applications/Xcode-27.0.0-Release.Candidate.app/Contents/Developer/Platforms/XROS.platform/Developer/SDKs/XROS27.0.sdk /Users/admin/builder/spi-builder-workspace/.derivedData/SDKStatCaches.noindex/xros27.0-24M361-e829b21a6f8c9b70876ba0858053c044735bd543db762f57723cac368afd1ce4.sdkstatcache
cd /Users/admin/builder/spi-builder-workspace/.swiftpm/xcode
/Applications/Xcode-27.0.0-Release.Candidate.app/Contents/Developer/Toolchains/XcodeDefault.xctoolchain/usr/bin/clang-stat-cache /Applications/Xcode-27.0.0-Release.Candidate.app/Contents/Developer/Platforms/XROS.platform/Developer/SDKs/XROS27.0.sdk -o /Users/admin/builder/spi-builder-workspace/.derivedData/SDKStatCaches.noindex/xros27.0-24M361-e829b21a6f8c9b70876ba0858053c044735bd543db762f57723cac368afd1ce4.sdkstatcache
SwiftDriver SwiftagramCrypto normal arm64 com.apple.xcode.tools.swift.compiler (in target 'SwiftagramCrypto' from project 'Swiftagram')
cd /Users/admin/builder/spi-builder-workspace/.swiftpm/xcode
builtin-SwiftDriver -- /Applications/Xcode-27.0.0-Release.Candidate.app/Contents/Developer/Toolchains/XcodeDefault.xctoolchain/usr/bin/swiftc -parse-as-library -module-name SwiftagramCrypto -Onone @/Users/admin/builder/spi-builder-workspace/.derivedData/Build/Intermediates.noindex/Swiftagram.build/Debug-xros/SwiftagramCrypto-t.build/Objects-normal/arm64/SwiftagramCrypto.SwiftFileList -DSWIFT_PACKAGE -DDEBUG -DSWIFT_MODULE_RESOURCE_BUNDLE_UNAVAILABLE -DXcode -plugin-path /Applications/Xcode-27.0.0-Release.Candidate.app/Contents/Developer/Toolchains/XcodeDefault.xctoolchain/usr/lib/swift/host/plugins/testing -enable-experimental-feature DebugDescriptionMacro -sdk /Applications/Xcode-27.0.0-Release.Candidate.app/Contents/Developer/Platforms/XROS.platform/Developer/SDKs/XROS27.0.sdk -target arm64-apple-xros1.0 -g -module-cache-path /Users/admin/builder/spi-builder-workspace/.derivedData/ModuleCache.noindex -Xfrontend -serialize-debugging-options -profile-coverage-mapping -profile-generate -enable-testing -index-store-path /Users/admin/builder/spi-builder-workspace/.derivedData/Index.noindex/DataStore -Xcc -D_LIBCPP_HARDENING_MODE\=_LIBCPP_HARDENING_MODE_DEBUG -swift-version 5 -I /Users/admin/builder/spi-builder-workspace/.derivedData/Build/Products/Debug-xros -Isystem /Applications/Xcode-27.0.0-Release.Candidate.app/Contents/Developer/Platforms/XROS.platform/Developer/usr/lib -F /Users/admin/builder/spi-builder-workspace/.derivedData/Build/Products/Debug-xros/PackageFrameworks -F /Users/admin/builder/spi-builder-workspace/.derivedData/Build/Products/Debug-xros -F /Applications/Xcode-27.0.0-Release.Candidate.app/Contents/Developer/Platforms/XROS.platform/Developer/Library/Frameworks -F /Applications/Xcode-27.0.0-Release.Candidate.app/Contents/Developer/Platforms/XROS.platform/Developer/SDKs/XROS27.0.sdk/Developer/Library/Frameworks -c -j10 -enable-batch-mode -incremental -Xcc -ivfsstatcache -Xcc /Users/admin/builder/spi-builder-workspace/.derivedData/SDKStatCaches.noindex/xros27.0-24M361-e829b21a6f8c9b70876ba0858053c044735bd543db762f57723cac368afd1ce4.sdkstatcache -output-file-map /Users/admin/builder/spi-builder-workspace/.derivedData/Build/Intermediates.noindex/Swiftagram.build/Debug-xros/SwiftagramCrypto-t.build/Objects-normal/arm64/SwiftagramCrypto-OutputFileMap.json -save-temps -no-color-diagnostics -explicit-module-build -module-cache-path /Users/admin/builder/spi-builder-workspace/.derivedData/Build/Intermediates.noindex/SwiftExplicitPrecompiledModules -clang-scanner-module-cache-path /Users/admin/builder/spi-builder-workspace/.derivedData/ModuleCache.noindex -sdk-module-cache-path /Users/admin/builder/spi-builder-workspace/.derivedData/SDKExplicitPrecompiledModules -emit-dependencies -emit-module -emit-module-path /Users/admin/builder/spi-builder-workspace/.derivedData/Build/Intermediates.noindex/Swiftagram.build/Debug-xros/SwiftagramCrypto-t.build/Objects-normal/arm64/SwiftagramCrypto.swiftmodule -serialize-diagnostics -dependency-scan-serialize-diagnostics-path /Users/admin/builder/spi-builder-workspace/.derivedData/Build/Intermediates.noindex/Swiftagram.build/Debug-xros/SwiftagramCrypto-t.build/Objects-normal/arm64/SwiftagramCrypto-dependency-scan.dia -validate-clang-modules-once -clang-build-session-file /Users/admin/builder/spi-builder-workspace/.derivedData/ModuleCache.noindex/Session.modulevalidation -Xcc -fmodules-prune-interval\=86400 -Xcc -fmodules-prune-after\=345600 -emit-const-values -const-gather-protocols-list /Users/admin/builder/spi-builder-workspace/.derivedData/Build/Intermediates.noindex/Swiftagram.build/Debug-xros/SwiftagramCrypto-t.build/Objects-normal/arm64/SwiftagramCrypto_const_extract_protocols.json -Xcc -I/Users/admin/builder/spi-builder-workspace/.derivedData/Build/Products/Debug-xros/include -Xcc -I/Users/admin/builder/spi-builder-workspace/.derivedData/Build/Intermediates.noindex/Swiftagram.build/Debug-xros/SwiftagramCrypto-t.build/DerivedSources-normal/arm64 -Xcc -I/Users/admin/builder/spi-builder-workspace/.derivedData/Build/Intermediates.noindex/Swiftagram.build/Debug-xros/SwiftagramCrypto-t.build/DerivedSources/arm64 -Xcc -I/Users/admin/builder/spi-builder-workspace/.derivedData/Build/Intermediates.noindex/Swiftagram.build/Debug-xros/SwiftagramCrypto-t.build/DerivedSources -Xcc -DSWIFT_PACKAGE -Xcc -DDEBUG\=1 -emit-objc-header -emit-objc-header-path /Users/admin/builder/spi-builder-workspace/.derivedData/Build/Intermediates.noindex/Swiftagram.build/Debug-xros/SwiftagramCrypto-t.build/Objects-normal/arm64/SwiftagramCrypto-Swift.h -working-directory /Users/admin/builder/spi-builder-workspace/.swiftpm/xcode -experimental-emit-module-separately -disable-cmo
SwiftDriver Swiftagram normal arm64 com.apple.xcode.tools.swift.compiler (in target 'Swiftagram' from project 'Swiftagram')
cd /Users/admin/builder/spi-builder-workspace/.swiftpm/xcode
builtin-SwiftDriver -- /Applications/Xcode-27.0.0-Release.Candidate.app/Contents/Developer/Toolchains/XcodeDefault.xctoolchain/usr/bin/swiftc -parse-as-library -module-name Swiftagram -Onone @/Users/admin/builder/spi-builder-workspace/.derivedData/Build/Intermediates.noindex/Swiftagram.build/Debug-xros/Swiftagram-t.build/Objects-normal/arm64/Swiftagram.SwiftFileList -DSWIFT_PACKAGE -DDEBUG -DSWIFT_MODULE_RESOURCE_BUNDLE_UNAVAILABLE -DXcode -plugin-path /Applications/Xcode-27.0.0-Release.Candidate.app/Contents/Developer/Toolchains/XcodeDefault.xctoolchain/usr/lib/swift/host/plugins/testing -enable-experimental-feature DebugDescriptionMacro -sdk /Applications/Xcode-27.0.0-Release.Candidate.app/Contents/Developer/Platforms/XROS.platform/Developer/SDKs/XROS27.0.sdk -target arm64-apple-xros1.0 -g -module-cache-path /Users/admin/builder/spi-builder-workspace/.derivedData/ModuleCache.noindex -Xfrontend -serialize-debugging-options -profile-coverage-mapping -profile-generate -enable-testing -index-store-path /Users/admin/builder/spi-builder-workspace/.derivedData/Index.noindex/DataStore -Xcc -D_LIBCPP_HARDENING_MODE\=_LIBCPP_HARDENING_MODE_DEBUG -swift-version 5 -I /Users/admin/builder/spi-builder-workspace/.derivedData/Build/Products/Debug-xros -Isystem /Applications/Xcode-27.0.0-Release.Candidate.app/Contents/Developer/Platforms/XROS.platform/Developer/usr/lib -F /Users/admin/builder/spi-builder-workspace/.derivedData/Build/Products/Debug-xros/PackageFrameworks -F /Users/admin/builder/spi-builder-workspace/.derivedData/Build/Products/Debug-xros -F /Applications/Xcode-27.0.0-Release.Candidate.app/Contents/Developer/Platforms/XROS.platform/Developer/Library/Frameworks -F /Applications/Xcode-27.0.0-Release.Candidate.app/Contents/Developer/Platforms/XROS.platform/Developer/SDKs/XROS27.0.sdk/Developer/Library/Frameworks -c -j10 -enable-batch-mode -incremental -Xcc -ivfsstatcache -Xcc /Users/admin/builder/spi-builder-workspace/.derivedData/SDKStatCaches.noindex/xros27.0-24M361-e829b21a6f8c9b70876ba0858053c044735bd543db762f57723cac368afd1ce4.sdkstatcache -output-file-map /Users/admin/builder/spi-builder-workspace/.derivedData/Build/Intermediates.noindex/Swiftagram.build/Debug-xros/Swiftagram-t.build/Objects-normal/arm64/Swiftagram-OutputFileMap.json -save-temps -no-color-diagnostics -explicit-module-build -module-cache-path /Users/admin/builder/spi-builder-workspace/.derivedData/Build/Intermediates.noindex/SwiftExplicitPrecompiledModules -clang-scanner-module-cache-path /Users/admin/builder/spi-builder-workspace/.derivedData/ModuleCache.noindex -sdk-module-cache-path /Users/admin/builder/spi-builder-workspace/.derivedData/SDKExplicitPrecompiledModules -emit-dependencies -emit-module -emit-module-path /Users/admin/builder/spi-builder-workspace/.derivedData/Build/Intermediates.noindex/Swiftagram.build/Debug-xros/Swiftagram-t.build/Objects-normal/arm64/Swiftagram.swiftmodule -serialize-diagnostics -dependency-scan-serialize-diagnostics-path /Users/admin/builder/spi-builder-workspace/.derivedData/Build/Intermediates.noindex/Swiftagram.build/Debug-xros/Swiftagram-t.build/Objects-normal/arm64/Swiftagram-dependency-scan.dia -validate-clang-modules-once -clang-build-session-file /Users/admin/builder/spi-builder-workspace/.derivedData/ModuleCache.noindex/Session.modulevalidation -Xcc -fmodules-prune-interval\=86400 -Xcc -fmodules-prune-after\=345600 -emit-const-values -const-gather-protocols-list /Users/admin/builder/spi-builder-workspace/.derivedData/Build/Intermediates.noindex/Swiftagram.build/Debug-xros/Swiftagram-t.build/Objects-normal/arm64/Swiftagram_const_extract_protocols.json -Xcc -I/Users/admin/builder/spi-builder-workspace/.derivedData/Build/Products/Debug-xros/include -Xcc -I/Users/admin/builder/spi-builder-workspace/.derivedData/Build/Intermediates.noindex/Swiftagram.build/Debug-xros/Swiftagram-t.build/DerivedSources-normal/arm64 -Xcc -I/Users/admin/builder/spi-builder-workspace/.derivedData/Build/Intermediates.noindex/Swiftagram.build/Debug-xros/Swiftagram-t.build/DerivedSources/arm64 -Xcc -I/Users/admin/builder/spi-builder-workspace/.derivedData/Build/Intermediates.noindex/Swiftagram.build/Debug-xros/Swiftagram-t.build/DerivedSources -Xcc -DSWIFT_PACKAGE -Xcc -DDEBUG\=1 -emit-objc-header -emit-objc-header-path /Users/admin/builder/spi-builder-workspace/.derivedData/Build/Intermediates.noindex/Swiftagram.build/Debug-xros/Swiftagram-t.build/Objects-normal/arm64/Swiftagram-Swift.h -working-directory /Users/admin/builder/spi-builder-workspace/.swiftpm/xcode -experimental-emit-module-separately -disable-cmo
SwiftCompile normal arm64 Compiling\ Endpoint+Tag.swift /Users/admin/builder/spi-builder-workspace/Sources/SwiftagramCrypto/Endpoints/Endpoint+Tag.swift (in target 'SwiftagramCrypto' from project 'Swiftagram')
SwiftCompile normal arm64 /Users/admin/builder/spi-builder-workspace/Sources/SwiftagramCrypto/Endpoints/Endpoint+Tag.swift (in target 'SwiftagramCrypto' from project 'Swiftagram')
cd /Users/admin/builder/spi-builder-workspace/.swiftpm/xcode
builtin-SwiftPerFileCompile Endpoint+Tag.swift
SwiftCompile normal arm64 Compiling\ Endpoint+Posts.swift /Users/admin/builder/spi-builder-workspace/Sources/SwiftagramCrypto/Endpoints/Endpoint+Posts.swift (in target 'SwiftagramCrypto' from project 'Swiftagram')
SwiftCompile normal arm64 /Users/admin/builder/spi-builder-workspace/Sources/SwiftagramCrypto/Endpoints/Endpoint+Posts.swift (in target 'SwiftagramCrypto' from project 'Swiftagram')
cd /Users/admin/builder/spi-builder-workspace/.swiftpm/xcode
builtin-SwiftPerFileCompile Endpoint+Posts.swift
SwiftCompile normal arm64 Compiling\ Endpoint+Uploader.swift /Users/admin/builder/spi-builder-workspace/Sources/SwiftagramCrypto/Endpoints/Endpoint+Uploader.swift (in target 'SwiftagramCrypto' from project 'Swiftagram')
/Users/admin/builder/spi-builder-workspace/Sources/SwiftagramCrypto/Endpoints/Endpoint+Uploader.swift:106:27: error: 'tracks(withMediaType:)' is unavailable in visionOS
104 | let waterfallIdentifier = UUID().uuidString
105 | let name = identifier + "_0_\(Int64.random(in: 1_000_000_000...9_999_999_999))"
106 | let track = video.tracks(withMediaType: .video).first
| `- error: 'tracks(withMediaType:)' is unavailable in visionOS
107 | let size = CGSize(width: track?.naturalSize.width ?? 0, height: track?.naturalSize.height ?? 0)
108 | guard let preview = data ?? Agnostic.Color.black.image(size: size)?.jpegRepresentation() else {
/Applications/Xcode-27.0.0-Release.Candidate.app/Contents/Developer/Platforms/XROS.platform/Developer/SDKs/XROS27.0.sdk/System/Library/Frameworks/AVFoundation.framework/Headers/AVAsset.h:191:1: note: 'tracks(withMediaType:)' has been explicitly marked unavailable here
189 | ///
190 | /// - Returns: An NSArray of AVAssetTracks; may be empty if no tracks of the specified media type are available.
191 | - (NSArray<AVAssetTrack *> *)tracksWithMediaType:(AVMediaType)mediaType
| `- note: 'tracks(withMediaType:)' has been explicitly marked unavailable here
192 | #if __swift__
193 | API_DEPRECATED("Use loadTracks(withMediaType:) instead", macos(10.7, 13.0), ios(4.0, 16.0), tvos(9.0, 16.0), watchos(1.0, 9.0)) API_UNAVAILABLE(visionos);
/Users/admin/builder/spi-builder-workspace/Sources/SwiftagramCrypto/Endpoints/Endpoint+Uploader.swift:107:41: warning: 'naturalSize' was deprecated in visionOS 1.0: Use load(.naturalSize) instead [#DeprecatedDeclaration]
105 | let name = identifier + "_0_\(Int64.random(in: 1_000_000_000...9_999_999_999))"
106 | let track = video.tracks(withMediaType: .video).first
107 | let size = CGSize(width: track?.naturalSize.width ?? 0, height: track?.naturalSize.height ?? 0)
| `- warning: 'naturalSize' was deprecated in visionOS 1.0: Use load(.naturalSize) instead [#DeprecatedDeclaration]
108 | guard let preview = data ?? Agnostic.Color.black.image(size: size)?.jpegRepresentation() else {
109 | fatalError("Invalid preview.")
SwiftCompile normal arm64 /Users/admin/builder/spi-builder-workspace/Sources/SwiftagramCrypto/Endpoints/Endpoint+Uploader.swift (in target 'SwiftagramCrypto' from project 'Swiftagram')
cd /Users/admin/builder/spi-builder-workspace/.swiftpm/xcode
builtin-SwiftPerFileCompile Endpoint+Uploader.swift
SwiftCompile normal arm64 Compiling\ Endpoint+Stories.swift /Users/admin/builder/spi-builder-workspace/Sources/SwiftagramCrypto/Endpoints/Endpoint+Stories.swift (in target 'SwiftagramCrypto' from project 'Swiftagram')
SwiftCompile normal arm64 /Users/admin/builder/spi-builder-workspace/Sources/SwiftagramCrypto/Endpoints/Endpoint+Stories.swift (in target 'SwiftagramCrypto' from project 'Swiftagram')
cd /Users/admin/builder/spi-builder-workspace/.swiftpm/xcode
builtin-SwiftPerFileCompile Endpoint+Stories.swift
SwiftCompile normal arm64 Compiling\ Authenticator+Keychain.swift,\ Authenticator+Basic.swift /Users/admin/builder/spi-builder-workspace/Sources/SwiftagramCrypto/Authentication/Authenticator+Keychain.swift /Users/admin/builder/spi-builder-workspace/Sources/SwiftagramCrypto/Authentication/Basic/Authenticator+Basic.swift (in target 'SwiftagramCrypto' from project 'Swiftagram')
SwiftCompile normal arm64 /Users/admin/builder/spi-builder-workspace/Sources/SwiftagramCrypto/Authentication/Authenticator+Keychain.swift (in target 'SwiftagramCrypto' from project 'Swiftagram')
cd /Users/admin/builder/spi-builder-workspace/.swiftpm/xcode
builtin-SwiftPerFileCompile Authenticator+Keychain.swift
SwiftCompile normal arm64 /Users/admin/builder/spi-builder-workspace/Sources/SwiftagramCrypto/Authentication/Basic/Authenticator+Basic.swift (in target 'SwiftagramCrypto' from project 'Swiftagram')
cd /Users/admin/builder/spi-builder-workspace/.swiftpm/xcode
builtin-SwiftPerFileCompile Authenticator+Basic.swift
SwiftEmitModule normal arm64 Emitting\ module\ for\ SwiftagramCrypto (in target 'SwiftagramCrypto' from project 'Swiftagram')
SwiftCompile normal arm64 (in target 'SwiftagramCrypto' from project 'Swiftagram')
cd /Users/admin/builder/spi-builder-workspace/.swiftpm/xcode
SwiftCompile normal arm64 Compiling\ Endpoint+ManyComments.swift,\ Endpoint+Media.swift /Users/admin/builder/spi-builder-workspace/Sources/SwiftagramCrypto/Endpoints/Endpoint+ManyComments.swift /Users/admin/builder/spi-builder-workspace/Sources/SwiftagramCrypto/Endpoints/Endpoint+Media.swift (in target 'SwiftagramCrypto' from project 'Swiftagram')
SwiftCompile normal arm64 /Users/admin/builder/spi-builder-workspace/Sources/SwiftagramCrypto/Endpoints/Endpoint+ManyComments.swift (in target 'SwiftagramCrypto' from project 'Swiftagram')
cd /Users/admin/builder/spi-builder-workspace/.swiftpm/xcode
builtin-SwiftPerFileCompile Endpoint+ManyComments.swift
SwiftCompile normal arm64 /Users/admin/builder/spi-builder-workspace/Sources/SwiftagramCrypto/Endpoints/Endpoint+Media.swift (in target 'SwiftagramCrypto' from project 'Swiftagram')
cd /Users/admin/builder/spi-builder-workspace/.swiftpm/xcode
builtin-SwiftPerFileCompile Endpoint+Media.swift
SwiftCompile normal arm64 Compiling\ Crypto.swift /Users/admin/builder/spi-builder-workspace/Sources/SwiftagramCrypto/Extensions/Crypto.swift (in target 'SwiftagramCrypto' from project 'Swiftagram')
SwiftCompile normal arm64 /Users/admin/builder/spi-builder-workspace/Sources/SwiftagramCrypto/Extensions/Crypto.swift (in target 'SwiftagramCrypto' from project 'Swiftagram')
cd /Users/admin/builder/spi-builder-workspace/.swiftpm/xcode
builtin-SwiftPerFileCompile Crypto.swift
SwiftCompile normal arm64 Compiling\ Authenticator+TwoFactor.swift,\ Endpoint+Comment.swift /Users/admin/builder/spi-builder-workspace/Sources/SwiftagramCrypto/Authentication/Basic/Authenticator+TwoFactor.swift /Users/admin/builder/spi-builder-workspace/Sources/SwiftagramCrypto/Endpoints/Endpoint+Comment.swift (in target 'SwiftagramCrypto' from project 'Swiftagram')
SwiftCompile normal arm64 /Users/admin/builder/spi-builder-workspace/Sources/SwiftagramCrypto/Authentication/Basic/Authenticator+TwoFactor.swift (in target 'SwiftagramCrypto' from project 'Swiftagram')
cd /Users/admin/builder/spi-builder-workspace/.swiftpm/xcode
builtin-SwiftPerFileCompile Authenticator+TwoFactor.swift
SwiftCompile normal arm64 /Users/admin/builder/spi-builder-workspace/Sources/SwiftagramCrypto/Endpoints/Endpoint+Comment.swift (in target 'SwiftagramCrypto' from project 'Swiftagram')
cd /Users/admin/builder/spi-builder-workspace/.swiftpm/xcode
builtin-SwiftPerFileCompile Endpoint+Comment.swift
SwiftCompile normal arm64 Compiling\ Endpoint+User.swift /Users/admin/builder/spi-builder-workspace/Sources/SwiftagramCrypto/Endpoints/Endpoint+User.swift (in target 'SwiftagramCrypto' from project 'Swiftagram')
SwiftCompile normal arm64 /Users/admin/builder/spi-builder-workspace/Sources/SwiftagramCrypto/Endpoints/Endpoint+User.swift (in target 'SwiftagramCrypto' from project 'Swiftagram')
cd /Users/admin/builder/spi-builder-workspace/.swiftpm/xcode
builtin-SwiftPerFileCompile Endpoint+User.swift
SwiftEmitModule normal arm64 Emitting\ module\ for\ Swiftagram (in target 'Swiftagram' from project 'Swiftagram')
SwiftCompile normal arm64 (in target 'Swiftagram' from project 'Swiftagram')
cd /Users/admin/builder/spi-builder-workspace/.swiftpm/xcode
SwiftDriverJobDiscovery normal arm64 Compiling Endpoint+Tag.swift (in target 'SwiftagramCrypto' from project 'Swiftagram')
SwiftCompile normal arm64 Compiling\ @_exported.swift /Users/admin/builder/spi-builder-workspace/Sources/SwiftagramCrypto/Extensions/@_exported.swift (in target 'SwiftagramCrypto' from project 'Swiftagram')
SwiftCompile normal arm64 /Users/admin/builder/spi-builder-workspace/Sources/SwiftagramCrypto/Extensions/@_exported.swift (in target 'SwiftagramCrypto' from project 'Swiftagram')
cd /Users/admin/builder/spi-builder-workspace/.swiftpm/xcode
builtin-SwiftPerFileCompile @_exported.swift
SwiftDriverJobDiscovery normal arm64 Emitting module for SwiftagramCrypto (in target 'SwiftagramCrypto' from project 'Swiftagram')
SwiftDriver\ Compilation\ Requirements SwiftagramCrypto normal arm64 com.apple.xcode.tools.swift.compiler (in target 'SwiftagramCrypto' from project 'Swiftagram')
cd /Users/admin/builder/spi-builder-workspace/.swiftpm/xcode
builtin-Swift-Compilation-Requirements -- /Applications/Xcode-27.0.0-Release.Candidate.app/Contents/Developer/Toolchains/XcodeDefault.xctoolchain/usr/bin/swiftc -parse-as-library -module-name SwiftagramCrypto -Onone @/Users/admin/builder/spi-builder-workspace/.derivedData/Build/Intermediates.noindex/Swiftagram.build/Debug-xros/SwiftagramCrypto-t.build/Objects-normal/arm64/SwiftagramCrypto.SwiftFileList -DSWIFT_PACKAGE -DDEBUG -DSWIFT_MODULE_RESOURCE_BUNDLE_UNAVAILABLE -DXcode -plugin-path /Applications/Xcode-27.0.0-Release.Candidate.app/Contents/Developer/Toolchains/XcodeDefault.xctoolchain/usr/lib/swift/host/plugins/testing -enable-experimental-feature DebugDescriptionMacro -sdk /Applications/Xcode-27.0.0-Release.Candidate.app/Contents/Developer/Platforms/XROS.platform/Developer/SDKs/XROS27.0.sdk -target arm64-apple-xros1.0 -g -module-cache-path /Users/admin/builder/spi-builder-workspace/.derivedData/ModuleCache.noindex -Xfrontend -serialize-debugging-options -profile-coverage-mapping -profile-generate -enable-testing -index-store-path /Users/admin/builder/spi-builder-workspace/.derivedData/Index.noindex/DataStore -Xcc -D_LIBCPP_HARDENING_MODE\=_LIBCPP_HARDENING_MODE_DEBUG -swift-version 5 -I /Users/admin/builder/spi-builder-workspace/.derivedData/Build/Products/Debug-xros -Isystem /Applications/Xcode-27.0.0-Release.Candidate.app/Contents/Developer/Platforms/XROS.platform/Developer/usr/lib -F /Users/admin/builder/spi-builder-workspace/.derivedData/Build/Products/Debug-xros/PackageFrameworks -F /Users/admin/builder/spi-builder-workspace/.derivedData/Build/Products/Debug-xros -F /Applications/Xcode-27.0.0-Release.Candidate.app/Contents/Developer/Platforms/XROS.platform/Developer/Library/Frameworks -F /Applications/Xcode-27.0.0-Release.Candidate.app/Contents/Developer/Platforms/XROS.platform/Developer/SDKs/XROS27.0.sdk/Developer/Library/Frameworks -c -j10 -enable-batch-mode -incremental -Xcc -ivfsstatcache -Xcc /Users/admin/builder/spi-builder-workspace/.derivedData/SDKStatCaches.noindex/xros27.0-24M361-e829b21a6f8c9b70876ba0858053c044735bd543db762f57723cac368afd1ce4.sdkstatcache -output-file-map /Users/admin/builder/spi-builder-workspace/.derivedData/Build/Intermediates.noindex/Swiftagram.build/Debug-xros/SwiftagramCrypto-t.build/Objects-normal/arm64/SwiftagramCrypto-OutputFileMap.json -save-temps -no-color-diagnostics -explicit-module-build -module-cache-path /Users/admin/builder/spi-builder-workspace/.derivedData/Build/Intermediates.noindex/SwiftExplicitPrecompiledModules -clang-scanner-module-cache-path /Users/admin/builder/spi-builder-workspace/.derivedData/ModuleCache.noindex -sdk-module-cache-path /Users/admin/builder/spi-builder-workspace/.derivedData/SDKExplicitPrecompiledModules -emit-dependencies -emit-module -emit-module-path /Users/admin/builder/spi-builder-workspace/.derivedData/Build/Intermediates.noindex/Swiftagram.build/Debug-xros/SwiftagramCrypto-t.build/Objects-normal/arm64/SwiftagramCrypto.swiftmodule -serialize-diagnostics -dependency-scan-serialize-diagnostics-path /Users/admin/builder/spi-builder-workspace/.derivedData/Build/Intermediates.noindex/Swiftagram.build/Debug-xros/SwiftagramCrypto-t.build/Objects-normal/arm64/SwiftagramCrypto-dependency-scan.dia -validate-clang-modules-once -clang-build-session-file /Users/admin/builder/spi-builder-workspace/.derivedData/ModuleCache.noindex/Session.modulevalidation -Xcc -fmodules-prune-interval\=86400 -Xcc -fmodules-prune-after\=345600 -emit-const-values -const-gather-protocols-list /Users/admin/builder/spi-builder-workspace/.derivedData/Build/Intermediates.noindex/Swiftagram.build/Debug-xros/SwiftagramCrypto-t.build/Objects-normal/arm64/SwiftagramCrypto_const_extract_protocols.json -Xcc -I/Users/admin/builder/spi-builder-workspace/.derivedData/Build/Products/Debug-xros/include -Xcc -I/Users/admin/builder/spi-builder-workspace/.derivedData/Build/Intermediates.noindex/Swiftagram.build/Debug-xros/SwiftagramCrypto-t.build/DerivedSources-normal/arm64 -Xcc -I/Users/admin/builder/spi-builder-workspace/.derivedData/Build/Intermediates.noindex/Swiftagram.build/Debug-xros/SwiftagramCrypto-t.build/DerivedSources/arm64 -Xcc -I/Users/admin/builder/spi-builder-workspace/.derivedData/Build/Intermediates.noindex/Swiftagram.build/Debug-xros/SwiftagramCrypto-t.build/DerivedSources -Xcc -DSWIFT_PACKAGE -Xcc -DDEBUG\=1 -emit-objc-header -emit-objc-header-path /Users/admin/builder/spi-builder-workspace/.derivedData/Build/Intermediates.noindex/Swiftagram.build/Debug-xros/SwiftagramCrypto-t.build/Objects-normal/arm64/SwiftagramCrypto-Swift.h -working-directory /Users/admin/builder/spi-builder-workspace/.swiftpm/xcode -experimental-emit-module-separately -disable-cmo
SwiftDriverJobDiscovery normal arm64 Compiling Endpoint+User.swift (in target 'SwiftagramCrypto' from project 'Swiftagram')
SwiftCompile normal arm64 Compiling\ Device.swift /Users/admin/builder/spi-builder-workspace/Sources/Swiftagram/Client/Device.swift (in target 'Swiftagram' from project 'Swiftagram')
SwiftCompile normal arm64 /Users/admin/builder/spi-builder-workspace/Sources/Swiftagram/Client/Device.swift (in target 'Swiftagram' from project 'Swiftagram')
cd /Users/admin/builder/spi-builder-workspace/.swiftpm/xcode
builtin-SwiftPerFileCompile Device.swift
SwiftMergeGeneratedHeaders /Users/admin/builder/spi-builder-workspace/.derivedData/Build/Intermediates.noindex/GeneratedModuleMaps-xros/SwiftagramCrypto-Swift.h /Users/admin/builder/spi-builder-workspace/.derivedData/Build/Intermediates.noindex/Swiftagram.build/Debug-xros/SwiftagramCrypto-t.build/Objects-normal/arm64/SwiftagramCrypto-Swift.h (in target 'SwiftagramCrypto' from project 'Swiftagram')
cd /Users/admin/builder/spi-builder-workspace
builtin-swiftHeaderTool -arch arm64 /Users/admin/builder/spi-builder-workspace/.derivedData/Build/Intermediates.noindex/Swiftagram.build/Debug-xros/SwiftagramCrypto-t.build/Objects-normal/arm64/SwiftagramCrypto-Swift.h -o /Users/admin/builder/spi-builder-workspace/.derivedData/Build/Intermediates.noindex/GeneratedModuleMaps-xros/SwiftagramCrypto-Swift.h
SwiftDriverJobDiscovery normal arm64 Compiling Authenticator+TwoFactor.swift, Endpoint+Comment.swift (in target 'SwiftagramCrypto' from project 'Swiftagram')
Copy /Users/admin/builder/spi-builder-workspace/.derivedData/Build/Products/Debug-xros/SwiftagramCrypto.swiftmodule/arm64-apple-xros.swiftmodule /Users/admin/builder/spi-builder-workspace/.derivedData/Build/Intermediates.noindex/Swiftagram.build/Debug-xros/SwiftagramCrypto-t.build/Objects-normal/arm64/SwiftagramCrypto.swiftmodule (in target 'SwiftagramCrypto' from project 'Swiftagram')
cd /Users/admin/builder/spi-builder-workspace
builtin-copy -exclude .DS_Store -exclude CVS -exclude .svn -exclude .git -exclude .hg -resolve-src-symlinks -rename /Users/admin/builder/spi-builder-workspace/.derivedData/Build/Intermediates.noindex/Swiftagram.build/Debug-xros/SwiftagramCrypto-t.build/Objects-normal/arm64/SwiftagramCrypto.swiftmodule /Users/admin/builder/spi-builder-workspace/.derivedData/Build/Products/Debug-xros/SwiftagramCrypto.swiftmodule/arm64-apple-xros.swiftmodule
Copy /Users/admin/builder/spi-builder-workspace/.derivedData/Build/Products/Debug-xros/SwiftagramCrypto.swiftmodule/arm64-apple-xros.swiftdoc /Users/admin/builder/spi-builder-workspace/.derivedData/Build/Intermediates.noindex/Swiftagram.build/Debug-xros/SwiftagramCrypto-t.build/Objects-normal/arm64/SwiftagramCrypto.swiftdoc (in target 'SwiftagramCrypto' from project 'Swiftagram')
cd /Users/admin/builder/spi-builder-workspace
builtin-copy -exclude .DS_Store -exclude CVS -exclude .svn -exclude .git -exclude .hg -resolve-src-symlinks -rename /Users/admin/builder/spi-builder-workspace/.derivedData/Build/Intermediates.noindex/Swiftagram.build/Debug-xros/SwiftagramCrypto-t.build/Objects-normal/arm64/SwiftagramCrypto.swiftdoc /Users/admin/builder/spi-builder-workspace/.derivedData/Build/Products/Debug-xros/SwiftagramCrypto.swiftmodule/arm64-apple-xros.swiftdoc
Copy /Users/admin/builder/spi-builder-workspace/.derivedData/Build/Products/Debug-xros/SwiftagramCrypto.swiftmodule/arm64-apple-xros.abi.json /Users/admin/builder/spi-builder-workspace/.derivedData/Build/Intermediates.noindex/Swiftagram.build/Debug-xros/SwiftagramCrypto-t.build/Objects-normal/arm64/SwiftagramCrypto.abi.json (in target 'SwiftagramCrypto' from project 'Swiftagram')
cd /Users/admin/builder/spi-builder-workspace
builtin-copy -exclude .DS_Store -exclude CVS -exclude .svn -exclude .git -exclude .hg -resolve-src-symlinks -rename /Users/admin/builder/spi-builder-workspace/.derivedData/Build/Intermediates.noindex/Swiftagram.build/Debug-xros/SwiftagramCrypto-t.build/Objects-normal/arm64/SwiftagramCrypto.abi.json /Users/admin/builder/spi-builder-workspace/.derivedData/Build/Products/Debug-xros/SwiftagramCrypto.swiftmodule/arm64-apple-xros.abi.json
Copy /Users/admin/builder/spi-builder-workspace/.derivedData/Build/Products/Debug-xros/SwiftagramCrypto.swiftmodule/Project/arm64-apple-xros.swiftsourceinfo /Users/admin/builder/spi-builder-workspace/.derivedData/Build/Intermediates.noindex/Swiftagram.build/Debug-xros/SwiftagramCrypto-t.build/Objects-normal/arm64/SwiftagramCrypto.swiftsourceinfo (in target 'SwiftagramCrypto' from project 'Swiftagram')
cd /Users/admin/builder/spi-builder-workspace
builtin-copy -exclude .DS_Store -exclude CVS -exclude .svn -exclude .git -exclude .hg -resolve-src-symlinks -rename /Users/admin/builder/spi-builder-workspace/.derivedData/Build/Intermediates.noindex/Swiftagram.build/Debug-xros/SwiftagramCrypto-t.build/Objects-normal/arm64/SwiftagramCrypto.swiftsourceinfo /Users/admin/builder/spi-builder-workspace/.derivedData/Build/Products/Debug-xros/SwiftagramCrypto.swiftmodule/Project/arm64-apple-xros.swiftsourceinfo
SwiftDriverJobDiscovery normal arm64 Compiling Crypto.swift (in target 'SwiftagramCrypto' from project 'Swiftagram')
SwiftCompile normal arm64 Compiling\ Authenticator+Visual.swift /Users/admin/builder/spi-builder-workspace/Sources/Swiftagram/Authentication/Visual/Authenticator+Visual.swift (in target 'Swiftagram' from project 'Swiftagram')
SwiftCompile normal arm64 /Users/admin/builder/spi-builder-workspace/Sources/Swiftagram/Authentication/Visual/Authenticator+Visual.swift (in target 'Swiftagram' from project 'Swiftagram')
cd /Users/admin/builder/spi-builder-workspace/.swiftpm/xcode
builtin-SwiftPerFileCompile Authenticator+Visual.swift
SwiftCompile normal arm64 Compiling\ Application.swift /Users/admin/builder/spi-builder-workspace/Sources/Swiftagram/Client/Application.swift (in target 'Swiftagram' from project 'Swiftagram')
SwiftCompile normal arm64 /Users/admin/builder/spi-builder-workspace/Sources/Swiftagram/Client/Application.swift (in target 'Swiftagram' from project 'Swiftagram')
cd /Users/admin/builder/spi-builder-workspace/.swiftpm/xcode
builtin-SwiftPerFileCompile Application.swift
SwiftDriverJobDiscovery normal arm64 Compiling Endpoint+ManyComments.swift, Endpoint+Media.swift (in target 'SwiftagramCrypto' from project 'Swiftagram')
SwiftCompile normal arm64 Compiling\ AuthenticatorWebView.swift /Users/admin/builder/spi-builder-workspace/Sources/Swiftagram/Authentication/Visual/AuthenticatorWebView.swift (in target 'Swiftagram' from project 'Swiftagram')
/Users/admin/builder/spi-builder-workspace/Sources/Swiftagram/Authentication/Visual/AuthenticatorWebView.swift:48:23: warning: 'processPool' was deprecated in visionOS 1.0: Creating and using multiple instances of WKProcessPool no longer has any effect. [#DeprecatedDeclaration]
46 | required init(client: Client) {
47 | let configuration = WKWebViewConfiguration()
48 | configuration.processPool = WKProcessPool()
| `- warning: 'processPool' was deprecated in visionOS 1.0: Creating and using multiple instances of WKProcessPool no longer has any effect. [#DeprecatedDeclaration]
49 | configuration.userContentController
50 | .addUserScript(
/Users/admin/builder/spi-builder-workspace/Sources/Swiftagram/Authentication/Visual/AuthenticatorWebView.swift:48:37: warning: 'WKProcessPool' was deprecated in visionOS 1.0: Creating and using multiple instances of WKProcessPool no longer has any effect. [#DeprecatedDeclaration]
46 | required init(client: Client) {
47 | let configuration = WKWebViewConfiguration()
48 | configuration.processPool = WKProcessPool()
| `- warning: 'WKProcessPool' was deprecated in visionOS 1.0: Creating and using multiple instances of WKProcessPool no longer has any effect. [#DeprecatedDeclaration]
49 | configuration.userContentController
50 | .addUserScript(
[#DeprecatedDeclaration]: <https://docs.swift.org/compiler/documentation/diagnostics/deprecated-declaration>
SwiftCompile normal arm64 /Users/admin/builder/spi-builder-workspace/Sources/Swiftagram/Authentication/Visual/AuthenticatorWebView.swift (in target 'Swiftagram' from project 'Swiftagram')
cd /Users/admin/builder/spi-builder-workspace/.swiftpm/xcode
builtin-SwiftPerFileCompile AuthenticatorWebView.swift
SwiftDriverJobDiscovery normal arm64 Compiling @_exported.swift (in target 'SwiftagramCrypto' from project 'Swiftagram')
SwiftCompile normal arm64 Compiling\ LegacyDevice.swift /Users/admin/builder/spi-builder-workspace/Sources/Swiftagram/Client/LegacyDevice.swift (in target 'Swiftagram' from project 'Swiftagram')
SwiftCompile normal arm64 /Users/admin/builder/spi-builder-workspace/Sources/Swiftagram/Client/LegacyDevice.swift (in target 'Swiftagram' from project 'Swiftagram')
cd /Users/admin/builder/spi-builder-workspace/.swiftpm/xcode
builtin-SwiftPerFileCompile LegacyDevice.swift
SwiftDriverJobDiscovery normal arm64 Compiling Authenticator+Keychain.swift, Authenticator+Basic.swift (in target 'SwiftagramCrypto' from project 'Swiftagram')
SwiftCompile normal arm64 Compiling\ Client.swift /Users/admin/builder/spi-builder-workspace/Sources/Swiftagram/Client/Client.swift (in target 'Swiftagram' from project 'Swiftagram')
/Users/admin/builder/spi-builder-workspace/Sources/Swiftagram/Client/Client.swift:103:62: warning: 'languageCode' was deprecated in iOS 1.0: renamed to 'language.languageCode.identifier' [#DeprecatedDeclaration]
101 | return .init(application: .iOS(),
102 | device: .iOS("iOS " + UIDevice.current.systemVersion.replacingOccurrences(of: ".", with: "_"),
103 | language: NSLocale.current.languageCode ?? "en_US",
| |- warning: 'languageCode' was deprecated in iOS 1.0: renamed to 'language.languageCode.identifier' [#DeprecatedDeclaration]
| `- note: use 'language.languageCode.identifier' instead
104 | model: identifier,
105 | resolution: .init(width: Int(UIScreen.main.nativeBounds.width),
/Users/admin/builder/spi-builder-workspace/Sources/Swiftagram/Client/Client.swift:105:64: error: 'UIScreen' is unavailable in visionOS
103 | language: NSLocale.current.languageCode ?? "en_US",
104 | model: identifier,
105 | resolution: .init(width: Int(UIScreen.main.nativeBounds.width),
| `- error: 'UIScreen' is unavailable in visionOS
106 | height: Int(UIScreen.main.nativeBounds.height),
107 | scale: Int(UIScreen.main.scale),
/Applications/Xcode-27.0.0-Release.Candidate.app/Contents/Developer/Platforms/XROS.platform/Developer/SDKs/XROS27.0.sdk/System/Library/Frameworks/UIKit.framework/Headers/UIScreen.h:54:12: note: 'UIScreen' has been explicitly marked unavailable here
52 |
53 | UIKIT_EXTERN API_AVAILABLE(ios(2.0)) API_UNAVAILABLE(visionos, watchos) NS_SWIFT_UI_ACTOR
54 | @interface UIScreen : NSObject <UITraitEnvironment>
| `- note: 'UIScreen' has been explicitly marked unavailable here
55 |
56 | @property(class, nonatomic, readonly) NSArray<UIScreen *> *screens API_DEPRECATED("Use UIApplication.shared.openSessions to find open sessions with scenes from other screens", ios(3.2, 16.0), visionos(1.0, 1.0)) API_UNAVAILABLE(watchos); // all screens currently attached to the device
/Users/admin/builder/spi-builder-workspace/Sources/Swiftagram/Client/Client.swift:106:65: error: 'UIScreen' is unavailable in visionOS
104 | model: identifier,
105 | resolution: .init(width: Int(UIScreen.main.nativeBounds.width),
106 | height: Int(UIScreen.main.nativeBounds.height),
| `- error: 'UIScreen' is unavailable in visionOS
107 | scale: Int(UIScreen.main.scale),
108 | dpi: 458)))
/Applications/Xcode-27.0.0-Release.Candidate.app/Contents/Developer/Platforms/XROS.platform/Developer/SDKs/XROS27.0.sdk/System/Library/Frameworks/UIKit.framework/Headers/UIScreen.h:54:12: note: 'UIScreen' has been explicitly marked unavailable here
52 |
53 | UIKIT_EXTERN API_AVAILABLE(ios(2.0)) API_UNAVAILABLE(visionos, watchos) NS_SWIFT_UI_ACTOR
54 | @interface UIScreen : NSObject <UITraitEnvironment>
| `- note: 'UIScreen' has been explicitly marked unavailable here
55 |
56 | @property(class, nonatomic, readonly) NSArray<UIScreen *> *screens API_DEPRECATED("Use UIApplication.shared.openSessions to find open sessions with scenes from other screens", ios(3.2, 16.0), visionos(1.0, 1.0)) API_UNAVAILABLE(watchos); // all screens currently attached to the device
/Users/admin/builder/spi-builder-workspace/Sources/Swiftagram/Client/Client.swift:107:64: error: 'UIScreen' is unavailable in visionOS
105 | resolution: .init(width: Int(UIScreen.main.nativeBounds.width),
106 | height: Int(UIScreen.main.nativeBounds.height),
107 | scale: Int(UIScreen.main.scale),
| `- error: 'UIScreen' is unavailable in visionOS
108 | dpi: 458)))
109 | }
/Applications/Xcode-27.0.0-Release.Candidate.app/Contents/Developer/Platforms/XROS.platform/Developer/SDKs/XROS27.0.sdk/System/Library/Frameworks/UIKit.framework/Headers/UIScreen.h:54:12: note: 'UIScreen' has been explicitly marked unavailable here
52 |
53 | UIKIT_EXTERN API_AVAILABLE(ios(2.0)) API_UNAVAILABLE(visionos, watchos) NS_SWIFT_UI_ACTOR
54 | @interface UIScreen : NSObject <UITraitEnvironment>
| `- note: 'UIScreen' has been explicitly marked unavailable here
55 |
56 | @property(class, nonatomic, readonly) NSArray<UIScreen *> *screens API_DEPRECATED("Use UIApplication.shared.openSessions to find open sessions with scenes from other screens", ios(3.2, 16.0), visionos(1.0, 1.0)) API_UNAVAILABLE(watchos); // all screens currently attached to the device
[#DeprecatedDeclaration]: <https://docs.swift.org/compiler/documentation/diagnostics/deprecated-declaration>
Failed frontend command:
/Applications/Xcode-27.0.0-Release.Candidate.app/Contents/Developer/Toolchains/XcodeDefault.xctoolchain/usr/bin/swift-frontend -frontend -c /Users/admin/builder/spi-builder-workspace/Sources/Swiftagram/Authentication/Authentication.swift /Users/admin/builder/spi-builder-workspace/Sources/Swiftagram/Authentication/Authenticator+Error.swift /Users/admin/builder/spi-builder-workspace/Sources/Swiftagram/Authentication/Authenticator+Key.swift /Users/admin/builder/spi-builder-workspace/Sources/Swiftagram/Authentication/Authenticator+Keys.swift /Users/admin/builder/spi-builder-workspace/Sources/Swiftagram/Authentication/Authenticator.swift /Users/admin/builder/spi-builder-workspace/Sources/Swiftagram/Authentication/Secret.swift /Users/admin/builder/spi-builder-workspace/Sources/Swiftagram/Authentication/Visual/Authenticator+Visual.swift /Users/admin/builder/spi-builder-workspace/Sources/Swiftagram/Authentication/Visual/AuthenticatorWebView.swift /Users/admin/builder/spi-builder-workspace/Sources/Swiftagram/Client/Application.swift -primary-file /Users/admin/builder/spi-builder-workspace/Sources/Swiftagram/Client/Client.swift /Users/admin/builder/spi-builder-workspace/Sources/Swiftagram/Client/Device.swift /Users/admin/builder/spi-builder-workspace/Sources/Swiftagram/Client/LegacyDevice.swift /Users/admin/builder/spi-builder-workspace/Sources/Swiftagram/Endpoints/Archived/Endpoint+Archived.swift /Users/admin/builder/spi-builder-workspace/Sources/Swiftagram/Endpoints/Direct/Endpoint+Conversation.swift /Users/admin/builder/spi-builder-workspace/Sources/Swiftagram/Endpoints/Direct/Endpoint+ConversationRequest.swift /Users/admin/builder/spi-builder-workspace/Sources/Swiftagram/Endpoints/Direct/Endpoint+Direct.swift /Users/admin/builder/spi-builder-workspace/Sources/Swiftagram/Endpoints/Direct/Endpoint+Message.swift /Users/admin/builder/spi-builder-workspace/Sources/Swiftagram/Endpoints/Endpoint.swift /Users/admin/builder/spi-builder-workspace/Sources/Swiftagram/Endpoints/Explore/Endpoint+Explore.swift /Users/admin/builder/spi-builder-workspace/Sources/Swiftagram/Endpoints/Location/Endpoint+Location.swift /Users/admin/builder/spi-builder-workspace/Sources/Swiftagram/Endpoints/Location/Endpoint+LocationPosts.swift /Users/admin/builder/spi-builder-workspace/Sources/Swiftagram/Endpoints/Media/Endpoint+Comment.swift /Users/admin/builder/spi-builder-workspace/Sources/Swiftagram/Endpoints/Media/Endpoint+ManyComments.swift /Users/admin/builder/spi-builder-workspace/Sources/Swiftagram/Endpoints/Media/Endpoint+Media.swift /Users/admin/builder/spi-builder-workspace/Sources/Swiftagram/Endpoints/Posts/Endpoint+Posts.swift /Users/admin/builder/spi-builder-workspace/Sources/Swiftagram/Endpoints/Recent/Endpoint+Recent.swift /Users/admin/builder/spi-builder-workspace/Sources/Swiftagram/Endpoints/Saved/Endpoint+Saved.swift /Users/admin/builder/spi-builder-workspace/Sources/Swiftagram/Endpoints/Saved/Endpoint+SavedCollection.swift /Users/admin/builder/spi-builder-workspace/Sources/Swiftagram/Endpoints/Stories/Endpoint+Stories.swift /Users/admin/builder/spi-builder-workspace/Sources/Swiftagram/Endpoints/Tag/Endpoint+Tag.swift /Users/admin/builder/spi-builder-workspace/Sources/Swiftagram/Endpoints/Tag/Endpoint+TagPosts.swift /Users/admin/builder/spi-builder-workspace/Sources/Swiftagram/Endpoints/User/Endpoint+ManyUsers.swift /Users/admin/builder/spi-builder-workspace/Sources/Swiftagram/Endpoints/User/Endpoint+User.swift /Users/admin/builder/spi-builder-workspace/Sources/Swiftagram/Endpoints/User/Endpoint+Users.swift /Users/admin/builder/spi-builder-workspace/Sources/Swiftagram/Extensions/@_exported.swift /Users/admin/builder/spi-builder-workspace/Sources/Swiftagram/Extensions/Agnostic.swift /Users/admin/builder/spi-builder-workspace/Sources/Swiftagram/Extensions/Constants.swift /Users/admin/builder/spi-builder-workspace/Sources/Swiftagram/Extensions/HTTPCookie.swift /Users/admin/builder/spi-builder-workspace/Sources/Swiftagram/Extensions/Header.swift /Users/admin/builder/spi-builder-workspace/Sources/Swiftagram/Extensions/Paginatable.swift /Users/admin/builder/spi-builder-workspace/Sources/Swiftagram/Extensions/Publisher.swift /Users/admin/builder/spi-builder-workspace/Sources/Swiftagram/Extensions/URLSession.swift /Users/admin/builder/spi-builder-workspace/Sources/Swiftagram/Models/Errors/AuthenticationError.swift /Users/admin/builder/spi-builder-workspace/Sources/Swiftagram/Models/Specialized/Comment.swift /Users/admin/builder/spi-builder-workspace/Sources/Swiftagram/Models/Specialized/Conversation.swift /Users/admin/builder/spi-builder-workspace/Sources/Swiftagram/Models/Specialized/Friendship.swift /Users/admin/builder/spi-builder-workspace/Sources/Swiftagram/Models/Specialized/Location.swift /Users/admin/builder/spi-builder-workspace/Sources/Swiftagram/Models/Specialized/Media.swift /Users/admin/builder/spi-builder-workspace/Sources/Swiftagram/Models/Specialized/Recipient.swift /Users/admin/builder/spi-builder-workspace/Sources/Swiftagram/Models/Specialized/SavedCollection.swift /Users/admin/builder/spi-builder-workspace/Sources/Swiftagram/Models/Specialized/Section.swift /Users/admin/builder/spi-builder-workspace/Sources/Swiftagram/Models/Specialized/Specialized.swift /Users/admin/builder/spi-builder-workspace/Sources/Swiftagram/Models/Specialized/Status.swift /Users/admin/builder/spi-builder-workspace/Sources/Swiftagram/Models/Specialized/Sticker.swift /Users/admin/builder/spi-builder-workspace/Sources/Swiftagram/Models/Specialized/Tag.swift /Users/admin/builder/spi-builder-workspace/Sources/Swiftagram/Models/Specialized/TrayItem.swift /Users/admin/builder/spi-builder-workspace/Sources/Swiftagram/Models/Specialized/User.swift /Users/admin/builder/spi-builder-workspace/Sources/Swiftagram/Models/Specialized/UserTag.swift -emit-dependencies-path /Users/admin/builder/spi-builder-workspace/.derivedData/Build/Intermediates.noindex/Swiftagram.build/Debug-xros/Swiftagram-t.build/Objects-normal/arm64/Client.d -emit-const-values-path /Users/admin/builder/spi-builder-workspace/.derivedData/Build/Intermediates.noindex/Swiftagram.build/Debug-xros/Swiftagram-t.build/Objects-normal/arm64/Client.swiftconstvalues -emit-reference-dependencies-path /Users/admin/builder/spi-builder-workspace/.derivedData/Build/Intermediates.noindex/Swiftagram.build/Debug-xros/Swiftagram-t.build/Objects-normal/arm64/Client.swiftdeps -serialize-diagnostics-path /Users/admin/builder/spi-builder-workspace/.derivedData/Build/Intermediates.noindex/Swiftagram.build/Debug-xros/Swiftagram-t.build/Objects-normal/arm64/Client.dia -target arm64-apple-xros1.0 -module-can-import SwCrypt -module-can-import-version UIKit 9127.0.84.1 9127.0.84 -module-can-import-version WebKit 7625.1.29.14 625.1.29 -disable-cross-import-overlay-search -swift-module-cross-import WebKit /Applications/Xcode-27.0.0-Release.Candidate.app/Contents/Developer/Platforms/XROS.platform/Developer/SDKs/XROS.sdk/System/Library/Frameworks/WebKit.framework/Modules/WebKit.swiftcrossimport/SwiftUI.swiftoverlay -swift-module-cross-import WebKit /Applications/Xcode-27.0.0-Release.Candidate.app/Contents/Developer/Platforms/XROS.platform/Developer/SDKs/XROS27.0.sdk/System/Library/Frameworks/WebKit.framework/Modules/WebKit.swiftcrossimport/SwiftUI.swiftoverlay -load-resolved-plugin /Applications/Xcode-27.0.0-Release.Candidate.app/Contents/Developer/Platforms/XROS.platform/Developer/usr/lib/swift/host/plugins/libFoundationMacros.dylib\#/Applications/Xcode-27.0.0-Release.Candidate.app/Contents/Developer/Platforms/XROS.platform/Developer/usr/bin/swift-plugin-server\#FoundationMacros -load-resolved-plugin /Applications/Xcode-27.0.0-Release.Candidate.app/Contents/Developer/Platforms/XROS.platform/Developer/usr/lib/swift/host/plugins/libObservationMacros.dylib\#/Applications/Xcode-27.0.0-Release.Candidate.app/Contents/Developer/Platforms/XROS.platform/Developer/usr/bin/swift-plugin-server\#ObservationMacros -load-resolved-plugin /Applications/Xcode-27.0.0-Release.Candidate.app/Contents/Developer/Platforms/XROS.platform/Developer/usr/lib/swift/host/plugins/libPreviewsMacros.dylib\#/Applications/Xcode-27.0.0-Release.Candidate.app/Contents/Developer/Platforms/XROS.platform/Developer/usr/bin/swift-plugin-server\#PreviewsMacros -load-resolved-plugin /Applications/Xcode-27.0.0-Release.Candidate.app/Contents/Developer/Platforms/XROS.platform/Developer/usr/lib/swift/host/plugins/libSwiftMacros.dylib\#/Applications/Xcode-27.0.0-Release.Candidate.app/Contents/Developer/Platforms/XROS.platform/Developer/usr/bin/swift-plugin-server\#SwiftMacros -load-resolved-plugin /Applications/Xcode-27.0.0-Release.Candidate.app/Contents/Developer/Platforms/XROS.platform/Developer/usr/lib/swift/host/plugins/libSwiftUIMacros.dylib\#/Applications/Xcode-27.0.0-Release.Candidate.app/Contents/Developer/Platforms/XROS.platform/Developer/usr/bin/swift-plugin-server\#SwiftUIMacros -disable-implicit-swift-modules -Xcc -fno-implicit-modules -Xcc -fno-implicit-module-maps -explicit-swift-module-map-file /Users/admin/builder/spi-builder-workspace/.derivedData/Build/Intermediates.noindex/Swiftagram.build/Debug-xros/Swiftagram-t.build/Objects-normal/arm64/Swiftagram-dependencies-1.json -Xllvm -aarch64-use-tbi -enable-objc-interop -stack-check -sdk /Applications/Xcode-27.0.0-Release.Candidate.app/Contents/Developer/Platforms/XROS.platform/Developer/SDKs/XROS27.0.sdk -I /Users/admin/builder/spi-builder-workspace/.derivedData/Build/Products/Debug-xros -Isystem /Applications/Xcode-27.0.0-Release.Candidate.app/Contents/Developer/Platforms/XROS.platform/Developer/usr/lib -F /Users/admin/builder/spi-builder-workspace/.derivedData/Build/Products/Debug-xros/PackageFrameworks -F /Users/admin/builder/spi-builder-workspace/.derivedData/Build/Products/Debug-xros -F /Applications/Xcode-27.0.0-Release.Candidate.app/Contents/Developer/Platforms/XROS.platform/Developer/Library/Frameworks -F /Applications/Xcode-27.0.0-Release.Candidate.app/Contents/Developer/Platforms/XROS.platform/Developer/SDKs/XROS27.0.sdk/Developer/Library/Frameworks -module-cache-path /Users/admin/builder/spi-builder-workspace/.derivedData/Build/Intermediates.noindex/SwiftExplicitPrecompiledModules -no-color-diagnostics -Xcc -fno-color-diagnostics -enable-testing -g -debug-info-format\=dwarf -dwarf-version\=4 -profile-generate -profile-coverage-mapping -swift-version 5 -Onone -D SWIFT_PACKAGE -D DEBUG -D SWIFT_MODULE_RESOURCE_BUNDLE_UNAVAILABLE -D Xcode -serialize-debugging-options -enable-experimental-feature DebugDescriptionMacro -empty-abi-descriptor -validate-clang-modules-once -clang-build-session-file /Users/admin/builder/spi-builder-workspace/.derivedData/ModuleCache.noindex/Session.modulevalidation -Xcc -working-directory -Xcc /Users/admin/builder/spi-builder-workspace/.swiftpm/xcode -enable-anonymous-context-mangled-names -file-compilation-dir /Users/admin/builder/spi-builder-workspace/.swiftpm/xcode -Xcc -D_LIBCPP_HARDENING_MODE\=_LIBCPP_HARDENING_MODE_DEBUG -Xcc -ivfsstatcache -Xcc /Users/admin/builder/spi-builder-workspace/.derivedData/SDKStatCaches.noindex/xros27.0-24M361-e829b21a6f8c9b70876ba0858053c044735bd543db762f57723cac368afd1ce4.sdkstatcache -Xcc -fmodules-prune-interval\=86400 -Xcc -fmodules-prune-after\=345600 -Xcc -I/Users/admin/builder/spi-builder-workspace/.derivedData/Build/Products/Debug-xros/include -Xcc -I/Users/admin/builder/spi-builder-workspace/.derivedData/Build/Intermediates.noindex/Swiftagram.build/Debug-xros/Swiftagram-t.build/DerivedSources-normal/arm64 -Xcc -I/Users/admin/builder/spi-builder-workspace/.derivedData/Build/Intermediates.noindex/Swiftagram.build/Debug-xros/Swiftagram-t.build/DerivedSources/arm64 -Xcc -I/Users/admin/builder/spi-builder-workspace/.derivedData/Build/Intermediates.noindex/Swiftagram.build/Debug-xros/Swiftagram-t.build/DerivedSources -Xcc -DSWIFT_PACKAGE -Xcc -DDEBUG\=1 -no-auto-bridging-header-chaining -module-name Swiftagram -const-gather-protocols-file /Users/admin/builder/spi-builder-workspace/.derivedData/Build/Intermediates.noindex/Swiftagram.build/Debug-xros/Swiftagram-t.build/Objects-normal/arm64/Swiftagram_const_extract_protocols.json -disable-clang-spi -clang-target arm64-apple-xros27.0 -target-sdk-version 27.0 -target-sdk-name xros27.0 -in-process-plugin-server-path /Applications/Xcode-27.0.0-Release.Candidate.app/Contents/Developer/Toolchains/XcodeDefault.xctoolchain/usr/lib/swift/host/libSwiftInProcPluginServer.dylib -parse-as-library -o /Users/admin/builder/spi-builder-workspace/.derivedData/Build/Intermediates.noindex/Swiftagram.build/Debug-xros/Swiftagram-t.build/Objects-normal/arm64/Client.o -debug-module-path /Users/admin/builder/spi-builder-workspace/.derivedData/Build/Intermediates.noindex/Swiftagram.build/Debug-xros/Swiftagram-t.build/Objects-normal/arm64/Swiftagram.swiftmodule -index-unit-output-path /Swiftagram.build/Debug-xros/Swiftagram-t.build/Objects-normal/arm64/Client.o -index-store-path /Users/admin/builder/spi-builder-workspace/.derivedData/Index.noindex/DataStore -index-system-modules
SwiftCompile normal arm64 /Users/admin/builder/spi-builder-workspace/Sources/Swiftagram/Client/Client.swift (in target 'Swiftagram' from project 'Swiftagram')
cd /Users/admin/builder/spi-builder-workspace/.swiftpm/xcode
builtin-SwiftPerFileCompile Client.swift
SwiftDriverJobDiscovery normal arm64 Compiling Application.swift (in target 'Swiftagram' from project 'Swiftagram')
SwiftCompile normal arm64 Compiling\ Endpoint+Archived.swift,\ Endpoint+Conversation.swift,\ Endpoint+Direct.swift /Users/admin/builder/spi-builder-workspace/Sources/Swiftagram/Endpoints/Archived/Endpoint+Archived.swift /Users/admin/builder/spi-builder-workspace/Sources/Swiftagram/Endpoints/Direct/Endpoint+Conversation.swift /Users/admin/builder/spi-builder-workspace/Sources/Swiftagram/Endpoints/Direct/Endpoint+Direct.swift (in target 'Swiftagram' from project 'Swiftagram')
SwiftCompile normal arm64 /Users/admin/builder/spi-builder-workspace/Sources/Swiftagram/Endpoints/Archived/Endpoint+Archived.swift (in target 'Swiftagram' from project 'Swiftagram')
cd /Users/admin/builder/spi-builder-workspace/.swiftpm/xcode
builtin-SwiftPerFileCompile Endpoint+Archived.swift
SwiftCompile normal arm64 /Users/admin/builder/spi-builder-workspace/Sources/Swiftagram/Endpoints/Direct/Endpoint+Conversation.swift (in target 'Swiftagram' from project 'Swiftagram')
cd /Users/admin/builder/spi-builder-workspace/.swiftpm/xcode
builtin-SwiftPerFileCompile Endpoint+Conversation.swift
SwiftCompile normal arm64 /Users/admin/builder/spi-builder-workspace/Sources/Swiftagram/Endpoints/Direct/Endpoint+Direct.swift (in target 'Swiftagram' from project 'Swiftagram')
cd /Users/admin/builder/spi-builder-workspace/.swiftpm/xcode
builtin-SwiftPerFileCompile Endpoint+Direct.swift
SwiftCompile normal arm64 Compiling\ Authentication.swift,\ Authenticator+Error.swift,\ Authenticator+Key.swift /Users/admin/builder/spi-builder-workspace/Sources/Swiftagram/Authentication/Authentication.swift /Users/admin/builder/spi-builder-workspace/Sources/Swiftagram/Authentication/Authenticator+Error.swift /Users/admin/builder/spi-builder-workspace/Sources/Swiftagram/Authentication/Authenticator+Key.swift (in target 'Swiftagram' from project 'Swiftagram')
SwiftCompile normal arm64 /Users/admin/builder/spi-builder-workspace/Sources/Swiftagram/Authentication/Authentication.swift (in target 'Swiftagram' from project 'Swiftagram')
cd /Users/admin/builder/spi-builder-workspace/.swiftpm/xcode
builtin-SwiftPerFileCompile Authentication.swift
SwiftCompile normal arm64 /Users/admin/builder/spi-builder-workspace/Sources/Swiftagram/Authentication/Authenticator+Error.swift (in target 'Swiftagram' from project 'Swiftagram')
cd /Users/admin/builder/spi-builder-workspace/.swiftpm/xcode
builtin-SwiftPerFileCompile Authenticator+Error.swift
SwiftCompile normal arm64 /Users/admin/builder/spi-builder-workspace/Sources/Swiftagram/Authentication/Authenticator+Key.swift (in target 'Swiftagram' from project 'Swiftagram')
cd /Users/admin/builder/spi-builder-workspace/.swiftpm/xcode
builtin-SwiftPerFileCompile Authenticator+Key.swift
SwiftDriverJobDiscovery normal arm64 Compiling Authenticator+Visual.swift (in target 'Swiftagram' from project 'Swiftagram')
SwiftCompile normal arm64 Compiling\ Endpoint+User.swift,\ Endpoint+Users.swift /Users/admin/builder/spi-builder-workspace/Sources/Swiftagram/Endpoints/User/Endpoint+User.swift /Users/admin/builder/spi-builder-workspace/Sources/Swiftagram/Endpoints/User/Endpoint+Users.swift (in target 'Swiftagram' from project 'Swiftagram')
SwiftCompile normal arm64 /Users/admin/builder/spi-builder-workspace/Sources/Swiftagram/Endpoints/User/Endpoint+User.swift (in target 'Swiftagram' from project 'Swiftagram')
cd /Users/admin/builder/spi-builder-workspace/.swiftpm/xcode
builtin-SwiftPerFileCompile Endpoint+User.swift
SwiftCompile normal arm64 /Users/admin/builder/spi-builder-workspace/Sources/Swiftagram/Endpoints/User/Endpoint+Users.swift (in target 'Swiftagram' from project 'Swiftagram')
cd /Users/admin/builder/spi-builder-workspace/.swiftpm/xcode
builtin-SwiftPerFileCompile Endpoint+Users.swift
SwiftDriverJobDiscovery normal arm64 Compiling LegacyDevice.swift (in target 'Swiftagram' from project 'Swiftagram')
SwiftCompile normal arm64 Compiling\ Endpoint+Location.swift,\ Endpoint+LocationPosts.swift /Users/admin/builder/spi-builder-workspace/Sources/Swiftagram/Endpoints/Location/Endpoint+Location.swift /Users/admin/builder/spi-builder-workspace/Sources/Swiftagram/Endpoints/Location/Endpoint+LocationPosts.swift (in target 'Swiftagram' from project 'Swiftagram')
SwiftCompile normal arm64 /Users/admin/builder/spi-builder-workspace/Sources/Swiftagram/Endpoints/Location/Endpoint+Location.swift (in target 'Swiftagram' from project 'Swiftagram')
cd /Users/admin/builder/spi-builder-workspace/.swiftpm/xcode
builtin-SwiftPerFileCompile Endpoint+Location.swift
SwiftCompile normal arm64 /Users/admin/builder/spi-builder-workspace/Sources/Swiftagram/Endpoints/Location/Endpoint+LocationPosts.swift (in target 'Swiftagram' from project 'Swiftagram')
cd /Users/admin/builder/spi-builder-workspace/.swiftpm/xcode
builtin-SwiftPerFileCompile Endpoint+LocationPosts.swift
SwiftDriverJobDiscovery normal arm64 Compiling Device.swift (in target 'Swiftagram' from project 'Swiftagram')
SwiftCompile normal arm64 Compiling\ Endpoint+SavedCollection.swift,\ Endpoint+Tag.swift /Users/admin/builder/spi-builder-workspace/Sources/Swiftagram/Endpoints/Saved/Endpoint+SavedCollection.swift /Users/admin/builder/spi-builder-workspace/Sources/Swiftagram/Endpoints/Tag/Endpoint+Tag.swift (in target 'Swiftagram' from project 'Swiftagram')
SwiftCompile normal arm64 /Users/admin/builder/spi-builder-workspace/Sources/Swiftagram/Endpoints/Saved/Endpoint+SavedCollection.swift (in target 'Swiftagram' from project 'Swiftagram')
cd /Users/admin/builder/spi-builder-workspace/.swiftpm/xcode
builtin-SwiftPerFileCompile Endpoint+SavedCollection.swift
SwiftCompile normal arm64 /Users/admin/builder/spi-builder-workspace/Sources/Swiftagram/Endpoints/Tag/Endpoint+Tag.swift (in target 'Swiftagram' from project 'Swiftagram')
cd /Users/admin/builder/spi-builder-workspace/.swiftpm/xcode
builtin-SwiftPerFileCompile Endpoint+Tag.swift
SwiftDriverJobDiscovery normal arm64 Compiling AuthenticatorWebView.swift (in target 'Swiftagram' from project 'Swiftagram')
SwiftCompile normal arm64 Compiling\ Authenticator+Keys.swift,\ Authenticator.swift,\ Secret.swift /Users/admin/builder/spi-builder-workspace/Sources/Swiftagram/Authentication/Authenticator+Keys.swift /Users/admin/builder/spi-builder-workspace/Sources/Swiftagram/Authentication/Authenticator.swift /Users/admin/builder/spi-builder-workspace/Sources/Swiftagram/Authentication/Secret.swift (in target 'Swiftagram' from project 'Swiftagram')
SwiftCompile normal arm64 /Users/admin/builder/spi-builder-workspace/Sources/Swiftagram/Authentication/Authenticator+Keys.swift (in target 'Swiftagram' from project 'Swiftagram')
cd /Users/admin/builder/spi-builder-workspace/.swiftpm/xcode
builtin-SwiftPerFileCompile Authenticator+Keys.swift
SwiftCompile normal arm64 /Users/admin/builder/spi-builder-workspace/Sources/Swiftagram/Authentication/Authenticator.swift (in target 'Swiftagram' from project 'Swiftagram')
cd /Users/admin/builder/spi-builder-workspace/.swiftpm/xcode
builtin-SwiftPerFileCompile Authenticator.swift
SwiftCompile normal arm64 /Users/admin/builder/spi-builder-workspace/Sources/Swiftagram/Authentication/Secret.swift (in target 'Swiftagram' from project 'Swiftagram')
cd /Users/admin/builder/spi-builder-workspace/.swiftpm/xcode
builtin-SwiftPerFileCompile Secret.swift
SwiftCompile normal arm64 Compiling\ Endpoint+TagPosts.swift,\ Endpoint+ManyUsers.swift /Users/admin/builder/spi-builder-workspace/Sources/Swiftagram/Endpoints/Tag/Endpoint+TagPosts.swift /Users/admin/builder/spi-builder-workspace/Sources/Swiftagram/Endpoints/User/Endpoint+ManyUsers.swift (in target 'Swiftagram' from project 'Swiftagram')
SwiftCompile normal arm64 /Users/admin/builder/spi-builder-workspace/Sources/Swiftagram/Endpoints/Tag/Endpoint+TagPosts.swift (in target 'Swiftagram' from project 'Swiftagram')
cd /Users/admin/builder/spi-builder-workspace/.swiftpm/xcode
builtin-SwiftPerFileCompile Endpoint+TagPosts.swift
SwiftCompile normal arm64 /Users/admin/builder/spi-builder-workspace/Sources/Swiftagram/Endpoints/User/Endpoint+ManyUsers.swift (in target 'Swiftagram' from project 'Swiftagram')
cd /Users/admin/builder/spi-builder-workspace/.swiftpm/xcode
builtin-SwiftPerFileCompile Endpoint+ManyUsers.swift
PruneExplicitPrecompiledModules /Users/admin/builder/spi-builder-workspace/.derivedData/Build/Intermediates.noindex/SwiftExplicitPrecompiledModules
PruneExplicitPrecompiledModules /Users/admin/builder/spi-builder-workspace/.derivedData/SDKExplicitPrecompiledModules
PruneExplicitPrecompiledModules /Users/admin/builder/spi-builder-workspace/.derivedData/Build/Intermediates.noindex/ExplicitPrecompiledModules
warning: 'Swiftagram' is missing a dependency on 'SwCrypt' because dependency scan of Swift module 'Swiftagram' discovered a dependency on 'SwCrypt'
2026-09-17 16:42:00.511 xcodebuild[1040:6194] [MT] IDERunDestination: Supported platforms for the buildables in the current scheme is empty.
** BUILD FAILED **
The following build commands failed:
SwiftCompile normal arm64 Compiling\ Client.swift /Users/admin/builder/spi-builder-workspace/Sources/Swiftagram/Client/Client.swift (in target 'Swiftagram' from project 'Swiftagram')
SwiftCompile normal arm64 /Users/admin/builder/spi-builder-workspace/Sources/Swiftagram/Client/Client.swift (in target 'Swiftagram' from project 'Swiftagram')
Building workspace Swiftagram with scheme Swiftagram-Package
(3 failures)
BUILD FAILURE 6.4 visionOS