The Swift Package Index logo.Swift Package Index

Build Information

Failed to build Loro, reference 1.16.2 (92f04d), with Swift 6.3 for Wasm on 28 Sep 2026 11:43:02 UTC.

Build Command

bash -c docker run --pull=always --rm -v "checkouts-54344844-0":/host -w "$PWD" -e JAVA_HOME="/root/.sdkman/candidates/java/current" -e SPI_BUILD="1" -e SPI_PROCESSING="1" registry.gitlab.com/saguaro1/spi-images:wasm-6.3-latest swift build --swift-sdk swift-6.3.2-RELEASE_wasm 2>&1

Build Log

 3142 |     public func uniffiCloneHandle() -> UInt64 {
 3143 |         return try! rustCall { uniffi_loro_ffi_fn_clone_localupdatecallback(self.handle, $0) }
      |                                `- error: cannot find 'uniffi_loro_ffi_fn_clone_localupdatecallback' in scope
 3144 |     }
 3145 |     // No primary constructor declared for this class.
/host/spi-builder-workspace/Sources/Loro/LoroFFI.swift:3153:25: error: cannot find 'uniffi_loro_ffi_fn_free_localupdatecallback' in scope
 3151 |         }
 3152 |
 3153 |         try! rustCall { uniffi_loro_ffi_fn_free_localupdatecallback(handle, $0) }
      |                         `- error: cannot find 'uniffi_loro_ffi_fn_free_localupdatecallback' in scope
 3154 |     }
 3155 |
/host/spi-builder-workspace/Sources/Loro/LoroFFI.swift:3160:5: error: cannot find 'uniffi_loro_ffi_fn_method_localupdatecallback_on_local_update' in scope
 3158 |
 3159 | open func onLocalUpdate(update: Data)  {try! rustCall() {
 3160 |     uniffi_loro_ffi_fn_method_localupdatecallback_on_local_update(
      |     `- error: cannot find 'uniffi_loro_ffi_fn_method_localupdatecallback_on_local_update' in scope
 3161 |             self.uniffiCloneHandle(),
 3162 |         FfiConverterData.lower(update),$0
/host/spi-builder-workspace/Sources/Loro/LoroFFI.swift:3231:5: error: cannot find 'uniffi_loro_ffi_fn_init_callback_vtable_localupdatecallback' in scope
 3229 |
 3230 | private func uniffiCallbackInitLocalUpdateCallback() {
 3231 |     uniffi_loro_ffi_fn_init_callback_vtable_localupdatecallback(UniffiCallbackInterfaceLocalUpdateCallback.vtablePtr)
      |     `- error: cannot find 'uniffi_loro_ffi_fn_init_callback_vtable_localupdatecallback' in scope
 3232 | }
 3233 |
/host/spi-builder-workspace/Sources/Loro/LoroFFI.swift:3392:32: error: cannot find 'uniffi_loro_ffi_fn_clone_lorocounter' in scope
 3390 | #endif
 3391 |     public func uniffiCloneHandle() -> UInt64 {
 3392 |         return try! rustCall { uniffi_loro_ffi_fn_clone_lorocounter(self.handle, $0) }
      |                                `- error: cannot find 'uniffi_loro_ffi_fn_clone_lorocounter' in scope
 3393 |     }
 3394 |     /**
/host/spi-builder-workspace/Sources/Loro/LoroFFI.swift:3400:5: error: cannot find 'uniffi_loro_ffi_fn_constructor_lorocounter_new' in scope
 3398 |     let handle =
 3399 |         try! rustCall() {
 3400 |     uniffi_loro_ffi_fn_constructor_lorocounter_new($0
      |     `- error: cannot find 'uniffi_loro_ffi_fn_constructor_lorocounter_new' in scope
 3401 |     )
 3402 | }
/host/spi-builder-workspace/Sources/Loro/LoroFFI.swift:3412:25: error: cannot find 'uniffi_loro_ffi_fn_free_lorocounter' in scope
 3410 |         }
 3411 |
 3412 |         try! rustCall { uniffi_loro_ffi_fn_free_lorocounter(handle, $0) }
      |                         `- error: cannot find 'uniffi_loro_ffi_fn_free_lorocounter' in scope
 3413 |     }
 3414 |
/host/spi-builder-workspace/Sources/Loro/LoroFFI.swift:3422:5: error: cannot find 'uniffi_loro_ffi_fn_method_lorocounter_decrement' in scope
 3420 |      */
 3421 | open func decrement(value: Double)throws   {try rustCallWithError(FfiConverterTypeLoroError_lift) {
 3422 |     uniffi_loro_ffi_fn_method_lorocounter_decrement(
      |     `- error: cannot find 'uniffi_loro_ffi_fn_method_lorocounter_decrement' in scope
 3423 |             self.uniffiCloneHandle(),
 3424 |         FfiConverterDouble.lower(value),$0
/host/spi-builder-workspace/Sources/Loro/LoroFFI.swift:3434:5: error: cannot find 'uniffi_loro_ffi_fn_method_lorocounter_doc' in scope
 3432 | open func doc() -> LoroDoc?  {
 3433 |     return try!  FfiConverterOptionTypeLoroDoc.lift(try! rustCall() {
 3434 |     uniffi_loro_ffi_fn_method_lorocounter_doc(
      |     `- error: cannot find 'uniffi_loro_ffi_fn_method_lorocounter_doc' in scope
 3435 |             self.uniffiCloneHandle(),$0
 3436 |     )
/host/spi-builder-workspace/Sources/Loro/LoroFFI.swift:3445:5: error: cannot find 'uniffi_loro_ffi_fn_method_lorocounter_get_attached' in scope
 3443 | open func getAttached() -> LoroCounter?  {
 3444 |     return try!  FfiConverterOptionTypeLoroCounter.lift(try! rustCall() {
 3445 |     uniffi_loro_ffi_fn_method_lorocounter_get_attached(
      |     `- error: cannot find 'uniffi_loro_ffi_fn_method_lorocounter_get_attached' in scope
 3446 |             self.uniffiCloneHandle(),$0
 3447 |     )
/host/spi-builder-workspace/Sources/Loro/LoroFFI.swift:3456:5: error: cannot find 'uniffi_loro_ffi_fn_method_lorocounter_get_value' in scope
 3454 | open func getValue() -> Double  {
 3455 |     return try!  FfiConverterDouble.lift(try! rustCall() {
 3456 |     uniffi_loro_ffi_fn_method_lorocounter_get_value(
      |     `- error: cannot find 'uniffi_loro_ffi_fn_method_lorocounter_get_value' in scope
 3457 |             self.uniffiCloneHandle(),$0
 3458 |     )
/host/spi-builder-workspace/Sources/Loro/LoroFFI.swift:3467:5: error: cannot find 'uniffi_loro_ffi_fn_method_lorocounter_id' in scope
 3465 | open func id() -> ContainerId  {
 3466 |     return try!  FfiConverterTypeContainerID_lift(try! rustCall() {
 3467 |     uniffi_loro_ffi_fn_method_lorocounter_id(
      |     `- error: cannot find 'uniffi_loro_ffi_fn_method_lorocounter_id' in scope
 3468 |             self.uniffiCloneHandle(),$0
 3469 |     )
/host/spi-builder-workspace/Sources/Loro/LoroFFI.swift:3477:5: error: cannot find 'uniffi_loro_ffi_fn_method_lorocounter_increment' in scope
 3475 |      */
 3476 | open func increment(value: Double)throws   {try rustCallWithError(FfiConverterTypeLoroError_lift) {
 3477 |     uniffi_loro_ffi_fn_method_lorocounter_increment(
      |     `- error: cannot find 'uniffi_loro_ffi_fn_method_lorocounter_increment' in scope
 3478 |             self.uniffiCloneHandle(),
 3479 |         FfiConverterDouble.lower(value),$0
/host/spi-builder-workspace/Sources/Loro/LoroFFI.swift:3492:5: error: cannot find 'uniffi_loro_ffi_fn_method_lorocounter_is_attached' in scope
 3490 | open func isAttached() -> Bool  {
 3491 |     return try!  FfiConverterBool.lift(try! rustCall() {
 3492 |     uniffi_loro_ffi_fn_method_lorocounter_is_attached(
      |     `- error: cannot find 'uniffi_loro_ffi_fn_method_lorocounter_is_attached' in scope
 3493 |             self.uniffiCloneHandle(),$0
 3494 |     )
/host/spi-builder-workspace/Sources/Loro/LoroFFI.swift:3503:5: error: cannot find 'uniffi_loro_ffi_fn_method_lorocounter_is_deleted' in scope
 3501 | open func isDeleted() -> Bool  {
 3502 |     return try!  FfiConverterBool.lift(try! rustCall() {
 3503 |     uniffi_loro_ffi_fn_method_lorocounter_is_deleted(
      |     `- error: cannot find 'uniffi_loro_ffi_fn_method_lorocounter_is_deleted' in scope
 3504 |             self.uniffiCloneHandle(),$0
 3505 |     )
/host/spi-builder-workspace/Sources/Loro/LoroFFI.swift:3524:5: error: cannot find 'uniffi_loro_ffi_fn_method_lorocounter_subscribe' in scope
 3522 | open func subscribe(subscriber: Subscriber) -> Subscription?  {
 3523 |     return try!  FfiConverterOptionTypeSubscription.lift(try! rustCall() {
 3524 |     uniffi_loro_ffi_fn_method_lorocounter_subscribe(
      |     `- error: cannot find 'uniffi_loro_ffi_fn_method_lorocounter_subscribe' in scope
 3525 |             self.uniffiCloneHandle(),
 3526 |         FfiConverterTypeSubscriber_lower(subscriber),$0
/host/spi-builder-workspace/Sources/Loro/LoroFFI.swift:4357:32: error: cannot find 'uniffi_loro_ffi_fn_clone_lorodoc' in scope
 4355 | #endif
 4356 |     public func uniffiCloneHandle() -> UInt64 {
 4357 |         return try! rustCall { uniffi_loro_ffi_fn_clone_lorodoc(self.handle, $0) }
      |                                `- error: cannot find 'uniffi_loro_ffi_fn_clone_lorodoc' in scope
 4358 |     }
 4359 |     /**
/host/spi-builder-workspace/Sources/Loro/LoroFFI.swift:4365:5: error: cannot find 'uniffi_loro_ffi_fn_constructor_lorodoc_new' in scope
 4363 |     let handle =
 4364 |         try! rustCall() {
 4365 |     uniffi_loro_ffi_fn_constructor_lorodoc_new($0
      |     `- error: cannot find 'uniffi_loro_ffi_fn_constructor_lorodoc_new' in scope
 4366 |     )
 4367 | }
/host/spi-builder-workspace/Sources/Loro/LoroFFI.swift:4377:25: error: cannot find 'uniffi_loro_ffi_fn_free_lorodoc' in scope
 4375 |         }
 4376 |
 4377 |         try! rustCall { uniffi_loro_ffi_fn_free_lorodoc(handle, $0) }
      |                         `- error: cannot find 'uniffi_loro_ffi_fn_free_lorodoc' in scope
 4378 |     }
 4379 |
/host/spi-builder-workspace/Sources/Loro/LoroFFI.swift:4389:5: error: cannot find 'uniffi_loro_ffi_fn_method_lorodoc_apply_diff' in scope
 4387 |      */
 4388 | open func applyDiff(diff: DiffBatch)throws   {try rustCallWithError(FfiConverterTypeLoroError_lift) {
 4389 |     uniffi_loro_ffi_fn_method_lorodoc_apply_diff(
      |     `- error: cannot find 'uniffi_loro_ffi_fn_method_lorodoc_apply_diff' in scope
 4390 |             self.uniffiCloneHandle(),
 4391 |         FfiConverterTypeDiffBatch_lower(diff),$0
/host/spi-builder-workspace/Sources/Loro/LoroFFI.swift:4405:5: error: cannot find 'uniffi_loro_ffi_fn_method_lorodoc_attach' in scope
 4403 |      */
 4404 | open func attach()  {try! rustCall() {
 4405 |     uniffi_loro_ffi_fn_method_lorodoc_attach(
      |     `- error: cannot find 'uniffi_loro_ffi_fn_method_lorodoc_attach' in scope
 4406 |             self.uniffiCloneHandle(),$0
 4407 |     )
/host/spi-builder-workspace/Sources/Loro/LoroFFI.swift:4416:5: error: cannot find 'uniffi_loro_ffi_fn_method_lorodoc_check_state_correctness_slow' in scope
 4414 |      */
 4415 | open func checkStateCorrectnessSlow()  {try! rustCall() {
 4416 |     uniffi_loro_ffi_fn_method_lorodoc_check_state_correctness_slow(
      |     `- error: cannot find 'uniffi_loro_ffi_fn_method_lorodoc_check_state_correctness_slow' in scope
 4417 |             self.uniffiCloneHandle(),$0
 4418 |     )
/host/spi-builder-workspace/Sources/Loro/LoroFFI.swift:4433:5: error: cannot find 'uniffi_loro_ffi_fn_method_lorodoc_checkout' in scope
 4431 |      */
 4432 | open func checkout(frontiers: Frontiers)throws   {try rustCallWithError(FfiConverterTypeLoroError_lift) {
 4433 |     uniffi_loro_ffi_fn_method_lorodoc_checkout(
      |     `- error: cannot find 'uniffi_loro_ffi_fn_method_lorodoc_checkout' in scope
 4434 |             self.uniffiCloneHandle(),
 4435 |         FfiConverterTypeFrontiers_lower(frontiers),$0
/host/spi-builder-workspace/Sources/Loro/LoroFFI.swift:4451:5: error: cannot find 'uniffi_loro_ffi_fn_method_lorodoc_checkout_to_latest' in scope
 4449 |      */
 4450 | open func checkoutToLatest()  {try! rustCall() {
 4451 |     uniffi_loro_ffi_fn_method_lorodoc_checkout_to_latest(
      |     `- error: cannot find 'uniffi_loro_ffi_fn_method_lorodoc_checkout_to_latest' in scope
 4452 |             self.uniffiCloneHandle(),$0
 4453 |     )
/host/spi-builder-workspace/Sources/Loro/LoroFFI.swift:4461:5: error: cannot find 'uniffi_loro_ffi_fn_method_lorodoc_clear_next_commit_options' in scope
 4459 |      */
 4460 | open func clearNextCommitOptions()  {try! rustCall() {
 4461 |     uniffi_loro_ffi_fn_method_lorodoc_clear_next_commit_options(
      |     `- error: cannot find 'uniffi_loro_ffi_fn_method_lorodoc_clear_next_commit_options' in scope
 4462 |             self.uniffiCloneHandle(),$0
 4463 |     )
/host/spi-builder-workspace/Sources/Loro/LoroFFI.swift:4474:5: error: cannot find 'uniffi_loro_ffi_fn_method_lorodoc_cmp_with_frontiers' in scope
 4472 | open func cmpWithFrontiers(other: Frontiers) -> Ordering  {
 4473 |     return try!  FfiConverterTypeOrdering_lift(try! rustCall() {
 4474 |     uniffi_loro_ffi_fn_method_lorodoc_cmp_with_frontiers(
      |     `- error: cannot find 'uniffi_loro_ffi_fn_method_lorodoc_cmp_with_frontiers' in scope
 4475 |             self.uniffiCloneHandle(),
 4476 |         FfiConverterTypeFrontiers_lower(other),$0
/host/spi-builder-workspace/Sources/Loro/LoroFFI.swift:4493:5: error: cannot find 'uniffi_loro_ffi_fn_method_lorodoc_commit' in scope
 4491 |      */
 4492 | open func commit()  {try! rustCall() {
 4493 |     uniffi_loro_ffi_fn_method_lorodoc_commit(
      |     `- error: cannot find 'uniffi_loro_ffi_fn_method_lorodoc_commit' in scope
 4494 |             self.uniffiCloneHandle(),$0
 4495 |     )
/host/spi-builder-workspace/Sources/Loro/LoroFFI.swift:4500:5: error: cannot find 'uniffi_loro_ffi_fn_method_lorodoc_commit_with' in scope
 4498 |
 4499 | open func commitWith(options: CommitOptions)  {try! rustCall() {
 4500 |     uniffi_loro_ffi_fn_method_lorodoc_commit_with(
      |     `- error: cannot find 'uniffi_loro_ffi_fn_method_lorodoc_commit_with' in scope
 4501 |             self.uniffiCloneHandle(),
 4502 |         FfiConverterTypeCommitOptions_lower(options),$0
/host/spi-builder-workspace/Sources/Loro/LoroFFI.swift:4513:5: error: cannot find 'uniffi_loro_ffi_fn_method_lorodoc_compact_change_store' in scope
 4511 |      */
 4512 | open func compactChangeStore()  {try! rustCall() {
 4513 |     uniffi_loro_ffi_fn_method_lorodoc_compact_change_store(
      |     `- error: cannot find 'uniffi_loro_ffi_fn_method_lorodoc_compact_change_store' in scope
 4514 |             self.uniffiCloneHandle(),$0
 4515 |     )
/host/spi-builder-workspace/Sources/Loro/LoroFFI.swift:4524:5: error: cannot find 'uniffi_loro_ffi_fn_method_lorodoc_config' in scope
 4522 | open func config() -> Configure  {
 4523 |     return try!  FfiConverterTypeConfigure_lift(try! rustCall() {
 4524 |     uniffi_loro_ffi_fn_method_lorodoc_config(
      |     `- error: cannot find 'uniffi_loro_ffi_fn_method_lorodoc_config' in scope
 4525 |             self.uniffiCloneHandle(),$0
 4526 |     )
/host/spi-builder-workspace/Sources/Loro/LoroFFI.swift:4541:5: error: cannot find 'uniffi_loro_ffi_fn_method_lorodoc_config_default_text_style' in scope
 4539 |      */
 4540 | open func configDefaultTextStyle(textStyle: StyleConfig?)  {try! rustCall() {
 4541 |     uniffi_loro_ffi_fn_method_lorodoc_config_default_text_style(
      |     `- error: cannot find 'uniffi_loro_ffi_fn_method_lorodoc_config_default_text_style' in scope
 4542 |             self.uniffiCloneHandle(),
 4543 |         FfiConverterOptionTypeStyleConfig.lower(textStyle),$0
/host/spi-builder-workspace/Sources/Loro/LoroFFI.swift:4558:5: error: cannot find 'uniffi_loro_ffi_fn_method_lorodoc_config_text_style' in scope
 4556 |      */
 4557 | open func configTextStyle(textStyle: StyleConfigMap)  {try! rustCall() {
 4558 |     uniffi_loro_ffi_fn_method_lorodoc_config_text_style(
      |     `- error: cannot find 'uniffi_loro_ffi_fn_method_lorodoc_config_text_style' in scope
 4559 |             self.uniffiCloneHandle(),
 4560 |         FfiConverterTypeStyleConfigMap_lower(textStyle),$0
/host/spi-builder-workspace/Sources/Loro/LoroFFI.swift:4575:5: error: cannot find 'uniffi_loro_ffi_fn_method_lorodoc_delete_root_container' in scope
 4573 |      */
 4574 | open func deleteRootContainer(cid: ContainerId)  {try! rustCall() {
 4575 |     uniffi_loro_ffi_fn_method_lorodoc_delete_root_container(
      |     `- error: cannot find 'uniffi_loro_ffi_fn_method_lorodoc_delete_root_container' in scope
 4576 |             self.uniffiCloneHandle(),
 4577 |         FfiConverterTypeContainerID_lower(cid),$0
/host/spi-builder-workspace/Sources/Loro/LoroFFI.swift:4590:5: error: cannot find 'uniffi_loro_ffi_fn_method_lorodoc_detach' in scope
 4588 |      */
 4589 | open func detach()  {try! rustCall() {
 4590 |     uniffi_loro_ffi_fn_method_lorodoc_detach(
      |     `- error: cannot find 'uniffi_loro_ffi_fn_method_lorodoc_detach' in scope
 4591 |             self.uniffiCloneHandle(),$0
 4592 |     )
/host/spi-builder-workspace/Sources/Loro/LoroFFI.swift:4601:5: error: cannot find 'uniffi_loro_ffi_fn_method_lorodoc_diff' in scope
 4599 | open func diff(a: Frontiers, b: Frontiers)throws  -> DiffBatch  {
 4600 |     return try  FfiConverterTypeDiffBatch_lift(try rustCallWithError(FfiConverterTypeLoroError_lift) {
 4601 |     uniffi_loro_ffi_fn_method_lorodoc_diff(
      |     `- error: cannot find 'uniffi_loro_ffi_fn_method_lorodoc_diff' in scope
 4602 |             self.uniffiCloneHandle(),
 4603 |         FfiConverterTypeFrontiers_lower(a),
/host/spi-builder-workspace/Sources/Loro/LoroFFI.swift:4614:5: error: cannot find 'uniffi_loro_ffi_fn_method_lorodoc_export' in scope
 4612 | open func export(mode: ExportMode)throws  -> Data  {
 4613 |     return try  FfiConverterData.lift(try rustCallWithError(FfiConverterTypeLoroEncodeError_lift) {
 4614 |     uniffi_loro_ffi_fn_method_lorodoc_export(
      |     `- error: cannot find 'uniffi_loro_ffi_fn_method_lorodoc_export' in scope
 4615 |             self.uniffiCloneHandle(),
 4616 |         FfiConverterTypeExportMode_lower(mode),$0
/host/spi-builder-workspace/Sources/Loro/LoroFFI.swift:4633:5: error: cannot find 'uniffi_loro_ffi_fn_method_lorodoc_export_json_in_id_span' in scope
 4631 | open func exportJsonInIdSpan(idSpan: IdSpan) -> [String]  {
 4632 |     return try!  FfiConverterSequenceString.lift(try! rustCall() {
 4633 |     uniffi_loro_ffi_fn_method_lorodoc_export_json_in_id_span(
      |     `- error: cannot find 'uniffi_loro_ffi_fn_method_lorodoc_export_json_in_id_span' in scope
 4634 |             self.uniffiCloneHandle(),
 4635 |         FfiConverterTypeIdSpan_lower(idSpan),$0
/host/spi-builder-workspace/Sources/Loro/LoroFFI.swift:4645:5: error: cannot find 'uniffi_loro_ffi_fn_method_lorodoc_export_json_updates' in scope
 4643 | open func exportJsonUpdates(startVv: VersionVector, endVv: VersionVector) -> String  {
 4644 |     return try!  FfiConverterString.lift(try! rustCall() {
 4645 |     uniffi_loro_ffi_fn_method_lorodoc_export_json_updates(
      |     `- error: cannot find 'uniffi_loro_ffi_fn_method_lorodoc_export_json_updates' in scope
 4646 |             self.uniffiCloneHandle(),
 4647 |         FfiConverterTypeVersionVector_lower(startVv),
/host/spi-builder-workspace/Sources/Loro/LoroFFI.swift:4661:5: error: cannot find 'uniffi_loro_ffi_fn_method_lorodoc_export_json_updates_without_peer_compression' in scope
 4659 | open func exportJsonUpdatesWithoutPeerCompression(startVv: VersionVector, endVv: VersionVector) -> String  {
 4660 |     return try!  FfiConverterString.lift(try! rustCall() {
 4661 |     uniffi_loro_ffi_fn_method_lorodoc_export_json_updates_without_peer_compression(
      |     `- error: cannot find 'uniffi_loro_ffi_fn_method_lorodoc_export_json_updates_without_peer_compression' in scope
 4662 |             self.uniffiCloneHandle(),
 4663 |         FfiConverterTypeVersionVector_lower(startVv),
/host/spi-builder-workspace/Sources/Loro/LoroFFI.swift:4671:5: error: cannot find 'uniffi_loro_ffi_fn_method_lorodoc_export_shallow_snapshot' in scope
 4669 | open func exportShallowSnapshot(frontiers: Frontiers)throws  -> Data  {
 4670 |     return try  FfiConverterData.lift(try rustCallWithError(FfiConverterTypeLoroEncodeError_lift) {
 4671 |     uniffi_loro_ffi_fn_method_lorodoc_export_shallow_snapshot(
      |     `- error: cannot find 'uniffi_loro_ffi_fn_method_lorodoc_export_shallow_snapshot' in scope
 4672 |             self.uniffiCloneHandle(),
 4673 |         FfiConverterTypeFrontiers_lower(frontiers),$0
/host/spi-builder-workspace/Sources/Loro/LoroFFI.swift:4683:5: error: cannot find 'uniffi_loro_ffi_fn_method_lorodoc_export_snapshot' in scope
 4681 | open func exportSnapshot()throws  -> Data  {
 4682 |     return try  FfiConverterData.lift(try rustCallWithError(FfiConverterTypeLoroEncodeError_lift) {
 4683 |     uniffi_loro_ffi_fn_method_lorodoc_export_snapshot(
      |     `- error: cannot find 'uniffi_loro_ffi_fn_method_lorodoc_export_snapshot' in scope
 4684 |             self.uniffiCloneHandle(),$0
 4685 |     )
/host/spi-builder-workspace/Sources/Loro/LoroFFI.swift:4691:5: error: cannot find 'uniffi_loro_ffi_fn_method_lorodoc_export_snapshot_at' in scope
 4689 | open func exportSnapshotAt(frontiers: Frontiers)throws  -> Data  {
 4690 |     return try  FfiConverterData.lift(try rustCallWithError(FfiConverterTypeLoroEncodeError_lift) {
 4691 |     uniffi_loro_ffi_fn_method_lorodoc_export_snapshot_at(
      |     `- error: cannot find 'uniffi_loro_ffi_fn_method_lorodoc_export_snapshot_at' in scope
 4692 |             self.uniffiCloneHandle(),
 4693 |         FfiConverterTypeFrontiers_lower(frontiers),$0
/host/spi-builder-workspace/Sources/Loro/LoroFFI.swift:4700:5: error: cannot find 'uniffi_loro_ffi_fn_method_lorodoc_export_state_only' in scope
 4698 | open func exportStateOnly(frontiers: Frontiers?)throws  -> Data  {
 4699 |     return try  FfiConverterData.lift(try rustCallWithError(FfiConverterTypeLoroEncodeError_lift) {
 4700 |     uniffi_loro_ffi_fn_method_lorodoc_export_state_only(
      |     `- error: cannot find 'uniffi_loro_ffi_fn_method_lorodoc_export_state_only' in scope
 4701 |             self.uniffiCloneHandle(),
 4702 |         FfiConverterOptionTypeFrontiers.lower(frontiers),$0
/host/spi-builder-workspace/Sources/Loro/LoroFFI.swift:4712:5: error: cannot find 'uniffi_loro_ffi_fn_method_lorodoc_export_updates' in scope
 4710 | open func exportUpdates(vv: VersionVector)throws  -> Data  {
 4711 |     return try  FfiConverterData.lift(try rustCallWithError(FfiConverterTypeLoroEncodeError_lift) {
 4712 |     uniffi_loro_ffi_fn_method_lorodoc_export_updates(
      |     `- error: cannot find 'uniffi_loro_ffi_fn_method_lorodoc_export_updates' in scope
 4713 |             self.uniffiCloneHandle(),
 4714 |         FfiConverterTypeVersionVector_lower(vv),$0
/host/spi-builder-workspace/Sources/Loro/LoroFFI.swift:4721:5: error: cannot find 'uniffi_loro_ffi_fn_method_lorodoc_export_updates_in_range' in scope
 4719 | open func exportUpdatesInRange(spans: [IdSpan])throws  -> Data  {
 4720 |     return try  FfiConverterData.lift(try rustCallWithError(FfiConverterTypeLoroEncodeError_lift) {
 4721 |     uniffi_loro_ffi_fn_method_lorodoc_export_updates_in_range(
      |     `- error: cannot find 'uniffi_loro_ffi_fn_method_lorodoc_export_updates_in_range' in scope
 4722 |             self.uniffiCloneHandle(),
 4723 |         FfiConverterSequenceTypeIdSpan.lower(spans),$0
/host/spi-builder-workspace/Sources/Loro/LoroFFI.swift:4733:5: error: cannot find 'uniffi_loro_ffi_fn_method_lorodoc_find_id_spans_between' in scope
 4731 | open func findIdSpansBetween(from: Frontiers, to: Frontiers) -> VersionVectorDiff  {
 4732 |     return try!  FfiConverterTypeVersionVectorDiff_lift(try! rustCall() {
 4733 |     uniffi_loro_ffi_fn_method_lorodoc_find_id_spans_between(
      |     `- error: cannot find 'uniffi_loro_ffi_fn_method_lorodoc_find_id_spans_between' in scope
 4734 |             self.uniffiCloneHandle(),
 4735 |         FfiConverterTypeFrontiers_lower(from),
/host/spi-builder-workspace/Sources/Loro/LoroFFI.swift:4751:5: error: cannot find 'uniffi_loro_ffi_fn_method_lorodoc_fork' in scope
 4749 | open func fork() -> LoroDoc  {
 4750 |     return try!  FfiConverterTypeLoroDoc_lift(try! rustCall() {
 4751 |     uniffi_loro_ffi_fn_method_lorodoc_fork(
      |     `- error: cannot find 'uniffi_loro_ffi_fn_method_lorodoc_fork' in scope
 4752 |             self.uniffiCloneHandle(),$0
 4753 |     )
/host/spi-builder-workspace/Sources/Loro/LoroFFI.swift:4764:5: error: cannot find 'uniffi_loro_ffi_fn_method_lorodoc_fork_at' in scope
 4762 | open func forkAt(frontiers: Frontiers)throws  -> LoroDoc  {
 4763 |     return try  FfiConverterTypeLoroDoc_lift(try rustCallWithError(FfiConverterTypeLoroError_lift) {
 4764 |     uniffi_loro_ffi_fn_method_lorodoc_fork_at(
      |     `- error: cannot find 'uniffi_loro_ffi_fn_method_lorodoc_fork_at' in scope
 4765 |             self.uniffiCloneHandle(),
 4766 |         FfiConverterTypeFrontiers_lower(frontiers),$0
/host/spi-builder-workspace/Sources/Loro/LoroFFI.swift:4775:5: error: cannot find 'uniffi_loro_ffi_fn_method_lorodoc_free_diff_calculator' in scope
 4773 |      */
 4774 | open func freeDiffCalculator()  {try! rustCall() {
 4775 |     uniffi_loro_ffi_fn_method_lorodoc_free_diff_calculator(
      |     `- error: cannot find 'uniffi_loro_ffi_fn_method_lorodoc_free_diff_calculator' in scope
 4776 |             self.uniffiCloneHandle(),$0
 4777 |     )
/host/spi-builder-workspace/Sources/Loro/LoroFFI.swift:4788:5: error: cannot find 'uniffi_loro_ffi_fn_method_lorodoc_free_history_cache' in scope
 4786 |      */
 4787 | open func freeHistoryCache()  {try! rustCall() {
 4788 |     uniffi_loro_ffi_fn_method_lorodoc_free_history_cache(
      |     `- error: cannot find 'uniffi_loro_ffi_fn_method_lorodoc_free_history_cache' in scope
 4789 |             self.uniffiCloneHandle(),$0
 4790 |     )
/host/spi-builder-workspace/Sources/Loro/LoroFFI.swift:4799:5: error: cannot find 'uniffi_loro_ffi_fn_method_lorodoc_frontiers_to_vv' in scope
 4797 | open func frontiersToVv(frontiers: Frontiers) -> VersionVector?  {
 4798 |     return try!  FfiConverterOptionTypeVersionVector.lift(try! rustCall() {
 4799 |     uniffi_loro_ffi_fn_method_lorodoc_frontiers_to_vv(
      |     `- error: cannot find 'uniffi_loro_ffi_fn_method_lorodoc_frontiers_to_vv' in scope
 4800 |             self.uniffiCloneHandle(),
 4801 |         FfiConverterTypeFrontiers_lower(frontiers),$0
/host/spi-builder-workspace/Sources/Loro/LoroFFI.swift:4811:5: error: cannot find 'uniffi_loro_ffi_fn_method_lorodoc_get_by_path' in scope
 4809 | open func getByPath(path: [Index]) -> ValueOrContainer?  {
 4810 |     return try!  FfiConverterOptionTypeValueOrContainer.lift(try! rustCall() {
 4811 |     uniffi_loro_ffi_fn_method_lorodoc_get_by_path(
      |     `- error: cannot find 'uniffi_loro_ffi_fn_method_lorodoc_get_by_path' in scope
 4812 |             self.uniffiCloneHandle(),
 4813 |         FfiConverterSequenceTypeIndex.lower(path),$0
/host/spi-builder-workspace/Sources/Loro/LoroFFI.swift:4873:5: error: cannot find 'uniffi_loro_ffi_fn_method_lorodoc_get_by_str_path' in scope
 4871 | open func getByStrPath(path: String) -> ValueOrContainer?  {
 4872 |     return try!  FfiConverterOptionTypeValueOrContainer.lift(try! rustCall() {
 4873 |     uniffi_loro_ffi_fn_method_lorodoc_get_by_str_path(
      |     `- error: cannot find 'uniffi_loro_ffi_fn_method_lorodoc_get_by_str_path' in scope
 4874 |             self.uniffiCloneHandle(),
 4875 |         FfiConverterString.lower(path),$0
/host/spi-builder-workspace/Sources/Loro/LoroFFI.swift:4897:5: error: cannot find 'uniffi_loro_ffi_fn_method_lorodoc_get_change' in scope
 4895 | open func getChange(id: Id) -> ChangeMeta?  {
 4896 |     return try!  FfiConverterOptionTypeChangeMeta.lift(try! rustCall() {
 4897 |     uniffi_loro_ffi_fn_method_lorodoc_get_change(
      |     `- error: cannot find 'uniffi_loro_ffi_fn_method_lorodoc_get_change' in scope
 4898 |             self.uniffiCloneHandle(),
 4899 |         FfiConverterTypeID_lower(id),$0
/host/spi-builder-workspace/Sources/Loro/LoroFFI.swift:4919:5: error: cannot find 'uniffi_loro_ffi_fn_method_lorodoc_get_changed_containers_in' in scope
 4917 | open func getChangedContainersIn(id: Id, len: UInt32) -> [ContainerId]  {
 4918 |     return try!  FfiConverterSequenceTypeContainerID.lift(try! rustCall() {
 4919 |     uniffi_loro_ffi_fn_method_lorodoc_get_changed_containers_in(
      |     `- error: cannot find 'uniffi_loro_ffi_fn_method_lorodoc_get_changed_containers_in' in scope
 4920 |             self.uniffiCloneHandle(),
 4921 |         FfiConverterTypeID_lower(id),
/host/spi-builder-workspace/Sources/Loro/LoroFFI.swift:4932:5: error: cannot find 'uniffi_loro_ffi_fn_method_lorodoc_get_container' in scope
 4930 | open func getContainer(id: ContainerId) -> ValueOrContainer?  {
 4931 |     return try!  FfiConverterOptionTypeValueOrContainer.lift(try! rustCall() {
 4932 |     uniffi_loro_ffi_fn_method_lorodoc_get_container(
      |     `- error: cannot find 'uniffi_loro_ffi_fn_method_lorodoc_get_container' in scope
 4933 |             self.uniffiCloneHandle(),
 4934 |         FfiConverterTypeContainerID_lower(id),$0
/host/spi-builder-workspace/Sources/Loro/LoroFFI.swift:4946:5: error: cannot find 'uniffi_loro_ffi_fn_method_lorodoc_get_counter' in scope
 4944 | open func getCounter(id: ContainerIdLike) -> LoroCounter  {
 4945 |     return try!  FfiConverterTypeLoroCounter_lift(try! rustCall() {
 4946 |     uniffi_loro_ffi_fn_method_lorodoc_get_counter(
      |     `- error: cannot find 'uniffi_loro_ffi_fn_method_lorodoc_get_counter' in scope
 4947 |             self.uniffiCloneHandle(),
 4948 |         FfiConverterTypeContainerIdLike_lower(id),$0
/host/spi-builder-workspace/Sources/Loro/LoroFFI.swift:4955:5: error: cannot find 'uniffi_loro_ffi_fn_method_lorodoc_get_cursor_pos' in scope
 4953 | open func getCursorPos(cursor: Cursor)throws  -> PosQueryResult  {
 4954 |     return try  FfiConverterTypePosQueryResult_lift(try rustCallWithError(FfiConverterTypeCannotFindRelativePosition_lift) {
 4955 |     uniffi_loro_ffi_fn_method_lorodoc_get_cursor_pos(
      |     `- error: cannot find 'uniffi_loro_ffi_fn_method_lorodoc_get_cursor_pos' in scope
 4956 |             self.uniffiCloneHandle(),
 4957 |         FfiConverterTypeCursor_lower(cursor),$0
/host/spi-builder-workspace/Sources/Loro/LoroFFI.swift:4967:5: error: cannot find 'uniffi_loro_ffi_fn_method_lorodoc_get_deep_value' in scope
 4965 | open func getDeepValue() -> LoroValue  {
 4966 |     return try!  FfiConverterTypeLoroValue_lift(try! rustCall() {
 4967 |     uniffi_loro_ffi_fn_method_lorodoc_get_deep_value(
      |     `- error: cannot find 'uniffi_loro_ffi_fn_method_lorodoc_get_deep_value' in scope
 4968 |             self.uniffiCloneHandle(),$0
 4969 |     )
/host/spi-builder-workspace/Sources/Loro/LoroFFI.swift:4978:5: error: cannot find 'uniffi_loro_ffi_fn_method_lorodoc_get_deep_value_with_id' in scope
 4976 | open func getDeepValueWithId() -> LoroValue  {
 4977 |     return try!  FfiConverterTypeLoroValue_lift(try! rustCall() {
 4978 |     uniffi_loro_ffi_fn_method_lorodoc_get_deep_value_with_id(
      |     `- error: cannot find 'uniffi_loro_ffi_fn_method_lorodoc_get_deep_value_with_id' in scope
 4979 |             self.uniffiCloneHandle(),$0
 4980 |     )
/host/spi-builder-workspace/Sources/Loro/LoroFFI.swift:4991:5: error: cannot find 'uniffi_loro_ffi_fn_method_lorodoc_get_list' in scope
 4989 | open func getList(id: ContainerIdLike) -> LoroList  {
 4990 |     return try!  FfiConverterTypeLoroList_lift(try! rustCall() {
 4991 |     uniffi_loro_ffi_fn_method_lorodoc_get_list(
      |     `- error: cannot find 'uniffi_loro_ffi_fn_method_lorodoc_get_list' in scope
 4992 |             self.uniffiCloneHandle(),
 4993 |         FfiConverterTypeContainerIdLike_lower(id),$0
/host/spi-builder-workspace/Sources/Loro/LoroFFI.swift:5005:5: error: cannot find 'uniffi_loro_ffi_fn_method_lorodoc_get_map' in scope
 5003 | open func getMap(id: ContainerIdLike) -> LoroMap  {
 5004 |     return try!  FfiConverterTypeLoroMap_lift(try! rustCall() {
 5005 |     uniffi_loro_ffi_fn_method_lorodoc_get_map(
      |     `- error: cannot find 'uniffi_loro_ffi_fn_method_lorodoc_get_map' in scope
 5006 |             self.uniffiCloneHandle(),
 5007 |         FfiConverterTypeContainerIdLike_lower(id),$0
/host/spi-builder-workspace/Sources/Loro/LoroFFI.swift:5019:5: error: cannot find 'uniffi_loro_ffi_fn_method_lorodoc_get_movable_list' in scope
 5017 | open func getMovableList(id: ContainerIdLike) -> LoroMovableList  {
 5018 |     return try!  FfiConverterTypeLoroMovableList_lift(try! rustCall() {
 5019 |     uniffi_loro_ffi_fn_method_lorodoc_get_movable_list(
      |     `- error: cannot find 'uniffi_loro_ffi_fn_method_lorodoc_get_movable_list' in scope
 5020 |             self.uniffiCloneHandle(),
 5021 |         FfiConverterTypeContainerIdLike_lower(id),$0
/host/spi-builder-workspace/Sources/Loro/LoroFFI.swift:5031:5: error: cannot find 'uniffi_loro_ffi_fn_method_lorodoc_get_path_to_container' in scope
 5029 | open func getPathToContainer(id: ContainerId) -> [ContainerPath]?  {
 5030 |     return try!  FfiConverterOptionSequenceTypeContainerPath.lift(try! rustCall() {
 5031 |     uniffi_loro_ffi_fn_method_lorodoc_get_path_to_container(
      |     `- error: cannot find 'uniffi_loro_ffi_fn_method_lorodoc_get_path_to_container' in scope
 5032 |             self.uniffiCloneHandle(),
 5033 |         FfiConverterTypeContainerID_lower(id),$0
/host/spi-builder-workspace/Sources/Loro/LoroFFI.swift:5046:5: error: cannot find 'uniffi_loro_ffi_fn_method_lorodoc_get_pending_txn_len' in scope
 5044 | open func getPendingTxnLen() -> UInt32  {
 5045 |     return try!  FfiConverterUInt32.lift(try! rustCall() {
 5046 |     uniffi_loro_ffi_fn_method_lorodoc_get_pending_txn_len(
      |     `- error: cannot find 'uniffi_loro_ffi_fn_method_lorodoc_get_pending_txn_len' in scope
 5047 |             self.uniffiCloneHandle(),$0
 5048 |     )
/host/spi-builder-workspace/Sources/Loro/LoroFFI.swift:5059:5: error: cannot find 'uniffi_loro_ffi_fn_method_lorodoc_get_text' in scope
 5057 | open func getText(id: ContainerIdLike) -> LoroText  {
 5058 |     return try!  FfiConverterTypeLoroText_lift(try! rustCall() {
 5059 |     uniffi_loro_ffi_fn_method_lorodoc_get_text(
      |     `- error: cannot find 'uniffi_loro_ffi_fn_method_lorodoc_get_text' in scope
 5060 |             self.uniffiCloneHandle(),
 5061 |         FfiConverterTypeContainerIdLike_lower(id),$0
/host/spi-builder-workspace/Sources/Loro/LoroFFI.swift:5073:5: error: cannot find 'uniffi_loro_ffi_fn_method_lorodoc_get_tree' in scope
 5071 | open func getTree(id: ContainerIdLike) -> LoroTree  {
 5072 |     return try!  FfiConverterTypeLoroTree_lift(try! rustCall() {
 5073 |     uniffi_loro_ffi_fn_method_lorodoc_get_tree(
      |     `- error: cannot find 'uniffi_loro_ffi_fn_method_lorodoc_get_tree' in scope
 5074 |             self.uniffiCloneHandle(),
 5075 |         FfiConverterTypeContainerIdLike_lower(id),$0
/host/spi-builder-workspace/Sources/Loro/LoroFFI.swift:5085:5: error: cannot find 'uniffi_loro_ffi_fn_method_lorodoc_get_value' in scope
 5083 | open func getValue() -> LoroValue  {
 5084 |     return try!  FfiConverterTypeLoroValue_lift(try! rustCall() {
 5085 |     uniffi_loro_ffi_fn_method_lorodoc_get_value(
      |     `- error: cannot find 'uniffi_loro_ffi_fn_method_lorodoc_get_value' in scope
 5086 |             self.uniffiCloneHandle(),$0
 5087 |     )
/host/spi-builder-workspace/Sources/Loro/LoroFFI.swift:5099:5: error: cannot find 'uniffi_loro_ffi_fn_method_lorodoc_has_container' in scope
 5097 | open func hasContainer(id: ContainerId) -> Bool  {
 5098 |     return try!  FfiConverterBool.lift(try! rustCall() {
 5099 |     uniffi_loro_ffi_fn_method_lorodoc_has_container(
      |     `- error: cannot find 'uniffi_loro_ffi_fn_method_lorodoc_has_container' in scope
 5100 |             self.uniffiCloneHandle(),
 5101 |         FfiConverterTypeContainerID_lower(id),$0
/host/spi-builder-workspace/Sources/Loro/LoroFFI.swift:5108:5: error: cannot find 'uniffi_loro_ffi_fn_method_lorodoc_has_history_cache' in scope
 5106 | open func hasHistoryCache() -> Bool  {
 5107 |     return try!  FfiConverterBool.lift(try! rustCall() {
 5108 |     uniffi_loro_ffi_fn_method_lorodoc_has_history_cache(
      |     `- error: cannot find 'uniffi_loro_ffi_fn_method_lorodoc_has_history_cache' in scope
 5109 |             self.uniffiCloneHandle(),$0
 5110 |     )
/host/spi-builder-workspace/Sources/Loro/LoroFFI.swift:5119:5: error: cannot find 'uniffi_loro_ffi_fn_method_lorodoc_import' in scope
 5117 | open func `import`(bytes: Data)throws  -> ImportStatus  {
 5118 |     return try  FfiConverterTypeImportStatus_lift(try rustCallWithError(FfiConverterTypeLoroError_lift) {
 5119 |     uniffi_loro_ffi_fn_method_lorodoc_import(
      |     `- error: cannot find 'uniffi_loro_ffi_fn_method_lorodoc_import' in scope
 5120 |             self.uniffiCloneHandle(),
 5121 |         FfiConverterData.lower(bytes),$0
/host/spi-builder-workspace/Sources/Loro/LoroFFI.swift:5133:5: error: cannot find 'uniffi_loro_ffi_fn_method_lorodoc_import_batch' in scope
 5131 | open func importBatch(bytes: [Data])throws  -> ImportStatus  {
 5132 |     return try  FfiConverterTypeImportStatus_lift(try rustCallWithError(FfiConverterTypeLoroError_lift) {
 5133 |     uniffi_loro_ffi_fn_method_lorodoc_import_batch(
      |     `- error: cannot find 'uniffi_loro_ffi_fn_method_lorodoc_import_batch' in scope
 5134 |             self.uniffiCloneHandle(),
 5135 |         FfiConverterSequenceData.lower(bytes),$0
/host/spi-builder-workspace/Sources/Loro/LoroFFI.swift:5142:5: error: cannot find 'uniffi_loro_ffi_fn_method_lorodoc_import_json_updates' in scope
 5140 | open func importJsonUpdates(json: String)throws  -> ImportStatus  {
 5141 |     return try  FfiConverterTypeImportStatus_lift(try rustCallWithError(FfiConverterTypeLoroError_lift) {
 5142 |     uniffi_loro_ffi_fn_method_lorodoc_import_json_updates(
      |     `- error: cannot find 'uniffi_loro_ffi_fn_method_lorodoc_import_json_updates' in scope
 5143 |             self.uniffiCloneHandle(),
 5144 |         FfiConverterString.lower(json),$0
/host/spi-builder-workspace/Sources/Loro/LoroFFI.swift:5157:5: error: cannot find 'uniffi_loro_ffi_fn_method_lorodoc_import_with' in scope
 5155 | open func importWith(bytes: Data, origin: String)throws  -> ImportStatus  {
 5156 |     return try  FfiConverterTypeImportStatus_lift(try rustCallWithError(FfiConverterTypeLoroError_lift) {
 5157 |     uniffi_loro_ffi_fn_method_lorodoc_import_with(
      |     `- error: cannot find 'uniffi_loro_ffi_fn_method_lorodoc_import_with' in scope
 5158 |             self.uniffiCloneHandle(),
 5159 |         FfiConverterData.lower(bytes),
/host/spi-builder-workspace/Sources/Loro/LoroFFI.swift:5171:5: error: cannot find 'uniffi_loro_ffi_fn_method_lorodoc_is_detached' in scope
 5169 | open func isDetached() -> Bool  {
 5170 |     return try!  FfiConverterBool.lift(try! rustCall() {
 5171 |     uniffi_loro_ffi_fn_method_lorodoc_is_detached(
      |     `- error: cannot find 'uniffi_loro_ffi_fn_method_lorodoc_is_detached' in scope
 5172 |             self.uniffiCloneHandle(),$0
 5173 |     )
/host/spi-builder-workspace/Sources/Loro/LoroFFI.swift:5182:5: error: cannot find 'uniffi_loro_ffi_fn_method_lorodoc_is_shallow' in scope
 5180 | open func isShallow() -> Bool  {
 5181 |     return try!  FfiConverterBool.lift(try! rustCall() {
 5182 |     uniffi_loro_ffi_fn_method_lorodoc_is_shallow(
      |     `- error: cannot find 'uniffi_loro_ffi_fn_method_lorodoc_is_shallow' in scope
 5183 |             self.uniffiCloneHandle(),$0
 5184 |     )
/host/spi-builder-workspace/Sources/Loro/LoroFFI.swift:5221:5: error: cannot find 'uniffi_loro_ffi_fn_method_lorodoc_jsonpath' in scope
 5219 | open func jsonpath(path: String)throws  -> [ValueOrContainer]  {
 5220 |     return try  FfiConverterSequenceTypeValueOrContainer.lift(try rustCallWithError(FfiConverterTypeJsonPathError_lift) {
 5221 |     uniffi_loro_ffi_fn_method_lorodoc_jsonpath(
      |     `- error: cannot find 'uniffi_loro_ffi_fn_method_lorodoc_jsonpath' in scope
 5222 |             self.uniffiCloneHandle(),
 5223 |         FfiConverterString.lower(path),$0
/host/spi-builder-workspace/Sources/Loro/LoroFFI.swift:5233:5: error: cannot find 'uniffi_loro_ffi_fn_method_lorodoc_len_changes' in scope
 5231 | open func lenChanges() -> UInt64  {
 5232 |     return try!  FfiConverterUInt64.lift(try! rustCall() {
 5233 |     uniffi_loro_ffi_fn_method_lorodoc_len_changes(
      |     `- error: cannot find 'uniffi_loro_ffi_fn_method_lorodoc_len_changes' in scope
 5234 |             self.uniffiCloneHandle(),$0
 5235 |     )
/host/spi-builder-workspace/Sources/Loro/LoroFFI.swift:5244:5: error: cannot find 'uniffi_loro_ffi_fn_method_lorodoc_len_ops' in scope
 5242 | open func lenOps() -> UInt64  {
 5243 |     return try!  FfiConverterUInt64.lift(try! rustCall() {
 5244 |     uniffi_loro_ffi_fn_method_lorodoc_len_ops(
      |     `- error: cannot find 'uniffi_loro_ffi_fn_method_lorodoc_len_ops' in scope
 5245 |             self.uniffiCloneHandle(),$0
 5246 |     )
/host/spi-builder-workspace/Sources/Loro/LoroFFI.swift:5255:5: error: cannot find 'uniffi_loro_ffi_fn_method_lorodoc_minimize_frontiers' in scope
 5253 | open func minimizeFrontiers(frontiers: Frontiers) -> FrontiersOrId  {
 5254 |     return try!  FfiConverterTypeFrontiersOrID_lift(try! rustCall() {
 5255 |     uniffi_loro_ffi_fn_method_lorodoc_minimize_frontiers(
      |     `- error: cannot find 'uniffi_loro_ffi_fn_method_lorodoc_minimize_frontiers' in scope
 5256 |             self.uniffiCloneHandle(),
 5257 |         FfiConverterTypeFrontiers_lower(frontiers),$0
/host/spi-builder-workspace/Sources/Loro/LoroFFI.swift:5267:5: error: cannot find 'uniffi_loro_ffi_fn_method_lorodoc_oplog_frontiers' in scope
 5265 | open func oplogFrontiers() -> Frontiers  {
 5266 |     return try!  FfiConverterTypeFrontiers_lift(try! rustCall() {
 5267 |     uniffi_loro_ffi_fn_method_lorodoc_oplog_frontiers(
      |     `- error: cannot find 'uniffi_loro_ffi_fn_method_lorodoc_oplog_frontiers' in scope
 5268 |             self.uniffiCloneHandle(),$0
 5269 |     )
/host/spi-builder-workspace/Sources/Loro/LoroFFI.swift:5278:5: error: cannot find 'uniffi_loro_ffi_fn_method_lorodoc_oplog_vv' in scope
 5276 | open func oplogVv() -> VersionVector  {
 5277 |     return try!  FfiConverterTypeVersionVector_lift(try! rustCall() {
 5278 |     uniffi_loro_ffi_fn_method_lorodoc_oplog_vv(
      |     `- error: cannot find 'uniffi_loro_ffi_fn_method_lorodoc_oplog_vv' in scope
 5279 |             self.uniffiCloneHandle(),$0
 5280 |     )
/host/spi-builder-workspace/Sources/Loro/LoroFFI.swift:5289:5: error: cannot find 'uniffi_loro_ffi_fn_method_lorodoc_peer_id' in scope
 5287 | open func peerId() -> UInt64  {
 5288 |     return try!  FfiConverterUInt64.lift(try! rustCall() {
 5289 |     uniffi_loro_ffi_fn_method_lorodoc_peer_id(
      |     `- error: cannot find 'uniffi_loro_ffi_fn_method_lorodoc_peer_id' in scope
 5290 |             self.uniffiCloneHandle(),$0
 5291 |     )
/host/spi-builder-workspace/Sources/Loro/LoroFFI.swift:5311:5: error: cannot find 'uniffi_loro_ffi_fn_method_lorodoc_redact_json_updates' in scope
 5309 | open func redactJsonUpdates(json: String, versionRange: VersionRange)throws  -> String  {
 5310 |     return try  FfiConverterString.lift(try rustCallWithError(FfiConverterTypeLoroError_lift) {
 5311 |     uniffi_loro_ffi_fn_method_lorodoc_redact_json_updates(
      |     `- error: cannot find 'uniffi_loro_ffi_fn_method_lorodoc_redact_json_updates' in scope
 5312 |             self.uniffiCloneHandle(),
 5313 |         FfiConverterString.lower(json),
/host/spi-builder-workspace/Sources/Loro/LoroFFI.swift:5327:5: error: cannot find 'uniffi_loro_ffi_fn_method_lorodoc_revert_to' in scope
 5325 |      */
 5326 | open func revertTo(version: Frontiers)throws   {try rustCallWithError(FfiConverterTypeLoroError_lift) {
 5327 |     uniffi_loro_ffi_fn_method_lorodoc_revert_to(
      |     `- error: cannot find 'uniffi_loro_ffi_fn_method_lorodoc_revert_to' in scope
 5328 |             self.uniffiCloneHandle(),
 5329 |         FfiConverterTypeFrontiers_lower(version),$0
/host/spi-builder-workspace/Sources/Loro/LoroFFI.swift:5344:5: error: cannot find 'uniffi_loro_ffi_fn_method_lorodoc_set_change_merge_interval' in scope
 5342 |      */
 5343 | open func setChangeMergeInterval(interval: Int64)  {try! rustCall() {
 5344 |     uniffi_loro_ffi_fn_method_lorodoc_set_change_merge_interval(
      |     `- error: cannot find 'uniffi_loro_ffi_fn_method_lorodoc_set_change_merge_interval' in scope
 5345 |             self.uniffiCloneHandle(),
 5346 |         FfiConverterInt64.lower(interval),$0
/host/spi-builder-workspace/Sources/Loro/LoroFFI.swift:5355:5: error: cannot find 'uniffi_loro_ffi_fn_method_lorodoc_set_hide_empty_root_containers' in scope
 5353 |      */
 5354 | open func setHideEmptyRootContainers(hide: Bool)  {try! rustCall() {
 5355 |     uniffi_loro_ffi_fn_method_lorodoc_set_hide_empty_root_containers(
      |     `- error: cannot find 'uniffi_loro_ffi_fn_method_lorodoc_set_hide_empty_root_containers' in scope
 5356 |             self.uniffiCloneHandle(),
 5357 |         FfiConverterBool.lower(hide),$0
/host/spi-builder-workspace/Sources/Loro/LoroFFI.swift:5368:5: error: cannot find 'uniffi_loro_ffi_fn_method_lorodoc_set_next_commit_message' in scope
 5366 |      */
 5367 | open func setNextCommitMessage(msg: String)  {try! rustCall() {
 5368 |     uniffi_loro_ffi_fn_method_lorodoc_set_next_commit_message(
      |     `- error: cannot find 'uniffi_loro_ffi_fn_method_lorodoc_set_next_commit_message' in scope
 5369 |             self.uniffiCloneHandle(),
 5370 |         FfiConverterString.lower(msg),$0
/host/spi-builder-workspace/Sources/Loro/LoroFFI.swift:5381:5: error: cannot find 'uniffi_loro_ffi_fn_method_lorodoc_set_next_commit_options' in scope
 5379 |      */
 5380 | open func setNextCommitOptions(options: CommitOptions)  {try! rustCall() {
 5381 |     uniffi_loro_ffi_fn_method_lorodoc_set_next_commit_options(
      |     `- error: cannot find 'uniffi_loro_ffi_fn_method_lorodoc_set_next_commit_options' in scope
 5382 |             self.uniffiCloneHandle(),
 5383 |         FfiConverterTypeCommitOptions_lower(options),$0
/host/spi-builder-workspace/Sources/Loro/LoroFFI.swift:5394:5: error: cannot find 'uniffi_loro_ffi_fn_method_lorodoc_set_next_commit_origin' in scope
 5392 |      */
 5393 | open func setNextCommitOrigin(origin: String)  {try! rustCall() {
 5394 |     uniffi_loro_ffi_fn_method_lorodoc_set_next_commit_origin(
      |     `- error: cannot find 'uniffi_loro_ffi_fn_method_lorodoc_set_next_commit_origin' in scope
 5395 |             self.uniffiCloneHandle(),
 5396 |         FfiConverterString.lower(origin),$0
/host/spi-builder-workspace/Sources/Loro/LoroFFI.swift:5408:5: error: cannot find 'uniffi_loro_ffi_fn_method_lorodoc_set_next_commit_timestamp' in scope
 5406 |      */
 5407 | open func setNextCommitTimestamp(timestamp: Int64)  {try! rustCall() {
 5408 |     uniffi_loro_ffi_fn_method_lorodoc_set_next_commit_timestamp(
      |     `- error: cannot find 'uniffi_loro_ffi_fn_method_lorodoc_set_next_commit_timestamp' in scope
 5409 |             self.uniffiCloneHandle(),
 5410 |         FfiConverterInt64.lower(timestamp),$0
/host/spi-builder-workspace/Sources/Loro/LoroFFI.swift:5422:5: error: cannot find 'uniffi_loro_ffi_fn_method_lorodoc_set_peer_id' in scope
 5420 |      */
 5421 | open func setPeerId(peer: UInt64)throws   {try rustCallWithError(FfiConverterTypeLoroError_lift) {
 5422 |     uniffi_loro_ffi_fn_method_lorodoc_set_peer_id(
      |     `- error: cannot find 'uniffi_loro_ffi_fn_method_lorodoc_set_peer_id' in scope
 5423 |             self.uniffiCloneHandle(),
 5424 |         FfiConverterUInt64.lower(peer),$0
/host/spi-builder-workspace/Sources/Loro/LoroFFI.swift:5441:5: error: cannot find 'uniffi_loro_ffi_fn_method_lorodoc_set_record_timestamp' in scope
 5439 |      */
 5440 | open func setRecordTimestamp(record: Bool)  {try! rustCall() {
 5441 |     uniffi_loro_ffi_fn_method_lorodoc_set_record_timestamp(
      |     `- error: cannot find 'uniffi_loro_ffi_fn_method_lorodoc_set_record_timestamp' in scope
 5442 |             self.uniffiCloneHandle(),
 5443 |         FfiConverterBool.lower(record),$0
/host/spi-builder-workspace/Sources/Loro/LoroFFI.swift:5455:5: error: cannot find 'uniffi_loro_ffi_fn_method_lorodoc_shallow_since_vv' in scope
 5453 | open func shallowSinceVv() -> VersionVector  {
 5454 |     return try!  FfiConverterTypeVersionVector_lift(try! rustCall() {
 5455 |     uniffi_loro_ffi_fn_method_lorodoc_shallow_since_vv(
      |     `- error: cannot find 'uniffi_loro_ffi_fn_method_lorodoc_shallow_since_vv' in scope
 5456 |             self.uniffiCloneHandle(),$0
 5457 |     )
/host/spi-builder-workspace/Sources/Loro/LoroFFI.swift:5468:5: error: cannot find 'uniffi_loro_ffi_fn_method_lorodoc_state_frontiers' in scope
 5466 | open func stateFrontiers() -> Frontiers  {
 5467 |     return try!  FfiConverterTypeFrontiers_lift(try! rustCall() {
 5468 |     uniffi_loro_ffi_fn_method_lorodoc_state_frontiers(
      |     `- error: cannot find 'uniffi_loro_ffi_fn_method_lorodoc_state_frontiers' in scope
 5469 |             self.uniffiCloneHandle(),$0
 5470 |     )
/host/spi-builder-workspace/Sources/Loro/LoroFFI.swift:5479:5: error: cannot find 'uniffi_loro_ffi_fn_method_lorodoc_state_vv' in scope
 5477 | open func stateVv() -> VersionVector  {
 5478 |     return try!  FfiConverterTypeVersionVector_lift(try! rustCall() {
 5479 |     uniffi_loro_ffi_fn_method_lorodoc_state_vv(
      |     `- error: cannot find 'uniffi_loro_ffi_fn_method_lorodoc_state_vv' in scope
 5480 |             self.uniffiCloneHandle(),$0
 5481 |     )
/host/spi-builder-workspace/Sources/Loro/LoroFFI.swift:5500:5: error: cannot find 'uniffi_loro_ffi_fn_method_lorodoc_subscribe' in scope
 5498 | open func subscribe(containerId: ContainerId, subscriber: Subscriber) -> Subscription  {
 5499 |     return try!  FfiConverterTypeSubscription_lift(try! rustCall() {
 5500 |     uniffi_loro_ffi_fn_method_lorodoc_subscribe(
      |     `- error: cannot find 'uniffi_loro_ffi_fn_method_lorodoc_subscribe' in scope
 5501 |             self.uniffiCloneHandle(),
 5502 |         FfiConverterTypeContainerID_lower(containerId),
/host/spi-builder-workspace/Sources/Loro/LoroFFI.swift:5517:5: error: cannot find 'uniffi_loro_ffi_fn_method_lorodoc_subscribe_first_commit_from_peer' in scope
 5515 | open func subscribeFirstCommitFromPeer(callback: FirstCommitFromPeerCallback) -> Subscription  {
 5516 |     return try!  FfiConverterTypeSubscription_lift(try! rustCall() {
 5517 |     uniffi_loro_ffi_fn_method_lorodoc_subscribe_first_commit_from_peer(
      |     `- error: cannot find 'uniffi_loro_ffi_fn_method_lorodoc_subscribe_first_commit_from_peer' in scope
 5518 |             self.uniffiCloneHandle(),
 5519 |         FfiConverterTypeFirstCommitFromPeerCallback_lower(callback),$0
/host/spi-builder-workspace/Sources/Loro/LoroFFI.swift:5532:5: error: cannot find 'uniffi_loro_ffi_fn_method_lorodoc_subscribe_jsonpath' in scope
 5530 | open func subscribeJsonpath(path: String, callback: JsonPathSubscriber)throws  -> Subscription  {
 5531 |     return try  FfiConverterTypeSubscription_lift(try rustCallWithError(FfiConverterTypeLoroError_lift) {
 5532 |     uniffi_loro_ffi_fn_method_lorodoc_subscribe_jsonpath(
      |     `- error: cannot find 'uniffi_loro_ffi_fn_method_lorodoc_subscribe_jsonpath' in scope
 5533 |             self.uniffiCloneHandle(),
 5534 |         FfiConverterString.lower(path),
/host/spi-builder-workspace/Sources/Loro/LoroFFI.swift:5545:5: error: cannot find 'uniffi_loro_ffi_fn_method_lorodoc_subscribe_local_update' in scope
 5543 | open func subscribeLocalUpdate(callback: LocalUpdateCallback) -> Subscription  {
 5544 |     return try!  FfiConverterTypeSubscription_lift(try! rustCall() {
 5545 |     uniffi_loro_ffi_fn_method_lorodoc_subscribe_local_update(
      |     `- error: cannot find 'uniffi_loro_ffi_fn_method_lorodoc_subscribe_local_update' in scope
 5546 |             self.uniffiCloneHandle(),
 5547 |         FfiConverterTypeLocalUpdateCallback_lower(callback),$0
/host/spi-builder-workspace/Sources/Loro/LoroFFI.swift:5560:5: error: cannot find 'uniffi_loro_ffi_fn_method_lorodoc_subscribe_pre_commit' in scope
 5558 | open func subscribePreCommit(callback: PreCommitCallback) -> Subscription  {
 5559 |     return try!  FfiConverterTypeSubscription_lift(try! rustCall() {
 5560 |     uniffi_loro_ffi_fn_method_lorodoc_subscribe_pre_commit(
      |     `- error: cannot find 'uniffi_loro_ffi_fn_method_lorodoc_subscribe_pre_commit' in scope
 5561 |             self.uniffiCloneHandle(),
 5562 |         FfiConverterTypePreCommitCallback_lower(callback),$0
/host/spi-builder-workspace/Sources/Loro/LoroFFI.swift:5575:5: error: cannot find 'uniffi_loro_ffi_fn_method_lorodoc_subscribe_root' in scope
 5573 | open func subscribeRoot(subscriber: Subscriber) -> Subscription  {
 5574 |     return try!  FfiConverterTypeSubscription_lift(try! rustCall() {
 5575 |     uniffi_loro_ffi_fn_method_lorodoc_subscribe_root(
      |     `- error: cannot find 'uniffi_loro_ffi_fn_method_lorodoc_subscribe_root' in scope
 5576 |             self.uniffiCloneHandle(),
 5577 |         FfiConverterTypeSubscriber_lower(subscriber),$0
/host/spi-builder-workspace/Sources/Loro/LoroFFI.swift:5594:5: error: cannot find 'uniffi_loro_ffi_fn_method_lorodoc_travel_change_ancestors' in scope
 5592 |      */
 5593 | open func travelChangeAncestors(ids: [Id], f: ChangeAncestorsTraveler)throws   {try rustCallWithError(FfiConverterTypeChangeTravelError_lift) {
 5594 |     uniffi_loro_ffi_fn_method_lorodoc_travel_change_ancestors(
      |     `- error: cannot find 'uniffi_loro_ffi_fn_method_lorodoc_travel_change_ancestors' in scope
 5595 |             self.uniffiCloneHandle(),
 5596 |         FfiConverterSequenceTypeID.lower(ids),
/host/spi-builder-workspace/Sources/Loro/LoroFFI.swift:5609:5: error: cannot find 'uniffi_loro_ffi_fn_method_lorodoc_try_get_counter' in scope
 5607 | open func tryGetCounter(id: ContainerIdLike) -> LoroCounter?  {
 5608 |     return try!  FfiConverterOptionTypeLoroCounter.lift(try! rustCall() {
 5609 |     uniffi_loro_ffi_fn_method_lorodoc_try_get_counter(
      |     `- error: cannot find 'uniffi_loro_ffi_fn_method_lorodoc_try_get_counter' in scope
 5610 |             self.uniffiCloneHandle(),
 5611 |         FfiConverterTypeContainerIdLike_lower(id),$0
/host/spi-builder-workspace/Sources/Loro/LoroFFI.swift:5623:5: error: cannot find 'uniffi_loro_ffi_fn_method_lorodoc_try_get_list' in scope
 5621 | open func tryGetList(id: ContainerIdLike) -> LoroList?  {
 5622 |     return try!  FfiConverterOptionTypeLoroList.lift(try! rustCall() {
 5623 |     uniffi_loro_ffi_fn_method_lorodoc_try_get_list(
      |     `- error: cannot find 'uniffi_loro_ffi_fn_method_lorodoc_try_get_list' in scope
 5624 |             self.uniffiCloneHandle(),
 5625 |         FfiConverterTypeContainerIdLike_lower(id),$0
/host/spi-builder-workspace/Sources/Loro/LoroFFI.swift:5637:5: error: cannot find 'uniffi_loro_ffi_fn_method_lorodoc_try_get_map' in scope
 5635 | open func tryGetMap(id: ContainerIdLike) -> LoroMap?  {
 5636 |     return try!  FfiConverterOptionTypeLoroMap.lift(try! rustCall() {
 5637 |     uniffi_loro_ffi_fn_method_lorodoc_try_get_map(
      |     `- error: cannot find 'uniffi_loro_ffi_fn_method_lorodoc_try_get_map' in scope
 5638 |             self.uniffiCloneHandle(),
 5639 |         FfiConverterTypeContainerIdLike_lower(id),$0
/host/spi-builder-workspace/Sources/Loro/LoroFFI.swift:5651:5: error: cannot find 'uniffi_loro_ffi_fn_method_lorodoc_try_get_movable_list' in scope
 5649 | open func tryGetMovableList(id: ContainerIdLike) -> LoroMovableList?  {
 5650 |     return try!  FfiConverterOptionTypeLoroMovableList.lift(try! rustCall() {
 5651 |     uniffi_loro_ffi_fn_method_lorodoc_try_get_movable_list(
      |     `- error: cannot find 'uniffi_loro_ffi_fn_method_lorodoc_try_get_movable_list' in scope
 5652 |             self.uniffiCloneHandle(),
 5653 |         FfiConverterTypeContainerIdLike_lower(id),$0
/host/spi-builder-workspace/Sources/Loro/LoroFFI.swift:5665:5: error: cannot find 'uniffi_loro_ffi_fn_method_lorodoc_try_get_text' in scope
 5663 | open func tryGetText(id: ContainerIdLike) -> LoroText?  {
 5664 |     return try!  FfiConverterOptionTypeLoroText.lift(try! rustCall() {
 5665 |     uniffi_loro_ffi_fn_method_lorodoc_try_get_text(
      |     `- error: cannot find 'uniffi_loro_ffi_fn_method_lorodoc_try_get_text' in scope
 5666 |             self.uniffiCloneHandle(),
 5667 |         FfiConverterTypeContainerIdLike_lower(id),$0
/host/spi-builder-workspace/Sources/Loro/LoroFFI.swift:5679:5: error: cannot find 'uniffi_loro_ffi_fn_method_lorodoc_try_get_tree' in scope
 5677 | open func tryGetTree(id: ContainerIdLike) -> LoroTree?  {
 5678 |     return try!  FfiConverterOptionTypeLoroTree.lift(try! rustCall() {
 5679 |     uniffi_loro_ffi_fn_method_lorodoc_try_get_tree(
      |     `- error: cannot find 'uniffi_loro_ffi_fn_method_lorodoc_try_get_tree' in scope
 5680 |             self.uniffiCloneHandle(),
 5681 |         FfiConverterTypeContainerIdLike_lower(id),$0
/host/spi-builder-workspace/Sources/Loro/LoroFFI.swift:5691:5: error: cannot find 'uniffi_loro_ffi_fn_method_lorodoc_vv_to_frontiers' in scope
 5689 | open func vvToFrontiers(vv: VersionVector) -> Frontiers  {
 5690 |     return try!  FfiConverterTypeFrontiers_lift(try! rustCall() {
 5691 |     uniffi_loro_ffi_fn_method_lorodoc_vv_to_frontiers(
      |     `- error: cannot find 'uniffi_loro_ffi_fn_method_lorodoc_vv_to_frontiers' in scope
 5692 |             self.uniffiCloneHandle(),
 5693 |         FfiConverterTypeVersionVector_lower(vv),$0
/host/spi-builder-workspace/Sources/Loro/LoroFFI.swift:5901:32: error: cannot find 'uniffi_loro_ffi_fn_clone_lorolist' in scope
 5899 | #endif
 5900 |     public func uniffiCloneHandle() -> UInt64 {
 5901 |         return try! rustCall { uniffi_loro_ffi_fn_clone_lorolist(self.handle, $0) }
      |                                `- error: cannot find 'uniffi_loro_ffi_fn_clone_lorolist' in scope
 5902 |     }
 5903 |     /**
/host/spi-builder-workspace/Sources/Loro/LoroFFI.swift:5912:5: error: cannot find 'uniffi_loro_ffi_fn_constructor_lorolist_new' in scope
 5910 |     let handle =
 5911 |         try! rustCall() {
 5912 |     uniffi_loro_ffi_fn_constructor_lorolist_new($0
      |     `- error: cannot find 'uniffi_loro_ffi_fn_constructor_lorolist_new' in scope
 5913 |     )
 5914 | }
/host/spi-builder-workspace/Sources/Loro/LoroFFI.swift:5924:25: error: cannot find 'uniffi_loro_ffi_fn_free_lorolist' in scope
 5922 |         }
 5923 |
 5924 |         try! rustCall { uniffi_loro_ffi_fn_free_lorolist(handle, $0) }
      |                         `- error: cannot find 'uniffi_loro_ffi_fn_free_lorolist' in scope
 5925 |     }
 5926 |
/host/spi-builder-workspace/Sources/Loro/LoroFFI.swift:5934:5: error: cannot find 'uniffi_loro_ffi_fn_method_lorolist_clear' in scope
 5932 |      */
 5933 | open func clear()throws   {try rustCallWithError(FfiConverterTypeLoroError_lift) {
 5934 |     uniffi_loro_ffi_fn_method_lorolist_clear(
      |     `- error: cannot find 'uniffi_loro_ffi_fn_method_lorolist_clear' in scope
 5935 |             self.uniffiCloneHandle(),$0
 5936 |     )
/host/spi-builder-workspace/Sources/Loro/LoroFFI.swift:5944:5: error: cannot find 'uniffi_loro_ffi_fn_method_lorolist_delete' in scope
 5942 |      */
 5943 | open func delete(pos: UInt32, len: UInt32)throws   {try rustCallWithError(FfiConverterTypeLoroError_lift) {
 5944 |     uniffi_loro_ffi_fn_method_lorolist_delete(
      |     `- error: cannot find 'uniffi_loro_ffi_fn_method_lorolist_delete' in scope
 5945 |             self.uniffiCloneHandle(),
 5946 |         FfiConverterUInt32.lower(pos),
/host/spi-builder-workspace/Sources/Loro/LoroFFI.swift:5957:5: error: cannot find 'uniffi_loro_ffi_fn_method_lorolist_doc' in scope
 5955 | open func doc() -> LoroDoc?  {
 5956 |     return try!  FfiConverterOptionTypeLoroDoc.lift(try! rustCall() {
 5957 |     uniffi_loro_ffi_fn_method_lorolist_doc(
      |     `- error: cannot find 'uniffi_loro_ffi_fn_method_lorolist_doc' in scope
 5958 |             self.uniffiCloneHandle(),$0
 5959 |     )
/host/spi-builder-workspace/Sources/Loro/LoroFFI.swift:5968:5: error: cannot find 'uniffi_loro_ffi_fn_method_lorolist_get' in scope
 5966 | open func get(index: UInt32) -> ValueOrContainer?  {
 5967 |     return try!  FfiConverterOptionTypeValueOrContainer.lift(try! rustCall() {
 5968 |     uniffi_loro_ffi_fn_method_lorolist_get(
      |     `- error: cannot find 'uniffi_loro_ffi_fn_method_lorolist_get' in scope
 5969 |             self.uniffiCloneHandle(),
 5970 |         FfiConverterUInt32.lower(index),$0
/host/spi-builder-workspace/Sources/Loro/LoroFFI.swift:5980:5: error: cannot find 'uniffi_loro_ffi_fn_method_lorolist_get_attached' in scope
 5978 | open func getAttached() -> LoroList?  {
 5979 |     return try!  FfiConverterOptionTypeLoroList.lift(try! rustCall() {
 5980 |     uniffi_loro_ffi_fn_method_lorolist_get_attached(
      |     `- error: cannot find 'uniffi_loro_ffi_fn_method_lorolist_get_attached' in scope
 5981 |             self.uniffiCloneHandle(),$0
 5982 |     )
/host/spi-builder-workspace/Sources/Loro/LoroFFI.swift:5988:5: error: cannot find 'uniffi_loro_ffi_fn_method_lorolist_get_cursor' in scope
 5986 | open func getCursor(pos: UInt32, side: Side) -> Cursor?  {
 5987 |     return try!  FfiConverterOptionTypeCursor.lift(try! rustCall() {
 5988 |     uniffi_loro_ffi_fn_method_lorolist_get_cursor(
      |     `- error: cannot find 'uniffi_loro_ffi_fn_method_lorolist_get_cursor' in scope
 5989 |             self.uniffiCloneHandle(),
 5990 |         FfiConverterUInt32.lower(pos),
/host/spi-builder-workspace/Sources/Loro/LoroFFI.swift:6001:5: error: cannot find 'uniffi_loro_ffi_fn_method_lorolist_get_deep_value' in scope
 5999 | open func getDeepValue() -> LoroValue  {
 6000 |     return try!  FfiConverterTypeLoroValue_lift(try! rustCall() {
 6001 |     uniffi_loro_ffi_fn_method_lorolist_get_deep_value(
      |     `- error: cannot find 'uniffi_loro_ffi_fn_method_lorolist_get_deep_value' in scope
 6002 |             self.uniffiCloneHandle(),$0
 6003 |     )
/host/spi-builder-workspace/Sources/Loro/LoroFFI.swift:6012:5: error: cannot find 'uniffi_loro_ffi_fn_method_lorolist_get_id_at' in scope
 6010 | open func getIdAt(pos: UInt32) -> Id?  {
 6011 |     return try!  FfiConverterOptionTypeID.lift(try! rustCall() {
 6012 |     uniffi_loro_ffi_fn_method_lorolist_get_id_at(
      |     `- error: cannot find 'uniffi_loro_ffi_fn_method_lorolist_get_id_at' in scope
 6013 |             self.uniffiCloneHandle(),
 6014 |         FfiConverterUInt32.lower(pos),$0
/host/spi-builder-workspace/Sources/Loro/LoroFFI.swift:6026:5: error: cannot find 'uniffi_loro_ffi_fn_method_lorolist_get_value' in scope
 6024 | open func getValue() -> LoroValue  {
 6025 |     return try!  FfiConverterTypeLoroValue_lift(try! rustCall() {
 6026 |     uniffi_loro_ffi_fn_method_lorolist_get_value(
      |     `- error: cannot find 'uniffi_loro_ffi_fn_method_lorolist_get_value' in scope
 6027 |             self.uniffiCloneHandle(),$0
 6028 |     )
/host/spi-builder-workspace/Sources/Loro/LoroFFI.swift:6037:5: error: cannot find 'uniffi_loro_ffi_fn_method_lorolist_id' in scope
 6035 | open func id() -> ContainerId  {
 6036 |     return try!  FfiConverterTypeContainerID_lift(try! rustCall() {
 6037 |     uniffi_loro_ffi_fn_method_lorolist_id(
      |     `- error: cannot find 'uniffi_loro_ffi_fn_method_lorolist_id' in scope
 6038 |             self.uniffiCloneHandle(),$0
 6039 |     )
/host/spi-builder-workspace/Sources/Loro/LoroFFI.swift:6047:5: error: cannot find 'uniffi_loro_ffi_fn_method_lorolist_insert' in scope
 6045 |      */
 6046 | open func insert(pos: UInt32, v: LoroValueLike)throws   {try rustCallWithError(FfiConverterTypeLoroError_lift) {
 6047 |     uniffi_loro_ffi_fn_method_lorolist_insert(
      |     `- error: cannot find 'uniffi_loro_ffi_fn_method_lorolist_insert' in scope
 6048 |             self.uniffiCloneHandle(),
 6049 |         FfiConverterUInt32.lower(pos),
/host/spi-builder-workspace/Sources/Loro/LoroFFI.swift:6057:5: error: cannot find 'uniffi_loro_ffi_fn_method_lorolist_insert_counter_container' in scope
 6055 | open func insertCounterContainer(pos: UInt32, child: LoroCounter)throws  -> LoroCounter  {
 6056 |     return try  FfiConverterTypeLoroCounter_lift(try rustCallWithError(FfiConverterTypeLoroError_lift) {
 6057 |     uniffi_loro_ffi_fn_method_lorolist_insert_counter_container(
      |     `- error: cannot find 'uniffi_loro_ffi_fn_method_lorolist_insert_counter_container' in scope
 6058 |             self.uniffiCloneHandle(),
 6059 |         FfiConverterUInt32.lower(pos),
/host/spi-builder-workspace/Sources/Loro/LoroFFI.swift:6067:5: error: cannot find 'uniffi_loro_ffi_fn_method_lorolist_insert_list_container' in scope
 6065 | open func insertListContainer(pos: UInt32, child: LoroList)throws  -> LoroList  {
 6066 |     return try  FfiConverterTypeLoroList_lift(try rustCallWithError(FfiConverterTypeLoroError_lift) {
 6067 |     uniffi_loro_ffi_fn_method_lorolist_insert_list_container(
      |     `- error: cannot find 'uniffi_loro_ffi_fn_method_lorolist_insert_list_container' in scope
 6068 |             self.uniffiCloneHandle(),
 6069 |         FfiConverterUInt32.lower(pos),
/host/spi-builder-workspace/Sources/Loro/LoroFFI.swift:6077:5: error: cannot find 'uniffi_loro_ffi_fn_method_lorolist_insert_map_container' in scope
 6075 | open func insertMapContainer(pos: UInt32, child: LoroMap)throws  -> LoroMap  {
 6076 |     return try  FfiConverterTypeLoroMap_lift(try rustCallWithError(FfiConverterTypeLoroError_lift) {
 6077 |     uniffi_loro_ffi_fn_method_lorolist_insert_map_container(
      |     `- error: cannot find 'uniffi_loro_ffi_fn_method_lorolist_insert_map_container' in scope
 6078 |             self.uniffiCloneHandle(),
 6079 |         FfiConverterUInt32.lower(pos),
/host/spi-builder-workspace/Sources/Loro/LoroFFI.swift:6087:5: error: cannot find 'uniffi_loro_ffi_fn_method_lorolist_insert_movable_list_container' in scope
 6085 | open func insertMovableListContainer(pos: UInt32, child: LoroMovableList)throws  -> LoroMovableList  {
 6086 |     return try  FfiConverterTypeLoroMovableList_lift(try rustCallWithError(FfiConverterTypeLoroError_lift) {
 6087 |     uniffi_loro_ffi_fn_method_lorolist_insert_movable_list_container(
      |     `- error: cannot find 'uniffi_loro_ffi_fn_method_lorolist_insert_movable_list_container' in scope
 6088 |             self.uniffiCloneHandle(),
 6089 |         FfiConverterUInt32.lower(pos),
/host/spi-builder-workspace/Sources/Loro/LoroFFI.swift:6097:5: error: cannot find 'uniffi_loro_ffi_fn_method_lorolist_insert_text_container' in scope
 6095 | open func insertTextContainer(pos: UInt32, child: LoroText)throws  -> LoroText  {
 6096 |     return try  FfiConverterTypeLoroText_lift(try rustCallWithError(FfiConverterTypeLoroError_lift) {
 6097 |     uniffi_loro_ffi_fn_method_lorolist_insert_text_container(
      |     `- error: cannot find 'uniffi_loro_ffi_fn_method_lorolist_insert_text_container' in scope
 6098 |             self.uniffiCloneHandle(),
 6099 |         FfiConverterUInt32.lower(pos),
/host/spi-builder-workspace/Sources/Loro/LoroFFI.swift:6107:5: error: cannot find 'uniffi_loro_ffi_fn_method_lorolist_insert_tree_container' in scope
 6105 | open func insertTreeContainer(pos: UInt32, child: LoroTree)throws  -> LoroTree  {
 6106 |     return try  FfiConverterTypeLoroTree_lift(try rustCallWithError(FfiConverterTypeLoroError_lift) {
 6107 |     uniffi_loro_ffi_fn_method_lorolist_insert_tree_container(
      |     `- error: cannot find 'uniffi_loro_ffi_fn_method_lorolist_insert_tree_container' in scope
 6108 |             self.uniffiCloneHandle(),
 6109 |         FfiConverterUInt32.lower(pos),
/host/spi-builder-workspace/Sources/Loro/LoroFFI.swift:6123:5: error: cannot find 'uniffi_loro_ffi_fn_method_lorolist_is_attached' in scope
 6121 | open func isAttached() -> Bool  {
 6122 |     return try!  FfiConverterBool.lift(try! rustCall() {
 6123 |     uniffi_loro_ffi_fn_method_lorolist_is_attached(
      |     `- error: cannot find 'uniffi_loro_ffi_fn_method_lorolist_is_attached' in scope
 6124 |             self.uniffiCloneHandle(),$0
 6125 |     )
/host/spi-builder-workspace/Sources/Loro/LoroFFI.swift:6134:5: error: cannot find 'uniffi_loro_ffi_fn_method_lorolist_is_deleted' in scope
 6132 | open func isDeleted() -> Bool  {
 6133 |     return try!  FfiConverterBool.lift(try! rustCall() {
 6134 |     uniffi_loro_ffi_fn_method_lorolist_is_deleted(
      |     `- error: cannot find 'uniffi_loro_ffi_fn_method_lorolist_is_deleted' in scope
 6135 |             self.uniffiCloneHandle(),$0
 6136 |     )
/host/spi-builder-workspace/Sources/Loro/LoroFFI.swift:6142:5: error: cannot find 'uniffi_loro_ffi_fn_method_lorolist_is_empty' in scope
 6140 | open func isEmpty() -> Bool  {
 6141 |     return try!  FfiConverterBool.lift(try! rustCall() {
 6142 |     uniffi_loro_ffi_fn_method_lorolist_is_empty(
      |     `- error: cannot find 'uniffi_loro_ffi_fn_method_lorolist_is_empty' in scope
 6143 |             self.uniffiCloneHandle(),$0
 6144 |     )
/host/spi-builder-workspace/Sources/Loro/LoroFFI.swift:6150:5: error: cannot find 'uniffi_loro_ffi_fn_method_lorolist_len' in scope
 6148 | open func len() -> UInt32  {
 6149 |     return try!  FfiConverterUInt32.lift(try! rustCall() {
 6150 |     uniffi_loro_ffi_fn_method_lorolist_len(
      |     `- error: cannot find 'uniffi_loro_ffi_fn_method_lorolist_len' in scope
 6151 |             self.uniffiCloneHandle(),$0
 6152 |     )
/host/spi-builder-workspace/Sources/Loro/LoroFFI.swift:6161:5: error: cannot find 'uniffi_loro_ffi_fn_method_lorolist_pop' in scope
 6159 | open func pop()throws  -> LoroValue?  {
 6160 |     return try  FfiConverterOptionTypeLoroValue.lift(try rustCallWithError(FfiConverterTypeLoroError_lift) {
 6161 |     uniffi_loro_ffi_fn_method_lorolist_pop(
      |     `- error: cannot find 'uniffi_loro_ffi_fn_method_lorolist_pop' in scope
 6162 |             self.uniffiCloneHandle(),$0
 6163 |     )
/host/spi-builder-workspace/Sources/Loro/LoroFFI.swift:6168:5: error: cannot find 'uniffi_loro_ffi_fn_method_lorolist_push' in scope
 6166 |
 6167 | open func push(v: LoroValueLike)throws   {try rustCallWithError(FfiConverterTypeLoroError_lift) {
 6168 |     uniffi_loro_ffi_fn_method_lorolist_push(
      |     `- error: cannot find 'uniffi_loro_ffi_fn_method_lorolist_push' in scope
 6169 |             self.uniffiCloneHandle(),
 6170 |         FfiConverterTypeLoroValueLike_lower(v),$0
/host/spi-builder-workspace/Sources/Loro/LoroFFI.swift:6190:5: error: cannot find 'uniffi_loro_ffi_fn_method_lorolist_subscribe' in scope
 6188 | open func subscribe(subscriber: Subscriber) -> Subscription?  {
 6189 |     return try!  FfiConverterOptionTypeSubscription.lift(try! rustCall() {
 6190 |     uniffi_loro_ffi_fn_method_lorolist_subscribe(
      |     `- error: cannot find 'uniffi_loro_ffi_fn_method_lorolist_subscribe' in scope
 6191 |             self.uniffiCloneHandle(),
 6192 |         FfiConverterTypeSubscriber_lower(subscriber),$0
/host/spi-builder-workspace/Sources/Loro/LoroFFI.swift:6205:5: error: cannot find 'uniffi_loro_ffi_fn_method_lorolist_to_vec' in scope
 6203 | open func toVec() -> [LoroValue]  {
 6204 |     return try!  FfiConverterSequenceTypeLoroValue.lift(try! rustCall() {
 6205 |     uniffi_loro_ffi_fn_method_lorolist_to_vec(
      |     `- error: cannot find 'uniffi_loro_ffi_fn_method_lorolist_to_vec' in scope
 6206 |             self.uniffiCloneHandle(),$0
 6207 |     )
/host/spi-builder-workspace/Sources/Loro/LoroFFI.swift:6439:32: error: cannot find 'uniffi_loro_ffi_fn_clone_loromap' in scope
 6437 | #endif
 6438 |     public func uniffiCloneHandle() -> UInt64 {
 6439 |         return try! rustCall { uniffi_loro_ffi_fn_clone_loromap(self.handle, $0) }
      |                                `- error: cannot find 'uniffi_loro_ffi_fn_clone_loromap' in scope
 6440 |     }
 6441 |     /**
/host/spi-builder-workspace/Sources/Loro/LoroFFI.swift:6450:5: error: cannot find 'uniffi_loro_ffi_fn_constructor_loromap_new' in scope
 6448 |     let handle =
 6449 |         try! rustCall() {
 6450 |     uniffi_loro_ffi_fn_constructor_loromap_new($0
      |     `- error: cannot find 'uniffi_loro_ffi_fn_constructor_loromap_new' in scope
 6451 |     )
 6452 | }
/host/spi-builder-workspace/Sources/Loro/LoroFFI.swift:6462:25: error: cannot find 'uniffi_loro_ffi_fn_free_loromap' in scope
 6460 |         }
 6461 |
 6462 |         try! rustCall { uniffi_loro_ffi_fn_free_loromap(handle, $0) }
      |                         `- error: cannot find 'uniffi_loro_ffi_fn_free_loromap' in scope
 6463 |     }
 6464 |
/host/spi-builder-workspace/Sources/Loro/LoroFFI.swift:6472:5: error: cannot find 'uniffi_loro_ffi_fn_method_loromap_clear' in scope
 6470 |      */
 6471 | open func clear()throws   {try rustCallWithError(FfiConverterTypeLoroError_lift) {
 6472 |     uniffi_loro_ffi_fn_method_loromap_clear(
      |     `- error: cannot find 'uniffi_loro_ffi_fn_method_loromap_clear' in scope
 6473 |             self.uniffiCloneHandle(),$0
 6474 |     )
/host/spi-builder-workspace/Sources/Loro/LoroFFI.swift:6482:5: error: cannot find 'uniffi_loro_ffi_fn_method_loromap_delete' in scope
 6480 |      */
 6481 | open func delete(key: String)throws   {try rustCallWithError(FfiConverterTypeLoroError_lift) {
 6482 |     uniffi_loro_ffi_fn_method_loromap_delete(
      |     `- error: cannot find 'uniffi_loro_ffi_fn_method_loromap_delete' in scope
 6483 |             self.uniffiCloneHandle(),
 6484 |         FfiConverterString.lower(key),$0
/host/spi-builder-workspace/Sources/Loro/LoroFFI.swift:6494:5: error: cannot find 'uniffi_loro_ffi_fn_method_loromap_doc' in scope
 6492 | open func doc() -> LoroDoc?  {
 6493 |     return try!  FfiConverterOptionTypeLoroDoc.lift(try! rustCall() {
 6494 |     uniffi_loro_ffi_fn_method_loromap_doc(
      |     `- error: cannot find 'uniffi_loro_ffi_fn_method_loromap_doc' in scope
 6495 |             self.uniffiCloneHandle(),$0
 6496 |     )
/host/spi-builder-workspace/Sources/Loro/LoroFFI.swift:6502:5: error: cannot find 'uniffi_loro_ffi_fn_method_loromap_ensure_mergeable_counter' in scope
 6500 | open func ensureMergeableCounter(key: String)throws  -> LoroCounter  {
 6501 |     return try  FfiConverterTypeLoroCounter_lift(try rustCallWithError(FfiConverterTypeLoroError_lift) {
 6502 |     uniffi_loro_ffi_fn_method_loromap_ensure_mergeable_counter(
      |     `- error: cannot find 'uniffi_loro_ffi_fn_method_loromap_ensure_mergeable_counter' in scope
 6503 |             self.uniffiCloneHandle(),
 6504 |         FfiConverterString.lower(key),$0
/host/spi-builder-workspace/Sources/Loro/LoroFFI.swift:6511:5: error: cannot find 'uniffi_loro_ffi_fn_method_loromap_ensure_mergeable_list' in scope
 6509 | open func ensureMergeableList(key: String)throws  -> LoroList  {
 6510 |     return try  FfiConverterTypeLoroList_lift(try rustCallWithError(FfiConverterTypeLoroError_lift) {
 6511 |     uniffi_loro_ffi_fn_method_loromap_ensure_mergeable_list(
      |     `- error: cannot find 'uniffi_loro_ffi_fn_method_loromap_ensure_mergeable_list' in scope
 6512 |             self.uniffiCloneHandle(),
 6513 |         FfiConverterString.lower(key),$0
/host/spi-builder-workspace/Sources/Loro/LoroFFI.swift:6520:5: error: cannot find 'uniffi_loro_ffi_fn_method_loromap_ensure_mergeable_map' in scope
 6518 | open func ensureMergeableMap(key: String)throws  -> LoroMap  {
 6519 |     return try  FfiConverterTypeLoroMap_lift(try rustCallWithError(FfiConverterTypeLoroError_lift) {
 6520 |     uniffi_loro_ffi_fn_method_loromap_ensure_mergeable_map(
      |     `- error: cannot find 'uniffi_loro_ffi_fn_method_loromap_ensure_mergeable_map' in scope
 6521 |             self.uniffiCloneHandle(),
 6522 |         FfiConverterString.lower(key),$0
/host/spi-builder-workspace/Sources/Loro/LoroFFI.swift:6529:5: error: cannot find 'uniffi_loro_ffi_fn_method_loromap_ensure_mergeable_movable_list' in scope
 6527 | open func ensureMergeableMovableList(key: String)throws  -> LoroMovableList  {
 6528 |     return try  FfiConverterTypeLoroMovableList_lift(try rustCallWithError(FfiConverterTypeLoroError_lift) {
 6529 |     uniffi_loro_ffi_fn_method_loromap_ensure_mergeable_movable_list(
      |     `- error: cannot find 'uniffi_loro_ffi_fn_method_loromap_ensure_mergeable_movable_list' in scope
 6530 |             self.uniffiCloneHandle(),
 6531 |         FfiConverterString.lower(key),$0
/host/spi-builder-workspace/Sources/Loro/LoroFFI.swift:6538:5: error: cannot find 'uniffi_loro_ffi_fn_method_loromap_ensure_mergeable_text' in scope
 6536 | open func ensureMergeableText(key: String)throws  -> LoroText  {
 6537 |     return try  FfiConverterTypeLoroText_lift(try rustCallWithError(FfiConverterTypeLoroError_lift) {
 6538 |     uniffi_loro_ffi_fn_method_loromap_ensure_mergeable_text(
      |     `- error: cannot find 'uniffi_loro_ffi_fn_method_loromap_ensure_mergeable_text' in scope
 6539 |             self.uniffiCloneHandle(),
 6540 |         FfiConverterString.lower(key),$0
/host/spi-builder-workspace/Sources/Loro/LoroFFI.swift:6547:5: error: cannot find 'uniffi_loro_ffi_fn_method_loromap_ensure_mergeable_tree' in scope
 6545 | open func ensureMergeableTree(key: String)throws  -> LoroTree  {
 6546 |     return try  FfiConverterTypeLoroTree_lift(try rustCallWithError(FfiConverterTypeLoroError_lift) {
 6547 |     uniffi_loro_ffi_fn_method_loromap_ensure_mergeable_tree(
      |     `- error: cannot find 'uniffi_loro_ffi_fn_method_loromap_ensure_mergeable_tree' in scope
 6548 |             self.uniffiCloneHandle(),
 6549 |         FfiConverterString.lower(key),$0
/host/spi-builder-workspace/Sources/Loro/LoroFFI.swift:6559:5: error: cannot find 'uniffi_loro_ffi_fn_method_loromap_get' in scope
 6557 | open func get(key: String) -> ValueOrContainer?  {
 6558 |     return try!  FfiConverterOptionTypeValueOrContainer.lift(try! rustCall() {
 6559 |     uniffi_loro_ffi_fn_method_loromap_get(
      |     `- error: cannot find 'uniffi_loro_ffi_fn_method_loromap_get' in scope
 6560 |             self.uniffiCloneHandle(),
 6561 |         FfiConverterString.lower(key),$0
/host/spi-builder-workspace/Sources/Loro/LoroFFI.swift:6571:5: error: cannot find 'uniffi_loro_ffi_fn_method_loromap_get_attached' in scope
 6569 | open func getAttached() -> LoroMap?  {
 6570 |     return try!  FfiConverterOptionTypeLoroMap.lift(try! rustCall() {
 6571 |     uniffi_loro_ffi_fn_method_loromap_get_attached(
      |     `- error: cannot find 'uniffi_loro_ffi_fn_method_loromap_get_attached' in scope
 6572 |             self.uniffiCloneHandle(),$0
 6573 |     )
/host/spi-builder-workspace/Sources/Loro/LoroFFI.swift:6584:5: error: cannot find 'uniffi_loro_ffi_fn_method_loromap_get_deep_value' in scope
 6582 | open func getDeepValue() -> LoroValue  {
 6583 |     return try!  FfiConverterTypeLoroValue_lift(try! rustCall() {
 6584 |     uniffi_loro_ffi_fn_method_loromap_get_deep_value(
      |     `- error: cannot find 'uniffi_loro_ffi_fn_method_loromap_get_deep_value' in scope
 6585 |             self.uniffiCloneHandle(),$0
 6586 |     )
/host/spi-builder-workspace/Sources/Loro/LoroFFI.swift:6595:5: error: cannot find 'uniffi_loro_ffi_fn_method_loromap_get_last_editor' in scope
 6593 | open func getLastEditor(key: String) -> UInt64?  {
 6594 |     return try!  FfiConverterOptionUInt64.lift(try! rustCall() {
 6595 |     uniffi_loro_ffi_fn_method_loromap_get_last_editor(
      |     `- error: cannot find 'uniffi_loro_ffi_fn_method_loromap_get_last_editor' in scope
 6596 |             self.uniffiCloneHandle(),
 6597 |         FfiConverterString.lower(key),$0
/host/spi-builder-workspace/Sources/Loro/LoroFFI.swift:6604:5: error: cannot find 'uniffi_loro_ffi_fn_method_loromap_get_or_create_counter_container' in scope
 6602 | open func getOrCreateCounterContainer(key: String, child: LoroCounter)throws  -> LoroCounter  {
 6603 |     return try  FfiConverterTypeLoroCounter_lift(try rustCallWithError(FfiConverterTypeLoroError_lift) {
 6604 |     uniffi_loro_ffi_fn_method_loromap_get_or_create_counter_container(
      |     `- error: cannot find 'uniffi_loro_ffi_fn_method_loromap_get_or_create_counter_container' in scope
 6605 |             self.uniffiCloneHandle(),
 6606 |         FfiConverterString.lower(key),
/host/spi-builder-workspace/Sources/Loro/LoroFFI.swift:6614:5: error: cannot find 'uniffi_loro_ffi_fn_method_loromap_get_or_create_list_container' in scope
 6612 | open func getOrCreateListContainer(key: String, child: LoroList)throws  -> LoroList  {
 6613 |     return try  FfiConverterTypeLoroList_lift(try rustCallWithError(FfiConverterTypeLoroError_lift) {
 6614 |     uniffi_loro_ffi_fn_method_loromap_get_or_create_list_container(
      |     `- error: cannot find 'uniffi_loro_ffi_fn_method_loromap_get_or_create_list_container' in scope
 6615 |             self.uniffiCloneHandle(),
 6616 |         FfiConverterString.lower(key),
/host/spi-builder-workspace/Sources/Loro/LoroFFI.swift:6624:5: error: cannot find 'uniffi_loro_ffi_fn_method_loromap_get_or_create_map_container' in scope
 6622 | open func getOrCreateMapContainer(key: String, child: LoroMap)throws  -> LoroMap  {
 6623 |     return try  FfiConverterTypeLoroMap_lift(try rustCallWithError(FfiConverterTypeLoroError_lift) {
 6624 |     uniffi_loro_ffi_fn_method_loromap_get_or_create_map_container(
      |     `- error: cannot find 'uniffi_loro_ffi_fn_method_loromap_get_or_create_map_container' in scope
 6625 |             self.uniffiCloneHandle(),
 6626 |         FfiConverterString.lower(key),
/host/spi-builder-workspace/Sources/Loro/LoroFFI.swift:6634:5: error: cannot find 'uniffi_loro_ffi_fn_method_loromap_get_or_create_movable_list_container' in scope
 6632 | open func getOrCreateMovableListContainer(key: String, child: LoroMovableList)throws  -> LoroMovableList  {
 6633 |     return try  FfiConverterTypeLoroMovableList_lift(try rustCallWithError(FfiConverterTypeLoroError_lift) {
 6634 |     uniffi_loro_ffi_fn_method_loromap_get_or_create_movable_list_container(
      |     `- error: cannot find 'uniffi_loro_ffi_fn_method_loromap_get_or_create_movable_list_container' in scope
 6635 |             self.uniffiCloneHandle(),
 6636 |         FfiConverterString.lower(key),
/host/spi-builder-workspace/Sources/Loro/LoroFFI.swift:6644:5: error: cannot find 'uniffi_loro_ffi_fn_method_loromap_get_or_create_text_container' in scope
 6642 | open func getOrCreateTextContainer(key: String, child: LoroText)throws  -> LoroText  {
 6643 |     return try  FfiConverterTypeLoroText_lift(try rustCallWithError(FfiConverterTypeLoroError_lift) {
 6644 |     uniffi_loro_ffi_fn_method_loromap_get_or_create_text_container(
      |     `- error: cannot find 'uniffi_loro_ffi_fn_method_loromap_get_or_create_text_container' in scope
 6645 |             self.uniffiCloneHandle(),
 6646 |         FfiConverterString.lower(key),
/host/spi-builder-workspace/Sources/Loro/LoroFFI.swift:6654:5: error: cannot find 'uniffi_loro_ffi_fn_method_loromap_get_or_create_tree_container' in scope
 6652 | open func getOrCreateTreeContainer(key: String, child: LoroTree)throws  -> LoroTree  {
 6653 |     return try  FfiConverterTypeLoroTree_lift(try rustCallWithError(FfiConverterTypeLoroError_lift) {
 6654 |     uniffi_loro_ffi_fn_method_loromap_get_or_create_tree_container(
      |     `- error: cannot find 'uniffi_loro_ffi_fn_method_loromap_get_or_create_tree_container' in scope
 6655 |             self.uniffiCloneHandle(),
 6656 |         FfiConverterString.lower(key),
/host/spi-builder-workspace/Sources/Loro/LoroFFI.swift:6669:5: error: cannot find 'uniffi_loro_ffi_fn_method_loromap_get_value' in scope
 6667 | open func getValue() -> LoroValue  {
 6668 |     return try!  FfiConverterTypeLoroValue_lift(try! rustCall() {
 6669 |     uniffi_loro_ffi_fn_method_loromap_get_value(
      |     `- error: cannot find 'uniffi_loro_ffi_fn_method_loromap_get_value' in scope
 6670 |             self.uniffiCloneHandle(),$0
 6671 |     )
/host/spi-builder-workspace/Sources/Loro/LoroFFI.swift:6680:5: error: cannot find 'uniffi_loro_ffi_fn_method_loromap_id' in scope
 6678 | open func id() -> ContainerId  {
 6679 |     return try!  FfiConverterTypeContainerID_lift(try! rustCall() {
 6680 |     uniffi_loro_ffi_fn_method_loromap_id(
      |     `- error: cannot find 'uniffi_loro_ffi_fn_method_loromap_id' in scope
 6681 |             self.uniffiCloneHandle(),$0
 6682 |     )
/host/spi-builder-workspace/Sources/Loro/LoroFFI.swift:6693:5: error: cannot find 'uniffi_loro_ffi_fn_method_loromap_insert' in scope
 6691 |      */
 6692 | open func insert(key: String, v: LoroValueLike)throws   {try rustCallWithError(FfiConverterTypeLoroError_lift) {
 6693 |     uniffi_loro_ffi_fn_method_loromap_insert(
      |     `- error: cannot find 'uniffi_loro_ffi_fn_method_loromap_insert' in scope
 6694 |             self.uniffiCloneHandle(),
 6695 |         FfiConverterString.lower(key),
/host/spi-builder-workspace/Sources/Loro/LoroFFI.swift:6703:5: error: cannot find 'uniffi_loro_ffi_fn_method_loromap_insert_counter_container' in scope
 6701 | open func insertCounterContainer(key: String, child: LoroCounter)throws  -> LoroCounter  {
 6702 |     return try  FfiConverterTypeLoroCounter_lift(try rustCallWithError(FfiConverterTypeLoroError_lift) {
 6703 |     uniffi_loro_ffi_fn_method_loromap_insert_counter_container(
      |     `- error: cannot find 'uniffi_loro_ffi_fn_method_loromap_insert_counter_container' in scope
 6704 |             self.uniffiCloneHandle(),
 6705 |         FfiConverterString.lower(key),
/host/spi-builder-workspace/Sources/Loro/LoroFFI.swift:6713:5: error: cannot find 'uniffi_loro_ffi_fn_method_loromap_insert_list_container' in scope
 6711 | open func insertListContainer(key: String, child: LoroList)throws  -> LoroList  {
 6712 |     return try  FfiConverterTypeLoroList_lift(try rustCallWithError(FfiConverterTypeLoroError_lift) {
 6713 |     uniffi_loro_ffi_fn_method_loromap_insert_list_container(
      |     `- error: cannot find 'uniffi_loro_ffi_fn_method_loromap_insert_list_container' in scope
 6714 |             self.uniffiCloneHandle(),
 6715 |         FfiConverterString.lower(key),
/host/spi-builder-workspace/Sources/Loro/LoroFFI.swift:6723:5: error: cannot find 'uniffi_loro_ffi_fn_method_loromap_insert_map_container' in scope
 6721 | open func insertMapContainer(key: String, child: LoroMap)throws  -> LoroMap  {
 6722 |     return try  FfiConverterTypeLoroMap_lift(try rustCallWithError(FfiConverterTypeLoroError_lift) {
 6723 |     uniffi_loro_ffi_fn_method_loromap_insert_map_container(
      |     `- error: cannot find 'uniffi_loro_ffi_fn_method_loromap_insert_map_container' in scope
 6724 |             self.uniffiCloneHandle(),
 6725 |         FfiConverterString.lower(key),
/host/spi-builder-workspace/Sources/Loro/LoroFFI.swift:6733:5: error: cannot find 'uniffi_loro_ffi_fn_method_loromap_insert_movable_list_container' in scope
 6731 | open func insertMovableListContainer(key: String, child: LoroMovableList)throws  -> LoroMovableList  {
 6732 |     return try  FfiConverterTypeLoroMovableList_lift(try rustCallWithError(FfiConverterTypeLoroError_lift) {
 6733 |     uniffi_loro_ffi_fn_method_loromap_insert_movable_list_container(
      |     `- error: cannot find 'uniffi_loro_ffi_fn_method_loromap_insert_movable_list_container' in scope
 6734 |             self.uniffiCloneHandle(),
 6735 |         FfiConverterString.lower(key),
/host/spi-builder-workspace/Sources/Loro/LoroFFI.swift:6743:5: error: cannot find 'uniffi_loro_ffi_fn_method_loromap_insert_text_container' in scope
 6741 | open func insertTextContainer(key: String, child: LoroText)throws  -> LoroText  {
 6742 |     return try  FfiConverterTypeLoroText_lift(try rustCallWithError(FfiConverterTypeLoroError_lift) {
 6743 |     uniffi_loro_ffi_fn_method_loromap_insert_text_container(
      |     `- error: cannot find 'uniffi_loro_ffi_fn_method_loromap_insert_text_container' in scope
 6744 |             self.uniffiCloneHandle(),
 6745 |         FfiConverterString.lower(key),
/host/spi-builder-workspace/Sources/Loro/LoroFFI.swift:6753:5: error: cannot find 'uniffi_loro_ffi_fn_method_loromap_insert_tree_container' in scope
 6751 | open func insertTreeContainer(key: String, child: LoroTree)throws  -> LoroTree  {
 6752 |     return try  FfiConverterTypeLoroTree_lift(try rustCallWithError(FfiConverterTypeLoroError_lift) {
 6753 |     uniffi_loro_ffi_fn_method_loromap_insert_tree_container(
      |     `- error: cannot find 'uniffi_loro_ffi_fn_method_loromap_insert_tree_container' in scope
 6754 |             self.uniffiCloneHandle(),
 6755 |         FfiConverterString.lower(key),
/host/spi-builder-workspace/Sources/Loro/LoroFFI.swift:6766:5: error: cannot find 'uniffi_loro_ffi_fn_method_loromap_is_attached' in scope
 6764 | open func isAttached() -> Bool  {
 6765 |     return try!  FfiConverterBool.lift(try! rustCall() {
 6766 |     uniffi_loro_ffi_fn_method_loromap_is_attached(
      |     `- error: cannot find 'uniffi_loro_ffi_fn_method_loromap_is_attached' in scope
 6767 |             self.uniffiCloneHandle(),$0
 6768 |     )
/host/spi-builder-workspace/Sources/Loro/LoroFFI.swift:6777:5: error: cannot find 'uniffi_loro_ffi_fn_method_loromap_is_deleted' in scope
 6775 | open func isDeleted() -> Bool  {
 6776 |     return try!  FfiConverterBool.lift(try! rustCall() {
 6777 |     uniffi_loro_ffi_fn_method_loromap_is_deleted(
      |     `- error: cannot find 'uniffi_loro_ffi_fn_method_loromap_is_deleted' in scope
 6778 |             self.uniffiCloneHandle(),$0
 6779 |     )
/host/spi-builder-workspace/Sources/Loro/LoroFFI.swift:6788:5: error: cannot find 'uniffi_loro_ffi_fn_method_loromap_is_empty' in scope
 6786 | open func isEmpty() -> Bool  {
 6787 |     return try!  FfiConverterBool.lift(try! rustCall() {
 6788 |     uniffi_loro_ffi_fn_method_loromap_is_empty(
      |     `- error: cannot find 'uniffi_loro_ffi_fn_method_loromap_is_empty' in scope
 6789 |             self.uniffiCloneHandle(),$0
 6790 |     )
/host/spi-builder-workspace/Sources/Loro/LoroFFI.swift:6799:5: error: cannot find 'uniffi_loro_ffi_fn_method_loromap_keys' in scope
 6797 | open func keys() -> [String]  {
 6798 |     return try!  FfiConverterSequenceString.lift(try! rustCall() {
 6799 |     uniffi_loro_ffi_fn_method_loromap_keys(
      |     `- error: cannot find 'uniffi_loro_ffi_fn_method_loromap_keys' in scope
 6800 |             self.uniffiCloneHandle(),$0
 6801 |     )
/host/spi-builder-workspace/Sources/Loro/LoroFFI.swift:6810:5: error: cannot find 'uniffi_loro_ffi_fn_method_loromap_len' in scope
 6808 | open func len() -> UInt32  {
 6809 |     return try!  FfiConverterUInt32.lift(try! rustCall() {
 6810 |     uniffi_loro_ffi_fn_method_loromap_len(
      |     `- error: cannot find 'uniffi_loro_ffi_fn_method_loromap_len' in scope
 6811 |             self.uniffiCloneHandle(),$0
 6812 |     )
/host/spi-builder-workspace/Sources/Loro/LoroFFI.swift:6831:5: error: cannot find 'uniffi_loro_ffi_fn_method_loromap_subscribe' in scope
 6829 | open func subscribe(subscriber: Subscriber) -> Subscription?  {
 6830 |     return try!  FfiConverterOptionTypeSubscription.lift(try! rustCall() {
 6831 |     uniffi_loro_ffi_fn_method_loromap_subscribe(
      |     `- error: cannot find 'uniffi_loro_ffi_fn_method_loromap_subscribe' in scope
 6832 |             self.uniffiCloneHandle(),
 6833 |         FfiConverterTypeSubscriber_lower(subscriber),$0
/host/spi-builder-workspace/Sources/Loro/LoroFFI.swift:6843:5: error: cannot find 'uniffi_loro_ffi_fn_method_loromap_values' in scope
 6841 | open func values() -> [ValueOrContainer]  {
 6842 |     return try!  FfiConverterSequenceTypeValueOrContainer.lift(try! rustCall() {
 6843 |     uniffi_loro_ffi_fn_method_loromap_values(
      |     `- error: cannot find 'uniffi_loro_ffi_fn_method_loromap_values' in scope
 6844 |             self.uniffiCloneHandle(),$0
 6845 |     )
/host/spi-builder-workspace/Sources/Loro/LoroFFI.swift:7097:32: error: cannot find 'uniffi_loro_ffi_fn_clone_loromovablelist' in scope
 7095 | #endif
 7096 |     public func uniffiCloneHandle() -> UInt64 {
 7097 |         return try! rustCall { uniffi_loro_ffi_fn_clone_loromovablelist(self.handle, $0) }
      |                                `- error: cannot find 'uniffi_loro_ffi_fn_clone_loromovablelist' in scope
 7098 |     }
 7099 |     /**
/host/spi-builder-workspace/Sources/Loro/LoroFFI.swift:7108:5: error: cannot find 'uniffi_loro_ffi_fn_constructor_loromovablelist_new' in scope
 7106 |     let handle =
 7107 |         try! rustCall() {
 7108 |     uniffi_loro_ffi_fn_constructor_loromovablelist_new($0
      |     `- error: cannot find 'uniffi_loro_ffi_fn_constructor_loromovablelist_new' in scope
 7109 |     )
 7110 | }
/host/spi-builder-workspace/Sources/Loro/LoroFFI.swift:7120:25: error: cannot find 'uniffi_loro_ffi_fn_free_loromovablelist' in scope
 7118 |         }
 7119 |
 7120 |         try! rustCall { uniffi_loro_ffi_fn_free_loromovablelist(handle, $0) }
      |                         `- error: cannot find 'uniffi_loro_ffi_fn_free_loromovablelist' in scope
 7121 |     }
 7122 |
/host/spi-builder-workspace/Sources/Loro/LoroFFI.swift:7130:5: error: cannot find 'uniffi_loro_ffi_fn_method_loromovablelist_clear' in scope
 7128 |      */
 7129 | open func clear()throws   {try rustCallWithError(FfiConverterTypeLoroError_lift) {
 7130 |     uniffi_loro_ffi_fn_method_loromovablelist_clear(
      |     `- error: cannot find 'uniffi_loro_ffi_fn_method_loromovablelist_clear' in scope
 7131 |             self.uniffiCloneHandle(),$0
 7132 |     )
/host/spi-builder-workspace/Sources/Loro/LoroFFI.swift:7140:5: error: cannot find 'uniffi_loro_ffi_fn_method_loromovablelist_delete' in scope
 7138 |      */
 7139 | open func delete(pos: UInt32, len: UInt32)throws   {try rustCallWithError(FfiConverterTypeLoroError_lift) {
 7140 |     uniffi_loro_ffi_fn_method_loromovablelist_delete(
      |     `- error: cannot find 'uniffi_loro_ffi_fn_method_loromovablelist_delete' in scope
 7141 |             self.uniffiCloneHandle(),
 7142 |         FfiConverterUInt32.lower(pos),
/host/spi-builder-workspace/Sources/Loro/LoroFFI.swift:7153:5: error: cannot find 'uniffi_loro_ffi_fn_method_loromovablelist_doc' in scope
 7151 | open func doc() -> LoroDoc?  {
 7152 |     return try!  FfiConverterOptionTypeLoroDoc.lift(try! rustCall() {
 7153 |     uniffi_loro_ffi_fn_method_loromovablelist_doc(
      |     `- error: cannot find 'uniffi_loro_ffi_fn_method_loromovablelist_doc' in scope
 7154 |             self.uniffiCloneHandle(),$0
 7155 |     )
/host/spi-builder-workspace/Sources/Loro/LoroFFI.swift:7164:5: error: cannot find 'uniffi_loro_ffi_fn_method_loromovablelist_get' in scope
 7162 | open func get(index: UInt32) -> ValueOrContainer?  {
 7163 |     return try!  FfiConverterOptionTypeValueOrContainer.lift(try! rustCall() {
 7164 |     uniffi_loro_ffi_fn_method_loromovablelist_get(
      |     `- error: cannot find 'uniffi_loro_ffi_fn_method_loromovablelist_get' in scope
 7165 |             self.uniffiCloneHandle(),
 7166 |         FfiConverterUInt32.lower(index),$0
/host/spi-builder-workspace/Sources/Loro/LoroFFI.swift:7176:5: error: cannot find 'uniffi_loro_ffi_fn_method_loromovablelist_get_attached' in scope
 7174 | open func getAttached() -> LoroMovableList?  {
 7175 |     return try!  FfiConverterOptionTypeLoroMovableList.lift(try! rustCall() {
 7176 |     uniffi_loro_ffi_fn_method_loromovablelist_get_attached(
      |     `- error: cannot find 'uniffi_loro_ffi_fn_method_loromovablelist_get_attached' in scope
 7177 |             self.uniffiCloneHandle(),$0
 7178 |     )
/host/spi-builder-workspace/Sources/Loro/LoroFFI.swift:7184:5: error: cannot find 'uniffi_loro_ffi_fn_method_loromovablelist_get_creator_at' in scope
 7182 | open func getCreatorAt(pos: UInt32) -> UInt64?  {
 7183 |     return try!  FfiConverterOptionUInt64.lift(try! rustCall() {
 7184 |     uniffi_loro_ffi_fn_method_loromovablelist_get_creator_at(
      |     `- error: cannot find 'uniffi_loro_ffi_fn_method_loromovablelist_get_creator_at' in scope
 7185 |             self.uniffiCloneHandle(),
 7186 |         FfiConverterUInt32.lower(pos),$0
/host/spi-builder-workspace/Sources/Loro/LoroFFI.swift:7208:5: error: cannot find 'uniffi_loro_ffi_fn_method_loromovablelist_get_cursor' in scope
 7206 | open func getCursor(pos: UInt32, side: Side) -> Cursor?  {
 7207 |     return try!  FfiConverterOptionTypeCursor.lift(try! rustCall() {
 7208 |     uniffi_loro_ffi_fn_method_loromovablelist_get_cursor(
      |     `- error: cannot find 'uniffi_loro_ffi_fn_method_loromovablelist_get_cursor' in scope
 7209 |             self.uniffiCloneHandle(),
 7210 |         FfiConverterUInt32.lower(pos),
/host/spi-builder-workspace/Sources/Loro/LoroFFI.swift:7221:5: error: cannot find 'uniffi_loro_ffi_fn_method_loromovablelist_get_deep_value' in scope
 7219 | open func getDeepValue() -> LoroValue  {
 7220 |     return try!  FfiConverterTypeLoroValue_lift(try! rustCall() {
 7221 |     uniffi_loro_ffi_fn_method_loromovablelist_get_deep_value(
      |     `- error: cannot find 'uniffi_loro_ffi_fn_method_loromovablelist_get_deep_value' in scope
 7222 |             self.uniffiCloneHandle(),$0
 7223 |     )
/host/spi-builder-workspace/Sources/Loro/LoroFFI.swift:7232:5: error: cannot find 'uniffi_loro_ffi_fn_method_loromovablelist_get_last_editor_at' in scope
 7230 | open func getLastEditorAt(pos: UInt32) -> UInt64?  {
 7231 |     return try!  FfiConverterOptionUInt64.lift(try! rustCall() {
 7232 |     uniffi_loro_ffi_fn_method_loromovablelist_get_last_editor_at(
      |     `- error: cannot find 'uniffi_loro_ffi_fn_method_loromovablelist_get_last_editor_at' in scope
 7233 |             self.uniffiCloneHandle(),
 7234 |         FfiConverterUInt32.lower(pos),$0
/host/spi-builder-workspace/Sources/Loro/LoroFFI.swift:7244:5: error: cannot find 'uniffi_loro_ffi_fn_method_loromovablelist_get_last_mover_at' in scope
 7242 | open func getLastMoverAt(pos: UInt32) -> UInt64?  {
 7243 |     return try!  FfiConverterOptionUInt64.lift(try! rustCall() {
 7244 |     uniffi_loro_ffi_fn_method_loromovablelist_get_last_mover_at(
      |     `- error: cannot find 'uniffi_loro_ffi_fn_method_loromovablelist_get_last_mover_at' in scope
 7245 |             self.uniffiCloneHandle(),
 7246 |         FfiConverterUInt32.lower(pos),$0
/host/spi-builder-workspace/Sources/Loro/LoroFFI.swift:7258:5: error: cannot find 'uniffi_loro_ffi_fn_method_loromovablelist_get_value' in scope
 7256 | open func getValue() -> LoroValue  {
 7257 |     return try!  FfiConverterTypeLoroValue_lift(try! rustCall() {
 7258 |     uniffi_loro_ffi_fn_method_loromovablelist_get_value(
      |     `- error: cannot find 'uniffi_loro_ffi_fn_method_loromovablelist_get_value' in scope
 7259 |             self.uniffiCloneHandle(),$0
 7260 |     )
/host/spi-builder-workspace/Sources/Loro/LoroFFI.swift:7269:5: error: cannot find 'uniffi_loro_ffi_fn_method_loromovablelist_id' in scope
 7267 | open func id() -> ContainerId  {
 7268 |     return try!  FfiConverterTypeContainerID_lift(try! rustCall() {
 7269 |     uniffi_loro_ffi_fn_method_loromovablelist_id(
      |     `- error: cannot find 'uniffi_loro_ffi_fn_method_loromovablelist_id' in scope
 7270 |             self.uniffiCloneHandle(),$0
 7271 |     )
/host/spi-builder-workspace/Sources/Loro/LoroFFI.swift:7279:5: error: cannot find 'uniffi_loro_ffi_fn_method_loromovablelist_insert' in scope
 7277 |      */
 7278 | open func insert(pos: UInt32, v: LoroValueLike)throws   {try rustCallWithError(FfiConverterTypeLoroError_lift) {
 7279 |     uniffi_loro_ffi_fn_method_loromovablelist_insert(
      |     `- error: cannot find 'uniffi_loro_ffi_fn_method_loromovablelist_insert' in scope
 7280 |             self.uniffiCloneHandle(),
 7281 |         FfiConverterUInt32.lower(pos),
/host/spi-builder-workspace/Sources/Loro/LoroFFI.swift:7289:5: error: cannot find 'uniffi_loro_ffi_fn_method_loromovablelist_insert_counter_container' in scope
 7287 | open func insertCounterContainer(pos: UInt32, child: LoroCounter)throws  -> LoroCounter  {
 7288 |     return try  FfiConverterTypeLoroCounter_lift(try rustCallWithError(FfiConverterTypeLoroError_lift) {
 7289 |     uniffi_loro_ffi_fn_method_loromovablelist_insert_counter_container(
      |     `- error: cannot find 'uniffi_loro_ffi_fn_method_loromovablelist_insert_counter_container' in scope
 7290 |             self.uniffiCloneHandle(),
 7291 |         FfiConverterUInt32.lower(pos),
/host/spi-builder-workspace/Sources/Loro/LoroFFI.swift:7299:5: error: cannot find 'uniffi_loro_ffi_fn_method_loromovablelist_insert_list_container' in scope
 7297 | open func insertListContainer(pos: UInt32, child: LoroList)throws  -> LoroList  {
 7298 |     return try  FfiConverterTypeLoroList_lift(try rustCallWithError(FfiConverterTypeLoroError_lift) {
 7299 |     uniffi_loro_ffi_fn_method_loromovablelist_insert_list_container(
      |     `- error: cannot find 'uniffi_loro_ffi_fn_method_loromovablelist_insert_list_container' in scope
 7300 |             self.uniffiCloneHandle(),
 7301 |         FfiConverterUInt32.lower(pos),
/host/spi-builder-workspace/Sources/Loro/LoroFFI.swift:7309:5: error: cannot find 'uniffi_loro_ffi_fn_method_loromovablelist_insert_map_container' in scope
 7307 | open func insertMapContainer(pos: UInt32, child: LoroMap)throws  -> LoroMap  {
 7308 |     return try  FfiConverterTypeLoroMap_lift(try rustCallWithError(FfiConverterTypeLoroError_lift) {
 7309 |     uniffi_loro_ffi_fn_method_loromovablelist_insert_map_container(
      |     `- error: cannot find 'uniffi_loro_ffi_fn_method_loromovablelist_insert_map_container' in scope
 7310 |             self.uniffiCloneHandle(),
 7311 |         FfiConverterUInt32.lower(pos),
/host/spi-builder-workspace/Sources/Loro/LoroFFI.swift:7319:5: error: cannot find 'uniffi_loro_ffi_fn_method_loromovablelist_insert_movable_list_container' in scope
 7317 | open func insertMovableListContainer(pos: UInt32, child: LoroMovableList)throws  -> LoroMovableList  {
 7318 |     return try  FfiConverterTypeLoroMovableList_lift(try rustCallWithError(FfiConverterTypeLoroError_lift) {
 7319 |     uniffi_loro_ffi_fn_method_loromovablelist_insert_movable_list_container(
      |     `- error: cannot find 'uniffi_loro_ffi_fn_method_loromovablelist_insert_movable_list_container' in scope
 7320 |             self.uniffiCloneHandle(),
 7321 |         FfiConverterUInt32.lower(pos),
/host/spi-builder-workspace/Sources/Loro/LoroFFI.swift:7329:5: error: cannot find 'uniffi_loro_ffi_fn_method_loromovablelist_insert_text_container' in scope
 7327 | open func insertTextContainer(pos: UInt32, child: LoroText)throws  -> LoroText  {
 7328 |     return try  FfiConverterTypeLoroText_lift(try rustCallWithError(FfiConverterTypeLoroError_lift) {
 7329 |     uniffi_loro_ffi_fn_method_loromovablelist_insert_text_container(
      |     `- error: cannot find 'uniffi_loro_ffi_fn_method_loromovablelist_insert_text_container' in scope
 7330 |             self.uniffiCloneHandle(),
 7331 |         FfiConverterUInt32.lower(pos),
/host/spi-builder-workspace/Sources/Loro/LoroFFI.swift:7339:5: error: cannot find 'uniffi_loro_ffi_fn_method_loromovablelist_insert_tree_container' in scope
 7337 | open func insertTreeContainer(pos: UInt32, child: LoroTree)throws  -> LoroTree  {
 7338 |     return try  FfiConverterTypeLoroTree_lift(try rustCallWithError(FfiConverterTypeLoroError_lift) {
 7339 |     uniffi_loro_ffi_fn_method_loromovablelist_insert_tree_container(
      |     `- error: cannot find 'uniffi_loro_ffi_fn_method_loromovablelist_insert_tree_container' in scope
 7340 |             self.uniffiCloneHandle(),
 7341 |         FfiConverterUInt32.lower(pos),
/host/spi-builder-workspace/Sources/Loro/LoroFFI.swift:7355:5: error: cannot find 'uniffi_loro_ffi_fn_method_loromovablelist_is_attached' in scope
 7353 | open func isAttached() -> Bool  {
 7354 |     return try!  FfiConverterBool.lift(try! rustCall() {
 7355 |     uniffi_loro_ffi_fn_method_loromovablelist_is_attached(
      |     `- error: cannot find 'uniffi_loro_ffi_fn_method_loromovablelist_is_attached' in scope
 7356 |             self.uniffiCloneHandle(),$0
 7357 |     )
/host/spi-builder-workspace/Sources/Loro/LoroFFI.swift:7366:5: error: cannot find 'uniffi_loro_ffi_fn_method_loromovablelist_is_deleted' in scope
 7364 | open func isDeleted() -> Bool  {
 7365 |     return try!  FfiConverterBool.lift(try! rustCall() {
 7366 |     uniffi_loro_ffi_fn_method_loromovablelist_is_deleted(
      |     `- error: cannot find 'uniffi_loro_ffi_fn_method_loromovablelist_is_deleted' in scope
 7367 |             self.uniffiCloneHandle(),$0
 7368 |     )
/host/spi-builder-workspace/Sources/Loro/LoroFFI.swift:7374:5: error: cannot find 'uniffi_loro_ffi_fn_method_loromovablelist_is_empty' in scope
 7372 | open func isEmpty() -> Bool  {
 7373 |     return try!  FfiConverterBool.lift(try! rustCall() {
 7374 |     uniffi_loro_ffi_fn_method_loromovablelist_is_empty(
      |     `- error: cannot find 'uniffi_loro_ffi_fn_method_loromovablelist_is_empty' in scope
 7375 |             self.uniffiCloneHandle(),$0
 7376 |     )
/host/spi-builder-workspace/Sources/Loro/LoroFFI.swift:7382:5: error: cannot find 'uniffi_loro_ffi_fn_method_loromovablelist_len' in scope
 7380 | open func len() -> UInt32  {
 7381 |     return try!  FfiConverterUInt32.lift(try! rustCall() {
 7382 |     uniffi_loro_ffi_fn_method_loromovablelist_len(
      |     `- error: cannot find 'uniffi_loro_ffi_fn_method_loromovablelist_len' in scope
 7383 |             self.uniffiCloneHandle(),$0
 7384 |     )
/host/spi-builder-workspace/Sources/Loro/LoroFFI.swift:7392:5: error: cannot find 'uniffi_loro_ffi_fn_method_loromovablelist_mov' in scope
 7390 |      */
 7391 | open func mov(from: UInt32, to: UInt32)throws   {try rustCallWithError(FfiConverterTypeLoroError_lift) {
 7392 |     uniffi_loro_ffi_fn_method_loromovablelist_mov(
      |     `- error: cannot find 'uniffi_loro_ffi_fn_method_loromovablelist_mov' in scope
 7393 |             self.uniffiCloneHandle(),
 7394 |         FfiConverterUInt32.lower(from),
/host/spi-builder-workspace/Sources/Loro/LoroFFI.swift:7405:5: error: cannot find 'uniffi_loro_ffi_fn_method_loromovablelist_pop' in scope
 7403 | open func pop()throws  -> ValueOrContainer?  {
 7404 |     return try  FfiConverterOptionTypeValueOrContainer.lift(try rustCallWithError(FfiConverterTypeLoroError_lift) {
 7405 |     uniffi_loro_ffi_fn_method_loromovablelist_pop(
      |     `- error: cannot find 'uniffi_loro_ffi_fn_method_loromovablelist_pop' in scope
 7406 |             self.uniffiCloneHandle(),$0
 7407 |     )
/host/spi-builder-workspace/Sources/Loro/LoroFFI.swift:7412:5: error: cannot find 'uniffi_loro_ffi_fn_method_loromovablelist_push' in scope
 7410 |
 7411 | open func push(v: LoroValueLike)throws   {try rustCallWithError(FfiConverterTypeLoroError_lift) {
 7412 |     uniffi_loro_ffi_fn_method_loromovablelist_push(
      |     `- error: cannot find 'uniffi_loro_ffi_fn_method_loromovablelist_push' in scope
 7413 |             self.uniffiCloneHandle(),
 7414 |         FfiConverterTypeLoroValueLike_lower(v),$0
/host/spi-builder-workspace/Sources/Loro/LoroFFI.swift:7423:5: error: cannot find 'uniffi_loro_ffi_fn_method_loromovablelist_set' in scope
 7421 |      */
 7422 | open func set(pos: UInt32, value: LoroValueLike)throws   {try rustCallWithError(FfiConverterTypeLoroError_lift) {
 7423 |     uniffi_loro_ffi_fn_method_loromovablelist_set(
      |     `- error: cannot find 'uniffi_loro_ffi_fn_method_loromovablelist_set' in scope
 7424 |             self.uniffiCloneHandle(),
 7425 |         FfiConverterUInt32.lower(pos),
/host/spi-builder-workspace/Sources/Loro/LoroFFI.swift:7433:5: error: cannot find 'uniffi_loro_ffi_fn_method_loromovablelist_set_counter_container' in scope
 7431 | open func setCounterContainer(pos: UInt32, child: LoroCounter)throws  -> LoroCounter  {
 7432 |     return try  FfiConverterTypeLoroCounter_lift(try rustCallWithError(FfiConverterTypeLoroError_lift) {
 7433 |     uniffi_loro_ffi_fn_method_loromovablelist_set_counter_container(
      |     `- error: cannot find 'uniffi_loro_ffi_fn_method_loromovablelist_set_counter_container' in scope
 7434 |             self.uniffiCloneHandle(),
 7435 |         FfiConverterUInt32.lower(pos),
/host/spi-builder-workspace/Sources/Loro/LoroFFI.swift:7443:5: error: cannot find 'uniffi_loro_ffi_fn_method_loromovablelist_set_list_container' in scope
 7441 | open func setListContainer(pos: UInt32, child: LoroList)throws  -> LoroList  {
 7442 |     return try  FfiConverterTypeLoroList_lift(try rustCallWithError(FfiConverterTypeLoroError_lift) {
 7443 |     uniffi_loro_ffi_fn_method_loromovablelist_set_list_container(
      |     `- error: cannot find 'uniffi_loro_ffi_fn_method_loromovablelist_set_list_container' in scope
 7444 |             self.uniffiCloneHandle(),
 7445 |         FfiConverterUInt32.lower(pos),
/host/spi-builder-workspace/Sources/Loro/LoroFFI.swift:7453:5: error: cannot find 'uniffi_loro_ffi_fn_method_loromovablelist_set_map_container' in scope
 7451 | open func setMapContainer(pos: UInt32, child: LoroMap)throws  -> LoroMap  {
 7452 |     return try  FfiConverterTypeLoroMap_lift(try rustCallWithError(FfiConverterTypeLoroError_lift) {
 7453 |     uniffi_loro_ffi_fn_method_loromovablelist_set_map_container(
      |     `- error: cannot find 'uniffi_loro_ffi_fn_method_loromovablelist_set_map_container' in scope
 7454 |             self.uniffiCloneHandle(),
 7455 |         FfiConverterUInt32.lower(pos),
/host/spi-builder-workspace/Sources/Loro/LoroFFI.swift:7463:5: error: cannot find 'uniffi_loro_ffi_fn_method_loromovablelist_set_movable_list_container' in scope
 7461 | open func setMovableListContainer(pos: UInt32, child: LoroMovableList)throws  -> LoroMovableList  {
 7462 |     return try  FfiConverterTypeLoroMovableList_lift(try rustCallWithError(FfiConverterTypeLoroError_lift) {
 7463 |     uniffi_loro_ffi_fn_method_loromovablelist_set_movable_list_container(
      |     `- error: cannot find 'uniffi_loro_ffi_fn_method_loromovablelist_set_movable_list_container' in scope
 7464 |             self.uniffiCloneHandle(),
 7465 |         FfiConverterUInt32.lower(pos),
/host/spi-builder-workspace/Sources/Loro/LoroFFI.swift:7473:5: error: cannot find 'uniffi_loro_ffi_fn_method_loromovablelist_set_text_container' in scope
 7471 | open func setTextContainer(pos: UInt32, child: LoroText)throws  -> LoroText  {
 7472 |     return try  FfiConverterTypeLoroText_lift(try rustCallWithError(FfiConverterTypeLoroError_lift) {
 7473 |     uniffi_loro_ffi_fn_method_loromovablelist_set_text_container(
      |     `- error: cannot find 'uniffi_loro_ffi_fn_method_loromovablelist_set_text_container' in scope
 7474 |             self.uniffiCloneHandle(),
 7475 |         FfiConverterUInt32.lower(pos),
/host/spi-builder-workspace/Sources/Loro/LoroFFI.swift:7483:5: error: cannot find 'uniffi_loro_ffi_fn_method_loromovablelist_set_tree_container' in scope
 7481 | open func setTreeContainer(pos: UInt32, child: LoroTree)throws  -> LoroTree  {
 7482 |     return try  FfiConverterTypeLoroTree_lift(try rustCallWithError(FfiConverterTypeLoroError_lift) {
 7483 |     uniffi_loro_ffi_fn_method_loromovablelist_set_tree_container(
      |     `- error: cannot find 'uniffi_loro_ffi_fn_method_loromovablelist_set_tree_container' in scope
 7484 |             self.uniffiCloneHandle(),
 7485 |         FfiConverterUInt32.lower(pos),
/host/spi-builder-workspace/Sources/Loro/LoroFFI.swift:7506:5: error: cannot find 'uniffi_loro_ffi_fn_method_loromovablelist_subscribe' in scope
 7504 | open func subscribe(subscriber: Subscriber) -> Subscription?  {
 7505 |     return try!  FfiConverterOptionTypeSubscription.lift(try! rustCall() {
 7506 |     uniffi_loro_ffi_fn_method_loromovablelist_subscribe(
      |     `- error: cannot find 'uniffi_loro_ffi_fn_method_loromovablelist_subscribe' in scope
 7507 |             self.uniffiCloneHandle(),
 7508 |         FfiConverterTypeSubscriber_lower(subscriber),$0
/host/spi-builder-workspace/Sources/Loro/LoroFFI.swift:7522:5: error: cannot find 'uniffi_loro_ffi_fn_method_loromovablelist_to_vec' in scope
 7520 | open func toVec() -> [LoroValue]  {
 7521 |     return try!  FfiConverterSequenceTypeLoroValue.lift(try! rustCall() {
 7522 |     uniffi_loro_ffi_fn_method_loromovablelist_to_vec(
      |     `- error: cannot find 'uniffi_loro_ffi_fn_method_loromovablelist_to_vec' in scope
 7523 |             self.uniffiCloneHandle(),$0
 7524 |     )
/host/spi-builder-workspace/Sources/Loro/LoroFFI.swift:7859:32: error: cannot find 'uniffi_loro_ffi_fn_clone_lorotext' in scope
 7857 | #endif
 7858 |     public func uniffiCloneHandle() -> UInt64 {
 7859 |         return try! rustCall { uniffi_loro_ffi_fn_clone_lorotext(self.handle, $0) }
      |                                `- error: cannot find 'uniffi_loro_ffi_fn_clone_lorotext' in scope
 7860 |     }
 7861 |     /**
/host/spi-builder-workspace/Sources/Loro/LoroFFI.swift:7870:5: error: cannot find 'uniffi_loro_ffi_fn_constructor_lorotext_new' in scope
 7868 |     let handle =
 7869 |         try! rustCall() {
 7870 |     uniffi_loro_ffi_fn_constructor_lorotext_new($0
      |     `- error: cannot find 'uniffi_loro_ffi_fn_constructor_lorotext_new' in scope
 7871 |     )
 7872 | }
/host/spi-builder-workspace/Sources/Loro/LoroFFI.swift:7882:25: error: cannot find 'uniffi_loro_ffi_fn_free_lorotext' in scope
 7880 |         }
 7881 |
 7882 |         try! rustCall { uniffi_loro_ffi_fn_free_lorotext(handle, $0) }
      |                         `- error: cannot find 'uniffi_loro_ffi_fn_free_lorotext' in scope
 7883 |     }
 7884 |
/host/spi-builder-workspace/Sources/Loro/LoroFFI.swift:7892:5: error: cannot find 'uniffi_loro_ffi_fn_method_lorotext_apply_delta' in scope
 7890 |      */
 7891 | open func applyDelta(delta: [TextDelta])throws   {try rustCallWithError(FfiConverterTypeLoroError_lift) {
 7892 |     uniffi_loro_ffi_fn_method_lorotext_apply_delta(
      |     `- error: cannot find 'uniffi_loro_ffi_fn_method_lorotext_apply_delta' in scope
 7893 |             self.uniffiCloneHandle(),
 7894 |         FfiConverterSequenceTypeTextDelta.lower(delta),$0
/host/spi-builder-workspace/Sources/Loro/LoroFFI.swift:7904:5: error: cannot find 'uniffi_loro_ffi_fn_method_lorotext_char_at' in scope
 7902 | open func charAt(pos: UInt32)throws  -> String  {
 7903 |     return try  FfiConverterString.lift(try rustCallWithError(FfiConverterTypeLoroError_lift) {
 7904 |     uniffi_loro_ffi_fn_method_lorotext_char_at(
      |     `- error: cannot find 'uniffi_loro_ffi_fn_method_lorotext_char_at' in scope
 7905 |             self.uniffiCloneHandle(),
 7906 |         FfiConverterUInt32.lower(pos),$0
/host/spi-builder-workspace/Sources/Loro/LoroFFI.swift:7916:5: error: cannot find 'uniffi_loro_ffi_fn_method_lorotext_convert_pos' in scope
 7914 | open func convertPos(index: UInt32, from: PosType, to: PosType) -> UInt32?  {
 7915 |     return try!  FfiConverterOptionUInt32.lift(try! rustCall() {
 7916 |     uniffi_loro_ffi_fn_method_lorotext_convert_pos(
      |     `- error: cannot find 'uniffi_loro_ffi_fn_method_lorotext_convert_pos' in scope
 7917 |             self.uniffiCloneHandle(),
 7918 |         FfiConverterUInt32.lower(index),
/host/spi-builder-workspace/Sources/Loro/LoroFFI.swift:7929:5: error: cannot find 'uniffi_loro_ffi_fn_method_lorotext_delete' in scope
 7927 |      */
 7928 | open func delete(pos: UInt32, len: UInt32)throws   {try rustCallWithError(FfiConverterTypeLoroError_lift) {
 7929 |     uniffi_loro_ffi_fn_method_lorotext_delete(
      |     `- error: cannot find 'uniffi_loro_ffi_fn_method_lorotext_delete' in scope
 7930 |             self.uniffiCloneHandle(),
 7931 |         FfiConverterUInt32.lower(pos),
/host/spi-builder-workspace/Sources/Loro/LoroFFI.swift:7941:5: error: cannot find 'uniffi_loro_ffi_fn_method_lorotext_delete_utf16' in scope
 7939 |      */
 7940 | open func deleteUtf16(pos: UInt32, len: UInt32)throws   {try rustCallWithError(FfiConverterTypeLoroError_lift) {
 7941 |     uniffi_loro_ffi_fn_method_lorotext_delete_utf16(
      |     `- error: cannot find 'uniffi_loro_ffi_fn_method_lorotext_delete_utf16' in scope
 7942 |             self.uniffiCloneHandle(),
 7943 |         FfiConverterUInt32.lower(pos),
/host/spi-builder-workspace/Sources/Loro/LoroFFI.swift:7953:5: error: cannot find 'uniffi_loro_ffi_fn_method_lorotext_delete_utf8' in scope
 7951 |      */
 7952 | open func deleteUtf8(pos: UInt32, len: UInt32)throws   {try rustCallWithError(FfiConverterTypeLoroError_lift) {
 7953 |     uniffi_loro_ffi_fn_method_lorotext_delete_utf8(
      |     `- error: cannot find 'uniffi_loro_ffi_fn_method_lorotext_delete_utf8' in scope
 7954 |             self.uniffiCloneHandle(),
 7955 |         FfiConverterUInt32.lower(pos),
/host/spi-builder-workspace/Sources/Loro/LoroFFI.swift:7966:5: error: cannot find 'uniffi_loro_ffi_fn_method_lorotext_doc' in scope
 7964 | open func doc() -> LoroDoc?  {
 7965 |     return try!  FfiConverterOptionTypeLoroDoc.lift(try! rustCall() {
 7966 |     uniffi_loro_ffi_fn_method_lorotext_doc(
      |     `- error: cannot find 'uniffi_loro_ffi_fn_method_lorotext_doc' in scope
 7967 |             self.uniffiCloneHandle(),$0
 7968 |     )
/host/spi-builder-workspace/Sources/Loro/LoroFFI.swift:7977:5: error: cannot find 'uniffi_loro_ffi_fn_method_lorotext_get_attached' in scope
 7975 | open func getAttached() -> LoroText?  {
 7976 |     return try!  FfiConverterOptionTypeLoroText.lift(try! rustCall() {
 7977 |     uniffi_loro_ffi_fn_method_lorotext_get_attached(
      |     `- error: cannot find 'uniffi_loro_ffi_fn_method_lorotext_get_attached' in scope
 7978 |             self.uniffiCloneHandle(),$0
 7979 |     )
/host/spi-builder-workspace/Sources/Loro/LoroFFI.swift:8000:5: error: cannot find 'uniffi_loro_ffi_fn_method_lorotext_get_cursor' in scope
 7998 | open func getCursor(pos: UInt32, side: Side) -> Cursor?  {
 7999 |     return try!  FfiConverterOptionTypeCursor.lift(try! rustCall() {
 8000 |     uniffi_loro_ffi_fn_method_lorotext_get_cursor(
      |     `- error: cannot find 'uniffi_loro_ffi_fn_method_lorotext_get_cursor' in scope
 8001 |             self.uniffiCloneHandle(),
 8002 |         FfiConverterUInt32.lower(pos),
/host/spi-builder-workspace/Sources/Loro/LoroFFI.swift:8013:5: error: cannot find 'uniffi_loro_ffi_fn_method_lorotext_get_editor_at_unicode_pos' in scope
 8011 | open func getEditorAtUnicodePos(pos: UInt32) -> UInt64?  {
 8012 |     return try!  FfiConverterOptionUInt64.lift(try! rustCall() {
 8013 |     uniffi_loro_ffi_fn_method_lorotext_get_editor_at_unicode_pos(
      |     `- error: cannot find 'uniffi_loro_ffi_fn_method_lorotext_get_editor_at_unicode_pos' in scope
 8014 |             self.uniffiCloneHandle(),
 8015 |         FfiConverterUInt32.lower(pos),$0
/host/spi-builder-workspace/Sources/Loro/LoroFFI.swift:8025:5: error: cannot find 'uniffi_loro_ffi_fn_method_lorotext_get_richtext_value' in scope
 8023 | open func getRichtextValue() -> LoroValue  {
 8024 |     return try!  FfiConverterTypeLoroValue_lift(try! rustCall() {
 8025 |     uniffi_loro_ffi_fn_method_lorotext_get_richtext_value(
      |     `- error: cannot find 'uniffi_loro_ffi_fn_method_lorotext_get_richtext_value' in scope
 8026 |             self.uniffiCloneHandle(),$0
 8027 |     )
/host/spi-builder-workspace/Sources/Loro/LoroFFI.swift:8036:5: error: cannot find 'uniffi_loro_ffi_fn_method_lorotext_id' in scope
 8034 | open func id() -> ContainerId  {
 8035 |     return try!  FfiConverterTypeContainerID_lift(try! rustCall() {
 8036 |     uniffi_loro_ffi_fn_method_lorotext_id(
      |     `- error: cannot find 'uniffi_loro_ffi_fn_method_lorotext_id' in scope
 8037 |             self.uniffiCloneHandle(),$0
 8038 |     )
/host/spi-builder-workspace/Sources/Loro/LoroFFI.swift:8046:5: error: cannot find 'uniffi_loro_ffi_fn_method_lorotext_insert' in scope
 8044 |      */
 8045 | open func insert(pos: UInt32, s: String)throws   {try rustCallWithError(FfiConverterTypeLoroError_lift) {
 8046 |     uniffi_loro_ffi_fn_method_lorotext_insert(
      |     `- error: cannot find 'uniffi_loro_ffi_fn_method_lorotext_insert' in scope
 8047 |             self.uniffiCloneHandle(),
 8048 |         FfiConverterUInt32.lower(pos),
/host/spi-builder-workspace/Sources/Loro/LoroFFI.swift:8058:5: error: cannot find 'uniffi_loro_ffi_fn_method_lorotext_insert_utf16' in scope
 8056 |      */
 8057 | open func insertUtf16(pos: UInt32, s: String)throws   {try rustCallWithError(FfiConverterTypeLoroError_lift) {
 8058 |     uniffi_loro_ffi_fn_method_lorotext_insert_utf16(
      |     `- error: cannot find 'uniffi_loro_ffi_fn_method_lorotext_insert_utf16' in scope
 8059 |             self.uniffiCloneHandle(),
 8060 |         FfiConverterUInt32.lower(pos),
/host/spi-builder-workspace/Sources/Loro/LoroFFI.swift:8070:5: error: cannot find 'uniffi_loro_ffi_fn_method_lorotext_insert_utf8' in scope
 8068 |      */
 8069 | open func insertUtf8(pos: UInt32, s: String)throws   {try rustCallWithError(FfiConverterTypeLoroError_lift) {
 8070 |     uniffi_loro_ffi_fn_method_lorotext_insert_utf8(
      |     `- error: cannot find 'uniffi_loro_ffi_fn_method_lorotext_insert_utf8' in scope
 8071 |             self.uniffiCloneHandle(),
 8072 |         FfiConverterUInt32.lower(pos),
/host/spi-builder-workspace/Sources/Loro/LoroFFI.swift:8086:5: error: cannot find 'uniffi_loro_ffi_fn_method_lorotext_is_attached' in scope
 8084 | open func isAttached() -> Bool  {
 8085 |     return try!  FfiConverterBool.lift(try! rustCall() {
 8086 |     uniffi_loro_ffi_fn_method_lorotext_is_attached(
      |     `- error: cannot find 'uniffi_loro_ffi_fn_method_lorotext_is_attached' in scope
 8087 |             self.uniffiCloneHandle(),$0
 8088 |     )
/host/spi-builder-workspace/Sources/Loro/LoroFFI.swift:8097:5: error: cannot find 'uniffi_loro_ffi_fn_method_lorotext_is_deleted' in scope
 8095 | open func isDeleted() -> Bool  {
 8096 |     return try!  FfiConverterBool.lift(try! rustCall() {
 8097 |     uniffi_loro_ffi_fn_method_lorotext_is_deleted(
      |     `- error: cannot find 'uniffi_loro_ffi_fn_method_lorotext_is_deleted' in scope
 8098 |             self.uniffiCloneHandle(),$0
 8099 |     )
/host/spi-builder-workspace/Sources/Loro/LoroFFI.swift:8108:5: error: cannot find 'uniffi_loro_ffi_fn_method_lorotext_is_empty' in scope
 8106 | open func isEmpty() -> Bool  {
 8107 |     return try!  FfiConverterBool.lift(try! rustCall() {
 8108 |     uniffi_loro_ffi_fn_method_lorotext_is_empty(
      |     `- error: cannot find 'uniffi_loro_ffi_fn_method_lorotext_is_empty' in scope
 8109 |             self.uniffiCloneHandle(),$0
 8110 |     )
/host/spi-builder-workspace/Sources/Loro/LoroFFI.swift:8119:5: error: cannot find 'uniffi_loro_ffi_fn_method_lorotext_len_unicode' in scope
 8117 | open func lenUnicode() -> UInt32  {
 8118 |     return try!  FfiConverterUInt32.lift(try! rustCall() {
 8119 |     uniffi_loro_ffi_fn_method_lorotext_len_unicode(
      |     `- error: cannot find 'uniffi_loro_ffi_fn_method_lorotext_len_unicode' in scope
 8120 |             self.uniffiCloneHandle(),$0
 8121 |     )
/host/spi-builder-workspace/Sources/Loro/LoroFFI.swift:8130:5: error: cannot find 'uniffi_loro_ffi_fn_method_lorotext_len_utf16' in scope
 8128 | open func lenUtf16() -> UInt32  {
 8129 |     return try!  FfiConverterUInt32.lift(try! rustCall() {
 8130 |     uniffi_loro_ffi_fn_method_lorotext_len_utf16(
      |     `- error: cannot find 'uniffi_loro_ffi_fn_method_lorotext_len_utf16' in scope
 8131 |             self.uniffiCloneHandle(),$0
 8132 |     )
/host/spi-builder-workspace/Sources/Loro/LoroFFI.swift:8141:5: error: cannot find 'uniffi_loro_ffi_fn_method_lorotext_len_utf8' in scope
 8139 | open func lenUtf8() -> UInt32  {
 8140 |     return try!  FfiConverterUInt32.lift(try! rustCall() {
 8141 |     uniffi_loro_ffi_fn_method_lorotext_len_utf8(
      |     `- error: cannot find 'uniffi_loro_ffi_fn_method_lorotext_len_utf8' in scope
 8142 |             self.uniffiCloneHandle(),$0
 8143 |     )
/host/spi-builder-workspace/Sources/Loro/LoroFFI.swift:8164:5: error: cannot find 'uniffi_loro_ffi_fn_method_lorotext_mark' in scope
 8162 |      */
 8163 | open func mark(from: UInt32, to: UInt32, key: String, value: LoroValueLike)throws   {try rustCallWithError(FfiConverterTypeLoroError_lift) {
 8164 |     uniffi_loro_ffi_fn_method_lorotext_mark(
      |     `- error: cannot find 'uniffi_loro_ffi_fn_method_lorotext_mark' in scope
 8165 |             self.uniffiCloneHandle(),
 8166 |         FfiConverterUInt32.lower(from),
/host/spi-builder-workspace/Sources/Loro/LoroFFI.swift:8178:5: error: cannot find 'uniffi_loro_ffi_fn_method_lorotext_mark_utf16' in scope
 8176 |      */
 8177 | open func markUtf16(from: UInt32, to: UInt32, key: String, value: LoroValueLike)throws   {try rustCallWithError(FfiConverterTypeLoroError_lift) {
 8178 |     uniffi_loro_ffi_fn_method_lorotext_mark_utf16(
      |     `- error: cannot find 'uniffi_loro_ffi_fn_method_lorotext_mark_utf16' in scope
 8179 |             self.uniffiCloneHandle(),
 8180 |         FfiConverterUInt32.lower(from),
/host/spi-builder-workspace/Sources/Loro/LoroFFI.swift:8192:5: error: cannot find 'uniffi_loro_ffi_fn_method_lorotext_mark_utf8' in scope
 8190 |      */
 8191 | open func markUtf8(from: UInt32, to: UInt32, key: String, value: LoroValueLike)throws   {try rustCallWithError(FfiConverterTypeLoroError_lift) {
 8192 |     uniffi_loro_ffi_fn_method_lorotext_mark_utf8(
      |     `- error: cannot find 'uniffi_loro_ffi_fn_method_lorotext_mark_utf8' in scope
 8193 |             self.uniffiCloneHandle(),
 8194 |         FfiConverterUInt32.lower(from),
/host/spi-builder-workspace/Sources/Loro/LoroFFI.swift:8206:5: error: cannot find 'uniffi_loro_ffi_fn_method_lorotext_push_str' in scope
 8204 |      */
 8205 | open func pushStr(s: String)throws   {try rustCallWithError(FfiConverterTypeLoroError_lift) {
 8206 |     uniffi_loro_ffi_fn_method_lorotext_push_str(
      |     `- error: cannot find 'uniffi_loro_ffi_fn_method_lorotext_push_str' in scope
 8207 |             self.uniffiCloneHandle(),
 8208 |         FfiConverterString.lower(s),$0
/host/spi-builder-workspace/Sources/Loro/LoroFFI.swift:8218:5: error: cannot find 'uniffi_loro_ffi_fn_method_lorotext_slice' in scope
 8216 | open func slice(startIndex: UInt32, endIndex: UInt32)throws  -> String  {
 8217 |     return try  FfiConverterString.lift(try rustCallWithError(FfiConverterTypeLoroError_lift) {
 8218 |     uniffi_loro_ffi_fn_method_lorotext_slice(
      |     `- error: cannot find 'uniffi_loro_ffi_fn_method_lorotext_slice' in scope
 8219 |             self.uniffiCloneHandle(),
 8220 |         FfiConverterUInt32.lower(startIndex),
/host/spi-builder-workspace/Sources/Loro/LoroFFI.swift:8231:5: error: cannot find 'uniffi_loro_ffi_fn_method_lorotext_slice_delta' in scope
 8229 | open func sliceDelta(startIndex: UInt32, endIndex: UInt32, posType: PosType)throws  -> [TextDelta]  {
 8230 |     return try  FfiConverterSequenceTypeTextDelta.lift(try rustCallWithError(FfiConverterTypeLoroError_lift) {
 8231 |     uniffi_loro_ffi_fn_method_lorotext_slice_delta(
      |     `- error: cannot find 'uniffi_loro_ffi_fn_method_lorotext_slice_delta' in scope
 8232 |             self.uniffiCloneHandle(),
 8233 |         FfiConverterUInt32.lower(startIndex),
/host/spi-builder-workspace/Sources/Loro/LoroFFI.swift:8245:5: error: cannot find 'uniffi_loro_ffi_fn_method_lorotext_slice_utf16' in scope
 8243 | open func sliceUtf16(startIndex: UInt32, endIndex: UInt32)throws  -> String  {
 8244 |     return try  FfiConverterString.lift(try rustCallWithError(FfiConverterTypeLoroError_lift) {
 8245 |     uniffi_loro_ffi_fn_method_lorotext_slice_utf16(
      |     `- error: cannot find 'uniffi_loro_ffi_fn_method_lorotext_slice_utf16' in scope
 8246 |             self.uniffiCloneHandle(),
 8247 |         FfiConverterUInt32.lower(startIndex),
/host/spi-builder-workspace/Sources/Loro/LoroFFI.swift:8258:5: error: cannot find 'uniffi_loro_ffi_fn_method_lorotext_splice' in scope
 8256 | open func splice(pos: UInt32, len: UInt32, s: String)throws  -> String  {
 8257 |     return try  FfiConverterString.lift(try rustCallWithError(FfiConverterTypeLoroError_lift) {
 8258 |     uniffi_loro_ffi_fn_method_lorotext_splice(
      |     `- error: cannot find 'uniffi_loro_ffi_fn_method_lorotext_splice' in scope
 8259 |             self.uniffiCloneHandle(),
 8260 |         FfiConverterUInt32.lower(pos),
/host/spi-builder-workspace/Sources/Loro/LoroFFI.swift:8271:5: error: cannot find 'uniffi_loro_ffi_fn_method_lorotext_splice_utf16' in scope
 8269 |      */
 8270 | open func spliceUtf16(pos: UInt32, len: UInt32, s: String)throws   {try rustCallWithError(FfiConverterTypeLoroError_lift) {
 8271 |     uniffi_loro_ffi_fn_method_lorotext_splice_utf16(
      |     `- error: cannot find 'uniffi_loro_ffi_fn_method_lorotext_splice_utf16' in scope
 8272 |             self.uniffiCloneHandle(),
 8273 |         FfiConverterUInt32.lower(pos),
/host/spi-builder-workspace/Sources/Loro/LoroFFI.swift:8295:5: error: cannot find 'uniffi_loro_ffi_fn_method_lorotext_subscribe' in scope
 8293 | open func subscribe(subscriber: Subscriber) -> Subscription?  {
 8294 |     return try!  FfiConverterOptionTypeSubscription.lift(try! rustCall() {
 8295 |     uniffi_loro_ffi_fn_method_lorotext_subscribe(
      |     `- error: cannot find 'uniffi_loro_ffi_fn_method_lorotext_subscribe' in scope
 8296 |             self.uniffiCloneHandle(),
 8297 |         FfiConverterTypeSubscriber_lower(subscriber),$0
/host/spi-builder-workspace/Sources/Loro/LoroFFI.swift:8307:5: error: cannot find 'uniffi_loro_ffi_fn_method_lorotext_to_delta' in scope
 8305 | open func toDelta() -> [TextDelta]  {
 8306 |     return try!  FfiConverterSequenceTypeTextDelta.lift(try! rustCall() {
 8307 |     uniffi_loro_ffi_fn_method_lorotext_to_delta(
      |     `- error: cannot find 'uniffi_loro_ffi_fn_method_lorotext_to_delta' in scope
 8308 |             self.uniffiCloneHandle(),$0
 8309 |     )
/host/spi-builder-workspace/Sources/Loro/LoroFFI.swift:8332:5: error: cannot find 'uniffi_loro_ffi_fn_method_lorotext_unmark' in scope
 8330 |      */
 8331 | open func unmark(from: UInt32, to: UInt32, key: String)throws   {try rustCallWithError(FfiConverterTypeLoroError_lift) {
 8332 |     uniffi_loro_ffi_fn_method_lorotext_unmark(
      |     `- error: cannot find 'uniffi_loro_ffi_fn_method_lorotext_unmark' in scope
 8333 |             self.uniffiCloneHandle(),
 8334 |         FfiConverterUInt32.lower(from),
/host/spi-builder-workspace/Sources/Loro/LoroFFI.swift:8345:5: error: cannot find 'uniffi_loro_ffi_fn_method_lorotext_unmark_utf16' in scope
 8343 |      */
 8344 | open func unmarkUtf16(from: UInt32, to: UInt32, key: String)throws   {try rustCallWithError(FfiConverterTypeLoroError_lift) {
 8345 |     uniffi_loro_ffi_fn_method_lorotext_unmark_utf16(
      |     `- error: cannot find 'uniffi_loro_ffi_fn_method_lorotext_unmark_utf16' in scope
 8346 |             self.uniffiCloneHandle(),
 8347 |         FfiConverterUInt32.lower(from),
/host/spi-builder-workspace/Sources/Loro/LoroFFI.swift:8364:5: error: cannot find 'uniffi_loro_ffi_fn_method_lorotext_update' in scope
 8362 |      */
 8363 | open func update(s: String, options: UpdateOptions)throws   {try rustCallWithError(FfiConverterTypeUpdateTimeoutError_lift) {
 8364 |     uniffi_loro_ffi_fn_method_lorotext_update(
      |     `- error: cannot find 'uniffi_loro_ffi_fn_method_lorotext_update' in scope
 8365 |             self.uniffiCloneHandle(),
 8366 |         FfiConverterString.lower(s),
/host/spi-builder-workspace/Sources/Loro/LoroFFI.swift:8378:5: error: cannot find 'uniffi_loro_ffi_fn_method_lorotext_update_by_line' in scope
 8376 |      */
 8377 | open func updateByLine(s: String, options: UpdateOptions)throws   {try rustCallWithError(FfiConverterTypeUpdateTimeoutError_lift) {
 8378 |     uniffi_loro_ffi_fn_method_lorotext_update_by_line(
      |     `- error: cannot find 'uniffi_loro_ffi_fn_method_lorotext_update_by_line' in scope
 8379 |             self.uniffiCloneHandle(),
 8380 |         FfiConverterString.lower(s),
/host/spi-builder-workspace/Sources/Loro/LoroFFI.swift:8392:5: error: cannot find 'uniffi_loro_ffi_fn_method_lorotext_uniffi_trait_display' in scope
 8390 |     return try!  FfiConverterString.lift(
 8391 |         try! rustCall() {
 8392 |     uniffi_loro_ffi_fn_method_lorotext_uniffi_trait_display(
      |     `- error: cannot find 'uniffi_loro_ffi_fn_method_lorotext_uniffi_trait_display' in scope
 8393 |             self.uniffiCloneHandle(),$0
 8394 |     )
/host/spi-builder-workspace/Sources/Loro/LoroFFI.swift:8672:32: error: cannot find 'uniffi_loro_ffi_fn_clone_lorotree' in scope
 8670 | #endif
 8671 |     public func uniffiCloneHandle() -> UInt64 {
 8672 |         return try! rustCall { uniffi_loro_ffi_fn_clone_lorotree(self.handle, $0) }
      |                                `- error: cannot find 'uniffi_loro_ffi_fn_clone_lorotree' in scope
 8673 |     }
 8674 |     /**
/host/spi-builder-workspace/Sources/Loro/LoroFFI.swift:8683:5: error: cannot find 'uniffi_loro_ffi_fn_constructor_lorotree_new' in scope
 8681 |     let handle =
 8682 |         try! rustCall() {
 8683 |     uniffi_loro_ffi_fn_constructor_lorotree_new($0
      |     `- error: cannot find 'uniffi_loro_ffi_fn_constructor_lorotree_new' in scope
 8684 |     )
 8685 | }
/host/spi-builder-workspace/Sources/Loro/LoroFFI.swift:8695:25: error: cannot find 'uniffi_loro_ffi_fn_free_lorotree' in scope
 8693 |         }
 8694 |
 8695 |         try! rustCall { uniffi_loro_ffi_fn_free_lorotree(handle, $0) }
      |                         `- error: cannot find 'uniffi_loro_ffi_fn_free_lorotree' in scope
 8696 |     }
 8697 |
/host/spi-builder-workspace/Sources/Loro/LoroFFI.swift:8708:5: error: cannot find 'uniffi_loro_ffi_fn_method_lorotree_children' in scope
 8706 | open func children(parent: TreeParentId) -> [TreeId]?  {
 8707 |     return try!  FfiConverterOptionSequenceTypeTreeID.lift(try! rustCall() {
 8708 |     uniffi_loro_ffi_fn_method_lorotree_children(
      |     `- error: cannot find 'uniffi_loro_ffi_fn_method_lorotree_children' in scope
 8709 |             self.uniffiCloneHandle(),
 8710 |         FfiConverterTypeTreeParentId_lower(parent),$0
/host/spi-builder-workspace/Sources/Loro/LoroFFI.swift:8720:5: error: cannot find 'uniffi_loro_ffi_fn_method_lorotree_children_num' in scope
 8718 | open func childrenNum(parent: TreeParentId) -> UInt32?  {
 8719 |     return try!  FfiConverterOptionUInt32.lift(try! rustCall() {
 8720 |     uniffi_loro_ffi_fn_method_lorotree_children_num(
      |     `- error: cannot find 'uniffi_loro_ffi_fn_method_lorotree_children_num' in scope
 8721 |             self.uniffiCloneHandle(),
 8722 |         FfiConverterTypeTreeParentId_lower(parent),$0
/host/spi-builder-workspace/Sources/Loro/LoroFFI.swift:8732:5: error: cannot find 'uniffi_loro_ffi_fn_method_lorotree_contains' in scope
 8730 | open func contains(target: TreeId) -> Bool  {
 8731 |     return try!  FfiConverterBool.lift(try! rustCall() {
 8732 |     uniffi_loro_ffi_fn_method_lorotree_contains(
      |     `- error: cannot find 'uniffi_loro_ffi_fn_method_lorotree_contains' in scope
 8733 |             self.uniffiCloneHandle(),
 8734 |         FfiConverterTypeTreeID_lower(target),$0
/host/spi-builder-workspace/Sources/Loro/LoroFFI.swift:8747:5: error: cannot find 'uniffi_loro_ffi_fn_method_lorotree_create' in scope
 8745 | open func create(parent: TreeParentId)throws  -> TreeId  {
 8746 |     return try  FfiConverterTypeTreeID_lift(try rustCallWithError(FfiConverterTypeLoroError_lift) {
 8747 |     uniffi_loro_ffi_fn_method_lorotree_create(
      |     `- error: cannot find 'uniffi_loro_ffi_fn_method_lorotree_create' in scope
 8748 |             self.uniffiCloneHandle(),
 8749 |         FfiConverterTypeTreeParentId_lower(parent),$0
/host/spi-builder-workspace/Sources/Loro/LoroFFI.swift:8762:5: error: cannot find 'uniffi_loro_ffi_fn_method_lorotree_create_at' in scope
 8760 | open func createAt(parent: TreeParentId, index: UInt32)throws  -> TreeId  {
 8761 |     return try  FfiConverterTypeTreeID_lift(try rustCallWithError(FfiConverterTypeLoroError_lift) {
 8762 |     uniffi_loro_ffi_fn_method_lorotree_create_at(
      |     `- error: cannot find 'uniffi_loro_ffi_fn_method_lorotree_create_at' in scope
 8763 |             self.uniffiCloneHandle(),
 8764 |         FfiConverterTypeTreeParentId_lower(parent),
/host/spi-builder-workspace/Sources/Loro/LoroFFI.swift:8777:5: error: cannot find 'uniffi_loro_ffi_fn_method_lorotree_delete' in scope
 8775 |      */
 8776 | open func delete(target: TreeId)throws   {try rustCallWithError(FfiConverterTypeLoroError_lift) {
 8777 |     uniffi_loro_ffi_fn_method_lorotree_delete(
      |     `- error: cannot find 'uniffi_loro_ffi_fn_method_lorotree_delete' in scope
 8778 |             self.uniffiCloneHandle(),
 8779 |         FfiConverterTypeTreeID_lower(target),$0
/host/spi-builder-workspace/Sources/Loro/LoroFFI.swift:8792:5: error: cannot find 'uniffi_loro_ffi_fn_method_lorotree_disable_fractional_index' in scope
 8790 |      */
 8791 | open func disableFractionalIndex()  {try! rustCall() {
 8792 |     uniffi_loro_ffi_fn_method_lorotree_disable_fractional_index(
      |     `- error: cannot find 'uniffi_loro_ffi_fn_method_lorotree_disable_fractional_index' in scope
 8793 |             self.uniffiCloneHandle(),$0
 8794 |     )
/host/spi-builder-workspace/Sources/Loro/LoroFFI.swift:8803:5: error: cannot find 'uniffi_loro_ffi_fn_method_lorotree_doc' in scope
 8801 | open func doc() -> LoroDoc?  {
 8802 |     return try!  FfiConverterOptionTypeLoroDoc.lift(try! rustCall() {
 8803 |     uniffi_loro_ffi_fn_method_lorotree_doc(
      |     `- error: cannot find 'uniffi_loro_ffi_fn_method_lorotree_doc' in scope
 8804 |             self.uniffiCloneHandle(),$0
 8805 |     )
/host/spi-builder-workspace/Sources/Loro/LoroFFI.swift:8819:5: error: cannot find 'uniffi_loro_ffi_fn_method_lorotree_enable_fractional_index' in scope
 8817 |      */
 8818 | open func enableFractionalIndex(jitter: UInt8)  {try! rustCall() {
 8819 |     uniffi_loro_ffi_fn_method_lorotree_enable_fractional_index(
      |     `- error: cannot find 'uniffi_loro_ffi_fn_method_lorotree_enable_fractional_index' in scope
 8820 |             self.uniffiCloneHandle(),
 8821 |         FfiConverterUInt8.lower(jitter),$0
/host/spi-builder-workspace/Sources/Loro/LoroFFI.swift:8831:5: error: cannot find 'uniffi_loro_ffi_fn_method_lorotree_fractional_index' in scope
 8829 | open func fractionalIndex(target: TreeId) -> String?  {
 8830 |     return try!  FfiConverterOptionString.lift(try! rustCall() {
 8831 |     uniffi_loro_ffi_fn_method_lorotree_fractional_index(
      |     `- error: cannot find 'uniffi_loro_ffi_fn_method_lorotree_fractional_index' in scope
 8832 |             self.uniffiCloneHandle(),
 8833 |         FfiConverterTypeTreeID_lower(target),$0
/host/spi-builder-workspace/Sources/Loro/LoroFFI.swift:8843:5: error: cannot find 'uniffi_loro_ffi_fn_method_lorotree_get_attached' in scope
 8841 | open func getAttached() -> LoroTree?  {
 8842 |     return try!  FfiConverterOptionTypeLoroTree.lift(try! rustCall() {
 8843 |     uniffi_loro_ffi_fn_method_lorotree_get_attached(
      |     `- error: cannot find 'uniffi_loro_ffi_fn_method_lorotree_get_attached' in scope
 8844 |             self.uniffiCloneHandle(),$0
 8845 |     )
/host/spi-builder-workspace/Sources/Loro/LoroFFI.swift:8854:5: error: cannot find 'uniffi_loro_ffi_fn_method_lorotree_get_last_move_id' in scope
 8852 | open func getLastMoveId(target: TreeId) -> Id?  {
 8853 |     return try!  FfiConverterOptionTypeID.lift(try! rustCall() {
 8854 |     uniffi_loro_ffi_fn_method_lorotree_get_last_move_id(
      |     `- error: cannot find 'uniffi_loro_ffi_fn_method_lorotree_get_last_move_id' in scope
 8855 |             self.uniffiCloneHandle(),
 8856 |         FfiConverterTypeTreeID_lower(target),$0
/host/spi-builder-workspace/Sources/Loro/LoroFFI.swift:8866:5: error: cannot find 'uniffi_loro_ffi_fn_method_lorotree_get_meta' in scope
 8864 | open func getMeta(target: TreeId)throws  -> LoroMap  {
 8865 |     return try  FfiConverterTypeLoroMap_lift(try rustCallWithError(FfiConverterTypeLoroError_lift) {
 8866 |     uniffi_loro_ffi_fn_method_lorotree_get_meta(
      |     `- error: cannot find 'uniffi_loro_ffi_fn_method_lorotree_get_meta' in scope
 8867 |             self.uniffiCloneHandle(),
 8868 |         FfiConverterTypeTreeID_lower(target),$0
/host/spi-builder-workspace/Sources/Loro/LoroFFI.swift:8881:5: error: cannot find 'uniffi_loro_ffi_fn_method_lorotree_get_value' in scope
 8879 | open func getValue() -> LoroValue  {
 8880 |     return try!  FfiConverterTypeLoroValue_lift(try! rustCall() {
 8881 |     uniffi_loro_ffi_fn_method_lorotree_get_value(
      |     `- error: cannot find 'uniffi_loro_ffi_fn_method_lorotree_get_value' in scope
 8882 |             self.uniffiCloneHandle(),$0
 8883 |     )
/host/spi-builder-workspace/Sources/Loro/LoroFFI.swift:8892:5: error: cannot find 'uniffi_loro_ffi_fn_method_lorotree_get_value_with_meta' in scope
 8890 | open func getValueWithMeta() -> LoroValue  {
 8891 |     return try!  FfiConverterTypeLoroValue_lift(try! rustCall() {
 8892 |     uniffi_loro_ffi_fn_method_lorotree_get_value_with_meta(
      |     `- error: cannot find 'uniffi_loro_ffi_fn_method_lorotree_get_value_with_meta' in scope
 8893 |             self.uniffiCloneHandle(),$0
 8894 |     )
/host/spi-builder-workspace/Sources/Loro/LoroFFI.swift:8903:5: error: cannot find 'uniffi_loro_ffi_fn_method_lorotree_id' in scope
 8901 | open func id() -> ContainerId  {
 8902 |     return try!  FfiConverterTypeContainerID_lift(try! rustCall() {
 8903 |     uniffi_loro_ffi_fn_method_lorotree_id(
      |     `- error: cannot find 'uniffi_loro_ffi_fn_method_lorotree_id' in scope
 8904 |             self.uniffiCloneHandle(),$0
 8905 |     )
/host/spi-builder-workspace/Sources/Loro/LoroFFI.swift:8917:5: error: cannot find 'uniffi_loro_ffi_fn_method_lorotree_is_attached' in scope
 8915 | open func isAttached() -> Bool  {
 8916 |     return try!  FfiConverterBool.lift(try! rustCall() {
 8917 |     uniffi_loro_ffi_fn_method_lorotree_is_attached(
      |     `- error: cannot find 'uniffi_loro_ffi_fn_method_lorotree_is_attached' in scope
 8918 |             self.uniffiCloneHandle(),$0
 8919 |     )
/host/spi-builder-workspace/Sources/Loro/LoroFFI.swift:8928:5: error: cannot find 'uniffi_loro_ffi_fn_method_lorotree_is_deleted' in scope
 8926 | open func isDeleted() -> Bool  {
 8927 |     return try!  FfiConverterBool.lift(try! rustCall() {
 8928 |     uniffi_loro_ffi_fn_method_lorotree_is_deleted(
      |     `- error: cannot find 'uniffi_loro_ffi_fn_method_lorotree_is_deleted' in scope
 8929 |             self.uniffiCloneHandle(),$0
 8930 |     )
/host/spi-builder-workspace/Sources/Loro/LoroFFI.swift:8939:5: error: cannot find 'uniffi_loro_ffi_fn_method_lorotree_is_fractional_index_enabled' in scope
 8937 | open func isFractionalIndexEnabled() -> Bool  {
 8938 |     return try!  FfiConverterBool.lift(try! rustCall() {
 8939 |     uniffi_loro_ffi_fn_method_lorotree_is_fractional_index_enabled(
      |     `- error: cannot find 'uniffi_loro_ffi_fn_method_lorotree_is_fractional_index_enabled' in scope
 8940 |             self.uniffiCloneHandle(),$0
 8941 |     )
/host/spi-builder-workspace/Sources/Loro/LoroFFI.swift:8953:5: error: cannot find 'uniffi_loro_ffi_fn_method_lorotree_is_node_deleted' in scope
 8951 | open func isNodeDeleted(target: TreeId)throws  -> Bool  {
 8952 |     return try  FfiConverterBool.lift(try rustCallWithError(FfiConverterTypeLoroError_lift) {
 8953 |     uniffi_loro_ffi_fn_method_lorotree_is_node_deleted(
      |     `- error: cannot find 'uniffi_loro_ffi_fn_method_lorotree_is_node_deleted' in scope
 8954 |             self.uniffiCloneHandle(),
 8955 |         FfiConverterTypeTreeID_lower(target),$0
/host/spi-builder-workspace/Sources/Loro/LoroFFI.swift:8966:5: error: cannot find 'uniffi_loro_ffi_fn_method_lorotree_mov' in scope
 8964 |      */
 8965 | open func mov(target: TreeId, parent: TreeParentId)throws   {try rustCallWithError(FfiConverterTypeLoroError_lift) {
 8966 |     uniffi_loro_ffi_fn_method_lorotree_mov(
      |     `- error: cannot find 'uniffi_loro_ffi_fn_method_lorotree_mov' in scope
 8967 |             self.uniffiCloneHandle(),
 8968 |         FfiConverterTypeTreeID_lower(target),
/host/spi-builder-workspace/Sources/Loro/LoroFFI.swift:8978:5: error: cannot find 'uniffi_loro_ffi_fn_method_lorotree_mov_after' in scope
 8976 |      */
 8977 | open func movAfter(target: TreeId, after: TreeId)throws   {try rustCallWithError(FfiConverterTypeLoroError_lift) {
 8978 |     uniffi_loro_ffi_fn_method_lorotree_mov_after(
      |     `- error: cannot find 'uniffi_loro_ffi_fn_method_lorotree_mov_after' in scope
 8979 |             self.uniffiCloneHandle(),
 8980 |         FfiConverterTypeTreeID_lower(target),
/host/spi-builder-workspace/Sources/Loro/LoroFFI.swift:8990:5: error: cannot find 'uniffi_loro_ffi_fn_method_lorotree_mov_before' in scope
 8988 |      */
 8989 | open func movBefore(target: TreeId, before: TreeId)throws   {try rustCallWithError(FfiConverterTypeLoroError_lift) {
 8990 |     uniffi_loro_ffi_fn_method_lorotree_mov_before(
      |     `- error: cannot find 'uniffi_loro_ffi_fn_method_lorotree_mov_before' in scope
 8991 |             self.uniffiCloneHandle(),
 8992 |         FfiConverterTypeTreeID_lower(target),
/host/spi-builder-workspace/Sources/Loro/LoroFFI.swift:9003:5: error: cannot find 'uniffi_loro_ffi_fn_method_lorotree_mov_to' in scope
 9001 |      */
 9002 | open func movTo(target: TreeId, parent: TreeParentId, to: UInt32)throws   {try rustCallWithError(FfiConverterTypeLoroError_lift) {
 9003 |     uniffi_loro_ffi_fn_method_lorotree_mov_to(
      |     `- error: cannot find 'uniffi_loro_ffi_fn_method_lorotree_mov_to' in scope
 9004 |             self.uniffiCloneHandle(),
 9005 |         FfiConverterTypeTreeID_lower(target),
/host/spi-builder-workspace/Sources/Loro/LoroFFI.swift:9017:5: error: cannot find 'uniffi_loro_ffi_fn_method_lorotree_nodes' in scope
 9015 | open func nodes() -> [TreeId]  {
 9016 |     return try!  FfiConverterSequenceTypeTreeID.lift(try! rustCall() {
 9017 |     uniffi_loro_ffi_fn_method_lorotree_nodes(
      |     `- error: cannot find 'uniffi_loro_ffi_fn_method_lorotree_nodes' in scope
 9018 |             self.uniffiCloneHandle(),$0
 9019 |     )
/host/spi-builder-workspace/Sources/Loro/LoroFFI.swift:9031:5: error: cannot find 'uniffi_loro_ffi_fn_method_lorotree_parent' in scope
 9029 | open func parent(target: TreeId)throws  -> TreeParentId  {
 9030 |     return try  FfiConverterTypeTreeParentId_lift(try rustCallWithError(FfiConverterTypeLoroError_lift) {
 9031 |     uniffi_loro_ffi_fn_method_lorotree_parent(
      |     `- error: cannot find 'uniffi_loro_ffi_fn_method_lorotree_parent' in scope
 9032 |             self.uniffiCloneHandle(),
 9033 |         FfiConverterTypeTreeID_lower(target),$0
/host/spi-builder-workspace/Sources/Loro/LoroFFI.swift:9043:5: error: cannot find 'uniffi_loro_ffi_fn_method_lorotree_roots' in scope
 9041 | open func roots() -> [TreeId]  {
 9042 |     return try!  FfiConverterSequenceTypeTreeID.lift(try! rustCall() {
 9043 |     uniffi_loro_ffi_fn_method_lorotree_roots(
      |     `- error: cannot find 'uniffi_loro_ffi_fn_method_lorotree_roots' in scope
 9044 |             self.uniffiCloneHandle(),$0
 9045 |     )
/host/spi-builder-workspace/Sources/Loro/LoroFFI.swift:9064:5: error: cannot find 'uniffi_loro_ffi_fn_method_lorotree_subscribe' in scope
 9062 | open func subscribe(subscriber: Subscriber) -> Subscription?  {
 9063 |     return try!  FfiConverterOptionTypeSubscription.lift(try! rustCall() {
 9064 |     uniffi_loro_ffi_fn_method_lorotree_subscribe(
      |     `- error: cannot find 'uniffi_loro_ffi_fn_method_lorotree_subscribe' in scope
 9065 |             self.uniffiCloneHandle(),
 9066 |         FfiConverterTypeSubscriber_lower(subscriber),$0
/host/spi-builder-workspace/Sources/Loro/LoroFFI.swift:9166:32: error: cannot find 'uniffi_loro_ffi_fn_clone_lorounknown' in scope
 9164 | #endif
 9165 |     public func uniffiCloneHandle() -> UInt64 {
 9166 |         return try! rustCall { uniffi_loro_ffi_fn_clone_lorounknown(self.handle, $0) }
      |                                `- error: cannot find 'uniffi_loro_ffi_fn_clone_lorounknown' in scope
 9167 |     }
 9168 |     // No primary constructor declared for this class.
/host/spi-builder-workspace/Sources/Loro/LoroFFI.swift:9176:25: error: cannot find 'uniffi_loro_ffi_fn_free_lorounknown' in scope
 9174 |         }
 9175 |
 9176 |         try! rustCall { uniffi_loro_ffi_fn_free_lorounknown(handle, $0) }
      |                         `- error: cannot find 'uniffi_loro_ffi_fn_free_lorounknown' in scope
 9177 |     }
 9178 |
/host/spi-builder-workspace/Sources/Loro/LoroFFI.swift:9187:5: error: cannot find 'uniffi_loro_ffi_fn_method_lorounknown_id' in scope
 9185 | open func id() -> ContainerId  {
 9186 |     return try!  FfiConverterTypeContainerID_lift(try! rustCall() {
 9187 |     uniffi_loro_ffi_fn_method_lorounknown_id(
      |     `- error: cannot find 'uniffi_loro_ffi_fn_method_lorounknown_id' in scope
 9188 |             self.uniffiCloneHandle(),$0
 9189 |     )
/host/spi-builder-workspace/Sources/Loro/LoroFFI.swift:9285:32: error: cannot find 'uniffi_loro_ffi_fn_clone_lorovaluelike' in scope
 9283 | #endif
 9284 |     public func uniffiCloneHandle() -> UInt64 {
 9285 |         return try! rustCall { uniffi_loro_ffi_fn_clone_lorovaluelike(self.handle, $0) }
      |                                `- error: cannot find 'uniffi_loro_ffi_fn_clone_lorovaluelike' in scope
 9286 |     }
 9287 |     // No primary constructor declared for this class.
/host/spi-builder-workspace/Sources/Loro/LoroFFI.swift:9295:25: error: cannot find 'uniffi_loro_ffi_fn_free_lorovaluelike' in scope
 9293 |         }
 9294 |
 9295 |         try! rustCall { uniffi_loro_ffi_fn_free_lorovaluelike(handle, $0) }
      |                         `- error: cannot find 'uniffi_loro_ffi_fn_free_lorovaluelike' in scope
 9296 |     }
 9297 |
/host/spi-builder-workspace/Sources/Loro/LoroFFI.swift:9303:5: error: cannot find 'uniffi_loro_ffi_fn_method_lorovaluelike_as_loro_value' in scope
 9301 | open func asLoroValue() -> LoroValue  {
 9302 |     return try!  FfiConverterTypeLoroValue_lift(try! rustCall() {
 9303 |     uniffi_loro_ffi_fn_method_lorovaluelike_as_loro_value(
      |     `- error: cannot find 'uniffi_loro_ffi_fn_method_lorovaluelike_as_loro_value' in scope
 9304 |             self.uniffiCloneHandle(),$0
 9305 |     )
/host/spi-builder-workspace/Sources/Loro/LoroFFI.swift:9371:5: error: cannot find 'uniffi_loro_ffi_fn_init_callback_vtable_lorovaluelike' in scope
 9369 |
 9370 | private func uniffiCallbackInitLoroValueLike() {
 9371 |     uniffi_loro_ffi_fn_init_callback_vtable_lorovaluelike(UniffiCallbackInterfaceLoroValueLike.vtablePtr)
      |     `- error: cannot find 'uniffi_loro_ffi_fn_init_callback_vtable_lorovaluelike' in scope
 9372 | }
 9373 |
/host/spi-builder-workspace/Sources/Loro/LoroFFI.swift:9476:32: error: cannot find 'uniffi_loro_ffi_fn_clone_onpop' in scope
 9474 | #endif
 9475 |     public func uniffiCloneHandle() -> UInt64 {
 9476 |         return try! rustCall { uniffi_loro_ffi_fn_clone_onpop(self.handle, $0) }
      |                                `- error: cannot find 'uniffi_loro_ffi_fn_clone_onpop' in scope
 9477 |     }
 9478 |     // No primary constructor declared for this class.
/host/spi-builder-workspace/Sources/Loro/LoroFFI.swift:9486:25: error: cannot find 'uniffi_loro_ffi_fn_free_onpop' in scope
 9484 |         }
 9485 |
 9486 |         try! rustCall { uniffi_loro_ffi_fn_free_onpop(handle, $0) }
      |                         `- error: cannot find 'uniffi_loro_ffi_fn_free_onpop' in scope
 9487 |     }
 9488 |
/host/spi-builder-workspace/Sources/Loro/LoroFFI.swift:9493:5: error: cannot find 'uniffi_loro_ffi_fn_method_onpop_on_pop' in scope
 9491 |
 9492 | open func onPop(undoOrRedo: UndoOrRedo, span: CounterSpan, undoMeta: UndoItemMeta)  {try! rustCall() {
 9493 |     uniffi_loro_ffi_fn_method_onpop_on_pop(
      |     `- error: cannot find 'uniffi_loro_ffi_fn_method_onpop_on_pop' in scope
 9494 |             self.uniffiCloneHandle(),
 9495 |         FfiConverterTypeUndoOrRedo_lower(undoOrRedo),
/host/spi-builder-workspace/Sources/Loro/LoroFFI.swift:9570:5: error: cannot find 'uniffi_loro_ffi_fn_init_callback_vtable_onpop' in scope
 9568 |
 9569 | private func uniffiCallbackInitOnPop() {
 9570 |     uniffi_loro_ffi_fn_init_callback_vtable_onpop(UniffiCallbackInterfaceOnPop.vtablePtr)
      |     `- error: cannot find 'uniffi_loro_ffi_fn_init_callback_vtable_onpop' in scope
 9571 | }
 9572 |
/host/spi-builder-workspace/Sources/Loro/LoroFFI.swift:9675:32: error: cannot find 'uniffi_loro_ffi_fn_clone_onpush' in scope
 9673 | #endif
 9674 |     public func uniffiCloneHandle() -> UInt64 {
 9675 |         return try! rustCall { uniffi_loro_ffi_fn_clone_onpush(self.handle, $0) }
      |                                `- error: cannot find 'uniffi_loro_ffi_fn_clone_onpush' in scope
 9676 |     }
 9677 |     // No primary constructor declared for this class.
/host/spi-builder-workspace/Sources/Loro/LoroFFI.swift:9685:25: error: cannot find 'uniffi_loro_ffi_fn_free_onpush' in scope
 9683 |         }
 9684 |
 9685 |         try! rustCall { uniffi_loro_ffi_fn_free_onpush(handle, $0) }
      |                         `- error: cannot find 'uniffi_loro_ffi_fn_free_onpush' in scope
 9686 |     }
 9687 |
/host/spi-builder-workspace/Sources/Loro/LoroFFI.swift:9693:5: error: cannot find 'uniffi_loro_ffi_fn_method_onpush_on_push' in scope
 9691 | open func onPush(undoOrRedo: UndoOrRedo, span: CounterSpan, diffEvent: DiffEvent?) -> UndoItemMeta  {
 9692 |     return try!  FfiConverterTypeUndoItemMeta_lift(try! rustCall() {
 9693 |     uniffi_loro_ffi_fn_method_onpush_on_push(
      |     `- error: cannot find 'uniffi_loro_ffi_fn_method_onpush_on_push' in scope
 9694 |             self.uniffiCloneHandle(),
 9695 |         FfiConverterTypeUndoOrRedo_lower(undoOrRedo),
/host/spi-builder-workspace/Sources/Loro/LoroFFI.swift:9770:5: error: cannot find 'uniffi_loro_ffi_fn_init_callback_vtable_onpush' in scope
 9768 |
 9769 | private func uniffiCallbackInitOnPush() {
 9770 |     uniffi_loro_ffi_fn_init_callback_vtable_onpush(UniffiCallbackInterfaceOnPush.vtablePtr)
      |     `- error: cannot find 'uniffi_loro_ffi_fn_init_callback_vtable_onpush' in scope
 9771 | }
 9772 |
/host/spi-builder-workspace/Sources/Loro/LoroFFI.swift:9875:32: error: cannot find 'uniffi_loro_ffi_fn_clone_precommitcallback' in scope
 9873 | #endif
 9874 |     public func uniffiCloneHandle() -> UInt64 {
 9875 |         return try! rustCall { uniffi_loro_ffi_fn_clone_precommitcallback(self.handle, $0) }
      |                                `- error: cannot find 'uniffi_loro_ffi_fn_clone_precommitcallback' in scope
 9876 |     }
 9877 |     // No primary constructor declared for this class.
/host/spi-builder-workspace/Sources/Loro/LoroFFI.swift:9885:25: error: cannot find 'uniffi_loro_ffi_fn_free_precommitcallback' in scope
 9883 |         }
 9884 |
 9885 |         try! rustCall { uniffi_loro_ffi_fn_free_precommitcallback(handle, $0) }
      |                         `- error: cannot find 'uniffi_loro_ffi_fn_free_precommitcallback' in scope
 9886 |     }
 9887 |
/host/spi-builder-workspace/Sources/Loro/LoroFFI.swift:9892:5: error: cannot find 'uniffi_loro_ffi_fn_method_precommitcallback_on_pre_commit' in scope
 9890 |
 9891 | open func onPreCommit(payload: PreCommitCallbackPayload)  {try! rustCall() {
 9892 |     uniffi_loro_ffi_fn_method_precommitcallback_on_pre_commit(
      |     `- error: cannot find 'uniffi_loro_ffi_fn_method_precommitcallback_on_pre_commit' in scope
 9893 |             self.uniffiCloneHandle(),
 9894 |         FfiConverterTypePreCommitCallbackPayload_lower(payload),$0
/host/spi-builder-workspace/Sources/Loro/LoroFFI.swift:9963:5: error: cannot find 'uniffi_loro_ffi_fn_init_callback_vtable_precommitcallback' in scope
 9961 |
 9962 | private func uniffiCallbackInitPreCommitCallback() {
 9963 |     uniffi_loro_ffi_fn_init_callback_vtable_precommitcallback(UniffiCallbackInterfacePreCommitCallback.vtablePtr)
      |     `- error: cannot find 'uniffi_loro_ffi_fn_init_callback_vtable_precommitcallback' in scope
 9964 | }
 9965 |
/host/spi-builder-workspace/Sources/Loro/LoroFFI.swift:10070:32: error: cannot find 'uniffi_loro_ffi_fn_clone_styleconfigmap' in scope
10068 | #endif
10069 |     public func uniffiCloneHandle() -> UInt64 {
10070 |         return try! rustCall { uniffi_loro_ffi_fn_clone_styleconfigmap(self.handle, $0) }
      |                                `- error: cannot find 'uniffi_loro_ffi_fn_clone_styleconfigmap' in scope
10071 |     }
10072 | public convenience init() {
/host/spi-builder-workspace/Sources/Loro/LoroFFI.swift:10075:5: error: cannot find 'uniffi_loro_ffi_fn_constructor_styleconfigmap_new' in scope
10073 |     let handle =
10074 |         try! rustCall() {
10075 |     uniffi_loro_ffi_fn_constructor_styleconfigmap_new($0
      |     `- error: cannot find 'uniffi_loro_ffi_fn_constructor_styleconfigmap_new' in scope
10076 |     )
10077 | }
/host/spi-builder-workspace/Sources/Loro/LoroFFI.swift:10087:25: error: cannot find 'uniffi_loro_ffi_fn_free_styleconfigmap' in scope
10085 |         }
10086 |
10087 |         try! rustCall { uniffi_loro_ffi_fn_free_styleconfigmap(handle, $0) }
      |                         `- error: cannot find 'uniffi_loro_ffi_fn_free_styleconfigmap' in scope
10088 |     }
10089 |
/host/spi-builder-workspace/Sources/Loro/LoroFFI.swift:10093:5: error: cannot find 'uniffi_loro_ffi_fn_constructor_styleconfigmap_default_rich_text_config' in scope
10091 | public static func defaultRichTextConfig() -> StyleConfigMap  {
10092 |     return try!  FfiConverterTypeStyleConfigMap_lift(try! rustCall() {
10093 |     uniffi_loro_ffi_fn_constructor_styleconfigmap_default_rich_text_config($0
      |     `- error: cannot find 'uniffi_loro_ffi_fn_constructor_styleconfigmap_default_rich_text_config' in scope
10094 |     )
10095 | })
/host/spi-builder-workspace/Sources/Loro/LoroFFI.swift:10102:5: error: cannot find 'uniffi_loro_ffi_fn_method_styleconfigmap_get' in scope
10100 | open func get(key: String) -> StyleConfig?  {
10101 |     return try!  FfiConverterOptionTypeStyleConfig.lift(try! rustCall() {
10102 |     uniffi_loro_ffi_fn_method_styleconfigmap_get(
      |     `- error: cannot find 'uniffi_loro_ffi_fn_method_styleconfigmap_get' in scope
10103 |             self.uniffiCloneHandle(),
10104 |         FfiConverterString.lower(key),$0
/host/spi-builder-workspace/Sources/Loro/LoroFFI.swift:10110:5: error: cannot find 'uniffi_loro_ffi_fn_method_styleconfigmap_insert' in scope
10108 |
10109 | open func insert(key: String, value: StyleConfig)  {try! rustCall() {
10110 |     uniffi_loro_ffi_fn_method_styleconfigmap_insert(
      |     `- error: cannot find 'uniffi_loro_ffi_fn_method_styleconfigmap_insert' in scope
10111 |             self.uniffiCloneHandle(),
10112 |         FfiConverterString.lower(key),
/host/spi-builder-workspace/Sources/Loro/LoroFFI.swift:10210:32: error: cannot find 'uniffi_loro_ffi_fn_clone_subscriber' in scope
10208 | #endif
10209 |     public func uniffiCloneHandle() -> UInt64 {
10210 |         return try! rustCall { uniffi_loro_ffi_fn_clone_subscriber(self.handle, $0) }
      |                                `- error: cannot find 'uniffi_loro_ffi_fn_clone_subscriber' in scope
10211 |     }
10212 |     // No primary constructor declared for this class.
/host/spi-builder-workspace/Sources/Loro/LoroFFI.swift:10220:25: error: cannot find 'uniffi_loro_ffi_fn_free_subscriber' in scope
10218 |         }
10219 |
10220 |         try! rustCall { uniffi_loro_ffi_fn_free_subscriber(handle, $0) }
      |                         `- error: cannot find 'uniffi_loro_ffi_fn_free_subscriber' in scope
10221 |     }
10222 |
/host/spi-builder-workspace/Sources/Loro/LoroFFI.swift:10227:5: error: cannot find 'uniffi_loro_ffi_fn_method_subscriber_on_diff' in scope
10225 |
10226 | open func onDiff(diff: DiffEvent)  {try! rustCall() {
10227 |     uniffi_loro_ffi_fn_method_subscriber_on_diff(
      |     `- error: cannot find 'uniffi_loro_ffi_fn_method_subscriber_on_diff' in scope
10228 |             self.uniffiCloneHandle(),
10229 |         FfiConverterTypeDiffEvent_lower(diff),$0
/host/spi-builder-workspace/Sources/Loro/LoroFFI.swift:10298:5: error: cannot find 'uniffi_loro_ffi_fn_init_callback_vtable_subscriber' in scope
10296 |
10297 | private func uniffiCallbackInitSubscriber() {
10298 |     uniffi_loro_ffi_fn_init_callback_vtable_subscriber(UniffiCallbackInterfaceSubscriber.vtablePtr)
      |     `- error: cannot find 'uniffi_loro_ffi_fn_init_callback_vtable_subscriber' in scope
10299 | }
10300 |
/host/spi-builder-workspace/Sources/Loro/LoroFFI.swift:10421:32: error: cannot find 'uniffi_loro_ffi_fn_clone_subscription' in scope
10419 | #endif
10420 |     public func uniffiCloneHandle() -> UInt64 {
10421 |         return try! rustCall { uniffi_loro_ffi_fn_clone_subscription(self.handle, $0) }
      |                                `- error: cannot find 'uniffi_loro_ffi_fn_clone_subscription' in scope
10422 |     }
10423 |     // No primary constructor declared for this class.
/host/spi-builder-workspace/Sources/Loro/LoroFFI.swift:10431:25: error: cannot find 'uniffi_loro_ffi_fn_free_subscription' in scope
10429 |         }
10430 |
10431 |         try! rustCall { uniffi_loro_ffi_fn_free_subscription(handle, $0) }
      |                         `- error: cannot find 'uniffi_loro_ffi_fn_free_subscription' in scope
10432 |     }
10433 |
/host/spi-builder-workspace/Sources/Loro/LoroFFI.swift:10443:5: error: cannot find 'uniffi_loro_ffi_fn_method_subscription_detach' in scope
10441 |      */
10442 | open func detach()  {try! rustCall() {
10443 |     uniffi_loro_ffi_fn_method_subscription_detach(
      |     `- error: cannot find 'uniffi_loro_ffi_fn_method_subscription_detach' in scope
10444 |             self.uniffiCloneHandle(),$0
10445 |     )
/host/spi-builder-workspace/Sources/Loro/LoroFFI.swift:10453:5: error: cannot find 'uniffi_loro_ffi_fn_method_subscription_unsubscribe' in scope
10451 |      */
10452 | open func unsubscribe()  {try! rustCall() {
10453 |     uniffi_loro_ffi_fn_method_subscription_unsubscribe(
      |     `- error: cannot find 'uniffi_loro_ffi_fn_method_subscription_unsubscribe' in scope
10454 |             self.uniffiCloneHandle(),$0
10455 |     )
/host/spi-builder-workspace/Sources/Loro/LoroFFI.swift:10652:32: error: cannot find 'uniffi_loro_ffi_fn_clone_undomanager' in scope
10650 | #endif
10651 |     public func uniffiCloneHandle() -> UInt64 {
10652 |         return try! rustCall { uniffi_loro_ffi_fn_clone_undomanager(self.handle, $0) }
      |                                `- error: cannot find 'uniffi_loro_ffi_fn_clone_undomanager' in scope
10653 |     }
10654 |     /**
/host/spi-builder-workspace/Sources/Loro/LoroFFI.swift:10660:5: error: cannot find 'uniffi_loro_ffi_fn_constructor_undomanager_new' in scope
10658 |     let handle =
10659 |         try! rustCall() {
10660 |     uniffi_loro_ffi_fn_constructor_undomanager_new(
      |     `- error: cannot find 'uniffi_loro_ffi_fn_constructor_undomanager_new' in scope
10661 |         FfiConverterTypeLoroDoc_lower(doc),$0
10662 |     )
/host/spi-builder-workspace/Sources/Loro/LoroFFI.swift:10673:25: error: cannot find 'uniffi_loro_ffi_fn_free_undomanager' in scope
10671 |         }
10672 |
10673 |         try! rustCall { uniffi_loro_ffi_fn_free_undomanager(handle, $0) }
      |                         `- error: cannot find 'uniffi_loro_ffi_fn_free_undomanager' in scope
10674 |     }
10675 |
/host/spi-builder-workspace/Sources/Loro/LoroFFI.swift:10684:5: error: cannot find 'uniffi_loro_ffi_fn_method_undomanager_add_exclude_origin_prefix' in scope
10682 |      */
10683 | open func addExcludeOriginPrefix(prefix: String)  {try! rustCall() {
10684 |     uniffi_loro_ffi_fn_method_undomanager_add_exclude_origin_prefix(
      |     `- error: cannot find 'uniffi_loro_ffi_fn_method_undomanager_add_exclude_origin_prefix' in scope
10685 |             self.uniffiCloneHandle(),
10686 |         FfiConverterString.lower(prefix),$0
/host/spi-builder-workspace/Sources/Loro/LoroFFI.swift:10696:5: error: cannot find 'uniffi_loro_ffi_fn_method_undomanager_can_redo' in scope
10694 | open func canRedo() -> Bool  {
10695 |     return try!  FfiConverterBool.lift(try! rustCall() {
10696 |     uniffi_loro_ffi_fn_method_undomanager_can_redo(
      |     `- error: cannot find 'uniffi_loro_ffi_fn_method_undomanager_can_redo' in scope
10697 |             self.uniffiCloneHandle(),$0
10698 |     )
/host/spi-builder-workspace/Sources/Loro/LoroFFI.swift:10707:5: error: cannot find 'uniffi_loro_ffi_fn_method_undomanager_can_undo' in scope
10705 | open func canUndo() -> Bool  {
10706 |     return try!  FfiConverterBool.lift(try! rustCall() {
10707 |     uniffi_loro_ffi_fn_method_undomanager_can_undo(
      |     `- error: cannot find 'uniffi_loro_ffi_fn_method_undomanager_can_undo' in scope
10708 |             self.uniffiCloneHandle(),$0
10709 |     )
/host/spi-builder-workspace/Sources/Loro/LoroFFI.swift:10718:5: error: cannot find 'uniffi_loro_ffi_fn_method_undomanager_group_end' in scope
10716 |      */
10717 | open func groupEnd()  {try! rustCall() {
10718 |     uniffi_loro_ffi_fn_method_undomanager_group_end(
      |     `- error: cannot find 'uniffi_loro_ffi_fn_method_undomanager_group_end' in scope
10719 |             self.uniffiCloneHandle(),$0
10720 |     )
/host/spi-builder-workspace/Sources/Loro/LoroFFI.swift:10732:5: error: cannot find 'uniffi_loro_ffi_fn_method_undomanager_group_start' in scope
10730 |      */
10731 | open func groupStart()throws   {try rustCallWithError(FfiConverterTypeLoroError_lift) {
10732 |     uniffi_loro_ffi_fn_method_undomanager_group_start(
      |     `- error: cannot find 'uniffi_loro_ffi_fn_method_undomanager_group_start' in scope
10733 |             self.uniffiCloneHandle(),$0
10734 |     )
/host/spi-builder-workspace/Sources/Loro/LoroFFI.swift:10743:5: error: cannot find 'uniffi_loro_ffi_fn_method_undomanager_peer' in scope
10741 | open func peer() -> UInt64  {
10742 |     return try!  FfiConverterUInt64.lift(try! rustCall() {
10743 |     uniffi_loro_ffi_fn_method_undomanager_peer(
      |     `- error: cannot find 'uniffi_loro_ffi_fn_method_undomanager_peer' in scope
10744 |             self.uniffiCloneHandle(),$0
10745 |     )
/host/spi-builder-workspace/Sources/Loro/LoroFFI.swift:10753:5: error: cannot find 'uniffi_loro_ffi_fn_method_undomanager_record_new_checkpoint' in scope
10751 |      */
10752 | open func recordNewCheckpoint()throws   {try rustCallWithError(FfiConverterTypeLoroError_lift) {
10753 |     uniffi_loro_ffi_fn_method_undomanager_record_new_checkpoint(
      |     `- error: cannot find 'uniffi_loro_ffi_fn_method_undomanager_record_new_checkpoint' in scope
10754 |             self.uniffiCloneHandle(),$0
10755 |     )
/host/spi-builder-workspace/Sources/Loro/LoroFFI.swift:10764:5: error: cannot find 'uniffi_loro_ffi_fn_method_undomanager_redo' in scope
10762 | open func redo()throws  -> Bool  {
10763 |     return try  FfiConverterBool.lift(try rustCallWithError(FfiConverterTypeLoroError_lift) {
10764 |     uniffi_loro_ffi_fn_method_undomanager_redo(
      |     `- error: cannot find 'uniffi_loro_ffi_fn_method_undomanager_redo' in scope
10765 |             self.uniffiCloneHandle(),$0
10766 |     )
/host/spi-builder-workspace/Sources/Loro/LoroFFI.swift:10775:5: error: cannot find 'uniffi_loro_ffi_fn_method_undomanager_redo_count' in scope
10773 | open func redoCount() -> UInt32  {
10774 |     return try!  FfiConverterUInt32.lift(try! rustCall() {
10775 |     uniffi_loro_ffi_fn_method_undomanager_redo_count(
      |     `- error: cannot find 'uniffi_loro_ffi_fn_method_undomanager_redo_count' in scope
10776 |             self.uniffiCloneHandle(),$0
10777 |     )
/host/spi-builder-workspace/Sources/Loro/LoroFFI.swift:10785:5: error: cannot find 'uniffi_loro_ffi_fn_method_undomanager_set_max_undo_steps' in scope
10783 |      */
10784 | open func setMaxUndoSteps(size: UInt32)  {try! rustCall() {
10785 |     uniffi_loro_ffi_fn_method_undomanager_set_max_undo_steps(
      |     `- error: cannot find 'uniffi_loro_ffi_fn_method_undomanager_set_max_undo_steps' in scope
10786 |             self.uniffiCloneHandle(),
10787 |         FfiConverterUInt32.lower(size),$0
/host/spi-builder-workspace/Sources/Loro/LoroFFI.swift:10796:5: error: cannot find 'uniffi_loro_ffi_fn_method_undomanager_set_merge_interval' in scope
10794 |      */
10795 | open func setMergeInterval(interval: Int64)  {try! rustCall() {
10796 |     uniffi_loro_ffi_fn_method_undomanager_set_merge_interval(
      |     `- error: cannot find 'uniffi_loro_ffi_fn_method_undomanager_set_merge_interval' in scope
10797 |             self.uniffiCloneHandle(),
10798 |         FfiConverterInt64.lower(interval),$0
/host/spi-builder-workspace/Sources/Loro/LoroFFI.swift:10808:5: error: cannot find 'uniffi_loro_ffi_fn_method_undomanager_set_on_pop' in scope
10806 |      */
10807 | open func setOnPop(onPop: OnPop?)  {try! rustCall() {
10808 |     uniffi_loro_ffi_fn_method_undomanager_set_on_pop(
      |     `- error: cannot find 'uniffi_loro_ffi_fn_method_undomanager_set_on_pop' in scope
10809 |             self.uniffiCloneHandle(),
10810 |         FfiConverterOptionTypeOnPop.lower(onPop),$0
/host/spi-builder-workspace/Sources/Loro/LoroFFI.swift:10820:5: error: cannot find 'uniffi_loro_ffi_fn_method_undomanager_set_on_push' in scope
10818 |      */
10819 | open func setOnPush(onPush: OnPush?)  {try! rustCall() {
10820 |     uniffi_loro_ffi_fn_method_undomanager_set_on_push(
      |     `- error: cannot find 'uniffi_loro_ffi_fn_method_undomanager_set_on_push' in scope
10821 |             self.uniffiCloneHandle(),
10822 |         FfiConverterOptionTypeOnPush.lower(onPush),$0
/host/spi-builder-workspace/Sources/Loro/LoroFFI.swift:10832:5: error: cannot find 'uniffi_loro_ffi_fn_method_undomanager_top_redo_meta' in scope
10830 | open func topRedoMeta() -> UndoItemMeta?  {
10831 |     return try!  FfiConverterOptionTypeUndoItemMeta.lift(try! rustCall() {
10832 |     uniffi_loro_ffi_fn_method_undomanager_top_redo_meta(
      |     `- error: cannot find 'uniffi_loro_ffi_fn_method_undomanager_top_redo_meta' in scope
10833 |             self.uniffiCloneHandle(),$0
10834 |     )
/host/spi-builder-workspace/Sources/Loro/LoroFFI.swift:10843:5: error: cannot find 'uniffi_loro_ffi_fn_method_undomanager_top_redo_value' in scope
10841 | open func topRedoValue() -> LoroValue?  {
10842 |     return try!  FfiConverterOptionTypeLoroValue.lift(try! rustCall() {
10843 |     uniffi_loro_ffi_fn_method_undomanager_top_redo_value(
      |     `- error: cannot find 'uniffi_loro_ffi_fn_method_undomanager_top_redo_value' in scope
10844 |             self.uniffiCloneHandle(),$0
10845 |     )
/host/spi-builder-workspace/Sources/Loro/LoroFFI.swift:10854:5: error: cannot find 'uniffi_loro_ffi_fn_method_undomanager_top_undo_meta' in scope
10852 | open func topUndoMeta() -> UndoItemMeta?  {
10853 |     return try!  FfiConverterOptionTypeUndoItemMeta.lift(try! rustCall() {
10854 |     uniffi_loro_ffi_fn_method_undomanager_top_undo_meta(
      |     `- error: cannot find 'uniffi_loro_ffi_fn_method_undomanager_top_undo_meta' in scope
10855 |             self.uniffiCloneHandle(),$0
10856 |     )
/host/spi-builder-workspace/Sources/Loro/LoroFFI.swift:10865:5: error: cannot find 'uniffi_loro_ffi_fn_method_undomanager_top_undo_value' in scope
10863 | open func topUndoValue() -> LoroValue?  {
10864 |     return try!  FfiConverterOptionTypeLoroValue.lift(try! rustCall() {
10865 |     uniffi_loro_ffi_fn_method_undomanager_top_undo_value(
      |     `- error: cannot find 'uniffi_loro_ffi_fn_method_undomanager_top_undo_value' in scope
10866 |             self.uniffiCloneHandle(),$0
10867 |     )
/host/spi-builder-workspace/Sources/Loro/LoroFFI.swift:10876:5: error: cannot find 'uniffi_loro_ffi_fn_method_undomanager_undo' in scope
10874 | open func undo()throws  -> Bool  {
10875 |     return try  FfiConverterBool.lift(try rustCallWithError(FfiConverterTypeLoroError_lift) {
10876 |     uniffi_loro_ffi_fn_method_undomanager_undo(
      |     `- error: cannot find 'uniffi_loro_ffi_fn_method_undomanager_undo' in scope
10877 |             self.uniffiCloneHandle(),$0
10878 |     )
/host/spi-builder-workspace/Sources/Loro/LoroFFI.swift:10887:5: error: cannot find 'uniffi_loro_ffi_fn_method_undomanager_undo_count' in scope
10885 | open func undoCount() -> UInt32  {
10886 |     return try!  FfiConverterUInt32.lift(try! rustCall() {
10887 |     uniffi_loro_ffi_fn_method_undomanager_undo_count(
      |     `- error: cannot find 'uniffi_loro_ffi_fn_method_undomanager_undo_count' in scope
10888 |             self.uniffiCloneHandle(),$0
10889 |     )
/host/spi-builder-workspace/Sources/Loro/LoroFFI.swift:10985:32: error: cannot find 'uniffi_loro_ffi_fn_clone_unsubscriber' in scope
10983 | #endif
10984 |     public func uniffiCloneHandle() -> UInt64 {
10985 |         return try! rustCall { uniffi_loro_ffi_fn_clone_unsubscriber(self.handle, $0) }
      |                                `- error: cannot find 'uniffi_loro_ffi_fn_clone_unsubscriber' in scope
10986 |     }
10987 |     // No primary constructor declared for this class.
/host/spi-builder-workspace/Sources/Loro/LoroFFI.swift:10995:25: error: cannot find 'uniffi_loro_ffi_fn_free_unsubscriber' in scope
10993 |         }
10994 |
10995 |         try! rustCall { uniffi_loro_ffi_fn_free_unsubscriber(handle, $0) }
      |                         `- error: cannot find 'uniffi_loro_ffi_fn_free_unsubscriber' in scope
10996 |     }
10997 |
/host/spi-builder-workspace/Sources/Loro/LoroFFI.swift:11002:5: error: cannot find 'uniffi_loro_ffi_fn_method_unsubscriber_on_unsubscribe' in scope
11000 |
11001 | open func onUnsubscribe()  {try! rustCall() {
11002 |     uniffi_loro_ffi_fn_method_unsubscriber_on_unsubscribe(
      |     `- error: cannot find 'uniffi_loro_ffi_fn_method_unsubscriber_on_unsubscribe' in scope
11003 |             self.uniffiCloneHandle(),$0
11004 |     )
/host/spi-builder-workspace/Sources/Loro/LoroFFI.swift:11070:5: error: cannot find 'uniffi_loro_ffi_fn_init_callback_vtable_unsubscriber' in scope
11068 |
11069 | private func uniffiCallbackInitUnsubscriber() {
11070 |     uniffi_loro_ffi_fn_init_callback_vtable_unsubscriber(UniffiCallbackInterfaceUnsubscriber.vtablePtr)
      |     `- error: cannot find 'uniffi_loro_ffi_fn_init_callback_vtable_unsubscriber' in scope
11071 | }
11072 |
/host/spi-builder-workspace/Sources/Loro/LoroFFI.swift:11197:32: error: cannot find 'uniffi_loro_ffi_fn_clone_valueorcontainer' in scope
11195 | #endif
11196 |     public func uniffiCloneHandle() -> UInt64 {
11197 |         return try! rustCall { uniffi_loro_ffi_fn_clone_valueorcontainer(self.handle, $0) }
      |                                `- error: cannot find 'uniffi_loro_ffi_fn_clone_valueorcontainer' in scope
11198 |     }
11199 |     // No primary constructor declared for this class.
/host/spi-builder-workspace/Sources/Loro/LoroFFI.swift:11207:25: error: cannot find 'uniffi_loro_ffi_fn_free_valueorcontainer' in scope
11205 |         }
11206 |
11207 |         try! rustCall { uniffi_loro_ffi_fn_free_valueorcontainer(handle, $0) }
      |                         `- error: cannot find 'uniffi_loro_ffi_fn_free_valueorcontainer' in scope
11208 |     }
11209 |
/host/spi-builder-workspace/Sources/Loro/LoroFFI.swift:11215:5: error: cannot find 'uniffi_loro_ffi_fn_method_valueorcontainer_as_container' in scope
11213 | open func asContainer() -> ContainerId?  {
11214 |     return try!  FfiConverterOptionTypeContainerID.lift(try! rustCall() {
11215 |     uniffi_loro_ffi_fn_method_valueorcontainer_as_container(
      |     `- error: cannot find 'uniffi_loro_ffi_fn_method_valueorcontainer_as_container' in scope
11216 |             self.uniffiCloneHandle(),$0
11217 |     )
/host/spi-builder-workspace/Sources/Loro/LoroFFI.swift:11223:5: error: cannot find 'uniffi_loro_ffi_fn_method_valueorcontainer_as_loro_counter' in scope
11221 | open func asLoroCounter() -> LoroCounter?  {
11222 |     return try!  FfiConverterOptionTypeLoroCounter.lift(try! rustCall() {
11223 |     uniffi_loro_ffi_fn_method_valueorcontainer_as_loro_counter(
      |     `- error: cannot find 'uniffi_loro_ffi_fn_method_valueorcontainer_as_loro_counter' in scope
11224 |             self.uniffiCloneHandle(),$0
11225 |     )
/host/spi-builder-workspace/Sources/Loro/LoroFFI.swift:11231:5: error: cannot find 'uniffi_loro_ffi_fn_method_valueorcontainer_as_loro_list' in scope
11229 | open func asLoroList() -> LoroList?  {
11230 |     return try!  FfiConverterOptionTypeLoroList.lift(try! rustCall() {
11231 |     uniffi_loro_ffi_fn_method_valueorcontainer_as_loro_list(
      |     `- error: cannot find 'uniffi_loro_ffi_fn_method_valueorcontainer_as_loro_list' in scope
11232 |             self.uniffiCloneHandle(),$0
11233 |     )
/host/spi-builder-workspace/Sources/Loro/LoroFFI.swift:11239:5: error: cannot find 'uniffi_loro_ffi_fn_method_valueorcontainer_as_loro_map' in scope
11237 | open func asLoroMap() -> LoroMap?  {
11238 |     return try!  FfiConverterOptionTypeLoroMap.lift(try! rustCall() {
11239 |     uniffi_loro_ffi_fn_method_valueorcontainer_as_loro_map(
      |     `- error: cannot find 'uniffi_loro_ffi_fn_method_valueorcontainer_as_loro_map' in scope
11240 |             self.uniffiCloneHandle(),$0
11241 |     )
/host/spi-builder-workspace/Sources/Loro/LoroFFI.swift:11247:5: error: cannot find 'uniffi_loro_ffi_fn_method_valueorcontainer_as_loro_movable_list' in scope
11245 | open func asLoroMovableList() -> LoroMovableList?  {
11246 |     return try!  FfiConverterOptionTypeLoroMovableList.lift(try! rustCall() {
11247 |     uniffi_loro_ffi_fn_method_valueorcontainer_as_loro_movable_list(
      |     `- error: cannot find 'uniffi_loro_ffi_fn_method_valueorcontainer_as_loro_movable_list' in scope
11248 |             self.uniffiCloneHandle(),$0
11249 |     )
/host/spi-builder-workspace/Sources/Loro/LoroFFI.swift:11255:5: error: cannot find 'uniffi_loro_ffi_fn_method_valueorcontainer_as_loro_text' in scope
11253 | open func asLoroText() -> LoroText?  {
11254 |     return try!  FfiConverterOptionTypeLoroText.lift(try! rustCall() {
11255 |     uniffi_loro_ffi_fn_method_valueorcontainer_as_loro_text(
      |     `- error: cannot find 'uniffi_loro_ffi_fn_method_valueorcontainer_as_loro_text' in scope
11256 |             self.uniffiCloneHandle(),$0
11257 |     )
/host/spi-builder-workspace/Sources/Loro/LoroFFI.swift:11263:5: error: cannot find 'uniffi_loro_ffi_fn_method_valueorcontainer_as_loro_tree' in scope
11261 | open func asLoroTree() -> LoroTree?  {
11262 |     return try!  FfiConverterOptionTypeLoroTree.lift(try! rustCall() {
11263 |     uniffi_loro_ffi_fn_method_valueorcontainer_as_loro_tree(
      |     `- error: cannot find 'uniffi_loro_ffi_fn_method_valueorcontainer_as_loro_tree' in scope
11264 |             self.uniffiCloneHandle(),$0
11265 |     )
/host/spi-builder-workspace/Sources/Loro/LoroFFI.swift:11271:5: error: cannot find 'uniffi_loro_ffi_fn_method_valueorcontainer_as_loro_unknown' in scope
11269 | open func asLoroUnknown() -> LoroUnknown?  {
11270 |     return try!  FfiConverterOptionTypeLoroUnknown.lift(try! rustCall() {
11271 |     uniffi_loro_ffi_fn_method_valueorcontainer_as_loro_unknown(
      |     `- error: cannot find 'uniffi_loro_ffi_fn_method_valueorcontainer_as_loro_unknown' in scope
11272 |             self.uniffiCloneHandle(),$0
11273 |     )
/host/spi-builder-workspace/Sources/Loro/LoroFFI.swift:11279:5: error: cannot find 'uniffi_loro_ffi_fn_method_valueorcontainer_as_value' in scope
11277 | open func asValue() -> LoroValue?  {
11278 |     return try!  FfiConverterOptionTypeLoroValue.lift(try! rustCall() {
11279 |     uniffi_loro_ffi_fn_method_valueorcontainer_as_value(
      |     `- error: cannot find 'uniffi_loro_ffi_fn_method_valueorcontainer_as_value' in scope
11280 |             self.uniffiCloneHandle(),$0
11281 |     )
/host/spi-builder-workspace/Sources/Loro/LoroFFI.swift:11287:5: error: cannot find 'uniffi_loro_ffi_fn_method_valueorcontainer_container_type' in scope
11285 | open func containerType() -> ContainerType?  {
11286 |     return try!  FfiConverterOptionTypeContainerType.lift(try! rustCall() {
11287 |     uniffi_loro_ffi_fn_method_valueorcontainer_container_type(
      |     `- error: cannot find 'uniffi_loro_ffi_fn_method_valueorcontainer_container_type' in scope
11288 |             self.uniffiCloneHandle(),$0
11289 |     )
/host/spi-builder-workspace/Sources/Loro/LoroFFI.swift:11295:5: error: cannot find 'uniffi_loro_ffi_fn_method_valueorcontainer_is_container' in scope
11293 | open func isContainer() -> Bool  {
11294 |     return try!  FfiConverterBool.lift(try! rustCall() {
11295 |     uniffi_loro_ffi_fn_method_valueorcontainer_is_container(
      |     `- error: cannot find 'uniffi_loro_ffi_fn_method_valueorcontainer_is_container' in scope
11296 |             self.uniffiCloneHandle(),$0
11297 |     )
/host/spi-builder-workspace/Sources/Loro/LoroFFI.swift:11303:5: error: cannot find 'uniffi_loro_ffi_fn_method_valueorcontainer_is_value' in scope
11301 | open func isValue() -> Bool  {
11302 |     return try!  FfiConverterBool.lift(try! rustCall() {
11303 |     uniffi_loro_ffi_fn_method_valueorcontainer_is_value(
      |     `- error: cannot find 'uniffi_loro_ffi_fn_method_valueorcontainer_is_value' in scope
11304 |             self.uniffiCloneHandle(),$0
11305 |     )
/host/spi-builder-workspace/Sources/Loro/LoroFFI.swift:11455:32: error: cannot find 'uniffi_loro_ffi_fn_clone_versionrange' in scope
11453 | #endif
11454 |     public func uniffiCloneHandle() -> UInt64 {
11455 |         return try! rustCall { uniffi_loro_ffi_fn_clone_versionrange(self.handle, $0) }
      |                                `- error: cannot find 'uniffi_loro_ffi_fn_clone_versionrange' in scope
11456 |     }
11457 | public convenience init() {
/host/spi-builder-workspace/Sources/Loro/LoroFFI.swift:11460:5: error: cannot find 'uniffi_loro_ffi_fn_constructor_versionrange_new' in scope
11458 |     let handle =
11459 |         try! rustCall() {
11460 |     uniffi_loro_ffi_fn_constructor_versionrange_new($0
      |     `- error: cannot find 'uniffi_loro_ffi_fn_constructor_versionrange_new' in scope
11461 |     )
11462 | }
/host/spi-builder-workspace/Sources/Loro/LoroFFI.swift:11472:25: error: cannot find 'uniffi_loro_ffi_fn_free_versionrange' in scope
11470 |         }
11471 |
11472 |         try! rustCall { uniffi_loro_ffi_fn_free_versionrange(handle, $0) }
      |                         `- error: cannot find 'uniffi_loro_ffi_fn_free_versionrange' in scope
11473 |     }
11474 |
/host/spi-builder-workspace/Sources/Loro/LoroFFI.swift:11481:5: error: cannot find 'uniffi_loro_ffi_fn_constructor_versionrange_from_vv' in scope
11479 | public static func fromVv(vv: VersionVector) -> VersionRange  {
11480 |     return try!  FfiConverterTypeVersionRange_lift(try! rustCall() {
11481 |     uniffi_loro_ffi_fn_constructor_versionrange_from_vv(
      |     `- error: cannot find 'uniffi_loro_ffi_fn_constructor_versionrange_from_vv' in scope
11482 |         FfiConverterTypeVersionVector_lower(vv),$0
11483 |     )
/host/spi-builder-workspace/Sources/Loro/LoroFFI.swift:11493:5: error: cannot find 'uniffi_loro_ffi_fn_method_versionrange_clear' in scope
11491 |      */
11492 | open func clear()  {try! rustCall() {
11493 |     uniffi_loro_ffi_fn_method_versionrange_clear(
      |     `- error: cannot find 'uniffi_loro_ffi_fn_method_versionrange_clear' in scope
11494 |             self.uniffiCloneHandle(),$0
11495 |     )
/host/spi-builder-workspace/Sources/Loro/LoroFFI.swift:11504:5: error: cannot find 'uniffi_loro_ffi_fn_method_versionrange_contains_id' in scope
11502 | open func containsId(id: Id) -> Bool  {
11503 |     return try!  FfiConverterBool.lift(try! rustCall() {
11504 |     uniffi_loro_ffi_fn_method_versionrange_contains_id(
      |     `- error: cannot find 'uniffi_loro_ffi_fn_method_versionrange_contains_id' in scope
11505 |             self.uniffiCloneHandle(),
11506 |         FfiConverterTypeID_lower(id),$0
/host/spi-builder-workspace/Sources/Loro/LoroFFI.swift:11516:5: error: cannot find 'uniffi_loro_ffi_fn_method_versionrange_contains_id_span' in scope
11514 | open func containsIdSpan(span: IdSpan) -> Bool  {
11515 |     return try!  FfiConverterBool.lift(try! rustCall() {
11516 |     uniffi_loro_ffi_fn_method_versionrange_contains_id_span(
      |     `- error: cannot find 'uniffi_loro_ffi_fn_method_versionrange_contains_id_span' in scope
11517 |             self.uniffiCloneHandle(),
11518 |         FfiConverterTypeIdSpan_lower(span),$0
/host/spi-builder-workspace/Sources/Loro/LoroFFI.swift:11528:5: error: cannot find 'uniffi_loro_ffi_fn_method_versionrange_contains_ops_between' in scope
11526 | open func containsOpsBetween(vvA: VersionVector, vvB: VersionVector) -> Bool  {
11527 |     return try!  FfiConverterBool.lift(try! rustCall() {
11528 |     uniffi_loro_ffi_fn_method_versionrange_contains_ops_between(
      |     `- error: cannot find 'uniffi_loro_ffi_fn_method_versionrange_contains_ops_between' in scope
11529 |             self.uniffiCloneHandle(),
11530 |         FfiConverterTypeVersionVector_lower(vvA),
/host/spi-builder-workspace/Sources/Loro/LoroFFI.swift:11540:5: error: cannot find 'uniffi_loro_ffi_fn_method_versionrange_extends_to_include_id_span' in scope
11538 |      */
11539 | open func extendsToIncludeIdSpan(span: IdSpan)  {try! rustCall() {
11540 |     uniffi_loro_ffi_fn_method_versionrange_extends_to_include_id_span(
      |     `- error: cannot find 'uniffi_loro_ffi_fn_method_versionrange_extends_to_include_id_span' in scope
11541 |             self.uniffiCloneHandle(),
11542 |         FfiConverterTypeIdSpan_lower(span),$0
/host/spi-builder-workspace/Sources/Loro/LoroFFI.swift:11553:5: error: cannot find 'uniffi_loro_ffi_fn_method_versionrange_get' in scope
11551 | open func get(peer: UInt64) -> CounterSpan?  {
11552 |     return try!  FfiConverterOptionTypeCounterSpan.lift(try! rustCall() {
11553 |     uniffi_loro_ffi_fn_method_versionrange_get(
      |     `- error: cannot find 'uniffi_loro_ffi_fn_method_versionrange_get' in scope
11554 |             self.uniffiCloneHandle(),
11555 |         FfiConverterUInt64.lower(peer),$0
/host/spi-builder-workspace/Sources/Loro/LoroFFI.swift:11565:5: error: cannot find 'uniffi_loro_ffi_fn_method_versionrange_get_all_ranges' in scope
11563 | open func getAllRanges() -> [VersionRangeItem]  {
11564 |     return try!  FfiConverterSequenceTypeVersionRangeItem.lift(try! rustCall() {
11565 |     uniffi_loro_ffi_fn_method_versionrange_get_all_ranges(
      |     `- error: cannot find 'uniffi_loro_ffi_fn_method_versionrange_get_all_ranges' in scope
11566 |             self.uniffiCloneHandle(),$0
11567 |     )
/host/spi-builder-workspace/Sources/Loro/LoroFFI.swift:11576:5: error: cannot find 'uniffi_loro_ffi_fn_method_versionrange_get_peers' in scope
11574 | open func getPeers() -> [UInt64]  {
11575 |     return try!  FfiConverterSequenceUInt64.lift(try! rustCall() {
11576 |     uniffi_loro_ffi_fn_method_versionrange_get_peers(
      |     `- error: cannot find 'uniffi_loro_ffi_fn_method_versionrange_get_peers' in scope
11577 |             self.uniffiCloneHandle(),$0
11578 |     )
/host/spi-builder-workspace/Sources/Loro/LoroFFI.swift:11587:5: error: cannot find 'uniffi_loro_ffi_fn_method_versionrange_has_overlap_with' in scope
11585 | open func hasOverlapWith(span: IdSpan) -> Bool  {
11586 |     return try!  FfiConverterBool.lift(try! rustCall() {
11587 |     uniffi_loro_ffi_fn_method_versionrange_has_overlap_with(
      |     `- error: cannot find 'uniffi_loro_ffi_fn_method_versionrange_has_overlap_with' in scope
11588 |             self.uniffiCloneHandle(),
11589 |         FfiConverterTypeIdSpan_lower(span),$0
/host/spi-builder-workspace/Sources/Loro/LoroFFI.swift:11598:5: error: cannot find 'uniffi_loro_ffi_fn_method_versionrange_insert' in scope
11596 |      */
11597 | open func insert(peer: UInt64, start: Int32, end: Int32)  {try! rustCall() {
11598 |     uniffi_loro_ffi_fn_method_versionrange_insert(
      |     `- error: cannot find 'uniffi_loro_ffi_fn_method_versionrange_insert' in scope
11599 |             self.uniffiCloneHandle(),
11600 |         FfiConverterUInt64.lower(peer),
/host/spi-builder-workspace/Sources/Loro/LoroFFI.swift:11612:5: error: cannot find 'uniffi_loro_ffi_fn_method_versionrange_is_empty' in scope
11610 | open func isEmpty() -> Bool  {
11611 |     return try!  FfiConverterBool.lift(try! rustCall() {
11612 |     uniffi_loro_ffi_fn_method_versionrange_is_empty(
      |     `- error: cannot find 'uniffi_loro_ffi_fn_method_versionrange_is_empty' in scope
11613 |             self.uniffiCloneHandle(),$0
11614 |     )
/host/spi-builder-workspace/Sources/Loro/LoroFFI.swift:11741:32: error: cannot find 'uniffi_loro_ffi_fn_clone_versionvector' in scope
11739 | #endif
11740 |     public func uniffiCloneHandle() -> UInt64 {
11741 |         return try! rustCall { uniffi_loro_ffi_fn_clone_versionvector(self.handle, $0) }
      |                                `- error: cannot find 'uniffi_loro_ffi_fn_clone_versionvector' in scope
11742 |     }
11743 | public convenience init() {
/host/spi-builder-workspace/Sources/Loro/LoroFFI.swift:11746:5: error: cannot find 'uniffi_loro_ffi_fn_constructor_versionvector_new' in scope
11744 |     let handle =
11745 |         try! rustCall() {
11746 |     uniffi_loro_ffi_fn_constructor_versionvector_new($0
      |     `- error: cannot find 'uniffi_loro_ffi_fn_constructor_versionvector_new' in scope
11747 |     )
11748 | }
/host/spi-builder-workspace/Sources/Loro/LoroFFI.swift:11758:25: error: cannot find 'uniffi_loro_ffi_fn_free_versionvector' in scope
11756 |         }
11757 |
11758 |         try! rustCall { uniffi_loro_ffi_fn_free_versionvector(handle, $0) }
      |                         `- error: cannot find 'uniffi_loro_ffi_fn_free_versionvector' in scope
11759 |     }
11760 |
/host/spi-builder-workspace/Sources/Loro/LoroFFI.swift:11764:5: error: cannot find 'uniffi_loro_ffi_fn_constructor_versionvector_decode' in scope
11762 | public static func decode(bytes: Data)throws  -> VersionVector  {
11763 |     return try  FfiConverterTypeVersionVector_lift(try rustCallWithError(FfiConverterTypeLoroError_lift) {
11764 |     uniffi_loro_ffi_fn_constructor_versionvector_decode(
      |     `- error: cannot find 'uniffi_loro_ffi_fn_constructor_versionvector_decode' in scope
11765 |         FfiConverterData.lower(bytes),$0
11766 |     )
/host/spi-builder-workspace/Sources/Loro/LoroFFI.swift:11774:5: error: cannot find 'uniffi_loro_ffi_fn_method_versionvector_diff' in scope
11772 | open func diff(rhs: VersionVector) -> VersionVectorDiff  {
11773 |     return try!  FfiConverterTypeVersionVectorDiff_lift(try! rustCall() {
11774 |     uniffi_loro_ffi_fn_method_versionvector_diff(
      |     `- error: cannot find 'uniffi_loro_ffi_fn_method_versionvector_diff' in scope
11775 |             self.uniffiCloneHandle(),
11776 |         FfiConverterTypeVersionVector_lower(rhs),$0
/host/spi-builder-workspace/Sources/Loro/LoroFFI.swift:11783:5: error: cannot find 'uniffi_loro_ffi_fn_method_versionvector_encode' in scope
11781 | open func encode() -> Data  {
11782 |     return try!  FfiConverterData.lift(try! rustCall() {
11783 |     uniffi_loro_ffi_fn_method_versionvector_encode(
      |     `- error: cannot find 'uniffi_loro_ffi_fn_method_versionvector_encode' in scope
11784 |             self.uniffiCloneHandle(),$0
11785 |     )
/host/spi-builder-workspace/Sources/Loro/LoroFFI.swift:11791:5: error: cannot find 'uniffi_loro_ffi_fn_method_versionvector_eq' in scope
11789 | open func eq(other: VersionVector) -> Bool  {
11790 |     return try!  FfiConverterBool.lift(try! rustCall() {
11791 |     uniffi_loro_ffi_fn_method_versionvector_eq(
      |     `- error: cannot find 'uniffi_loro_ffi_fn_method_versionvector_eq' in scope
11792 |             self.uniffiCloneHandle(),
11793 |         FfiConverterTypeVersionVector_lower(other),$0
/host/spi-builder-workspace/Sources/Loro/LoroFFI.swift:11799:5: error: cannot find 'uniffi_loro_ffi_fn_method_versionvector_extend_to_include_vv' in scope
11797 |
11798 | open func extendToIncludeVv(other: VersionVector)  {try! rustCall() {
11799 |     uniffi_loro_ffi_fn_method_versionvector_extend_to_include_vv(
      |     `- error: cannot find 'uniffi_loro_ffi_fn_method_versionvector_extend_to_include_vv' in scope
11800 |             self.uniffiCloneHandle(),
11801 |         FfiConverterTypeVersionVector_lower(other),$0
/host/spi-builder-workspace/Sources/Loro/LoroFFI.swift:11808:5: error: cannot find 'uniffi_loro_ffi_fn_method_versionvector_get_last' in scope
11806 | open func getLast(peer: UInt64) -> Int32?  {
11807 |     return try!  FfiConverterOptionInt32.lift(try! rustCall() {
11808 |     uniffi_loro_ffi_fn_method_versionvector_get_last(
      |     `- error: cannot find 'uniffi_loro_ffi_fn_method_versionvector_get_last' in scope
11809 |             self.uniffiCloneHandle(),
11810 |         FfiConverterUInt64.lower(peer),$0
/host/spi-builder-workspace/Sources/Loro/LoroFFI.swift:11817:5: error: cannot find 'uniffi_loro_ffi_fn_method_versionvector_get_missing_span' in scope
11815 | open func getMissingSpan(target: VersionVector) -> [IdSpan]  {
11816 |     return try!  FfiConverterSequenceTypeIdSpan.lift(try! rustCall() {
11817 |     uniffi_loro_ffi_fn_method_versionvector_get_missing_span(
      |     `- error: cannot find 'uniffi_loro_ffi_fn_method_versionvector_get_missing_span' in scope
11818 |             self.uniffiCloneHandle(),
11819 |         FfiConverterTypeVersionVector_lower(target),$0
/host/spi-builder-workspace/Sources/Loro/LoroFFI.swift:11826:5: error: cannot find 'uniffi_loro_ffi_fn_method_versionvector_includes_id' in scope
11824 | open func includesId(id: Id) -> Bool  {
11825 |     return try!  FfiConverterBool.lift(try! rustCall() {
11826 |     uniffi_loro_ffi_fn_method_versionvector_includes_id(
      |     `- error: cannot find 'uniffi_loro_ffi_fn_method_versionvector_includes_id' in scope
11827 |             self.uniffiCloneHandle(),
11828 |         FfiConverterTypeID_lower(id),$0
/host/spi-builder-workspace/Sources/Loro/LoroFFI.swift:11835:5: error: cannot find 'uniffi_loro_ffi_fn_method_versionvector_includes_vv' in scope
11833 | open func includesVv(other: VersionVector) -> Bool  {
11834 |     return try!  FfiConverterBool.lift(try! rustCall() {
11835 |     uniffi_loro_ffi_fn_method_versionvector_includes_vv(
      |     `- error: cannot find 'uniffi_loro_ffi_fn_method_versionvector_includes_vv' in scope
11836 |             self.uniffiCloneHandle(),
11837 |         FfiConverterTypeVersionVector_lower(other),$0
/host/spi-builder-workspace/Sources/Loro/LoroFFI.swift:11844:5: error: cannot find 'uniffi_loro_ffi_fn_method_versionvector_intersect_span' in scope
11842 | open func intersectSpan(target: IdSpan) -> CounterSpan?  {
11843 |     return try!  FfiConverterOptionTypeCounterSpan.lift(try! rustCall() {
11844 |     uniffi_loro_ffi_fn_method_versionvector_intersect_span(
      |     `- error: cannot find 'uniffi_loro_ffi_fn_method_versionvector_intersect_span' in scope
11845 |             self.uniffiCloneHandle(),
11846 |         FfiConverterTypeIdSpan_lower(target),$0
/host/spi-builder-workspace/Sources/Loro/LoroFFI.swift:11852:5: error: cannot find 'uniffi_loro_ffi_fn_method_versionvector_merge' in scope
11850 |
11851 | open func merge(other: VersionVector)  {try! rustCall() {
11852 |     uniffi_loro_ffi_fn_method_versionvector_merge(
      |     `- error: cannot find 'uniffi_loro_ffi_fn_method_versionvector_merge' in scope
11853 |             self.uniffiCloneHandle(),
11854 |         FfiConverterTypeVersionVector_lower(other),$0
/host/spi-builder-workspace/Sources/Loro/LoroFFI.swift:11861:5: error: cannot find 'uniffi_loro_ffi_fn_method_versionvector_partial_cmp' in scope
11859 | open func partialCmp(other: VersionVector) -> Ordering?  {
11860 |     return try!  FfiConverterOptionTypeOrdering.lift(try! rustCall() {
11861 |     uniffi_loro_ffi_fn_method_versionvector_partial_cmp(
      |     `- error: cannot find 'uniffi_loro_ffi_fn_method_versionvector_partial_cmp' in scope
11862 |             self.uniffiCloneHandle(),
11863 |         FfiConverterTypeVersionVector_lower(other),$0
/host/spi-builder-workspace/Sources/Loro/LoroFFI.swift:11869:5: error: cannot find 'uniffi_loro_ffi_fn_method_versionvector_set_end' in scope
11867 |
11868 | open func setEnd(id: Id)  {try! rustCall() {
11869 |     uniffi_loro_ffi_fn_method_versionvector_set_end(
      |     `- error: cannot find 'uniffi_loro_ffi_fn_method_versionvector_set_end' in scope
11870 |             self.uniffiCloneHandle(),
11871 |         FfiConverterTypeID_lower(id),$0
/host/spi-builder-workspace/Sources/Loro/LoroFFI.swift:11877:5: error: cannot find 'uniffi_loro_ffi_fn_method_versionvector_set_last' in scope
11875 |
11876 | open func setLast(id: Id)  {try! rustCall() {
11877 |     uniffi_loro_ffi_fn_method_versionvector_set_last(
      |     `- error: cannot find 'uniffi_loro_ffi_fn_method_versionvector_set_last' in scope
11878 |             self.uniffiCloneHandle(),
11879 |         FfiConverterTypeID_lower(id),$0
/host/spi-builder-workspace/Sources/Loro/LoroFFI.swift:11886:5: error: cannot find 'uniffi_loro_ffi_fn_method_versionvector_to_hashmap' in scope
11884 | open func toHashmap() -> [UInt64: Int32]  {
11885 |     return try!  FfiConverterDictionaryUInt64Int32.lift(try! rustCall() {
11886 |     uniffi_loro_ffi_fn_method_versionvector_to_hashmap(
      |     `- error: cannot find 'uniffi_loro_ffi_fn_method_versionvector_to_hashmap' in scope
11887 |             self.uniffiCloneHandle(),$0
11888 |     )
/host/spi-builder-workspace/Sources/Loro/LoroFFI.swift:11897:5: error: cannot find 'uniffi_loro_ffi_fn_method_versionvector_try_update_last' in scope
11895 | open func tryUpdateLast(id: Id) -> Bool  {
11896 |     return try!  FfiConverterBool.lift(try! rustCall() {
11897 |     uniffi_loro_ffi_fn_method_versionvector_try_update_last(
      |     `- error: cannot find 'uniffi_loro_ffi_fn_method_versionvector_try_update_last' in scope
11898 |             self.uniffiCloneHandle(),
11899 |         FfiConverterTypeID_lower(id),$0
/host/spi-builder-workspace/Sources/Loro/LoroFFI.swift:17609:5: error: cannot find 'uniffi_loro_ffi_fn_func_decode_import_blob_meta' in scope
17607 | public func decodeImportBlobMeta(bytes: Data, checkChecksum: Bool)throws  -> ImportBlobMetadata  {
17608 |     return try  FfiConverterTypeImportBlobMetadata_lift(try rustCallWithError(FfiConverterTypeLoroError_lift) {
17609 |     uniffi_loro_ffi_fn_func_decode_import_blob_meta(
      |     `- error: cannot find 'uniffi_loro_ffi_fn_func_decode_import_blob_meta' in scope
17610 |         FfiConverterData.lower(bytes),
17611 |         FfiConverterBool.lower(checkChecksum),$0
/host/spi-builder-workspace/Sources/Loro/LoroFFI.swift:17617:5: error: cannot find 'uniffi_loro_ffi_fn_func_get_version' in scope
17615 | public func getVersion() -> String  {
17616 |     return try!  FfiConverterString.lift(try! rustCall() {
17617 |     uniffi_loro_ffi_fn_func_get_version($0
      |     `- error: cannot find 'uniffi_loro_ffi_fn_func_get_version' in scope
17618 |     )
17619 | })
/host/spi-builder-workspace/Sources/Loro/LoroFFI.swift:23:28: error: cannot find type 'RustBuffer' in scope
   21 |     }
   22 |
   23 |     static func empty() -> RustBuffer {
      |                            `- error: cannot find type 'RustBuffer' in scope
   24 |         RustBuffer(capacity: 0, len:0, data: nil)
   25 |     }
/host/spi-builder-workspace/Sources/Loro/LoroFFI.swift:27:60: error: cannot find type 'RustBuffer' in scope
   25 |     }
   26 |
   27 |     static func from(_ ptr: UnsafeBufferPointer<UInt8>) -> RustBuffer {
      |                                                            `- error: cannot find type 'RustBuffer' in scope
   28 |         try! rustCall { ffi_loro_ffi_rustbuffer_from_bytes(ForeignBytes(bufferPointer: ptr), $0) }
   29 |     }
BUILD FAILURE 6.3 wasm