Build Information
Failed to build SwiftyShell, reference main (3c2848), with Swift 6.4 for visionOS using Xcode 27.0 on 22 Oct 2026 04:49:41 UTC.
Build Command
env DEVELOPER_DIR=/Applications/Xcode-27.0.0.app xcrun xcodebuild -IDEClonedSourcePackagesDirPathOverride=$PWD/.dependencies -skipMacroValidation -skipPackagePluginValidation -derivedDataPath $PWD/.derivedData build -scheme SwiftyShell -destination generic/platform=xrOSBuild Log
========================================
RunAll
========================================
Builder version: 5.1.3
Interrupt handler set up.
========================================
Checkout
========================================
Clone URL: https://github.com/maniramezan/SwiftyShell.git
Reference: main
Initialized empty Git repository in /Users/admin/builder/spi-builder-workspace/.git/
From https://github.com/maniramezan/SwiftyShell
* branch main -> FETCH_HEAD
* [new branch] main -> origin/main
HEAD is now at 3c28482 ci: group and automatically merge Dependabot updates (#66)
Cloned https://github.com/maniramezan/SwiftyShell.git
Revision (git rev-parse @):
3c2848210afaef1c08aa5cabe033d2d515b9dcba
SUCCESS checkout https://github.com/maniramezan/SwiftyShell.git at main
========================================
Build
========================================
Selected platform: visionOS
Swift version: 6.4
Building package at path: $PWD
https://github.com/maniramezan/SwiftyShell.git
Command line invocation:
/Applications/Xcode-27.0.0.app/Contents/Developer/usr/bin/xcodebuild -IDEClonedSourcePackagesDirPathOverride=/Users/admin/builder/spi-builder-workspace/.dependencies -resolvePackageDependencies
Resolve Package Graph
Fetching from https://github.com/maniramezan/SwiftTestCommons.git
Fetching from https://github.com/apple/swift-docc-plugin
Fetching from https://github.com/apple/swift-system
Fetching from https://github.com/swiftlang/swift-subprocess.git
Fetching from https://github.com/swiftlang/swift-docc-symbolkit
Creating working copy of package ‘swift-subprocess’
Checking out 1.0.2 of package ‘swift-subprocess’
Creating working copy of package ‘swift-docc-symbolkit’
Checking out 1.0.0 of package ‘swift-docc-symbolkit’
Creating working copy of package ‘SwiftTestCommons’
Checking out 0.4.2 of package ‘SwiftTestCommons’
Creating working copy of package ‘swift-docc-plugin’
Checking out 1.5.0 of package ‘swift-docc-plugin’
Creating working copy of package ‘swift-system’
Checking out 1.8.1 of package ‘swift-system’
Resolve Package Graph
Resolved source packages:
swift-system: https://github.com/apple/swift-system @ 1.8.1
TestCommons: https://github.com/maniramezan/SwiftTestCommons.git @ 0.4.2
SwiftDocCPlugin: https://github.com/apple/swift-docc-plugin @ 1.5.0
SwiftyShell: /Users/admin/builder/spi-builder-workspace
SymbolKit: https://github.com/swiftlang/swift-docc-symbolkit @ 1.0.0
swift-subprocess: https://github.com/swiftlang/swift-subprocess.git @ 1.0.2
resolved source packages: swift-system, TestCommons, SwiftDocCPlugin, SwiftyShell, SymbolKit, swift-subprocess
2026-10-22 00:48:17.829 xcodebuild[526:3007] [MT] IDERunDestination: Supported platforms for the buildables in the current scheme is empty.
{
"dependencies" : [
{
"identity" : "swift-docc-plugin",
"requirement" : {
"range" : [
{
"lower_bound" : "1.4.5",
"upper_bound" : "2.0.0"
}
]
},
"type" : "sourceControl",
"url" : "https://github.com/apple/swift-docc-plugin"
},
{
"identity" : "swift-system",
"requirement" : {
"range" : [
{
"lower_bound" : "1.6.4",
"upper_bound" : "2.0.0"
}
]
},
"type" : "sourceControl",
"url" : "https://github.com/apple/swift-system"
},
{
"identity" : "swift-subprocess",
"requirement" : {
"range" : [
{
"lower_bound" : "1.0.0",
"upper_bound" : "2.0.0"
}
]
},
"type" : "sourceControl",
"url" : "https://github.com/swiftlang/swift-subprocess.git"
},
{
"identity" : "swifttestcommons",
"requirement" : {
"range" : [
{
"lower_bound" : "0.1.0",
"upper_bound" : "1.0.0"
}
]
},
"type" : "sourceControl",
"url" : "https://github.com/maniramezan/SwiftTestCommons.git"
}
],
"manifest_display_name" : "SwiftyShell",
"name" : "SwiftyShell",
"path" : "/Users/admin/builder/spi-builder-workspace",
"platforms" : [
{
"name" : "macos",
"version" : "15.0"
}
],
"products" : [
{
"name" : "SwiftyShell",
"targets" : [
"SwiftyShell"
],
"type" : {
"library" : [
"automatic"
]
}
}
],
"swift_languages_versions" : [
"6"
],
"targets" : [
{
"c99name" : "SwiftyShellTests",
"module_type" : "SwiftTarget",
"name" : "SwiftyShellTests",
"path" : "Tests/SwiftyShellTests",
"product_dependencies" : [
"TestCommons"
],
"sources" : [
"Brew/BrewTests.swift",
"Bun/BunTests.swift",
"Cargo/CargoTests.swift",
"Common/ChmodTests.swift",
"Common/CommonTestSupport.swift",
"Common/CpTests.swift",
"Common/EnvTests.swift",
"Common/FindTests.swift",
"Common/JqTests.swift",
"Common/LnTests.swift",
"Common/LsTests.swift",
"Common/MkdirTests.swift",
"Common/MvTests.swift",
"Common/PwdTests.swift",
"Common/RmTests.swift",
"Common/RsyncTests.swift",
"Common/TarTests.swift",
"Common/TouchTests.swift",
"Common/UnzipTests.swift",
"Common/WhichTests.swift",
"Common/ZipTests.swift",
"Common/ZipUnzipTests.swift",
"Core/BuildLogTests.swift",
"Core/CommandFamilyTests.swift",
"Core/CommandSnapshotTests.swift",
"Core/CommandTests.swift",
"Core/DetachedProcessTests.swift",
"Core/EnvironmentTests.swift",
"Core/FileModeTests.swift",
"Core/MockExecutorTests.swift",
"Core/OutputDestinationTeeTests.swift",
"Core/OutputRoutingTests.swift",
"Core/ProcessTestSupport.swift",
"Core/ShellErrorTests.swift",
"Core/ShellOutputTests.swift",
"Core/SpawnTests.swift",
"Core/StdinTests.swift",
"Core/UTF8ChunkDecoderTests.swift",
"Core/WorkflowTests.swift",
"Curl/CurlTests.swift",
"Docker/DockerTests.swift",
"Fzf/FzfTests.swift",
"Gh/GhTests.swift",
"Git/GitCommandFamilyTests.swift",
"Git/GitParserTests.swift",
"Git/GitTestSupport.swift",
"Git/GitTests.swift",
"Grep/GrepTests.swift",
"Helm/HelmTests.swift",
"Kubectl/KubectlTests.swift",
"Make/MakeTests.swift",
"Node/NodeTests.swift",
"Npm/NpmTests.swift",
"Pipelines/PipelineTests.swift",
"Pnpm/PnpmTests.swift",
"Python/PythonTests.swift",
"Rg/RgTests.swift",
"Swift/SwiftTests.swift",
"Terraform/TerraformTests.swift",
"Yarn/YarnTests.swift"
],
"target_dependencies" : [
"SwiftyShell"
],
"type" : "test"
},
{
"c99name" : "SwiftyShell",
"module_type" : "SwiftTarget",
"name" : "SwiftyShell",
"path" : "Sources/SwiftyShell",
"product_dependencies" : [
"Subprocess",
"SystemPackage"
],
"product_memberships" : [
"SwiftyShell"
],
"sources" : [
"Brew/Brew.swift",
"Bun/Bun.swift",
"Cargo/Cargo.swift",
"Common/Chmod.swift",
"Common/Cp.swift",
"Common/Env.swift",
"Common/Find.swift",
"Common/Jq.swift",
"Common/Ln.swift",
"Common/Ls.swift",
"Common/Mkdir.swift",
"Common/Mv.swift",
"Common/Pwd.swift",
"Common/Rm.swift",
"Common/Rsync.swift",
"Common/Tar.swift",
"Common/Touch.swift",
"Common/Unzip.swift",
"Common/Which.swift",
"Common/Zip.swift",
"Core/Command+Detached.swift",
"Core/Command.swift",
"Core/CommandExecutor.swift",
"Core/CommandFamily.swift",
"Core/CommandSnapshot.swift",
"Core/Duration+Timeout.swift",
"Core/ExecutionOptions.swift",
"Core/FileMode.swift",
"Core/InputSource.swift",
"Core/MockExecutor.swift",
"Core/MockSpawnedProcess.swift",
"Core/OutputDestination.swift",
"Core/Pipeline.swift",
"Core/ProcessSignal.swift",
"Core/ShellContext.swift",
"Core/ShellError.swift",
"Core/ShellOutput.swift",
"Core/SpawnedProcess.swift",
"Core/String+ShellQuoting.swift",
"Core/TeardownStrategy.swift",
"Core/ToolConfiguration.swift",
"Core/Workflow.swift",
"Curl/Curl.swift",
"Docker/Docker.swift",
"Fzf/Fzf.swift",
"Fzf/FzfTypes.swift",
"Gh/Gh.swift",
"Git/Git.swift",
"Git/GitCommands.swift",
"Git/GitParsers.swift",
"Git/GitStatus.swift",
"Git/GitStatusWorkflow.swift",
"Git/GitStructuredResults.swift",
"Git/GitSubmodule.swift",
"Grep/Grep.swift",
"Helm/Helm.swift",
"Internal/Execution/SubprocessExecutor.swift",
"Internal/Execution/UTF8ChunkDecoder.swift",
"Kubectl/Kubectl.swift",
"Make/Make.swift",
"Node/Node.swift",
"Npm/Npm.swift",
"Pnpm/Pnpm.swift",
"Python/Python.swift",
"Rg/Rg.swift",
"Swift/Swift.swift",
"Terraform/Terraform.swift",
"Yarn/Yarn.swift"
],
"type" : "library"
}
],
"tools_version" : "6.2"
}
{
"workspace" : {
"name" : "SwiftyShell",
"schemes" : [
"SwiftyShell"
]
}
}
2026-10-22 00:49:02.670 xcodebuild[930:5458] [MT] IDERunDestination: Supported platforms for the buildables in the current scheme is empty.
Running build ...
env DEVELOPER_DIR=/Applications/Xcode-27.0.0.app xcrun xcodebuild -IDEClonedSourcePackagesDirPathOverride=$PWD/.dependencies -skipMacroValidation -skipPackagePluginValidation -derivedDataPath $PWD/.derivedData build -scheme SwiftyShell -destination generic/platform=xrOS
Command line invocation:
/Applications/Xcode-27.0.0.app/Contents/Developer/usr/bin/xcodebuild -IDEClonedSourcePackagesDirPathOverride=/Users/admin/builder/spi-builder-workspace/.dependencies -skipMacroValidation -skipPackagePluginValidation -derivedDataPath /Users/admin/builder/spi-builder-workspace/.derivedData build -scheme SwiftyShell -destination generic/platform=xrOS
Resolve Package Graph
Resolve Package Graph
Resolved source packages:
swift-system: https://github.com/apple/swift-system @ 1.8.1
swift-subprocess: https://github.com/swiftlang/swift-subprocess.git @ 1.0.2
SymbolKit: https://github.com/swiftlang/swift-docc-symbolkit @ 1.0.0
TestCommons: https://github.com/maniramezan/SwiftTestCommons.git @ 0.4.2
SwiftyShell: /Users/admin/builder/spi-builder-workspace
SwiftDocCPlugin: https://github.com/apple/swift-docc-plugin @ 1.5.0
ComputePackagePrebuildTargetDependencyGraph
Prepare packages
CreateBuildRequest
SendProjectDescription
CreateBuildOperation
ComputeTargetDependencyGraph
note: Building targets in dependency order
note: Target dependency graph (8 targets)
Target 'SwiftyShell-product' in project 'SwiftyShell'
➜ Explicit dependency on target 'SwiftyShell' in project 'SwiftyShell'
➜ Explicit dependency on target 'Subprocess-product' in project 'swift-subprocess'
➜ Explicit dependency on target 'SystemPackage-product' in project 'swift-system'
Target 'SwiftyShell' in project 'SwiftyShell'
➜ Explicit dependency on target 'Subprocess-product' in project 'swift-subprocess'
➜ Explicit dependency on target 'SystemPackage-product' in project 'swift-system'
Target 'SystemPackage-product' in project 'swift-system'
➜ Explicit dependency on target 'SystemPackage' in project 'swift-system'
➜ Explicit dependency on target 'CSystem' in project 'swift-system'
Target 'SystemPackage' in project 'swift-system'
➜ Explicit dependency on target 'CSystem' in project 'swift-system'
Target 'CSystem' in project 'swift-system' (no dependencies)
Target 'Subprocess-product' in project 'swift-subprocess'
➜ Explicit dependency on target 'Subprocess' in project 'swift-subprocess'
➜ Explicit dependency on target '_SubprocessCShims' in project 'swift-subprocess'
Target 'Subprocess' in project 'swift-subprocess'
➜ Explicit dependency on target '_SubprocessCShims' in project 'swift-subprocess'
Target '_SubprocessCShims' in project 'swift-subprocess' (no dependencies)
GatherProvisioningInputs
CreateBuildDescription
ExecuteExternalTool /Applications/Xcode-27.0.0.app/Contents/Developer/Toolchains/XcodeDefault.xctoolchain/usr/bin/clang -v -E -dM -arch arm64 -isysroot /Applications/Xcode-27.0.0.app/Contents/Developer/Platforms/XROS.platform/Developer/SDKs/XROS27.0.sdk -x c -c /dev/null
ExecuteExternalTool /Applications/Xcode-27.0.0.app/Contents/Developer/Toolchains/XcodeDefault.xctoolchain/usr/bin/swiftc --version
ExecuteExternalTool /Applications/Xcode-27.0.0.app/Contents/Developer/Toolchains/XcodeDefault.xctoolchain/usr/bin/clang -v -E -dM -isysroot /Applications/Xcode-27.0.0.app/Contents/Developer/Platforms/XROS.platform/Developer/SDKs/XROS27.0.sdk -x c -c /dev/null
ExecuteExternalTool /Applications/Xcode-27.0.0.app/Contents/Developer/Toolchains/XcodeDefault.xctoolchain/usr/bin/ld -version_details
ReadFileContents /Applications/Xcode-27.0.0.app/Contents/Developer/Toolchains/XcodeDefault.xctoolchain/usr/share/docc/features.json
Build description signature: fa38f95339148806c8ecffa080c42f0d
Build description path: /Users/admin/builder/spi-builder-workspace/.derivedData/Build/Intermediates.noindex/XCBuildData/fa38f95339148806c8ecffa080c42f0d.xcbuilddata
error: The package product 'Subprocess-product' requires minimum platform version 27.0 for the visionOS platform, but this target supports 1.0 (in target 'SwiftyShell' from project 'SwiftyShell')
2026-10-22 00:49:12.322 xcodebuild[981:5833] [MT] IDERunDestination: Supported platforms for the buildables in the current scheme is empty.
** BUILD FAILED **
The following build commands failed:
Building workspace SwiftyShell with scheme SwiftyShell
(1 failure)
Command line invocation:
/Applications/Xcode-27.0.0.app/Contents/Developer/usr/bin/xcodebuild -IDEClonedSourcePackagesDirPathOverride=/Users/admin/builder/spi-builder-workspace/.dependencies -resolvePackageDependencies
Resolve Package Graph
Resolved source packages:
SwiftyShell: /Users/admin/builder/spi-builder-workspace
swift-subprocess: https://github.com/swiftlang/swift-subprocess.git @ 1.0.2
TestCommons: https://github.com/maniramezan/SwiftTestCommons.git @ 0.4.2
SymbolKit: https://github.com/swiftlang/swift-docc-symbolkit @ 1.0.0
SwiftDocCPlugin: https://github.com/apple/swift-docc-plugin @ 1.5.0
swift-system: https://github.com/apple/swift-system @ 1.8.1
resolved source packages: SwiftyShell, swift-subprocess, TestCommons, SymbolKit, SwiftDocCPlugin, swift-system
2026-10-22 00:49:25.946 xcodebuild[1137:6797] [MT] IDERunDestination: Supported platforms for the buildables in the current scheme is empty.
{
"dependencies" : [
{
"identity" : "swift-docc-plugin",
"requirement" : {
"range" : [
{
"lower_bound" : "1.4.5",
"upper_bound" : "2.0.0"
}
]
},
"type" : "sourceControl",
"url" : "https://github.com/apple/swift-docc-plugin"
},
{
"identity" : "swift-system",
"requirement" : {
"range" : [
{
"lower_bound" : "1.6.4",
"upper_bound" : "2.0.0"
}
]
},
"type" : "sourceControl",
"url" : "https://github.com/apple/swift-system"
},
{
"identity" : "swift-subprocess",
"requirement" : {
"range" : [
{
"lower_bound" : "1.0.0",
"upper_bound" : "2.0.0"
}
]
},
"type" : "sourceControl",
"url" : "https://github.com/swiftlang/swift-subprocess.git"
},
{
"identity" : "swifttestcommons",
"requirement" : {
"range" : [
{
"lower_bound" : "0.1.0",
"upper_bound" : "1.0.0"
}
]
},
"type" : "sourceControl",
"url" : "https://github.com/maniramezan/SwiftTestCommons.git"
}
],
"manifest_display_name" : "SwiftyShell",
"name" : "SwiftyShell",
"path" : "/Users/admin/builder/spi-builder-workspace",
"platforms" : [
{
"name" : "macos",
"version" : "15.0"
}
],
"products" : [
{
"name" : "SwiftyShell",
"targets" : [
"SwiftyShell"
],
"type" : {
"library" : [
"automatic"
]
}
}
],
"swift_languages_versions" : [
"6"
],
"targets" : [
{
"c99name" : "SwiftyShellTests",
"module_type" : "SwiftTarget",
"name" : "SwiftyShellTests",
"path" : "Tests/SwiftyShellTests",
"product_dependencies" : [
"TestCommons"
],
"sources" : [
"Brew/BrewTests.swift",
"Bun/BunTests.swift",
"Cargo/CargoTests.swift",
"Common/ChmodTests.swift",
"Common/CommonTestSupport.swift",
"Common/CpTests.swift",
"Common/EnvTests.swift",
"Common/FindTests.swift",
"Common/JqTests.swift",
"Common/LnTests.swift",
"Common/LsTests.swift",
"Common/MkdirTests.swift",
"Common/MvTests.swift",
"Common/PwdTests.swift",
"Common/RmTests.swift",
"Common/RsyncTests.swift",
"Common/TarTests.swift",
"Common/TouchTests.swift",
"Common/UnzipTests.swift",
"Common/WhichTests.swift",
"Common/ZipTests.swift",
"Common/ZipUnzipTests.swift",
"Core/BuildLogTests.swift",
"Core/CommandFamilyTests.swift",
"Core/CommandSnapshotTests.swift",
"Core/CommandTests.swift",
"Core/DetachedProcessTests.swift",
"Core/EnvironmentTests.swift",
"Core/FileModeTests.swift",
"Core/MockExecutorTests.swift",
"Core/OutputDestinationTeeTests.swift",
"Core/OutputRoutingTests.swift",
"Core/ProcessTestSupport.swift",
"Core/ShellErrorTests.swift",
"Core/ShellOutputTests.swift",
"Core/SpawnTests.swift",
"Core/StdinTests.swift",
"Core/UTF8ChunkDecoderTests.swift",
"Core/WorkflowTests.swift",
"Curl/CurlTests.swift",
"Docker/DockerTests.swift",
"Fzf/FzfTests.swift",
"Gh/GhTests.swift",
"Git/GitCommandFamilyTests.swift",
"Git/GitParserTests.swift",
"Git/GitTestSupport.swift",
"Git/GitTests.swift",
"Grep/GrepTests.swift",
"Helm/HelmTests.swift",
"Kubectl/KubectlTests.swift",
"Make/MakeTests.swift",
"Node/NodeTests.swift",
"Npm/NpmTests.swift",
"Pipelines/PipelineTests.swift",
"Pnpm/PnpmTests.swift",
"Python/PythonTests.swift",
"Rg/RgTests.swift",
"Swift/SwiftTests.swift",
"Terraform/TerraformTests.swift",
"Yarn/YarnTests.swift"
],
"target_dependencies" : [
"SwiftyShell"
],
"type" : "test"
},
{
"c99name" : "SwiftyShell",
"module_type" : "SwiftTarget",
"name" : "SwiftyShell",
"path" : "Sources/SwiftyShell",
"product_dependencies" : [
"Subprocess",
"SystemPackage"
],
"product_memberships" : [
"SwiftyShell"
],
"sources" : [
"Brew/Brew.swift",
"Bun/Bun.swift",
"Cargo/Cargo.swift",
"Common/Chmod.swift",
"Common/Cp.swift",
"Common/Env.swift",
"Common/Find.swift",
"Common/Jq.swift",
"Common/Ln.swift",
"Common/Ls.swift",
"Common/Mkdir.swift",
"Common/Mv.swift",
"Common/Pwd.swift",
"Common/Rm.swift",
"Common/Rsync.swift",
"Common/Tar.swift",
"Common/Touch.swift",
"Common/Unzip.swift",
"Common/Which.swift",
"Common/Zip.swift",
"Core/Command+Detached.swift",
"Core/Command.swift",
"Core/CommandExecutor.swift",
"Core/CommandFamily.swift",
"Core/CommandSnapshot.swift",
"Core/Duration+Timeout.swift",
"Core/ExecutionOptions.swift",
"Core/FileMode.swift",
"Core/InputSource.swift",
"Core/MockExecutor.swift",
"Core/MockSpawnedProcess.swift",
"Core/OutputDestination.swift",
"Core/Pipeline.swift",
"Core/ProcessSignal.swift",
"Core/ShellContext.swift",
"Core/ShellError.swift",
"Core/ShellOutput.swift",
"Core/SpawnedProcess.swift",
"Core/String+ShellQuoting.swift",
"Core/TeardownStrategy.swift",
"Core/ToolConfiguration.swift",
"Core/Workflow.swift",
"Curl/Curl.swift",
"Docker/Docker.swift",
"Fzf/Fzf.swift",
"Fzf/FzfTypes.swift",
"Gh/Gh.swift",
"Git/Git.swift",
"Git/GitCommands.swift",
"Git/GitParsers.swift",
"Git/GitStatus.swift",
"Git/GitStatusWorkflow.swift",
"Git/GitStructuredResults.swift",
"Git/GitSubmodule.swift",
"Grep/Grep.swift",
"Helm/Helm.swift",
"Internal/Execution/SubprocessExecutor.swift",
"Internal/Execution/UTF8ChunkDecoder.swift",
"Kubectl/Kubectl.swift",
"Make/Make.swift",
"Node/Node.swift",
"Npm/Npm.swift",
"Pnpm/Pnpm.swift",
"Python/Python.swift",
"Rg/Rg.swift",
"Swift/Swift.swift",
"Terraform/Terraform.swift",
"Yarn/Yarn.swift"
],
"type" : "library"
}
],
"tools_version" : "6.2"
}
{
"workspace" : {
"name" : "SwiftyShell",
"schemes" : [
"SwiftyShell"
]
}
}
2026-10-22 00:49:33.466 xcodebuild[1195:7188] [MT] IDERunDestination: Supported platforms for the buildables in the current scheme is empty.
Running build ...
env DEVELOPER_DIR=/Applications/Xcode-27.0.0.app xcrun xcodebuild -IDEClonedSourcePackagesDirPathOverride=$PWD/.dependencies -skipMacroValidation -skipPackagePluginValidation -derivedDataPath $PWD/.derivedData build -scheme SwiftyShell -destination generic/platform=xrOS
Command line invocation:
/Applications/Xcode-27.0.0.app/Contents/Developer/usr/bin/xcodebuild -IDEClonedSourcePackagesDirPathOverride=/Users/admin/builder/spi-builder-workspace/.dependencies -skipMacroValidation -skipPackagePluginValidation -derivedDataPath /Users/admin/builder/spi-builder-workspace/.derivedData build -scheme SwiftyShell -destination generic/platform=xrOS
Resolve Package Graph
Resolved source packages:
SwiftDocCPlugin: https://github.com/apple/swift-docc-plugin @ 1.5.0
swift-system: https://github.com/apple/swift-system @ 1.8.1
swift-subprocess: https://github.com/swiftlang/swift-subprocess.git @ 1.0.2
SwiftyShell: /Users/admin/builder/spi-builder-workspace
SymbolKit: https://github.com/swiftlang/swift-docc-symbolkit @ 1.0.0
TestCommons: https://github.com/maniramezan/SwiftTestCommons.git @ 0.4.2
ComputePackagePrebuildTargetDependencyGraph
Prepare packages
CreateBuildRequest
SendProjectDescription
CreateBuildOperation
ComputeTargetDependencyGraph
note: Building targets in dependency order
note: Target dependency graph (8 targets)
Target 'SwiftyShell-product' in project 'SwiftyShell'
➜ Explicit dependency on target 'SwiftyShell' in project 'SwiftyShell'
➜ Explicit dependency on target 'Subprocess-product' in project 'swift-subprocess'
➜ Explicit dependency on target 'SystemPackage-product' in project 'swift-system'
Target 'SwiftyShell' in project 'SwiftyShell'
➜ Explicit dependency on target 'Subprocess-product' in project 'swift-subprocess'
➜ Explicit dependency on target 'SystemPackage-product' in project 'swift-system'
Target 'SystemPackage-product' in project 'swift-system'
➜ Explicit dependency on target 'SystemPackage' in project 'swift-system'
➜ Explicit dependency on target 'CSystem' in project 'swift-system'
Target 'SystemPackage' in project 'swift-system'
➜ Explicit dependency on target 'CSystem' in project 'swift-system'
Target 'CSystem' in project 'swift-system' (no dependencies)
Target 'Subprocess-product' in project 'swift-subprocess'
➜ Explicit dependency on target 'Subprocess' in project 'swift-subprocess'
➜ Explicit dependency on target '_SubprocessCShims' in project 'swift-subprocess'
Target 'Subprocess' in project 'swift-subprocess'
➜ Explicit dependency on target '_SubprocessCShims' in project 'swift-subprocess'
Target '_SubprocessCShims' in project 'swift-subprocess' (no dependencies)
GatherProvisioningInputs
CreateBuildDescription
error: The package product 'Subprocess-product' requires minimum platform version 27.0 for the visionOS platform, but this target supports 1.0 (in target 'SwiftyShell' from project 'SwiftyShell')
2026-10-22 00:49:40.516 xcodebuild[1246:7532] [MT] IDERunDestination: Supported platforms for the buildables in the current scheme is empty.
** BUILD FAILED **
The following build commands failed:
Building workspace SwiftyShell with scheme SwiftyShell
(1 failure)
BUILD FAILURE 6.4 visionOS