Build Information
Failed to build DeclarationAccessibility, reference 2.4.0 (b05dc6), with Swift 6.2 for watchOS using Xcode 26.3 on 15 Sep 2026 05:59:36 UTC.
Build Command
No build command. This typically means the build failed at an early stage where we determine the build command.Build Log
========================================
RunAll
========================================
Builder version: 5.0.2
Interrupt handler set up.
========================================
Checkout
========================================
Clone URL: https://github.com/Orange-OpenSource/accessibility-statement-lib-ios.git
Reference: 2.4.0
Initialized empty Git repository in /Users/admin/builder/spi-builder-workspace/.git/
From https://github.com/Orange-OpenSource/accessibility-statement-lib-ios
* tag 2.4.0 -> FETCH_HEAD
HEAD is now at b05dc68 Version 2.4.0 (#73)
Cloned https://github.com/Orange-OpenSource/accessibility-statement-lib-ios.git
Revision (git rev-parse @):
b05dc68b322ea6f92830595c5ba59b57561a0135
SUCCESS checkout https://github.com/Orange-OpenSource/accessibility-statement-lib-ios.git at 2.4.0
========================================
Build
========================================
Selected platform: watchOS
Swift version: 6.2
Building package at path: $PWD
https://github.com/Orange-OpenSource/accessibility-statement-lib-ios.git
Command line invocation:
/Applications/Xcode-26.3.0.app/Contents/Developer/usr/bin/xcodebuild -IDEClonedSourcePackagesDirPathOverride=/Users/admin/builder/spi-builder-workspace/.dependencies -resolvePackageDependencies
Resolve Package Graph
Fetching from https://github.com/swiftlang/swift-docc-plugin
Fetching from https://github.com/Orange-OpenSource/ouds-ios
Resolve Package Graph
Updating from https://github.com/Orange-OpenSource/ouds-ios
Updating from https://github.com/swiftlang/swift-docc-plugin
Resolved source packages:
spi-builder-workspace: (null)
2026-09-15 01:59:34.975 xcodebuild[538:3096] Writing error result bundle to /var/folders/xq/y_g06wb113726d38xsyx71_h0000gn/T/ResultBundle_2026-15-09_01-59-0034.xcresult
xcodebuild: error: Could not resolve package dependencies:
Failed to resolve dependencies Dependencies could not be resolved because 'ouds-ios' >= 2.0.0-beta.6 contains incompatible tools version (6.3.0) and root depends on 'ouds-ios' 3.0.0..<4.0.0.
Command line invocation:
/Applications/Xcode-26.3.0.app/Contents/Developer/usr/bin/xcodebuild -IDEClonedSourcePackagesDirPathOverride=/Users/admin/builder/spi-builder-workspace/.dependencies -resolvePackageDependencies
Resolve Package Graph
Updating from https://github.com/swiftlang/swift-docc-plugin
Updating from https://github.com/Orange-OpenSource/ouds-ios
Resolved source packages:
spi-builder-workspace: (null)
2026-09-15 01:59:36.935 xcodebuild[724:4461] Writing error result bundle to /var/folders/xq/y_g06wb113726d38xsyx71_h0000gn/T/ResultBundle_2026-15-09_01-59-0036.xcresult
xcodebuild: error: Could not resolve package dependencies:
Failed to resolve dependencies Dependencies could not be resolved because 'ouds-ios' >= 2.0.0-beta.6 contains incompatible tools version (6.3.0) and root depends on 'ouds-ios' 3.0.0..<4.0.0.
BUILD FAILURE 6.2 watchOS