Build Information
Failed to build gis-tools-fit, reference v1.1.4 (a44052), with Swift 6.2 for watchOS using Xcode 26.3 on 14 Aug 2026 22:31:55 UTC.
Build Command
env DEVELOPER_DIR=/Applications/Xcode-26.3.0.app xcrun xcodebuild -IDEClonedSourcePackagesDirPathOverride=$PWD/.dependencies -skipMacroValidation -skipPackagePluginValidation -derivedDataPath $PWD/.derivedData build -scheme gis-tools-fit -destination generic/platform=watchOSBuild Log
SwiftCompile normal arm64 /Users/admin/builder/spi-builder-workspace/.dependencies/checkouts/gis-tools/Sources/GISTools/Algorithms/PointOnFeature.swift (in target 'GISTools' from project 'gis-tools')
cd /Users/admin/builder/spi-builder-workspace/.swiftpm/xcode
SwiftCompile normal arm64 /Users/admin/builder/spi-builder-workspace/.dependencies/checkouts/gis-tools/Sources/GISTools/Algorithms/PointToLineDistance.swift (in target 'GISTools' from project 'gis-tools')
cd /Users/admin/builder/spi-builder-workspace/.swiftpm/xcode
SwiftCompile normal arm64 /Users/admin/builder/spi-builder-workspace/.dependencies/checkouts/gis-tools/Sources/GISTools/Algorithms/PointsWithinPolygon.swift (in target 'GISTools' from project 'gis-tools')
cd /Users/admin/builder/spi-builder-workspace/.swiftpm/xcode
SwiftCompile normal arm64 /Users/admin/builder/spi-builder-workspace/.dependencies/checkouts/gis-tools/Sources/GISTools/Algorithms/PoleOfInaccessibility.swift (in target 'GISTools' from project 'gis-tools')
cd /Users/admin/builder/spi-builder-workspace/.swiftpm/xcode
SwiftCompile normal arm64 /Users/admin/builder/spi-builder-workspace/.dependencies/checkouts/gis-tools/Sources/GISTools/Algorithms/PolygonSmooth.swift (in target 'GISTools' from project 'gis-tools')
cd /Users/admin/builder/spi-builder-workspace/.swiftpm/xcode
SwiftCompile normal arm64 /Users/admin/builder/spi-builder-workspace/.dependencies/checkouts/gis-tools/Sources/GISTools/Algorithms/PolygonTangents.swift (in target 'GISTools' from project 'gis-tools')
cd /Users/admin/builder/spi-builder-workspace/.swiftpm/xcode
SwiftCompile normal arm64 /Users/admin/builder/spi-builder-workspace/.dependencies/checkouts/gis-tools/Sources/GISTools/Algorithms/PolygonToLine.swift (in target 'GISTools' from project 'gis-tools')
cd /Users/admin/builder/spi-builder-workspace/.swiftpm/xcode
SwiftCompile normal arm64 /Users/admin/builder/spi-builder-workspace/.dependencies/checkouts/gis-tools/Sources/GISTools/Algorithms/Polygonize.swift (in target 'GISTools' from project 'gis-tools')
cd /Users/admin/builder/spi-builder-workspace/.swiftpm/xcode
SwiftCompile normal arm64 /Users/admin/builder/spi-builder-workspace/.dependencies/checkouts/gis-tools/Sources/GISTools/Algorithms/Random.swift (in target 'GISTools' from project 'gis-tools')
cd /Users/admin/builder/spi-builder-workspace/.swiftpm/xcode
SwiftCompile normal arm64 /Users/admin/builder/spi-builder-workspace/.dependencies/checkouts/gis-tools/Sources/GISTools/Algorithms/RectangleGrid.swift (in target 'GISTools' from project 'gis-tools')
cd /Users/admin/builder/spi-builder-workspace/.swiftpm/xcode
SwiftCompile normal arm64 /Users/admin/builder/spi-builder-workspace/.dependencies/checkouts/gis-tools/Sources/GISTools/Algorithms/Reverse.swift (in target 'GISTools' from project 'gis-tools')
cd /Users/admin/builder/spi-builder-workspace/.swiftpm/xcode
SwiftCompile normal arm64 /Users/admin/builder/spi-builder-workspace/.dependencies/checkouts/gis-tools/Sources/GISTools/Algorithms/Rewind.swift (in target 'GISTools' from project 'gis-tools')
cd /Users/admin/builder/spi-builder-workspace/.swiftpm/xcode
SwiftCompile normal arm64 /Users/admin/builder/spi-builder-workspace/.dependencies/checkouts/gis-tools/Sources/GISTools/Algorithms/RhumbBearing.swift (in target 'GISTools' from project 'gis-tools')
cd /Users/admin/builder/spi-builder-workspace/.swiftpm/xcode
SwiftCompile normal arm64 /Users/admin/builder/spi-builder-workspace/.dependencies/checkouts/gis-tools/Sources/GISTools/Algorithms/RhumbDestination.swift (in target 'GISTools' from project 'gis-tools')
cd /Users/admin/builder/spi-builder-workspace/.swiftpm/xcode
SwiftCompile normal arm64 /Users/admin/builder/spi-builder-workspace/.dependencies/checkouts/gis-tools/Sources/GISTools/Algorithms/RhumbDistance.swift (in target 'GISTools' from project 'gis-tools')
cd /Users/admin/builder/spi-builder-workspace/.swiftpm/xcode
SwiftCompile normal arm64 /Users/admin/builder/spi-builder-workspace/.dependencies/checkouts/gis-tools/Sources/GISTools/Algorithms/Sample.swift (in target 'GISTools' from project 'gis-tools')
cd /Users/admin/builder/spi-builder-workspace/.swiftpm/xcode
SwiftCompile normal arm64 /Users/admin/builder/spi-builder-workspace/.dependencies/checkouts/gis-tools/Sources/GISTools/Algorithms/Sector.swift (in target 'GISTools' from project 'gis-tools')
cd /Users/admin/builder/spi-builder-workspace/.swiftpm/xcode
SwiftDriverJobDiscovery normal arm64 Compiling SharedPaths.swift, Simplify.swift, SnapToGrid.swift, SquareGrid.swift, SymmetricDifference.swift, Tesselate.swift, TileCover.swift, Tin.swift, TransformCoordinates.swift, TransformRotate.swift, TransformScale.swift, TransformTranslate.swift, TriangleGrid.swift, Truncate.swift, UnaryUnion.swift, Union.swift, Validatable.swift (in target 'GISTools' from project 'gis-tools')
SwiftCompile normal arm64_32 Compiling\ Ring.swift,\ TWKBCoder.swift,\ WKBCoder.swift,\ WKTCoder.swift,\ Edge.swift,\ Graph+AStar.swift,\ Graph+ArticulationPoints.swift,\ Graph+BetweennessCentrality.swift,\ Graph+Bidirectional.swift,\ Graph+Bridges.swift,\ Graph+Contraction.swift,\ Graph+Convenience.swift,\ Graph+Cycles.swift,\ Graph+DeadEnds.swift,\ Graph+Edges.swift,\ Graph+Eulerian.swift,\ Graph+KShortestPaths.swift /Users/admin/builder/spi-builder-workspace/.dependencies/checkouts/gis-tools/Sources/GISTools/GeoJson/Ring.swift /Users/admin/builder/spi-builder-workspace/.dependencies/checkouts/gis-tools/Sources/GISTools/GeoJson/TWKBCoder.swift /Users/admin/builder/spi-builder-workspace/.dependencies/checkouts/gis-tools/Sources/GISTools/GeoJson/WKBCoder.swift /Users/admin/builder/spi-builder-workspace/.dependencies/checkouts/gis-tools/Sources/GISTools/GeoJson/WKTCoder.swift /Users/admin/builder/spi-builder-workspace/.dependencies/checkouts/gis-tools/Sources/GISTools/Graph/Edge.swift /Users/admin/builder/spi-builder-workspace/.dependencies/checkouts/gis-tools/Sources/GISTools/Graph/Graph+AStar.swift /Users/admin/builder/spi-builder-workspace/.dependencies/checkouts/gis-tools/Sources/GISTools/Graph/Graph+ArticulationPoints.swift /Users/admin/builder/spi-builder-workspace/.dependencies/checkouts/gis-tools/Sources/GISTools/Graph/Graph+BetweennessCentrality.swift /Users/admin/builder/spi-builder-workspace/.dependencies/checkouts/gis-tools/Sources/GISTools/Graph/Graph+Bidirectional.swift /Users/admin/builder/spi-builder-workspace/.dependencies/checkouts/gis-tools/Sources/GISTools/Graph/Graph+Bridges.swift /Users/admin/builder/spi-builder-workspace/.dependencies/checkouts/gis-tools/Sources/GISTools/Graph/Graph+Contraction.swift /Users/admin/builder/spi-builder-workspace/.dependencies/checkouts/gis-tools/Sources/GISTools/Graph/Graph+Convenience.swift /Users/admin/builder/spi-builder-workspace/.dependencies/checkouts/gis-tools/Sources/GISTools/Graph/Graph+Cycles.swift /Users/admin/builder/spi-builder-workspace/.dependencies/checkouts/gis-tools/Sources/GISTools/Graph/Graph+DeadEnds.swift /Users/admin/builder/spi-builder-workspace/.dependencies/checkouts/gis-tools/Sources/GISTools/Graph/Graph+Edges.swift /Users/admin/builder/spi-builder-workspace/.dependencies/checkouts/gis-tools/Sources/GISTools/Graph/Graph+Eulerian.swift /Users/admin/builder/spi-builder-workspace/.dependencies/checkouts/gis-tools/Sources/GISTools/Graph/Graph+KShortestPaths.swift (in target 'GISTools' from project 'gis-tools')
SwiftCompile normal arm64_32 /Users/admin/builder/spi-builder-workspace/.dependencies/checkouts/gis-tools/Sources/GISTools/GeoJson/Ring.swift (in target 'GISTools' from project 'gis-tools')
cd /Users/admin/builder/spi-builder-workspace/.swiftpm/xcode
SwiftCompile normal arm64_32 /Users/admin/builder/spi-builder-workspace/.dependencies/checkouts/gis-tools/Sources/GISTools/GeoJson/TWKBCoder.swift (in target 'GISTools' from project 'gis-tools')
cd /Users/admin/builder/spi-builder-workspace/.swiftpm/xcode
SwiftCompile normal arm64_32 /Users/admin/builder/spi-builder-workspace/.dependencies/checkouts/gis-tools/Sources/GISTools/GeoJson/WKBCoder.swift (in target 'GISTools' from project 'gis-tools')
cd /Users/admin/builder/spi-builder-workspace/.swiftpm/xcode
SwiftCompile normal arm64_32 /Users/admin/builder/spi-builder-workspace/.dependencies/checkouts/gis-tools/Sources/GISTools/GeoJson/WKTCoder.swift (in target 'GISTools' from project 'gis-tools')
cd /Users/admin/builder/spi-builder-workspace/.swiftpm/xcode
SwiftCompile normal arm64_32 /Users/admin/builder/spi-builder-workspace/.dependencies/checkouts/gis-tools/Sources/GISTools/Graph/Edge.swift (in target 'GISTools' from project 'gis-tools')
cd /Users/admin/builder/spi-builder-workspace/.swiftpm/xcode
SwiftCompile normal arm64_32 /Users/admin/builder/spi-builder-workspace/.dependencies/checkouts/gis-tools/Sources/GISTools/Graph/Graph+AStar.swift (in target 'GISTools' from project 'gis-tools')
cd /Users/admin/builder/spi-builder-workspace/.swiftpm/xcode
SwiftCompile normal arm64_32 /Users/admin/builder/spi-builder-workspace/.dependencies/checkouts/gis-tools/Sources/GISTools/Graph/Graph+ArticulationPoints.swift (in target 'GISTools' from project 'gis-tools')
cd /Users/admin/builder/spi-builder-workspace/.swiftpm/xcode
SwiftCompile normal arm64_32 /Users/admin/builder/spi-builder-workspace/.dependencies/checkouts/gis-tools/Sources/GISTools/Graph/Graph+BetweennessCentrality.swift (in target 'GISTools' from project 'gis-tools')
cd /Users/admin/builder/spi-builder-workspace/.swiftpm/xcode
SwiftCompile normal arm64_32 /Users/admin/builder/spi-builder-workspace/.dependencies/checkouts/gis-tools/Sources/GISTools/Graph/Graph+Bidirectional.swift (in target 'GISTools' from project 'gis-tools')
cd /Users/admin/builder/spi-builder-workspace/.swiftpm/xcode
SwiftCompile normal arm64_32 /Users/admin/builder/spi-builder-workspace/.dependencies/checkouts/gis-tools/Sources/GISTools/Graph/Graph+Bridges.swift (in target 'GISTools' from project 'gis-tools')
cd /Users/admin/builder/spi-builder-workspace/.swiftpm/xcode
SwiftCompile normal arm64_32 /Users/admin/builder/spi-builder-workspace/.dependencies/checkouts/gis-tools/Sources/GISTools/Graph/Graph+Contraction.swift (in target 'GISTools' from project 'gis-tools')
cd /Users/admin/builder/spi-builder-workspace/.swiftpm/xcode
SwiftCompile normal arm64_32 /Users/admin/builder/spi-builder-workspace/.dependencies/checkouts/gis-tools/Sources/GISTools/Graph/Graph+Convenience.swift (in target 'GISTools' from project 'gis-tools')
cd /Users/admin/builder/spi-builder-workspace/.swiftpm/xcode
SwiftCompile normal arm64_32 /Users/admin/builder/spi-builder-workspace/.dependencies/checkouts/gis-tools/Sources/GISTools/Graph/Graph+Cycles.swift (in target 'GISTools' from project 'gis-tools')
cd /Users/admin/builder/spi-builder-workspace/.swiftpm/xcode
SwiftCompile normal arm64_32 /Users/admin/builder/spi-builder-workspace/.dependencies/checkouts/gis-tools/Sources/GISTools/Graph/Graph+DeadEnds.swift (in target 'GISTools' from project 'gis-tools')
cd /Users/admin/builder/spi-builder-workspace/.swiftpm/xcode
SwiftCompile normal arm64_32 /Users/admin/builder/spi-builder-workspace/.dependencies/checkouts/gis-tools/Sources/GISTools/Graph/Graph+Edges.swift (in target 'GISTools' from project 'gis-tools')
cd /Users/admin/builder/spi-builder-workspace/.swiftpm/xcode
SwiftCompile normal arm64_32 /Users/admin/builder/spi-builder-workspace/.dependencies/checkouts/gis-tools/Sources/GISTools/Graph/Graph+Eulerian.swift (in target 'GISTools' from project 'gis-tools')
cd /Users/admin/builder/spi-builder-workspace/.swiftpm/xcode
SwiftCompile normal arm64_32 /Users/admin/builder/spi-builder-workspace/.dependencies/checkouts/gis-tools/Sources/GISTools/Graph/Graph+KShortestPaths.swift (in target 'GISTools' from project 'gis-tools')
cd /Users/admin/builder/spi-builder-workspace/.swiftpm/xcode
SwiftDriverJobDiscovery normal arm64 Compiling Along.swift, AntimeridianCutting.swift, Area.swift, Bearing.swift, BezierSpline.swift, BooleanClockwise.swift, BooleanConcave.swift, BooleanContains.swift, BooleanCovers.swift, BooleanCrosses.swift, BooleanDisjoint.swift, BooleanIntersects.swift, BooleanOverlap.swift, BooleanParallel.swift, BooleanPointInPolygon.swift, BooleanPointOnLine.swift, BooleanTouches.swift, Boundary.swift (in target 'GISTools' from project 'gis-tools')
SwiftCompile normal arm64 Compiling\ EnumerateProperties.swift,\ Flatten.swift,\ Flip.swift,\ FrechetDistance.swift,\ GreatCircle.swift,\ HausdorffDistance.swift,\ HexGrid.swift,\ Intersection.swift,\ IsoLines.swift,\ Kinks.swift,\ Length.swift,\ LineArc.swift,\ LineChunk.swift,\ LineIntersection.swift,\ LineMerge.swift,\ LineOffset.swift,\ LineOverlap.swift,\ LineSegments.swift /Users/admin/builder/spi-builder-workspace/.dependencies/checkouts/gis-tools/Sources/GISTools/Algorithms/EnumerateProperties.swift /Users/admin/builder/spi-builder-workspace/.dependencies/checkouts/gis-tools/Sources/GISTools/Algorithms/Flatten.swift /Users/admin/builder/spi-builder-workspace/.dependencies/checkouts/gis-tools/Sources/GISTools/Algorithms/Flip.swift /Users/admin/builder/spi-builder-workspace/.dependencies/checkouts/gis-tools/Sources/GISTools/Algorithms/FrechetDistance.swift /Users/admin/builder/spi-builder-workspace/.dependencies/checkouts/gis-tools/Sources/GISTools/Algorithms/GreatCircle.swift /Users/admin/builder/spi-builder-workspace/.dependencies/checkouts/gis-tools/Sources/GISTools/Algorithms/HausdorffDistance.swift /Users/admin/builder/spi-builder-workspace/.dependencies/checkouts/gis-tools/Sources/GISTools/Algorithms/HexGrid.swift /Users/admin/builder/spi-builder-workspace/.dependencies/checkouts/gis-tools/Sources/GISTools/Algorithms/Intersection.swift /Users/admin/builder/spi-builder-workspace/.dependencies/checkouts/gis-tools/Sources/GISTools/Algorithms/IsoLines.swift /Users/admin/builder/spi-builder-workspace/.dependencies/checkouts/gis-tools/Sources/GISTools/Algorithms/Kinks.swift /Users/admin/builder/spi-builder-workspace/.dependencies/checkouts/gis-tools/Sources/GISTools/Algorithms/Length.swift /Users/admin/builder/spi-builder-workspace/.dependencies/checkouts/gis-tools/Sources/GISTools/Algorithms/LineArc.swift /Users/admin/builder/spi-builder-workspace/.dependencies/checkouts/gis-tools/Sources/GISTools/Algorithms/LineChunk.swift /Users/admin/builder/spi-builder-workspace/.dependencies/checkouts/gis-tools/Sources/GISTools/Algorithms/LineIntersection.swift /Users/admin/builder/spi-builder-workspace/.dependencies/checkouts/gis-tools/Sources/GISTools/Algorithms/LineMerge.swift /Users/admin/builder/spi-builder-workspace/.dependencies/checkouts/gis-tools/Sources/GISTools/Algorithms/LineOffset.swift /Users/admin/builder/spi-builder-workspace/.dependencies/checkouts/gis-tools/Sources/GISTools/Algorithms/LineOverlap.swift /Users/admin/builder/spi-builder-workspace/.dependencies/checkouts/gis-tools/Sources/GISTools/Algorithms/LineSegments.swift (in target 'GISTools' from project 'gis-tools')
SwiftCompile normal arm64 /Users/admin/builder/spi-builder-workspace/.dependencies/checkouts/gis-tools/Sources/GISTools/Algorithms/EnumerateProperties.swift (in target 'GISTools' from project 'gis-tools')
cd /Users/admin/builder/spi-builder-workspace/.swiftpm/xcode
SwiftCompile normal arm64 /Users/admin/builder/spi-builder-workspace/.dependencies/checkouts/gis-tools/Sources/GISTools/Algorithms/Flatten.swift (in target 'GISTools' from project 'gis-tools')
cd /Users/admin/builder/spi-builder-workspace/.swiftpm/xcode
SwiftCompile normal arm64 /Users/admin/builder/spi-builder-workspace/.dependencies/checkouts/gis-tools/Sources/GISTools/Algorithms/Flip.swift (in target 'GISTools' from project 'gis-tools')
cd /Users/admin/builder/spi-builder-workspace/.swiftpm/xcode
SwiftCompile normal arm64 /Users/admin/builder/spi-builder-workspace/.dependencies/checkouts/gis-tools/Sources/GISTools/Algorithms/FrechetDistance.swift (in target 'GISTools' from project 'gis-tools')
cd /Users/admin/builder/spi-builder-workspace/.swiftpm/xcode
SwiftCompile normal arm64 /Users/admin/builder/spi-builder-workspace/.dependencies/checkouts/gis-tools/Sources/GISTools/Algorithms/GreatCircle.swift (in target 'GISTools' from project 'gis-tools')
cd /Users/admin/builder/spi-builder-workspace/.swiftpm/xcode
SwiftCompile normal arm64 /Users/admin/builder/spi-builder-workspace/.dependencies/checkouts/gis-tools/Sources/GISTools/Algorithms/HausdorffDistance.swift (in target 'GISTools' from project 'gis-tools')
cd /Users/admin/builder/spi-builder-workspace/.swiftpm/xcode
SwiftCompile normal arm64 /Users/admin/builder/spi-builder-workspace/.dependencies/checkouts/gis-tools/Sources/GISTools/Algorithms/HexGrid.swift (in target 'GISTools' from project 'gis-tools')
cd /Users/admin/builder/spi-builder-workspace/.swiftpm/xcode
SwiftCompile normal arm64 /Users/admin/builder/spi-builder-workspace/.dependencies/checkouts/gis-tools/Sources/GISTools/Algorithms/Intersection.swift (in target 'GISTools' from project 'gis-tools')
cd /Users/admin/builder/spi-builder-workspace/.swiftpm/xcode
SwiftCompile normal arm64 /Users/admin/builder/spi-builder-workspace/.dependencies/checkouts/gis-tools/Sources/GISTools/Algorithms/IsoLines.swift (in target 'GISTools' from project 'gis-tools')
cd /Users/admin/builder/spi-builder-workspace/.swiftpm/xcode
SwiftCompile normal arm64 /Users/admin/builder/spi-builder-workspace/.dependencies/checkouts/gis-tools/Sources/GISTools/Algorithms/Kinks.swift (in target 'GISTools' from project 'gis-tools')
cd /Users/admin/builder/spi-builder-workspace/.swiftpm/xcode
SwiftCompile normal arm64 /Users/admin/builder/spi-builder-workspace/.dependencies/checkouts/gis-tools/Sources/GISTools/Algorithms/Length.swift (in target 'GISTools' from project 'gis-tools')
cd /Users/admin/builder/spi-builder-workspace/.swiftpm/xcode
SwiftCompile normal arm64 /Users/admin/builder/spi-builder-workspace/.dependencies/checkouts/gis-tools/Sources/GISTools/Algorithms/LineArc.swift (in target 'GISTools' from project 'gis-tools')
cd /Users/admin/builder/spi-builder-workspace/.swiftpm/xcode
SwiftCompile normal arm64 /Users/admin/builder/spi-builder-workspace/.dependencies/checkouts/gis-tools/Sources/GISTools/Algorithms/LineChunk.swift (in target 'GISTools' from project 'gis-tools')
cd /Users/admin/builder/spi-builder-workspace/.swiftpm/xcode
SwiftCompile normal arm64 /Users/admin/builder/spi-builder-workspace/.dependencies/checkouts/gis-tools/Sources/GISTools/Algorithms/LineIntersection.swift (in target 'GISTools' from project 'gis-tools')
cd /Users/admin/builder/spi-builder-workspace/.swiftpm/xcode
SwiftCompile normal arm64 /Users/admin/builder/spi-builder-workspace/.dependencies/checkouts/gis-tools/Sources/GISTools/Algorithms/LineMerge.swift (in target 'GISTools' from project 'gis-tools')
cd /Users/admin/builder/spi-builder-workspace/.swiftpm/xcode
SwiftCompile normal arm64 /Users/admin/builder/spi-builder-workspace/.dependencies/checkouts/gis-tools/Sources/GISTools/Algorithms/LineOffset.swift (in target 'GISTools' from project 'gis-tools')
cd /Users/admin/builder/spi-builder-workspace/.swiftpm/xcode
SwiftCompile normal arm64 /Users/admin/builder/spi-builder-workspace/.dependencies/checkouts/gis-tools/Sources/GISTools/Algorithms/LineOverlap.swift (in target 'GISTools' from project 'gis-tools')
cd /Users/admin/builder/spi-builder-workspace/.swiftpm/xcode
SwiftCompile normal arm64 /Users/admin/builder/spi-builder-workspace/.dependencies/checkouts/gis-tools/Sources/GISTools/Algorithms/LineSegments.swift (in target 'GISTools' from project 'gis-tools')
cd /Users/admin/builder/spi-builder-workspace/.swiftpm/xcode
SwiftDriverJobDiscovery normal arm64 Compiling Ring.swift, TWKBCoder.swift, WKBCoder.swift, WKTCoder.swift, Edge.swift, Graph+AStar.swift, Graph+ArticulationPoints.swift, Graph+BetweennessCentrality.swift, Graph+Bidirectional.swift, Graph+Bridges.swift, Graph+Contraction.swift, Graph+Convenience.swift, Graph+Cycles.swift, Graph+DeadEnds.swift, Graph+Edges.swift, Graph+Eulerian.swift, Graph+KShortestPaths.swift (in target 'GISTools' from project 'gis-tools')
SwiftCompile normal arm64 Compiling\ Voronoi.swift,\ ArrayExtensions.swift,\ CLLocationDegreesExtensions.swift,\ DataExtensions.swift,\ DoubleExtensions.swift,\ EquatableExtensions.swift,\ FeatureIdentifierExtensions.swift,\ FixedWidthIntegerExtensions.swift,\ IntExtensions.swift,\ SetExtensions.swift,\ StringExtensions.swift,\ GISTool.swift,\ BoundingBox.swift,\ BoundingBoxRepresentable.swift,\ Cartesian3D.swift,\ Coordinate3D.swift,\ Feature.swift /Users/admin/builder/spi-builder-workspace/.dependencies/checkouts/gis-tools/Sources/GISTools/Algorithms/Voronoi.swift /Users/admin/builder/spi-builder-workspace/.dependencies/checkouts/gis-tools/Sources/GISTools/Extensions/ArrayExtensions.swift /Users/admin/builder/spi-builder-workspace/.dependencies/checkouts/gis-tools/Sources/GISTools/Extensions/CLLocationDegreesExtensions.swift /Users/admin/builder/spi-builder-workspace/.dependencies/checkouts/gis-tools/Sources/GISTools/Extensions/DataExtensions.swift /Users/admin/builder/spi-builder-workspace/.dependencies/checkouts/gis-tools/Sources/GISTools/Extensions/DoubleExtensions.swift /Users/admin/builder/spi-builder-workspace/.dependencies/checkouts/gis-tools/Sources/GISTools/Extensions/EquatableExtensions.swift /Users/admin/builder/spi-builder-workspace/.dependencies/checkouts/gis-tools/Sources/GISTools/Extensions/FeatureIdentifierExtensions.swift /Users/admin/builder/spi-builder-workspace/.dependencies/checkouts/gis-tools/Sources/GISTools/Extensions/FixedWidthIntegerExtensions.swift /Users/admin/builder/spi-builder-workspace/.dependencies/checkouts/gis-tools/Sources/GISTools/Extensions/IntExtensions.swift /Users/admin/builder/spi-builder-workspace/.dependencies/checkouts/gis-tools/Sources/GISTools/Extensions/SetExtensions.swift /Users/admin/builder/spi-builder-workspace/.dependencies/checkouts/gis-tools/Sources/GISTools/Extensions/StringExtensions.swift /Users/admin/builder/spi-builder-workspace/.dependencies/checkouts/gis-tools/Sources/GISTools/GISTool.swift /Users/admin/builder/spi-builder-workspace/.dependencies/checkouts/gis-tools/Sources/GISTools/GeoJson/BoundingBox.swift /Users/admin/builder/spi-builder-workspace/.dependencies/checkouts/gis-tools/Sources/GISTools/GeoJson/BoundingBoxRepresentable.swift /Users/admin/builder/spi-builder-workspace/.dependencies/checkouts/gis-tools/Sources/GISTools/GeoJson/Cartesian3D.swift /Users/admin/builder/spi-builder-workspace/.dependencies/checkouts/gis-tools/Sources/GISTools/GeoJson/Coordinate3D.swift /Users/admin/builder/spi-builder-workspace/.dependencies/checkouts/gis-tools/Sources/GISTools/GeoJson/Feature.swift (in target 'GISTools' from project 'gis-tools')
SwiftCompile normal arm64 /Users/admin/builder/spi-builder-workspace/.dependencies/checkouts/gis-tools/Sources/GISTools/Algorithms/Voronoi.swift (in target 'GISTools' from project 'gis-tools')
cd /Users/admin/builder/spi-builder-workspace/.swiftpm/xcode
SwiftCompile normal arm64 /Users/admin/builder/spi-builder-workspace/.dependencies/checkouts/gis-tools/Sources/GISTools/Extensions/ArrayExtensions.swift (in target 'GISTools' from project 'gis-tools')
cd /Users/admin/builder/spi-builder-workspace/.swiftpm/xcode
SwiftCompile normal arm64 /Users/admin/builder/spi-builder-workspace/.dependencies/checkouts/gis-tools/Sources/GISTools/Extensions/CLLocationDegreesExtensions.swift (in target 'GISTools' from project 'gis-tools')
cd /Users/admin/builder/spi-builder-workspace/.swiftpm/xcode
SwiftCompile normal arm64 /Users/admin/builder/spi-builder-workspace/.dependencies/checkouts/gis-tools/Sources/GISTools/Extensions/DataExtensions.swift (in target 'GISTools' from project 'gis-tools')
cd /Users/admin/builder/spi-builder-workspace/.swiftpm/xcode
SwiftCompile normal arm64 /Users/admin/builder/spi-builder-workspace/.dependencies/checkouts/gis-tools/Sources/GISTools/Extensions/DoubleExtensions.swift (in target 'GISTools' from project 'gis-tools')
cd /Users/admin/builder/spi-builder-workspace/.swiftpm/xcode
SwiftCompile normal arm64 /Users/admin/builder/spi-builder-workspace/.dependencies/checkouts/gis-tools/Sources/GISTools/Extensions/EquatableExtensions.swift (in target 'GISTools' from project 'gis-tools')
cd /Users/admin/builder/spi-builder-workspace/.swiftpm/xcode
SwiftCompile normal arm64 /Users/admin/builder/spi-builder-workspace/.dependencies/checkouts/gis-tools/Sources/GISTools/Extensions/FeatureIdentifierExtensions.swift (in target 'GISTools' from project 'gis-tools')
cd /Users/admin/builder/spi-builder-workspace/.swiftpm/xcode
SwiftCompile normal arm64 /Users/admin/builder/spi-builder-workspace/.dependencies/checkouts/gis-tools/Sources/GISTools/Extensions/FixedWidthIntegerExtensions.swift (in target 'GISTools' from project 'gis-tools')
cd /Users/admin/builder/spi-builder-workspace/.swiftpm/xcode
SwiftCompile normal arm64 /Users/admin/builder/spi-builder-workspace/.dependencies/checkouts/gis-tools/Sources/GISTools/Extensions/IntExtensions.swift (in target 'GISTools' from project 'gis-tools')
cd /Users/admin/builder/spi-builder-workspace/.swiftpm/xcode
SwiftCompile normal arm64 /Users/admin/builder/spi-builder-workspace/.dependencies/checkouts/gis-tools/Sources/GISTools/Extensions/SetExtensions.swift (in target 'GISTools' from project 'gis-tools')
cd /Users/admin/builder/spi-builder-workspace/.swiftpm/xcode
SwiftCompile normal arm64 /Users/admin/builder/spi-builder-workspace/.dependencies/checkouts/gis-tools/Sources/GISTools/Extensions/StringExtensions.swift (in target 'GISTools' from project 'gis-tools')
cd /Users/admin/builder/spi-builder-workspace/.swiftpm/xcode
SwiftCompile normal arm64 /Users/admin/builder/spi-builder-workspace/.dependencies/checkouts/gis-tools/Sources/GISTools/GISTool.swift (in target 'GISTools' from project 'gis-tools')
cd /Users/admin/builder/spi-builder-workspace/.swiftpm/xcode
SwiftCompile normal arm64 /Users/admin/builder/spi-builder-workspace/.dependencies/checkouts/gis-tools/Sources/GISTools/GeoJson/BoundingBox.swift (in target 'GISTools' from project 'gis-tools')
cd /Users/admin/builder/spi-builder-workspace/.swiftpm/xcode
SwiftCompile normal arm64 /Users/admin/builder/spi-builder-workspace/.dependencies/checkouts/gis-tools/Sources/GISTools/GeoJson/BoundingBoxRepresentable.swift (in target 'GISTools' from project 'gis-tools')
cd /Users/admin/builder/spi-builder-workspace/.swiftpm/xcode
SwiftCompile normal arm64 /Users/admin/builder/spi-builder-workspace/.dependencies/checkouts/gis-tools/Sources/GISTools/GeoJson/Cartesian3D.swift (in target 'GISTools' from project 'gis-tools')
cd /Users/admin/builder/spi-builder-workspace/.swiftpm/xcode
SwiftCompile normal arm64 /Users/admin/builder/spi-builder-workspace/.dependencies/checkouts/gis-tools/Sources/GISTools/GeoJson/Coordinate3D.swift (in target 'GISTools' from project 'gis-tools')
cd /Users/admin/builder/spi-builder-workspace/.swiftpm/xcode
SwiftCompile normal arm64 /Users/admin/builder/spi-builder-workspace/.dependencies/checkouts/gis-tools/Sources/GISTools/GeoJson/Feature.swift (in target 'GISTools' from project 'gis-tools')
cd /Users/admin/builder/spi-builder-workspace/.swiftpm/xcode
SwiftDriverJobDiscovery normal arm64 Compiling BoundingBoxClip.swift, BoundingBoxPosition.swift, Buffer.swift, Center.swift, Circle.swift, Clean.swift, Clusters.swift, Collect.swift, ConcaveHull.swift, Conversions.swift, ConvexHull.swift, Densify.swift, Destination.swift, Difference.swift, Dissolve.swift, Distance.swift, Ellipse.swift, EnumerateCoordinates.swift (in target 'GISTools' from project 'gis-tools')
SwiftCompile normal arm64 Compiling\ Graph+Merge.swift,\ Graph+MinimumSpanningTree.swift,\ Graph+MultiCriteriaPath.swift,\ Graph+NodeOnEdge.swift,\ Graph+Nodes.swift,\ Graph+Partitioning.swift,\ Graph+ShortestPath.swift,\ Graph+StronglyConnectedComponents.swift,\ Graph+Subgraph.swift,\ Graph+Traversal.swift,\ Graph+Tsp.swift,\ Graph.swift,\ MinHeap.swift,\ Node.swift,\ MapTile.swift,\ FeatureCollection+Query.swift,\ QueryParser.swift /Users/admin/builder/spi-builder-workspace/.dependencies/checkouts/gis-tools/Sources/GISTools/Graph/Graph+Merge.swift /Users/admin/builder/spi-builder-workspace/.dependencies/checkouts/gis-tools/Sources/GISTools/Graph/Graph+MinimumSpanningTree.swift /Users/admin/builder/spi-builder-workspace/.dependencies/checkouts/gis-tools/Sources/GISTools/Graph/Graph+MultiCriteriaPath.swift /Users/admin/builder/spi-builder-workspace/.dependencies/checkouts/gis-tools/Sources/GISTools/Graph/Graph+NodeOnEdge.swift /Users/admin/builder/spi-builder-workspace/.dependencies/checkouts/gis-tools/Sources/GISTools/Graph/Graph+Nodes.swift /Users/admin/builder/spi-builder-workspace/.dependencies/checkouts/gis-tools/Sources/GISTools/Graph/Graph+Partitioning.swift /Users/admin/builder/spi-builder-workspace/.dependencies/checkouts/gis-tools/Sources/GISTools/Graph/Graph+ShortestPath.swift /Users/admin/builder/spi-builder-workspace/.dependencies/checkouts/gis-tools/Sources/GISTools/Graph/Graph+StronglyConnectedComponents.swift /Users/admin/builder/spi-builder-workspace/.dependencies/checkouts/gis-tools/Sources/GISTools/Graph/Graph+Subgraph.swift /Users/admin/builder/spi-builder-workspace/.dependencies/checkouts/gis-tools/Sources/GISTools/Graph/Graph+Traversal.swift /Users/admin/builder/spi-builder-workspace/.dependencies/checkouts/gis-tools/Sources/GISTools/Graph/Graph+Tsp.swift /Users/admin/builder/spi-builder-workspace/.dependencies/checkouts/gis-tools/Sources/GISTools/Graph/Graph.swift /Users/admin/builder/spi-builder-workspace/.dependencies/checkouts/gis-tools/Sources/GISTools/Graph/MinHeap.swift /Users/admin/builder/spi-builder-workspace/.dependencies/checkouts/gis-tools/Sources/GISTools/Graph/Node.swift /Users/admin/builder/spi-builder-workspace/.dependencies/checkouts/gis-tools/Sources/GISTools/Other/MapTile.swift /Users/admin/builder/spi-builder-workspace/.dependencies/checkouts/gis-tools/Sources/GISTools/Query/FeatureCollection+Query.swift /Users/admin/builder/spi-builder-workspace/.dependencies/checkouts/gis-tools/Sources/GISTools/Query/QueryParser.swift (in target 'GISTools' from project 'gis-tools')
SwiftCompile normal arm64 /Users/admin/builder/spi-builder-workspace/.dependencies/checkouts/gis-tools/Sources/GISTools/Graph/Graph+Merge.swift (in target 'GISTools' from project 'gis-tools')
cd /Users/admin/builder/spi-builder-workspace/.swiftpm/xcode
SwiftCompile normal arm64 /Users/admin/builder/spi-builder-workspace/.dependencies/checkouts/gis-tools/Sources/GISTools/Graph/Graph+MinimumSpanningTree.swift (in target 'GISTools' from project 'gis-tools')
cd /Users/admin/builder/spi-builder-workspace/.swiftpm/xcode
SwiftCompile normal arm64 /Users/admin/builder/spi-builder-workspace/.dependencies/checkouts/gis-tools/Sources/GISTools/Graph/Graph+MultiCriteriaPath.swift (in target 'GISTools' from project 'gis-tools')
cd /Users/admin/builder/spi-builder-workspace/.swiftpm/xcode
SwiftCompile normal arm64 /Users/admin/builder/spi-builder-workspace/.dependencies/checkouts/gis-tools/Sources/GISTools/Graph/Graph+NodeOnEdge.swift (in target 'GISTools' from project 'gis-tools')
cd /Users/admin/builder/spi-builder-workspace/.swiftpm/xcode
SwiftCompile normal arm64 /Users/admin/builder/spi-builder-workspace/.dependencies/checkouts/gis-tools/Sources/GISTools/Graph/Graph+Nodes.swift (in target 'GISTools' from project 'gis-tools')
cd /Users/admin/builder/spi-builder-workspace/.swiftpm/xcode
SwiftCompile normal arm64 /Users/admin/builder/spi-builder-workspace/.dependencies/checkouts/gis-tools/Sources/GISTools/Graph/Graph+Partitioning.swift (in target 'GISTools' from project 'gis-tools')
cd /Users/admin/builder/spi-builder-workspace/.swiftpm/xcode
SwiftCompile normal arm64 /Users/admin/builder/spi-builder-workspace/.dependencies/checkouts/gis-tools/Sources/GISTools/Graph/Graph+ShortestPath.swift (in target 'GISTools' from project 'gis-tools')
cd /Users/admin/builder/spi-builder-workspace/.swiftpm/xcode
SwiftCompile normal arm64 /Users/admin/builder/spi-builder-workspace/.dependencies/checkouts/gis-tools/Sources/GISTools/Graph/Graph+StronglyConnectedComponents.swift (in target 'GISTools' from project 'gis-tools')
cd /Users/admin/builder/spi-builder-workspace/.swiftpm/xcode
SwiftCompile normal arm64 /Users/admin/builder/spi-builder-workspace/.dependencies/checkouts/gis-tools/Sources/GISTools/Graph/Graph+Subgraph.swift (in target 'GISTools' from project 'gis-tools')
cd /Users/admin/builder/spi-builder-workspace/.swiftpm/xcode
SwiftCompile normal arm64 /Users/admin/builder/spi-builder-workspace/.dependencies/checkouts/gis-tools/Sources/GISTools/Graph/Graph+Traversal.swift (in target 'GISTools' from project 'gis-tools')
cd /Users/admin/builder/spi-builder-workspace/.swiftpm/xcode
SwiftCompile normal arm64 /Users/admin/builder/spi-builder-workspace/.dependencies/checkouts/gis-tools/Sources/GISTools/Graph/Graph+Tsp.swift (in target 'GISTools' from project 'gis-tools')
cd /Users/admin/builder/spi-builder-workspace/.swiftpm/xcode
SwiftCompile normal arm64 /Users/admin/builder/spi-builder-workspace/.dependencies/checkouts/gis-tools/Sources/GISTools/Graph/Graph.swift (in target 'GISTools' from project 'gis-tools')
cd /Users/admin/builder/spi-builder-workspace/.swiftpm/xcode
SwiftCompile normal arm64 /Users/admin/builder/spi-builder-workspace/.dependencies/checkouts/gis-tools/Sources/GISTools/Graph/MinHeap.swift (in target 'GISTools' from project 'gis-tools')
cd /Users/admin/builder/spi-builder-workspace/.swiftpm/xcode
SwiftCompile normal arm64 /Users/admin/builder/spi-builder-workspace/.dependencies/checkouts/gis-tools/Sources/GISTools/Graph/Node.swift (in target 'GISTools' from project 'gis-tools')
cd /Users/admin/builder/spi-builder-workspace/.swiftpm/xcode
SwiftCompile normal arm64 /Users/admin/builder/spi-builder-workspace/.dependencies/checkouts/gis-tools/Sources/GISTools/Other/MapTile.swift (in target 'GISTools' from project 'gis-tools')
cd /Users/admin/builder/spi-builder-workspace/.swiftpm/xcode
SwiftCompile normal arm64 /Users/admin/builder/spi-builder-workspace/.dependencies/checkouts/gis-tools/Sources/GISTools/Query/FeatureCollection+Query.swift (in target 'GISTools' from project 'gis-tools')
cd /Users/admin/builder/spi-builder-workspace/.swiftpm/xcode
SwiftCompile normal arm64 /Users/admin/builder/spi-builder-workspace/.dependencies/checkouts/gis-tools/Sources/GISTools/Query/QueryParser.swift (in target 'GISTools' from project 'gis-tools')
cd /Users/admin/builder/spi-builder-workspace/.swiftpm/xcode
SwiftDriverJobDiscovery normal arm64 Compiling LineSlice.swift, LineSliceAlong.swift, LineSplit.swift, MakeValid.swift, Mask.swift, MaximumInscribedCircle.swift, MidPoint.swift, MinimumBoundingCircle.swift, MinkowskiSum.swift, NearestPoint.swift, NearestPointOnFeature.swift, NearestPointOnLine.swift, NearestPointToLine.swift, OrientedEnvelope.swift, Overlay.swift, Planepoint.swift, PointGrid.swift (in target 'GISTools' from project 'gis-tools')
SwiftCompile normal armv7k Compiling\ Along.swift,\ AntimeridianCutting.swift,\ Area.swift,\ Bearing.swift,\ BezierSpline.swift,\ BooleanClockwise.swift,\ BooleanConcave.swift,\ BooleanContains.swift,\ BooleanCovers.swift,\ BooleanCrosses.swift,\ BooleanDisjoint.swift,\ BooleanIntersects.swift,\ BooleanOverlap.swift,\ BooleanParallel.swift,\ BooleanPointInPolygon.swift,\ BooleanPointOnLine.swift,\ BooleanTouches.swift,\ Boundary.swift /Users/admin/builder/spi-builder-workspace/.dependencies/checkouts/gis-tools/Sources/GISTools/Algorithms/Along.swift /Users/admin/builder/spi-builder-workspace/.dependencies/checkouts/gis-tools/Sources/GISTools/Algorithms/AntimeridianCutting.swift /Users/admin/builder/spi-builder-workspace/.dependencies/checkouts/gis-tools/Sources/GISTools/Algorithms/Area.swift /Users/admin/builder/spi-builder-workspace/.dependencies/checkouts/gis-tools/Sources/GISTools/Algorithms/Bearing.swift /Users/admin/builder/spi-builder-workspace/.dependencies/checkouts/gis-tools/Sources/GISTools/Algorithms/BezierSpline.swift /Users/admin/builder/spi-builder-workspace/.dependencies/checkouts/gis-tools/Sources/GISTools/Algorithms/BooleanClockwise.swift /Users/admin/builder/spi-builder-workspace/.dependencies/checkouts/gis-tools/Sources/GISTools/Algorithms/BooleanConcave.swift /Users/admin/builder/spi-builder-workspace/.dependencies/checkouts/gis-tools/Sources/GISTools/Algorithms/BooleanContains.swift /Users/admin/builder/spi-builder-workspace/.dependencies/checkouts/gis-tools/Sources/GISTools/Algorithms/BooleanCovers.swift /Users/admin/builder/spi-builder-workspace/.dependencies/checkouts/gis-tools/Sources/GISTools/Algorithms/BooleanCrosses.swift /Users/admin/builder/spi-builder-workspace/.dependencies/checkouts/gis-tools/Sources/GISTools/Algorithms/BooleanDisjoint.swift /Users/admin/builder/spi-builder-workspace/.dependencies/checkouts/gis-tools/Sources/GISTools/Algorithms/BooleanIntersects.swift /Users/admin/builder/spi-builder-workspace/.dependencies/checkouts/gis-tools/Sources/GISTools/Algorithms/BooleanOverlap.swift /Users/admin/builder/spi-builder-workspace/.dependencies/checkouts/gis-tools/Sources/GISTools/Algorithms/BooleanParallel.swift /Users/admin/builder/spi-builder-workspace/.dependencies/checkouts/gis-tools/Sources/GISTools/Algorithms/BooleanPointInPolygon.swift /Users/admin/builder/spi-builder-workspace/.dependencies/checkouts/gis-tools/Sources/GISTools/Algorithms/BooleanPointOnLine.swift /Users/admin/builder/spi-builder-workspace/.dependencies/checkouts/gis-tools/Sources/GISTools/Algorithms/BooleanTouches.swift /Users/admin/builder/spi-builder-workspace/.dependencies/checkouts/gis-tools/Sources/GISTools/Algorithms/Boundary.swift (in target 'GISTools' from project 'gis-tools')
SwiftCompile normal armv7k /Users/admin/builder/spi-builder-workspace/.dependencies/checkouts/gis-tools/Sources/GISTools/Algorithms/Along.swift (in target 'GISTools' from project 'gis-tools')
cd /Users/admin/builder/spi-builder-workspace/.swiftpm/xcode
SwiftCompile normal armv7k /Users/admin/builder/spi-builder-workspace/.dependencies/checkouts/gis-tools/Sources/GISTools/Algorithms/AntimeridianCutting.swift (in target 'GISTools' from project 'gis-tools')
cd /Users/admin/builder/spi-builder-workspace/.swiftpm/xcode
SwiftCompile normal armv7k /Users/admin/builder/spi-builder-workspace/.dependencies/checkouts/gis-tools/Sources/GISTools/Algorithms/Area.swift (in target 'GISTools' from project 'gis-tools')
cd /Users/admin/builder/spi-builder-workspace/.swiftpm/xcode
SwiftCompile normal armv7k /Users/admin/builder/spi-builder-workspace/.dependencies/checkouts/gis-tools/Sources/GISTools/Algorithms/Bearing.swift (in target 'GISTools' from project 'gis-tools')
cd /Users/admin/builder/spi-builder-workspace/.swiftpm/xcode
SwiftCompile normal armv7k /Users/admin/builder/spi-builder-workspace/.dependencies/checkouts/gis-tools/Sources/GISTools/Algorithms/BezierSpline.swift (in target 'GISTools' from project 'gis-tools')
cd /Users/admin/builder/spi-builder-workspace/.swiftpm/xcode
SwiftCompile normal armv7k /Users/admin/builder/spi-builder-workspace/.dependencies/checkouts/gis-tools/Sources/GISTools/Algorithms/BooleanClockwise.swift (in target 'GISTools' from project 'gis-tools')
cd /Users/admin/builder/spi-builder-workspace/.swiftpm/xcode
SwiftCompile normal armv7k /Users/admin/builder/spi-builder-workspace/.dependencies/checkouts/gis-tools/Sources/GISTools/Algorithms/BooleanConcave.swift (in target 'GISTools' from project 'gis-tools')
cd /Users/admin/builder/spi-builder-workspace/.swiftpm/xcode
SwiftCompile normal armv7k /Users/admin/builder/spi-builder-workspace/.dependencies/checkouts/gis-tools/Sources/GISTools/Algorithms/BooleanContains.swift (in target 'GISTools' from project 'gis-tools')
cd /Users/admin/builder/spi-builder-workspace/.swiftpm/xcode
SwiftCompile normal armv7k /Users/admin/builder/spi-builder-workspace/.dependencies/checkouts/gis-tools/Sources/GISTools/Algorithms/BooleanCovers.swift (in target 'GISTools' from project 'gis-tools')
cd /Users/admin/builder/spi-builder-workspace/.swiftpm/xcode
SwiftCompile normal armv7k /Users/admin/builder/spi-builder-workspace/.dependencies/checkouts/gis-tools/Sources/GISTools/Algorithms/BooleanCrosses.swift (in target 'GISTools' from project 'gis-tools')
cd /Users/admin/builder/spi-builder-workspace/.swiftpm/xcode
SwiftCompile normal armv7k /Users/admin/builder/spi-builder-workspace/.dependencies/checkouts/gis-tools/Sources/GISTools/Algorithms/BooleanDisjoint.swift (in target 'GISTools' from project 'gis-tools')
cd /Users/admin/builder/spi-builder-workspace/.swiftpm/xcode
SwiftCompile normal armv7k /Users/admin/builder/spi-builder-workspace/.dependencies/checkouts/gis-tools/Sources/GISTools/Algorithms/BooleanIntersects.swift (in target 'GISTools' from project 'gis-tools')
cd /Users/admin/builder/spi-builder-workspace/.swiftpm/xcode
SwiftCompile normal armv7k /Users/admin/builder/spi-builder-workspace/.dependencies/checkouts/gis-tools/Sources/GISTools/Algorithms/BooleanOverlap.swift (in target 'GISTools' from project 'gis-tools')
cd /Users/admin/builder/spi-builder-workspace/.swiftpm/xcode
SwiftCompile normal armv7k /Users/admin/builder/spi-builder-workspace/.dependencies/checkouts/gis-tools/Sources/GISTools/Algorithms/BooleanParallel.swift (in target 'GISTools' from project 'gis-tools')
cd /Users/admin/builder/spi-builder-workspace/.swiftpm/xcode
SwiftCompile normal armv7k /Users/admin/builder/spi-builder-workspace/.dependencies/checkouts/gis-tools/Sources/GISTools/Algorithms/BooleanPointInPolygon.swift (in target 'GISTools' from project 'gis-tools')
cd /Users/admin/builder/spi-builder-workspace/.swiftpm/xcode
SwiftCompile normal armv7k /Users/admin/builder/spi-builder-workspace/.dependencies/checkouts/gis-tools/Sources/GISTools/Algorithms/BooleanPointOnLine.swift (in target 'GISTools' from project 'gis-tools')
cd /Users/admin/builder/spi-builder-workspace/.swiftpm/xcode
SwiftCompile normal armv7k /Users/admin/builder/spi-builder-workspace/.dependencies/checkouts/gis-tools/Sources/GISTools/Algorithms/BooleanTouches.swift (in target 'GISTools' from project 'gis-tools')
cd /Users/admin/builder/spi-builder-workspace/.swiftpm/xcode
SwiftCompile normal armv7k /Users/admin/builder/spi-builder-workspace/.dependencies/checkouts/gis-tools/Sources/GISTools/Algorithms/Boundary.swift (in target 'GISTools' from project 'gis-tools')
cd /Users/admin/builder/spi-builder-workspace/.swiftpm/xcode
SwiftCompile normal arm64_32 Compiling\ EnumerateProperties.swift,\ Flatten.swift,\ Flip.swift,\ FrechetDistance.swift,\ GreatCircle.swift,\ HausdorffDistance.swift,\ HexGrid.swift,\ Intersection.swift,\ IsoLines.swift,\ Kinks.swift,\ Length.swift,\ LineArc.swift,\ LineChunk.swift,\ LineIntersection.swift,\ LineMerge.swift,\ LineOffset.swift,\ LineOverlap.swift,\ LineSegments.swift /Users/admin/builder/spi-builder-workspace/.dependencies/checkouts/gis-tools/Sources/GISTools/Algorithms/EnumerateProperties.swift /Users/admin/builder/spi-builder-workspace/.dependencies/checkouts/gis-tools/Sources/GISTools/Algorithms/Flatten.swift /Users/admin/builder/spi-builder-workspace/.dependencies/checkouts/gis-tools/Sources/GISTools/Algorithms/Flip.swift /Users/admin/builder/spi-builder-workspace/.dependencies/checkouts/gis-tools/Sources/GISTools/Algorithms/FrechetDistance.swift /Users/admin/builder/spi-builder-workspace/.dependencies/checkouts/gis-tools/Sources/GISTools/Algorithms/GreatCircle.swift /Users/admin/builder/spi-builder-workspace/.dependencies/checkouts/gis-tools/Sources/GISTools/Algorithms/HausdorffDistance.swift /Users/admin/builder/spi-builder-workspace/.dependencies/checkouts/gis-tools/Sources/GISTools/Algorithms/HexGrid.swift /Users/admin/builder/spi-builder-workspace/.dependencies/checkouts/gis-tools/Sources/GISTools/Algorithms/Intersection.swift /Users/admin/builder/spi-builder-workspace/.dependencies/checkouts/gis-tools/Sources/GISTools/Algorithms/IsoLines.swift /Users/admin/builder/spi-builder-workspace/.dependencies/checkouts/gis-tools/Sources/GISTools/Algorithms/Kinks.swift /Users/admin/builder/spi-builder-workspace/.dependencies/checkouts/gis-tools/Sources/GISTools/Algorithms/Length.swift /Users/admin/builder/spi-builder-workspace/.dependencies/checkouts/gis-tools/Sources/GISTools/Algorithms/LineArc.swift /Users/admin/builder/spi-builder-workspace/.dependencies/checkouts/gis-tools/Sources/GISTools/Algorithms/LineChunk.swift /Users/admin/builder/spi-builder-workspace/.dependencies/checkouts/gis-tools/Sources/GISTools/Algorithms/LineIntersection.swift /Users/admin/builder/spi-builder-workspace/.dependencies/checkouts/gis-tools/Sources/GISTools/Algorithms/LineMerge.swift /Users/admin/builder/spi-builder-workspace/.dependencies/checkouts/gis-tools/Sources/GISTools/Algorithms/LineOffset.swift /Users/admin/builder/spi-builder-workspace/.dependencies/checkouts/gis-tools/Sources/GISTools/Algorithms/LineOverlap.swift /Users/admin/builder/spi-builder-workspace/.dependencies/checkouts/gis-tools/Sources/GISTools/Algorithms/LineSegments.swift (in target 'GISTools' from project 'gis-tools')
SwiftCompile normal arm64_32 /Users/admin/builder/spi-builder-workspace/.dependencies/checkouts/gis-tools/Sources/GISTools/Algorithms/EnumerateProperties.swift (in target 'GISTools' from project 'gis-tools')
cd /Users/admin/builder/spi-builder-workspace/.swiftpm/xcode
SwiftCompile normal arm64_32 /Users/admin/builder/spi-builder-workspace/.dependencies/checkouts/gis-tools/Sources/GISTools/Algorithms/Flatten.swift (in target 'GISTools' from project 'gis-tools')
cd /Users/admin/builder/spi-builder-workspace/.swiftpm/xcode
SwiftCompile normal arm64_32 /Users/admin/builder/spi-builder-workspace/.dependencies/checkouts/gis-tools/Sources/GISTools/Algorithms/Flip.swift (in target 'GISTools' from project 'gis-tools')
cd /Users/admin/builder/spi-builder-workspace/.swiftpm/xcode
SwiftCompile normal arm64_32 /Users/admin/builder/spi-builder-workspace/.dependencies/checkouts/gis-tools/Sources/GISTools/Algorithms/FrechetDistance.swift (in target 'GISTools' from project 'gis-tools')
cd /Users/admin/builder/spi-builder-workspace/.swiftpm/xcode
SwiftCompile normal arm64_32 /Users/admin/builder/spi-builder-workspace/.dependencies/checkouts/gis-tools/Sources/GISTools/Algorithms/GreatCircle.swift (in target 'GISTools' from project 'gis-tools')
cd /Users/admin/builder/spi-builder-workspace/.swiftpm/xcode
SwiftCompile normal arm64_32 /Users/admin/builder/spi-builder-workspace/.dependencies/checkouts/gis-tools/Sources/GISTools/Algorithms/HausdorffDistance.swift (in target 'GISTools' from project 'gis-tools')
cd /Users/admin/builder/spi-builder-workspace/.swiftpm/xcode
SwiftCompile normal arm64_32 /Users/admin/builder/spi-builder-workspace/.dependencies/checkouts/gis-tools/Sources/GISTools/Algorithms/HexGrid.swift (in target 'GISTools' from project 'gis-tools')
cd /Users/admin/builder/spi-builder-workspace/.swiftpm/xcode
SwiftCompile normal arm64_32 /Users/admin/builder/spi-builder-workspace/.dependencies/checkouts/gis-tools/Sources/GISTools/Algorithms/Intersection.swift (in target 'GISTools' from project 'gis-tools')
cd /Users/admin/builder/spi-builder-workspace/.swiftpm/xcode
SwiftCompile normal arm64_32 /Users/admin/builder/spi-builder-workspace/.dependencies/checkouts/gis-tools/Sources/GISTools/Algorithms/IsoLines.swift (in target 'GISTools' from project 'gis-tools')
cd /Users/admin/builder/spi-builder-workspace/.swiftpm/xcode
SwiftCompile normal arm64_32 /Users/admin/builder/spi-builder-workspace/.dependencies/checkouts/gis-tools/Sources/GISTools/Algorithms/Kinks.swift (in target 'GISTools' from project 'gis-tools')
cd /Users/admin/builder/spi-builder-workspace/.swiftpm/xcode
SwiftCompile normal arm64_32 /Users/admin/builder/spi-builder-workspace/.dependencies/checkouts/gis-tools/Sources/GISTools/Algorithms/Length.swift (in target 'GISTools' from project 'gis-tools')
cd /Users/admin/builder/spi-builder-workspace/.swiftpm/xcode
SwiftCompile normal arm64_32 /Users/admin/builder/spi-builder-workspace/.dependencies/checkouts/gis-tools/Sources/GISTools/Algorithms/LineArc.swift (in target 'GISTools' from project 'gis-tools')
cd /Users/admin/builder/spi-builder-workspace/.swiftpm/xcode
SwiftCompile normal arm64_32 /Users/admin/builder/spi-builder-workspace/.dependencies/checkouts/gis-tools/Sources/GISTools/Algorithms/LineChunk.swift (in target 'GISTools' from project 'gis-tools')
cd /Users/admin/builder/spi-builder-workspace/.swiftpm/xcode
SwiftCompile normal arm64_32 /Users/admin/builder/spi-builder-workspace/.dependencies/checkouts/gis-tools/Sources/GISTools/Algorithms/LineIntersection.swift (in target 'GISTools' from project 'gis-tools')
cd /Users/admin/builder/spi-builder-workspace/.swiftpm/xcode
SwiftCompile normal arm64_32 /Users/admin/builder/spi-builder-workspace/.dependencies/checkouts/gis-tools/Sources/GISTools/Algorithms/LineMerge.swift (in target 'GISTools' from project 'gis-tools')
cd /Users/admin/builder/spi-builder-workspace/.swiftpm/xcode
SwiftCompile normal arm64_32 /Users/admin/builder/spi-builder-workspace/.dependencies/checkouts/gis-tools/Sources/GISTools/Algorithms/LineOffset.swift (in target 'GISTools' from project 'gis-tools')
cd /Users/admin/builder/spi-builder-workspace/.swiftpm/xcode
SwiftCompile normal arm64_32 /Users/admin/builder/spi-builder-workspace/.dependencies/checkouts/gis-tools/Sources/GISTools/Algorithms/LineOverlap.swift (in target 'GISTools' from project 'gis-tools')
cd /Users/admin/builder/spi-builder-workspace/.swiftpm/xcode
SwiftCompile normal arm64_32 /Users/admin/builder/spi-builder-workspace/.dependencies/checkouts/gis-tools/Sources/GISTools/Algorithms/LineSegments.swift (in target 'GISTools' from project 'gis-tools')
cd /Users/admin/builder/spi-builder-workspace/.swiftpm/xcode
SwiftDriverJobDiscovery normal arm64 Compiling FeatureCollection.swift, GeoJson.swift, GeoJsonCodable.swift, GeoJsonConvertible.swift, GeoJsonReader.swift, GeometryCollection.swift, LineSegment.swift, LineString.swift, MultiLineString.swift, MultiPoint.swift, MultiPolygon.swift, Point.swift, Polygon.swift, Polyline.swift, Projectable.swift, Projection.swift, RTree.swift (in target 'GISTools' from project 'gis-tools')
SwiftDriverJobDiscovery normal arm64_32 Compiling Graph+Merge.swift, Graph+MinimumSpanningTree.swift, Graph+MultiCriteriaPath.swift, Graph+NodeOnEdge.swift, Graph+Nodes.swift, Graph+Partitioning.swift, Graph+ShortestPath.swift, Graph+StronglyConnectedComponents.swift, Graph+Subgraph.swift, Graph+Traversal.swift, Graph+Tsp.swift, Graph.swift, MinHeap.swift, Node.swift, MapTile.swift, FeatureCollection+Query.swift, QueryParser.swift (in target 'GISTools' from project 'gis-tools')
SwiftCompile normal arm64_32 Compiling\ BoundingBoxClip.swift,\ BoundingBoxPosition.swift,\ Buffer.swift,\ Center.swift,\ Circle.swift,\ Clean.swift,\ Clusters.swift,\ Collect.swift,\ ConcaveHull.swift,\ Conversions.swift,\ ConvexHull.swift,\ Densify.swift,\ Destination.swift,\ Difference.swift,\ Dissolve.swift,\ Distance.swift,\ Ellipse.swift,\ EnumerateCoordinates.swift /Users/admin/builder/spi-builder-workspace/.dependencies/checkouts/gis-tools/Sources/GISTools/Algorithms/BoundingBoxClip.swift /Users/admin/builder/spi-builder-workspace/.dependencies/checkouts/gis-tools/Sources/GISTools/Algorithms/BoundingBoxPosition.swift /Users/admin/builder/spi-builder-workspace/.dependencies/checkouts/gis-tools/Sources/GISTools/Algorithms/Buffer.swift /Users/admin/builder/spi-builder-workspace/.dependencies/checkouts/gis-tools/Sources/GISTools/Algorithms/Center.swift /Users/admin/builder/spi-builder-workspace/.dependencies/checkouts/gis-tools/Sources/GISTools/Algorithms/Circle.swift /Users/admin/builder/spi-builder-workspace/.dependencies/checkouts/gis-tools/Sources/GISTools/Algorithms/Clean.swift /Users/admin/builder/spi-builder-workspace/.dependencies/checkouts/gis-tools/Sources/GISTools/Algorithms/Clusters.swift /Users/admin/builder/spi-builder-workspace/.dependencies/checkouts/gis-tools/Sources/GISTools/Algorithms/Collect.swift /Users/admin/builder/spi-builder-workspace/.dependencies/checkouts/gis-tools/Sources/GISTools/Algorithms/ConcaveHull.swift /Users/admin/builder/spi-builder-workspace/.dependencies/checkouts/gis-tools/Sources/GISTools/Algorithms/Conversions.swift /Users/admin/builder/spi-builder-workspace/.dependencies/checkouts/gis-tools/Sources/GISTools/Algorithms/ConvexHull.swift /Users/admin/builder/spi-builder-workspace/.dependencies/checkouts/gis-tools/Sources/GISTools/Algorithms/Densify.swift /Users/admin/builder/spi-builder-workspace/.dependencies/checkouts/gis-tools/Sources/GISTools/Algorithms/Destination.swift /Users/admin/builder/spi-builder-workspace/.dependencies/checkouts/gis-tools/Sources/GISTools/Algorithms/Difference.swift /Users/admin/builder/spi-builder-workspace/.dependencies/checkouts/gis-tools/Sources/GISTools/Algorithms/Dissolve.swift /Users/admin/builder/spi-builder-workspace/.dependencies/checkouts/gis-tools/Sources/GISTools/Algorithms/Distance.swift /Users/admin/builder/spi-builder-workspace/.dependencies/checkouts/gis-tools/Sources/GISTools/Algorithms/Ellipse.swift /Users/admin/builder/spi-builder-workspace/.dependencies/checkouts/gis-tools/Sources/GISTools/Algorithms/EnumerateCoordinates.swift (in target 'GISTools' from project 'gis-tools')
SwiftCompile normal arm64_32 /Users/admin/builder/spi-builder-workspace/.dependencies/checkouts/gis-tools/Sources/GISTools/Algorithms/BoundingBoxClip.swift (in target 'GISTools' from project 'gis-tools')
cd /Users/admin/builder/spi-builder-workspace/.swiftpm/xcode
SwiftCompile normal arm64_32 /Users/admin/builder/spi-builder-workspace/.dependencies/checkouts/gis-tools/Sources/GISTools/Algorithms/BoundingBoxPosition.swift (in target 'GISTools' from project 'gis-tools')
cd /Users/admin/builder/spi-builder-workspace/.swiftpm/xcode
SwiftCompile normal arm64_32 /Users/admin/builder/spi-builder-workspace/.dependencies/checkouts/gis-tools/Sources/GISTools/Algorithms/Buffer.swift (in target 'GISTools' from project 'gis-tools')
cd /Users/admin/builder/spi-builder-workspace/.swiftpm/xcode
SwiftCompile normal arm64_32 /Users/admin/builder/spi-builder-workspace/.dependencies/checkouts/gis-tools/Sources/GISTools/Algorithms/Center.swift (in target 'GISTools' from project 'gis-tools')
cd /Users/admin/builder/spi-builder-workspace/.swiftpm/xcode
SwiftCompile normal arm64_32 /Users/admin/builder/spi-builder-workspace/.dependencies/checkouts/gis-tools/Sources/GISTools/Algorithms/Circle.swift (in target 'GISTools' from project 'gis-tools')
cd /Users/admin/builder/spi-builder-workspace/.swiftpm/xcode
SwiftCompile normal arm64_32 /Users/admin/builder/spi-builder-workspace/.dependencies/checkouts/gis-tools/Sources/GISTools/Algorithms/Clean.swift (in target 'GISTools' from project 'gis-tools')
cd /Users/admin/builder/spi-builder-workspace/.swiftpm/xcode
SwiftCompile normal arm64_32 /Users/admin/builder/spi-builder-workspace/.dependencies/checkouts/gis-tools/Sources/GISTools/Algorithms/Clusters.swift (in target 'GISTools' from project 'gis-tools')
cd /Users/admin/builder/spi-builder-workspace/.swiftpm/xcode
SwiftCompile normal arm64_32 /Users/admin/builder/spi-builder-workspace/.dependencies/checkouts/gis-tools/Sources/GISTools/Algorithms/Collect.swift (in target 'GISTools' from project 'gis-tools')
cd /Users/admin/builder/spi-builder-workspace/.swiftpm/xcode
SwiftCompile normal arm64_32 /Users/admin/builder/spi-builder-workspace/.dependencies/checkouts/gis-tools/Sources/GISTools/Algorithms/ConcaveHull.swift (in target 'GISTools' from project 'gis-tools')
cd /Users/admin/builder/spi-builder-workspace/.swiftpm/xcode
SwiftCompile normal arm64_32 /Users/admin/builder/spi-builder-workspace/.dependencies/checkouts/gis-tools/Sources/GISTools/Algorithms/Conversions.swift (in target 'GISTools' from project 'gis-tools')
cd /Users/admin/builder/spi-builder-workspace/.swiftpm/xcode
SwiftCompile normal arm64_32 /Users/admin/builder/spi-builder-workspace/.dependencies/checkouts/gis-tools/Sources/GISTools/Algorithms/ConvexHull.swift (in target 'GISTools' from project 'gis-tools')
cd /Users/admin/builder/spi-builder-workspace/.swiftpm/xcode
SwiftCompile normal arm64_32 /Users/admin/builder/spi-builder-workspace/.dependencies/checkouts/gis-tools/Sources/GISTools/Algorithms/Densify.swift (in target 'GISTools' from project 'gis-tools')
cd /Users/admin/builder/spi-builder-workspace/.swiftpm/xcode
SwiftCompile normal arm64_32 /Users/admin/builder/spi-builder-workspace/.dependencies/checkouts/gis-tools/Sources/GISTools/Algorithms/Destination.swift (in target 'GISTools' from project 'gis-tools')
cd /Users/admin/builder/spi-builder-workspace/.swiftpm/xcode
SwiftCompile normal arm64_32 /Users/admin/builder/spi-builder-workspace/.dependencies/checkouts/gis-tools/Sources/GISTools/Algorithms/Difference.swift (in target 'GISTools' from project 'gis-tools')
cd /Users/admin/builder/spi-builder-workspace/.swiftpm/xcode
SwiftCompile normal arm64_32 /Users/admin/builder/spi-builder-workspace/.dependencies/checkouts/gis-tools/Sources/GISTools/Algorithms/Dissolve.swift (in target 'GISTools' from project 'gis-tools')
cd /Users/admin/builder/spi-builder-workspace/.swiftpm/xcode
SwiftCompile normal arm64_32 /Users/admin/builder/spi-builder-workspace/.dependencies/checkouts/gis-tools/Sources/GISTools/Algorithms/Distance.swift (in target 'GISTools' from project 'gis-tools')
cd /Users/admin/builder/spi-builder-workspace/.swiftpm/xcode
SwiftCompile normal arm64_32 /Users/admin/builder/spi-builder-workspace/.dependencies/checkouts/gis-tools/Sources/GISTools/Algorithms/Ellipse.swift (in target 'GISTools' from project 'gis-tools')
cd /Users/admin/builder/spi-builder-workspace/.swiftpm/xcode
SwiftCompile normal arm64_32 /Users/admin/builder/spi-builder-workspace/.dependencies/checkouts/gis-tools/Sources/GISTools/Algorithms/EnumerateCoordinates.swift (in target 'GISTools' from project 'gis-tools')
cd /Users/admin/builder/spi-builder-workspace/.swiftpm/xcode
SwiftDriverJobDiscovery normal arm64_32 Compiling Voronoi.swift, ArrayExtensions.swift, CLLocationDegreesExtensions.swift, DataExtensions.swift, DoubleExtensions.swift, EquatableExtensions.swift, FeatureIdentifierExtensions.swift, FixedWidthIntegerExtensions.swift, IntExtensions.swift, SetExtensions.swift, StringExtensions.swift, GISTool.swift, BoundingBox.swift, BoundingBoxRepresentable.swift, Cartesian3D.swift, Coordinate3D.swift, Feature.swift (in target 'GISTools' from project 'gis-tools')
SwiftCompile normal arm64_32 Compiling\ SharedPaths.swift,\ Simplify.swift,\ SnapToGrid.swift,\ SquareGrid.swift,\ SymmetricDifference.swift,\ Tesselate.swift,\ TileCover.swift,\ Tin.swift,\ TransformCoordinates.swift,\ TransformRotate.swift,\ TransformScale.swift,\ TransformTranslate.swift,\ TriangleGrid.swift,\ Truncate.swift,\ UnaryUnion.swift,\ Union.swift,\ Validatable.swift /Users/admin/builder/spi-builder-workspace/.dependencies/checkouts/gis-tools/Sources/GISTools/Algorithms/SharedPaths.swift /Users/admin/builder/spi-builder-workspace/.dependencies/checkouts/gis-tools/Sources/GISTools/Algorithms/Simplify.swift /Users/admin/builder/spi-builder-workspace/.dependencies/checkouts/gis-tools/Sources/GISTools/Algorithms/SnapToGrid.swift /Users/admin/builder/spi-builder-workspace/.dependencies/checkouts/gis-tools/Sources/GISTools/Algorithms/SquareGrid.swift /Users/admin/builder/spi-builder-workspace/.dependencies/checkouts/gis-tools/Sources/GISTools/Algorithms/SymmetricDifference.swift /Users/admin/builder/spi-builder-workspace/.dependencies/checkouts/gis-tools/Sources/GISTools/Algorithms/Tesselate.swift /Users/admin/builder/spi-builder-workspace/.dependencies/checkouts/gis-tools/Sources/GISTools/Algorithms/TileCover.swift /Users/admin/builder/spi-builder-workspace/.dependencies/checkouts/gis-tools/Sources/GISTools/Algorithms/Tin.swift /Users/admin/builder/spi-builder-workspace/.dependencies/checkouts/gis-tools/Sources/GISTools/Algorithms/TransformCoordinates.swift /Users/admin/builder/spi-builder-workspace/.dependencies/checkouts/gis-tools/Sources/GISTools/Algorithms/TransformRotate.swift /Users/admin/builder/spi-builder-workspace/.dependencies/checkouts/gis-tools/Sources/GISTools/Algorithms/TransformScale.swift /Users/admin/builder/spi-builder-workspace/.dependencies/checkouts/gis-tools/Sources/GISTools/Algorithms/TransformTranslate.swift /Users/admin/builder/spi-builder-workspace/.dependencies/checkouts/gis-tools/Sources/GISTools/Algorithms/TriangleGrid.swift /Users/admin/builder/spi-builder-workspace/.dependencies/checkouts/gis-tools/Sources/GISTools/Algorithms/Truncate.swift /Users/admin/builder/spi-builder-workspace/.dependencies/checkouts/gis-tools/Sources/GISTools/Algorithms/UnaryUnion.swift /Users/admin/builder/spi-builder-workspace/.dependencies/checkouts/gis-tools/Sources/GISTools/Algorithms/Union.swift /Users/admin/builder/spi-builder-workspace/.dependencies/checkouts/gis-tools/Sources/GISTools/Algorithms/Validatable.swift (in target 'GISTools' from project 'gis-tools')
SwiftCompile normal arm64_32 /Users/admin/builder/spi-builder-workspace/.dependencies/checkouts/gis-tools/Sources/GISTools/Algorithms/SharedPaths.swift (in target 'GISTools' from project 'gis-tools')
cd /Users/admin/builder/spi-builder-workspace/.swiftpm/xcode
SwiftCompile normal arm64_32 /Users/admin/builder/spi-builder-workspace/.dependencies/checkouts/gis-tools/Sources/GISTools/Algorithms/Simplify.swift (in target 'GISTools' from project 'gis-tools')
cd /Users/admin/builder/spi-builder-workspace/.swiftpm/xcode
SwiftCompile normal arm64_32 /Users/admin/builder/spi-builder-workspace/.dependencies/checkouts/gis-tools/Sources/GISTools/Algorithms/SnapToGrid.swift (in target 'GISTools' from project 'gis-tools')
cd /Users/admin/builder/spi-builder-workspace/.swiftpm/xcode
SwiftCompile normal arm64_32 /Users/admin/builder/spi-builder-workspace/.dependencies/checkouts/gis-tools/Sources/GISTools/Algorithms/SquareGrid.swift (in target 'GISTools' from project 'gis-tools')
cd /Users/admin/builder/spi-builder-workspace/.swiftpm/xcode
SwiftCompile normal arm64_32 /Users/admin/builder/spi-builder-workspace/.dependencies/checkouts/gis-tools/Sources/GISTools/Algorithms/SymmetricDifference.swift (in target 'GISTools' from project 'gis-tools')
cd /Users/admin/builder/spi-builder-workspace/.swiftpm/xcode
SwiftCompile normal arm64_32 /Users/admin/builder/spi-builder-workspace/.dependencies/checkouts/gis-tools/Sources/GISTools/Algorithms/Tesselate.swift (in target 'GISTools' from project 'gis-tools')
cd /Users/admin/builder/spi-builder-workspace/.swiftpm/xcode
SwiftCompile normal arm64_32 /Users/admin/builder/spi-builder-workspace/.dependencies/checkouts/gis-tools/Sources/GISTools/Algorithms/TileCover.swift (in target 'GISTools' from project 'gis-tools')
cd /Users/admin/builder/spi-builder-workspace/.swiftpm/xcode
SwiftCompile normal arm64_32 /Users/admin/builder/spi-builder-workspace/.dependencies/checkouts/gis-tools/Sources/GISTools/Algorithms/Tin.swift (in target 'GISTools' from project 'gis-tools')
cd /Users/admin/builder/spi-builder-workspace/.swiftpm/xcode
SwiftCompile normal arm64_32 /Users/admin/builder/spi-builder-workspace/.dependencies/checkouts/gis-tools/Sources/GISTools/Algorithms/TransformCoordinates.swift (in target 'GISTools' from project 'gis-tools')
cd /Users/admin/builder/spi-builder-workspace/.swiftpm/xcode
SwiftCompile normal arm64_32 /Users/admin/builder/spi-builder-workspace/.dependencies/checkouts/gis-tools/Sources/GISTools/Algorithms/TransformRotate.swift (in target 'GISTools' from project 'gis-tools')
cd /Users/admin/builder/spi-builder-workspace/.swiftpm/xcode
SwiftCompile normal arm64_32 /Users/admin/builder/spi-builder-workspace/.dependencies/checkouts/gis-tools/Sources/GISTools/Algorithms/TransformScale.swift (in target 'GISTools' from project 'gis-tools')
cd /Users/admin/builder/spi-builder-workspace/.swiftpm/xcode
SwiftCompile normal arm64_32 /Users/admin/builder/spi-builder-workspace/.dependencies/checkouts/gis-tools/Sources/GISTools/Algorithms/TransformTranslate.swift (in target 'GISTools' from project 'gis-tools')
cd /Users/admin/builder/spi-builder-workspace/.swiftpm/xcode
SwiftCompile normal arm64_32 /Users/admin/builder/spi-builder-workspace/.dependencies/checkouts/gis-tools/Sources/GISTools/Algorithms/TriangleGrid.swift (in target 'GISTools' from project 'gis-tools')
cd /Users/admin/builder/spi-builder-workspace/.swiftpm/xcode
SwiftCompile normal arm64_32 /Users/admin/builder/spi-builder-workspace/.dependencies/checkouts/gis-tools/Sources/GISTools/Algorithms/Truncate.swift (in target 'GISTools' from project 'gis-tools')
cd /Users/admin/builder/spi-builder-workspace/.swiftpm/xcode
SwiftCompile normal arm64_32 /Users/admin/builder/spi-builder-workspace/.dependencies/checkouts/gis-tools/Sources/GISTools/Algorithms/UnaryUnion.swift (in target 'GISTools' from project 'gis-tools')
cd /Users/admin/builder/spi-builder-workspace/.swiftpm/xcode
SwiftCompile normal arm64_32 /Users/admin/builder/spi-builder-workspace/.dependencies/checkouts/gis-tools/Sources/GISTools/Algorithms/Union.swift (in target 'GISTools' from project 'gis-tools')
cd /Users/admin/builder/spi-builder-workspace/.swiftpm/xcode
SwiftCompile normal arm64_32 /Users/admin/builder/spi-builder-workspace/.dependencies/checkouts/gis-tools/Sources/GISTools/Algorithms/Validatable.swift (in target 'GISTools' from project 'gis-tools')
cd /Users/admin/builder/spi-builder-workspace/.swiftpm/xcode
SwiftDriverJobDiscovery normal arm64_32 Compiling FeatureCollection.swift, GeoJson.swift, GeoJsonCodable.swift, GeoJsonConvertible.swift, GeoJsonReader.swift, GeometryCollection.swift, LineSegment.swift, LineString.swift, MultiLineString.swift, MultiPoint.swift, MultiPolygon.swift, Point.swift, Polygon.swift, Polyline.swift, Projectable.swift, Projection.swift, RTree.swift (in target 'GISTools' from project 'gis-tools')
SwiftDriverJobDiscovery normal arm64 Compiling PointOnFeature.swift, PointToLineDistance.swift, PointsWithinPolygon.swift, PoleOfInaccessibility.swift, PolygonSmooth.swift, PolygonTangents.swift, PolygonToLine.swift, Polygonize.swift, Random.swift, RectangleGrid.swift, Reverse.swift, Rewind.swift, RhumbBearing.swift, RhumbDestination.swift, RhumbDistance.swift, Sample.swift, Sector.swift (in target 'GISTools' from project 'gis-tools')
SwiftDriver GISToolsFIT normal arm64 com.apple.xcode.tools.swift.compiler (in target 'GISToolsFIT' from project 'gis-tools-fit')
cd /Users/admin/builder/spi-builder-workspace/.swiftpm/xcode
builtin-SwiftDriver -- /Applications/Xcode-26.3.0.app/Contents/Developer/Toolchains/XcodeDefault.xctoolchain/usr/bin/swiftc -module-name GISToolsFIT -Onone -enforce-exclusivity\=checked @/Users/admin/builder/spi-builder-workspace/.derivedData/Build/Intermediates.noindex/gis-tools-fit.build/Debug-watchos/GISToolsFIT.build/Objects-normal/arm64/GISToolsFIT.SwiftFileList -DSWIFT_PACKAGE -DDEBUG -DSWIFT_MODULE_RESOURCE_BUNDLE_UNAVAILABLE -DXcode -plugin-path /Applications/Xcode-26.3.0.app/Contents/Developer/Toolchains/XcodeDefault.xctoolchain/usr/lib/swift/host/plugins/testing -enable-experimental-feature DebugDescriptionMacro -sdk /Applications/Xcode-26.3.0.app/Contents/Developer/Platforms/WatchOS.platform/Developer/SDKs/WatchOS26.2.sdk -target arm64-apple-watchos7.0 -g -module-cache-path /Users/admin/builder/spi-builder-workspace/.derivedData/ModuleCache.noindex -Xfrontend -serialize-debugging-options -profile-coverage-mapping -profile-generate -enable-testing -index-store-path /Users/admin/builder/spi-builder-workspace/.derivedData/Index.noindex/DataStore -Xcc -D_LIBCPP_HARDENING_MODE\=_LIBCPP_HARDENING_MODE_DEBUG -swift-version 6 -I /Users/admin/builder/spi-builder-workspace/.derivedData/Build/Products/Debug-watchos -Isystem /Applications/Xcode-26.3.0.app/Contents/Developer/Platforms/WatchOS.platform/Developer/usr/lib -F /Users/admin/builder/spi-builder-workspace/.derivedData/Build/Products/Debug-watchos/PackageFrameworks -F /Users/admin/builder/spi-builder-workspace/.derivedData/Build/Products/Debug-watchos -F /Applications/Xcode-26.3.0.app/Contents/Developer/Platforms/WatchOS.platform/Developer/Library/Frameworks -F /Applications/Xcode-26.3.0.app/Contents/Developer/Platforms/WatchOS.platform/Developer/SDKs/WatchOS26.2.sdk/Developer/Library/Frameworks -c -j10 -enable-batch-mode -incremental -Xcc -ivfsstatcache -Xcc /Users/admin/builder/spi-builder-workspace/.derivedData/SDKStatCaches.noindex/watchos26.2-23S303-dc75598d0054f22ec865fa860f139d721753b489057de6bda919edfa1c59a62b.sdkstatcache -output-file-map /Users/admin/builder/spi-builder-workspace/.derivedData/Build/Intermediates.noindex/gis-tools-fit.build/Debug-watchos/GISToolsFIT.build/Objects-normal/arm64/GISToolsFIT-OutputFileMap.json -use-frontend-parseable-output -save-temps -no-color-diagnostics -explicit-module-build -module-cache-path /Users/admin/builder/spi-builder-workspace/.derivedData/Build/Intermediates.noindex/SwiftExplicitPrecompiledModules -clang-scanner-module-cache-path /Users/admin/builder/spi-builder-workspace/.derivedData/ModuleCache.noindex -sdk-module-cache-path /Users/admin/builder/spi-builder-workspace/.derivedData/ModuleCache.noindex -serialize-diagnostics -emit-dependencies -emit-module -emit-module-path /Users/admin/builder/spi-builder-workspace/.derivedData/Build/Intermediates.noindex/gis-tools-fit.build/Debug-watchos/GISToolsFIT.build/Objects-normal/arm64/GISToolsFIT.swiftmodule -validate-clang-modules-once -clang-build-session-file /Users/admin/builder/spi-builder-workspace/.derivedData/ModuleCache.noindex/Session.modulevalidation -package-name spi_builder_workspace -Xcc -I/Users/admin/builder/spi-builder-workspace/.derivedData/Build/Intermediates.noindex/gis-tools-fit.build/Debug-watchos/GISToolsFIT.build/swift-overrides.hmap -emit-const-values -Xfrontend -const-gather-protocols-file -Xfrontend /Users/admin/builder/spi-builder-workspace/.derivedData/Build/Intermediates.noindex/gis-tools-fit.build/Debug-watchos/GISToolsFIT.build/Objects-normal/arm64/GISToolsFIT_const_extract_protocols.json -Xcc -I/Users/admin/builder/spi-builder-workspace/.derivedData/Build/Products/Debug-watchos/include -Xcc -I/Users/admin/builder/spi-builder-workspace/.derivedData/Build/Intermediates.noindex/gis-tools-fit.build/Debug-watchos/GISToolsFIT.build/DerivedSources-normal/arm64 -Xcc -I/Users/admin/builder/spi-builder-workspace/.derivedData/Build/Intermediates.noindex/gis-tools-fit.build/Debug-watchos/GISToolsFIT.build/DerivedSources/arm64 -Xcc -I/Users/admin/builder/spi-builder-workspace/.derivedData/Build/Intermediates.noindex/gis-tools-fit.build/Debug-watchos/GISToolsFIT.build/DerivedSources -Xcc -DSWIFT_PACKAGE -Xcc -DDEBUG\=1 -emit-objc-header -emit-objc-header-path /Users/admin/builder/spi-builder-workspace/.derivedData/Build/Intermediates.noindex/gis-tools-fit.build/Debug-watchos/GISToolsFIT.build/Objects-normal/arm64/GISToolsFIT-Swift.h -working-directory /Users/admin/builder/spi-builder-workspace/.swiftpm/xcode -experimental-emit-module-separately -disable-cmo
SwiftDriver GISToolsFIT normal arm64_32 com.apple.xcode.tools.swift.compiler (in target 'GISToolsFIT' from project 'gis-tools-fit')
cd /Users/admin/builder/spi-builder-workspace/.swiftpm/xcode
builtin-SwiftDriver -- /Applications/Xcode-26.3.0.app/Contents/Developer/Toolchains/XcodeDefault.xctoolchain/usr/bin/swiftc -module-name GISToolsFIT -Onone -enforce-exclusivity\=checked @/Users/admin/builder/spi-builder-workspace/.derivedData/Build/Intermediates.noindex/gis-tools-fit.build/Debug-watchos/GISToolsFIT.build/Objects-normal/arm64_32/GISToolsFIT.SwiftFileList -DSWIFT_PACKAGE -DDEBUG -DSWIFT_MODULE_RESOURCE_BUNDLE_UNAVAILABLE -DXcode -plugin-path /Applications/Xcode-26.3.0.app/Contents/Developer/Toolchains/XcodeDefault.xctoolchain/usr/lib/swift/host/plugins/testing -enable-experimental-feature DebugDescriptionMacro -sdk /Applications/Xcode-26.3.0.app/Contents/Developer/Platforms/WatchOS.platform/Developer/SDKs/WatchOS26.2.sdk -target arm64_32-apple-watchos7.0 -g -module-cache-path /Users/admin/builder/spi-builder-workspace/.derivedData/ModuleCache.noindex -Xfrontend -serialize-debugging-options -profile-coverage-mapping -profile-generate -enable-testing -index-store-path /Users/admin/builder/spi-builder-workspace/.derivedData/Index.noindex/DataStore -Xcc -D_LIBCPP_HARDENING_MODE\=_LIBCPP_HARDENING_MODE_DEBUG -swift-version 6 -I /Users/admin/builder/spi-builder-workspace/.derivedData/Build/Products/Debug-watchos -Isystem /Applications/Xcode-26.3.0.app/Contents/Developer/Platforms/WatchOS.platform/Developer/usr/lib -F /Users/admin/builder/spi-builder-workspace/.derivedData/Build/Products/Debug-watchos/PackageFrameworks -F /Users/admin/builder/spi-builder-workspace/.derivedData/Build/Products/Debug-watchos -F /Applications/Xcode-26.3.0.app/Contents/Developer/Platforms/WatchOS.platform/Developer/Library/Frameworks -F /Applications/Xcode-26.3.0.app/Contents/Developer/Platforms/WatchOS.platform/Developer/SDKs/WatchOS26.2.sdk/Developer/Library/Frameworks -c -j10 -enable-batch-mode -incremental -Xcc -ivfsstatcache -Xcc /Users/admin/builder/spi-builder-workspace/.derivedData/SDKStatCaches.noindex/watchos26.2-23S303-dc75598d0054f22ec865fa860f139d721753b489057de6bda919edfa1c59a62b.sdkstatcache -output-file-map /Users/admin/builder/spi-builder-workspace/.derivedData/Build/Intermediates.noindex/gis-tools-fit.build/Debug-watchos/GISToolsFIT.build/Objects-normal/arm64_32/GISToolsFIT-OutputFileMap.json -use-frontend-parseable-output -save-temps -no-color-diagnostics -explicit-module-build -module-cache-path /Users/admin/builder/spi-builder-workspace/.derivedData/Build/Intermediates.noindex/SwiftExplicitPrecompiledModules -clang-scanner-module-cache-path /Users/admin/builder/spi-builder-workspace/.derivedData/ModuleCache.noindex -sdk-module-cache-path /Users/admin/builder/spi-builder-workspace/.derivedData/ModuleCache.noindex -serialize-diagnostics -emit-dependencies -emit-module -emit-module-path /Users/admin/builder/spi-builder-workspace/.derivedData/Build/Intermediates.noindex/gis-tools-fit.build/Debug-watchos/GISToolsFIT.build/Objects-normal/arm64_32/GISToolsFIT.swiftmodule -validate-clang-modules-once -clang-build-session-file /Users/admin/builder/spi-builder-workspace/.derivedData/ModuleCache.noindex/Session.modulevalidation -package-name spi_builder_workspace -Xcc -I/Users/admin/builder/spi-builder-workspace/.derivedData/Build/Intermediates.noindex/gis-tools-fit.build/Debug-watchos/GISToolsFIT.build/swift-overrides.hmap -emit-const-values -Xfrontend -const-gather-protocols-file -Xfrontend /Users/admin/builder/spi-builder-workspace/.derivedData/Build/Intermediates.noindex/gis-tools-fit.build/Debug-watchos/GISToolsFIT.build/Objects-normal/arm64_32/GISToolsFIT_const_extract_protocols.json -Xcc -I/Users/admin/builder/spi-builder-workspace/.derivedData/Build/Products/Debug-watchos/include -Xcc -I/Users/admin/builder/spi-builder-workspace/.derivedData/Build/Intermediates.noindex/gis-tools-fit.build/Debug-watchos/GISToolsFIT.build/DerivedSources-normal/arm64_32 -Xcc -I/Users/admin/builder/spi-builder-workspace/.derivedData/Build/Intermediates.noindex/gis-tools-fit.build/Debug-watchos/GISToolsFIT.build/DerivedSources/arm64_32 -Xcc -I/Users/admin/builder/spi-builder-workspace/.derivedData/Build/Intermediates.noindex/gis-tools-fit.build/Debug-watchos/GISToolsFIT.build/DerivedSources -Xcc -DSWIFT_PACKAGE -Xcc -DDEBUG\=1 -emit-objc-header -emit-objc-header-path /Users/admin/builder/spi-builder-workspace/.derivedData/Build/Intermediates.noindex/gis-tools-fit.build/Debug-watchos/GISToolsFIT.build/Objects-normal/arm64_32/GISToolsFIT-Swift.h -working-directory /Users/admin/builder/spi-builder-workspace/.swiftpm/xcode -experimental-emit-module-separately -disable-cmo
SwiftEmitModule normal arm64 Emitting\ module\ for\ GISToolsFIT (in target 'GISToolsFIT' from project 'gis-tools-fit')
EmitSwiftModule normal arm64 (in target 'GISToolsFIT' from project 'gis-tools-fit')
cd /Users/admin/builder/spi-builder-workspace/.swiftpm/xcode
SwiftDriverJobDiscovery normal armv7k Compiling FeatureCollection.swift, GeoJson.swift, GeoJsonCodable.swift, GeoJsonConvertible.swift, GeoJsonReader.swift, GeometryCollection.swift, LineSegment.swift, LineString.swift, MultiLineString.swift, MultiPoint.swift, MultiPolygon.swift, Point.swift, Polygon.swift, Polyline.swift, Projectable.swift, Projection.swift, RTree.swift (in target 'GISTools' from project 'gis-tools')
SwiftDriver GISToolsFIT normal armv7k com.apple.xcode.tools.swift.compiler (in target 'GISToolsFIT' from project 'gis-tools-fit')
cd /Users/admin/builder/spi-builder-workspace/.swiftpm/xcode
builtin-SwiftDriver -- /Applications/Xcode-26.3.0.app/Contents/Developer/Toolchains/XcodeDefault.xctoolchain/usr/bin/swiftc -module-name GISToolsFIT -Onone -enforce-exclusivity\=checked @/Users/admin/builder/spi-builder-workspace/.derivedData/Build/Intermediates.noindex/gis-tools-fit.build/Debug-watchos/GISToolsFIT.build/Objects-normal/armv7k/GISToolsFIT.SwiftFileList -DSWIFT_PACKAGE -DDEBUG -DSWIFT_MODULE_RESOURCE_BUNDLE_UNAVAILABLE -DXcode -plugin-path /Applications/Xcode-26.3.0.app/Contents/Developer/Toolchains/XcodeDefault.xctoolchain/usr/lib/swift/host/plugins/testing -enable-experimental-feature DebugDescriptionMacro -sdk /Applications/Xcode-26.3.0.app/Contents/Developer/Platforms/WatchOS.platform/Developer/SDKs/WatchOS26.2.sdk -target armv7k-apple-watchos7.0 -g -module-cache-path /Users/admin/builder/spi-builder-workspace/.derivedData/ModuleCache.noindex -Xfrontend -serialize-debugging-options -profile-coverage-mapping -profile-generate -enable-testing -index-store-path /Users/admin/builder/spi-builder-workspace/.derivedData/Index.noindex/DataStore -Xcc -D_LIBCPP_HARDENING_MODE\=_LIBCPP_HARDENING_MODE_DEBUG -swift-version 6 -I /Users/admin/builder/spi-builder-workspace/.derivedData/Build/Products/Debug-watchos -Isystem /Applications/Xcode-26.3.0.app/Contents/Developer/Platforms/WatchOS.platform/Developer/usr/lib -F /Users/admin/builder/spi-builder-workspace/.derivedData/Build/Products/Debug-watchos/PackageFrameworks -F /Users/admin/builder/spi-builder-workspace/.derivedData/Build/Products/Debug-watchos -F /Applications/Xcode-26.3.0.app/Contents/Developer/Platforms/WatchOS.platform/Developer/Library/Frameworks -F /Applications/Xcode-26.3.0.app/Contents/Developer/Platforms/WatchOS.platform/Developer/SDKs/WatchOS26.2.sdk/Developer/Library/Frameworks -c -j10 -enable-batch-mode -incremental -Xcc -ivfsstatcache -Xcc /Users/admin/builder/spi-builder-workspace/.derivedData/SDKStatCaches.noindex/watchos26.2-23S303-dc75598d0054f22ec865fa860f139d721753b489057de6bda919edfa1c59a62b.sdkstatcache -output-file-map /Users/admin/builder/spi-builder-workspace/.derivedData/Build/Intermediates.noindex/gis-tools-fit.build/Debug-watchos/GISToolsFIT.build/Objects-normal/armv7k/GISToolsFIT-OutputFileMap.json -use-frontend-parseable-output -save-temps -no-color-diagnostics -explicit-module-build -module-cache-path /Users/admin/builder/spi-builder-workspace/.derivedData/Build/Intermediates.noindex/SwiftExplicitPrecompiledModules -clang-scanner-module-cache-path /Users/admin/builder/spi-builder-workspace/.derivedData/ModuleCache.noindex -sdk-module-cache-path /Users/admin/builder/spi-builder-workspace/.derivedData/ModuleCache.noindex -serialize-diagnostics -emit-dependencies -emit-module -emit-module-path /Users/admin/builder/spi-builder-workspace/.derivedData/Build/Intermediates.noindex/gis-tools-fit.build/Debug-watchos/GISToolsFIT.build/Objects-normal/armv7k/GISToolsFIT.swiftmodule -validate-clang-modules-once -clang-build-session-file /Users/admin/builder/spi-builder-workspace/.derivedData/ModuleCache.noindex/Session.modulevalidation -package-name spi_builder_workspace -Xcc -I/Users/admin/builder/spi-builder-workspace/.derivedData/Build/Intermediates.noindex/gis-tools-fit.build/Debug-watchos/GISToolsFIT.build/swift-overrides.hmap -emit-const-values -Xfrontend -const-gather-protocols-file -Xfrontend /Users/admin/builder/spi-builder-workspace/.derivedData/Build/Intermediates.noindex/gis-tools-fit.build/Debug-watchos/GISToolsFIT.build/Objects-normal/armv7k/GISToolsFIT_const_extract_protocols.json -Xcc -I/Users/admin/builder/spi-builder-workspace/.derivedData/Build/Products/Debug-watchos/include -Xcc -I/Users/admin/builder/spi-builder-workspace/.derivedData/Build/Intermediates.noindex/gis-tools-fit.build/Debug-watchos/GISToolsFIT.build/DerivedSources-normal/armv7k -Xcc -I/Users/admin/builder/spi-builder-workspace/.derivedData/Build/Intermediates.noindex/gis-tools-fit.build/Debug-watchos/GISToolsFIT.build/DerivedSources/armv7k -Xcc -I/Users/admin/builder/spi-builder-workspace/.derivedData/Build/Intermediates.noindex/gis-tools-fit.build/Debug-watchos/GISToolsFIT.build/DerivedSources -Xcc -DSWIFT_PACKAGE -Xcc -DDEBUG\=1 -emit-objc-header -emit-objc-header-path /Users/admin/builder/spi-builder-workspace/.derivedData/Build/Intermediates.noindex/gis-tools-fit.build/Debug-watchos/GISToolsFIT.build/Objects-normal/armv7k/GISToolsFIT-Swift.h -working-directory /Users/admin/builder/spi-builder-workspace/.swiftpm/xcode -experimental-emit-module-separately -disable-cmo
SwiftDriverJobDiscovery normal armv7k Compiling Along.swift, AntimeridianCutting.swift, Area.swift, Bearing.swift, BezierSpline.swift, BooleanClockwise.swift, BooleanConcave.swift, BooleanContains.swift, BooleanCovers.swift, BooleanCrosses.swift, BooleanDisjoint.swift, BooleanIntersects.swift, BooleanOverlap.swift, BooleanParallel.swift, BooleanPointInPolygon.swift, BooleanPointOnLine.swift, BooleanTouches.swift, Boundary.swift (in target 'GISTools' from project 'gis-tools')
SwiftCompile normal arm64 Compiling\ FITEnum.swift /Users/admin/builder/spi-builder-workspace/Sources/GISToolsFIT/FITEnum.swift (in target 'GISToolsFIT' from project 'gis-tools-fit')
SwiftCompile normal arm64 /Users/admin/builder/spi-builder-workspace/Sources/GISToolsFIT/FITEnum.swift (in target 'GISToolsFIT' from project 'gis-tools-fit')
cd /Users/admin/builder/spi-builder-workspace/.swiftpm/xcode
SwiftEmitModule normal arm64_32 Emitting\ module\ for\ GISToolsFIT (in target 'GISToolsFIT' from project 'gis-tools-fit')
EmitSwiftModule normal arm64_32 (in target 'GISToolsFIT' from project 'gis-tools-fit')
cd /Users/admin/builder/spi-builder-workspace/.swiftpm/xcode
SwiftDriverJobDiscovery normal arm64 Compiling EnumerateProperties.swift, Flatten.swift, Flip.swift, FrechetDistance.swift, GreatCircle.swift, HausdorffDistance.swift, HexGrid.swift, Intersection.swift, IsoLines.swift, Kinks.swift, Length.swift, LineArc.swift, LineChunk.swift, LineIntersection.swift, LineMerge.swift, LineOffset.swift, LineOverlap.swift, LineSegments.swift (in target 'GISTools' from project 'gis-tools')
SwiftCompile normal arm64_32 Compiling\ FeatureCollection+FIT.swift /Users/admin/builder/spi-builder-workspace/Sources/GISToolsFIT/FeatureCollection+FIT.swift (in target 'GISToolsFIT' from project 'gis-tools-fit')
SwiftCompile normal arm64_32 /Users/admin/builder/spi-builder-workspace/Sources/GISToolsFIT/FeatureCollection+FIT.swift (in target 'GISToolsFIT' from project 'gis-tools-fit')
cd /Users/admin/builder/spi-builder-workspace/.swiftpm/xcode
SwiftEmitModule normal armv7k Emitting\ module\ for\ GISToolsFIT (in target 'GISToolsFIT' from project 'gis-tools-fit')
EmitSwiftModule normal armv7k (in target 'GISToolsFIT' from project 'gis-tools-fit')
cd /Users/admin/builder/spi-builder-workspace/.swiftpm/xcode
SwiftDriverJobDiscovery normal arm64 Compiling Graph+Merge.swift, Graph+MinimumSpanningTree.swift, Graph+MultiCriteriaPath.swift, Graph+NodeOnEdge.swift, Graph+Nodes.swift, Graph+Partitioning.swift, Graph+ShortestPath.swift, Graph+StronglyConnectedComponents.swift, Graph+Subgraph.swift, Graph+Traversal.swift, Graph+Tsp.swift, Graph.swift, MinHeap.swift, Node.swift, MapTile.swift, FeatureCollection+Query.swift, QueryParser.swift (in target 'GISTools' from project 'gis-tools')
SwiftCompile normal armv7k Compiling\ FeatureCollection+FIT.swift /Users/admin/builder/spi-builder-workspace/Sources/GISToolsFIT/FeatureCollection+FIT.swift (in target 'GISToolsFIT' from project 'gis-tools-fit')
SwiftCompile normal armv7k /Users/admin/builder/spi-builder-workspace/Sources/GISToolsFIT/FeatureCollection+FIT.swift (in target 'GISToolsFIT' from project 'gis-tools-fit')
cd /Users/admin/builder/spi-builder-workspace/.swiftpm/xcode
SwiftDriverJobDiscovery normal arm64 Emitting module for GISToolsFIT (in target 'GISToolsFIT' from project 'gis-tools-fit')
SwiftDriver\ Compilation\ Requirements GISToolsFIT normal arm64 com.apple.xcode.tools.swift.compiler (in target 'GISToolsFIT' from project 'gis-tools-fit')
cd /Users/admin/builder/spi-builder-workspace/.swiftpm/xcode
builtin-Swift-Compilation-Requirements -- /Applications/Xcode-26.3.0.app/Contents/Developer/Toolchains/XcodeDefault.xctoolchain/usr/bin/swiftc -module-name GISToolsFIT -Onone -enforce-exclusivity\=checked @/Users/admin/builder/spi-builder-workspace/.derivedData/Build/Intermediates.noindex/gis-tools-fit.build/Debug-watchos/GISToolsFIT.build/Objects-normal/arm64/GISToolsFIT.SwiftFileList -DSWIFT_PACKAGE -DDEBUG -DSWIFT_MODULE_RESOURCE_BUNDLE_UNAVAILABLE -DXcode -plugin-path /Applications/Xcode-26.3.0.app/Contents/Developer/Toolchains/XcodeDefault.xctoolchain/usr/lib/swift/host/plugins/testing -enable-experimental-feature DebugDescriptionMacro -sdk /Applications/Xcode-26.3.0.app/Contents/Developer/Platforms/WatchOS.platform/Developer/SDKs/WatchOS26.2.sdk -target arm64-apple-watchos7.0 -g -module-cache-path /Users/admin/builder/spi-builder-workspace/.derivedData/ModuleCache.noindex -Xfrontend -serialize-debugging-options -profile-coverage-mapping -profile-generate -enable-testing -index-store-path /Users/admin/builder/spi-builder-workspace/.derivedData/Index.noindex/DataStore -Xcc -D_LIBCPP_HARDENING_MODE\=_LIBCPP_HARDENING_MODE_DEBUG -swift-version 6 -I /Users/admin/builder/spi-builder-workspace/.derivedData/Build/Products/Debug-watchos -Isystem /Applications/Xcode-26.3.0.app/Contents/Developer/Platforms/WatchOS.platform/Developer/usr/lib -F /Users/admin/builder/spi-builder-workspace/.derivedData/Build/Products/Debug-watchos/PackageFrameworks -F /Users/admin/builder/spi-builder-workspace/.derivedData/Build/Products/Debug-watchos -F /Applications/Xcode-26.3.0.app/Contents/Developer/Platforms/WatchOS.platform/Developer/Library/Frameworks -F /Applications/Xcode-26.3.0.app/Contents/Developer/Platforms/WatchOS.platform/Developer/SDKs/WatchOS26.2.sdk/Developer/Library/Frameworks -c -j10 -enable-batch-mode -incremental -Xcc -ivfsstatcache -Xcc /Users/admin/builder/spi-builder-workspace/.derivedData/SDKStatCaches.noindex/watchos26.2-23S303-dc75598d0054f22ec865fa860f139d721753b489057de6bda919edfa1c59a62b.sdkstatcache -output-file-map /Users/admin/builder/spi-builder-workspace/.derivedData/Build/Intermediates.noindex/gis-tools-fit.build/Debug-watchos/GISToolsFIT.build/Objects-normal/arm64/GISToolsFIT-OutputFileMap.json -use-frontend-parseable-output -save-temps -no-color-diagnostics -explicit-module-build -module-cache-path /Users/admin/builder/spi-builder-workspace/.derivedData/Build/Intermediates.noindex/SwiftExplicitPrecompiledModules -clang-scanner-module-cache-path /Users/admin/builder/spi-builder-workspace/.derivedData/ModuleCache.noindex -sdk-module-cache-path /Users/admin/builder/spi-builder-workspace/.derivedData/ModuleCache.noindex -serialize-diagnostics -emit-dependencies -emit-module -emit-module-path /Users/admin/builder/spi-builder-workspace/.derivedData/Build/Intermediates.noindex/gis-tools-fit.build/Debug-watchos/GISToolsFIT.build/Objects-normal/arm64/GISToolsFIT.swiftmodule -validate-clang-modules-once -clang-build-session-file /Users/admin/builder/spi-builder-workspace/.derivedData/ModuleCache.noindex/Session.modulevalidation -package-name spi_builder_workspace -Xcc -I/Users/admin/builder/spi-builder-workspace/.derivedData/Build/Intermediates.noindex/gis-tools-fit.build/Debug-watchos/GISToolsFIT.build/swift-overrides.hmap -emit-const-values -Xfrontend -const-gather-protocols-file -Xfrontend /Users/admin/builder/spi-builder-workspace/.derivedData/Build/Intermediates.noindex/gis-tools-fit.build/Debug-watchos/GISToolsFIT.build/Objects-normal/arm64/GISToolsFIT_const_extract_protocols.json -Xcc -I/Users/admin/builder/spi-builder-workspace/.derivedData/Build/Products/Debug-watchos/include -Xcc -I/Users/admin/builder/spi-builder-workspace/.derivedData/Build/Intermediates.noindex/gis-tools-fit.build/Debug-watchos/GISToolsFIT.build/DerivedSources-normal/arm64 -Xcc -I/Users/admin/builder/spi-builder-workspace/.derivedData/Build/Intermediates.noindex/gis-tools-fit.build/Debug-watchos/GISToolsFIT.build/DerivedSources/arm64 -Xcc -I/Users/admin/builder/spi-builder-workspace/.derivedData/Build/Intermediates.noindex/gis-tools-fit.build/Debug-watchos/GISToolsFIT.build/DerivedSources -Xcc -DSWIFT_PACKAGE -Xcc -DDEBUG\=1 -emit-objc-header -emit-objc-header-path /Users/admin/builder/spi-builder-workspace/.derivedData/Build/Intermediates.noindex/gis-tools-fit.build/Debug-watchos/GISToolsFIT.build/Objects-normal/arm64/GISToolsFIT-Swift.h -working-directory /Users/admin/builder/spi-builder-workspace/.swiftpm/xcode -experimental-emit-module-separately -disable-cmo
SwiftDriverJobDiscovery normal arm64_32 Compiling EnumerateProperties.swift, Flatten.swift, Flip.swift, FrechetDistance.swift, GreatCircle.swift, HausdorffDistance.swift, HexGrid.swift, Intersection.swift, IsoLines.swift, Kinks.swift, Length.swift, LineArc.swift, LineChunk.swift, LineIntersection.swift, LineMerge.swift, LineOffset.swift, LineOverlap.swift, LineSegments.swift (in target 'GISTools' from project 'gis-tools')
SwiftCompile normal arm64_32 Compiling\ FITProfile.swift /Users/admin/builder/spi-builder-workspace/Sources/GISToolsFIT/FITProfile.swift (in target 'GISToolsFIT' from project 'gis-tools-fit')
SwiftCompile normal arm64_32 /Users/admin/builder/spi-builder-workspace/Sources/GISToolsFIT/FITProfile.swift (in target 'GISToolsFIT' from project 'gis-tools-fit')
cd /Users/admin/builder/spi-builder-workspace/.swiftpm/xcode
Copy /Users/admin/builder/spi-builder-workspace/.derivedData/Build/Products/Debug-watchos/GISToolsFIT.swiftmodule/arm64-apple-watchos.swiftmodule /Users/admin/builder/spi-builder-workspace/.derivedData/Build/Intermediates.noindex/gis-tools-fit.build/Debug-watchos/GISToolsFIT.build/Objects-normal/arm64/GISToolsFIT.swiftmodule (in target 'GISToolsFIT' from project 'gis-tools-fit')
cd /Users/admin/builder/spi-builder-workspace
builtin-copy -exclude .DS_Store -exclude CVS -exclude .svn -exclude .git -exclude .hg -resolve-src-symlinks -rename /Users/admin/builder/spi-builder-workspace/.derivedData/Build/Intermediates.noindex/gis-tools-fit.build/Debug-watchos/GISToolsFIT.build/Objects-normal/arm64/GISToolsFIT.swiftmodule /Users/admin/builder/spi-builder-workspace/.derivedData/Build/Products/Debug-watchos/GISToolsFIT.swiftmodule/arm64-apple-watchos.swiftmodule
SwiftDriverJobDiscovery normal arm64 Compiling FITEnum.swift (in target 'GISToolsFIT' from project 'gis-tools-fit')
Copy /Users/admin/builder/spi-builder-workspace/.derivedData/Build/Products/Debug-watchos/GISToolsFIT.swiftmodule/arm64-apple-watchos.swiftdoc /Users/admin/builder/spi-builder-workspace/.derivedData/Build/Intermediates.noindex/gis-tools-fit.build/Debug-watchos/GISToolsFIT.build/Objects-normal/arm64/GISToolsFIT.swiftdoc (in target 'GISToolsFIT' from project 'gis-tools-fit')
cd /Users/admin/builder/spi-builder-workspace
builtin-copy -exclude .DS_Store -exclude CVS -exclude .svn -exclude .git -exclude .hg -resolve-src-symlinks -rename /Users/admin/builder/spi-builder-workspace/.derivedData/Build/Intermediates.noindex/gis-tools-fit.build/Debug-watchos/GISToolsFIT.build/Objects-normal/arm64/GISToolsFIT.swiftdoc /Users/admin/builder/spi-builder-workspace/.derivedData/Build/Products/Debug-watchos/GISToolsFIT.swiftmodule/arm64-apple-watchos.swiftdoc
Copy /Users/admin/builder/spi-builder-workspace/.derivedData/Build/Products/Debug-watchos/GISToolsFIT.swiftmodule/arm64-apple-watchos.abi.json /Users/admin/builder/spi-builder-workspace/.derivedData/Build/Intermediates.noindex/gis-tools-fit.build/Debug-watchos/GISToolsFIT.build/Objects-normal/arm64/GISToolsFIT.abi.json (in target 'GISToolsFIT' from project 'gis-tools-fit')
cd /Users/admin/builder/spi-builder-workspace
builtin-copy -exclude .DS_Store -exclude CVS -exclude .svn -exclude .git -exclude .hg -resolve-src-symlinks -rename /Users/admin/builder/spi-builder-workspace/.derivedData/Build/Intermediates.noindex/gis-tools-fit.build/Debug-watchos/GISToolsFIT.build/Objects-normal/arm64/GISToolsFIT.abi.json /Users/admin/builder/spi-builder-workspace/.derivedData/Build/Products/Debug-watchos/GISToolsFIT.swiftmodule/arm64-apple-watchos.abi.json
Copy /Users/admin/builder/spi-builder-workspace/.derivedData/Build/Products/Debug-watchos/GISToolsFIT.swiftmodule/Project/arm64-apple-watchos.swiftsourceinfo /Users/admin/builder/spi-builder-workspace/.derivedData/Build/Intermediates.noindex/gis-tools-fit.build/Debug-watchos/GISToolsFIT.build/Objects-normal/arm64/GISToolsFIT.swiftsourceinfo (in target 'GISToolsFIT' from project 'gis-tools-fit')
cd /Users/admin/builder/spi-builder-workspace
builtin-copy -exclude .DS_Store -exclude CVS -exclude .svn -exclude .git -exclude .hg -resolve-src-symlinks -rename /Users/admin/builder/spi-builder-workspace/.derivedData/Build/Intermediates.noindex/gis-tools-fit.build/Debug-watchos/GISToolsFIT.build/Objects-normal/arm64/GISToolsFIT.swiftsourceinfo /Users/admin/builder/spi-builder-workspace/.derivedData/Build/Products/Debug-watchos/GISToolsFIT.swiftmodule/Project/arm64-apple-watchos.swiftsourceinfo
SwiftCompile normal armv7k Compiling\ FITTypes.swift /Users/admin/builder/spi-builder-workspace/Sources/GISToolsFIT/FITTypes.swift (in target 'GISToolsFIT' from project 'gis-tools-fit')
SwiftCompile normal armv7k /Users/admin/builder/spi-builder-workspace/Sources/GISToolsFIT/FITTypes.swift (in target 'GISToolsFIT' from project 'gis-tools-fit')
cd /Users/admin/builder/spi-builder-workspace/.swiftpm/xcode
SwiftCompile normal arm64_32 Compiling\ FITDecoder.swift /Users/admin/builder/spi-builder-workspace/Sources/GISToolsFIT/FITDecoder.swift (in target 'GISToolsFIT' from project 'gis-tools-fit')
SwiftCompile normal arm64_32 /Users/admin/builder/spi-builder-workspace/Sources/GISToolsFIT/FITDecoder.swift (in target 'GISToolsFIT' from project 'gis-tools-fit')
cd /Users/admin/builder/spi-builder-workspace/.swiftpm/xcode
/Users/admin/builder/spi-builder-workspace/Sources/GISToolsFIT/FITDecoder.swift:321:36: warning: left side of nil coalescing operator '??' has non-optional type 'Any', so the right side is never used
return bytes.first ?? 0
~~~~~~~~~~~~^~~~
/Users/admin/builder/spi-builder-workspace/Sources/GISToolsFIT/FITDecoder.swift:327:36: warning: left side of nil coalescing operator '??' has non-optional type 'Any', so the right side is never used
return bytes.first ?? 0
~~~~~~~~~~~~^~~~
/Users/admin/builder/spi-builder-workspace/Sources/GISToolsFIT/FITDecoder.swift:388:21: error: the compiler is unable to type-check this expression in reasonable time; try breaking up the expression into distinct sub-expressions
raw = UInt64(bytes[safe: 0] ?? 0) | (UInt64(bytes[safe: 1] ?? 0) << 8)
^~~~~~~~~~~~~~~~~~~~~~~~~~~~~~~~~~~~~~~~~~~~~~~~~~~~~~~~~~~~~~~~~~~~~~
/Users/admin/builder/spi-builder-workspace/Sources/GISToolsFIT/FITDecoder.swift:394:21: error: the compiler is unable to type-check this expression in reasonable time; try breaking up the expression into distinct sub-expressions
raw = UInt64(bytes[safe: 7] ?? 0) | (UInt64(bytes[safe: 6] ?? 0) << 8)
^~~~~~~~~~~~~~~~~~~~~~~~~~~~~~~~~~~~~~~~~~~~~~~~~~~~~~~~~~~~~~~~~~~~~~
/Users/admin/builder/spi-builder-workspace/Sources/GISToolsFIT/FITDecoder.swift:401:36: warning: left side of nil coalescing operator '??' has non-optional type 'Any', so the right side is never used
return bytes.first ?? 0
~~~~~~~~~~~~^~~~
/Users/admin/builder/spi-builder-workspace/Sources/GISToolsFIT/FITDecoder.swift:419:36: warning: left side of nil coalescing operator '??' has non-optional type 'Any', so the right side is never used
return bytes.first ?? 0
~~~~~~~~~~~~^~~~
/Users/admin/builder/spi-builder-workspace/Sources/GISToolsFIT/FITDecoder.swift:423:21: error: the compiler is unable to type-check this expression in reasonable time; try breaking up the expression into distinct sub-expressions
raw = UInt64(bytes[safe: 0] ?? 0) | (UInt64(bytes[safe: 1] ?? 0) << 8)
^~~~~~~~~~~~~~~~~~~~~~~~~~~~~~~~~~~~~~~~~~~~~~~~~~~~~~~~~~~~~~~~~~~~~~
/Users/admin/builder/spi-builder-workspace/Sources/GISToolsFIT/FITDecoder.swift:429:21: error: the compiler is unable to type-check this expression in reasonable time; try breaking up the expression into distinct sub-expressions
raw = UInt64(bytes[safe: 7] ?? 0) | (UInt64(bytes[safe: 6] ?? 0) << 8)
^~~~~~~~~~~~~~~~~~~~~~~~~~~~~~~~~~~~~~~~~~~~~~~~~~~~~~~~~~~~~~~~~~~~~~
/Users/admin/builder/spi-builder-workspace/Sources/GISToolsFIT/FITDecoder.swift:438:21: error: the compiler is unable to type-check this expression in reasonable time; try breaking up the expression into distinct sub-expressions
val = UInt64(bytes[safe: 0] ?? 0) | (UInt64(bytes[safe: 1] ?? 0) << 8)
^~~~~~~~~~~~~~~~~~~~~~~~~~~~~~~~~~~~~~~~~~~~~~~~~~~~~~~~~~~~~~~~~~~~~~
/Users/admin/builder/spi-builder-workspace/Sources/GISToolsFIT/FITDecoder.swift:444:21: error: the compiler is unable to type-check this expression in reasonable time; try breaking up the expression into distinct sub-expressions
val = UInt64(bytes[safe: 7] ?? 0) | (UInt64(bytes[safe: 6] ?? 0) << 8)
^~~~~~~~~~~~~~~~~~~~~~~~~~~~~~~~~~~~~~~~~~~~~~~~~~~~~~~~~~~~~~~~~~~~~~
/Users/admin/builder/spi-builder-workspace/Sources/GISToolsFIT/FITDecoder.swift:453:21: error: the compiler is unable to type-check this expression in reasonable time; try breaking up the expression into distinct sub-expressions
val = UInt64(bytes[safe: 0] ?? 0) | (UInt64(bytes[safe: 1] ?? 0) << 8)
^~~~~~~~~~~~~~~~~~~~~~~~~~~~~~~~~~~~~~~~~~~~~~~~~~~~~~~~~~~~~~~~~~~~~~
/Users/admin/builder/spi-builder-workspace/Sources/GISToolsFIT/FITDecoder.swift:459:21: error: the compiler is unable to type-check this expression in reasonable time; try breaking up the expression into distinct sub-expressions
val = UInt64(bytes[safe: 7] ?? 0) | (UInt64(bytes[safe: 6] ?? 0) << 8)
^~~~~~~~~~~~~~~~~~~~~~~~~~~~~~~~~~~~~~~~~~~~~~~~~~~~~~~~~~~~~~~~~~~~~~
Failed frontend command:
/Applications/Xcode-26.3.0.app/Contents/Developer/Toolchains/XcodeDefault.xctoolchain/usr/bin/swift-frontend -frontend -c /Users/admin/builder/spi-builder-workspace/Sources/GISToolsFIT/FITCoder.swift -primary-file /Users/admin/builder/spi-builder-workspace/Sources/GISToolsFIT/FITDecoder.swift /Users/admin/builder/spi-builder-workspace/Sources/GISToolsFIT/FITEncoder.swift /Users/admin/builder/spi-builder-workspace/Sources/GISToolsFIT/FITEnum.swift /Users/admin/builder/spi-builder-workspace/Sources/GISToolsFIT/FITProfile.swift /Users/admin/builder/spi-builder-workspace/Sources/GISToolsFIT/FITTypes.swift /Users/admin/builder/spi-builder-workspace/Sources/GISToolsFIT/Feature+FIT.swift /Users/admin/builder/spi-builder-workspace/Sources/GISToolsFIT/FeatureCollection+FIT.swift -emit-dependencies-path /Users/admin/builder/spi-builder-workspace/.derivedData/Build/Intermediates.noindex/gis-tools-fit.build/Debug-watchos/GISToolsFIT.build/Objects-normal/arm64_32/FITDecoder.d -emit-const-values-path /Users/admin/builder/spi-builder-workspace/.derivedData/Build/Intermediates.noindex/gis-tools-fit.build/Debug-watchos/GISToolsFIT.build/Objects-normal/arm64_32/FITDecoder.swiftconstvalues -emit-reference-dependencies-path /Users/admin/builder/spi-builder-workspace/.derivedData/Build/Intermediates.noindex/gis-tools-fit.build/Debug-watchos/GISToolsFIT.build/Objects-normal/arm64_32/FITDecoder.swiftdeps -serialize-diagnostics-path /Users/admin/builder/spi-builder-workspace/.derivedData/Build/Intermediates.noindex/gis-tools-fit.build/Debug-watchos/GISToolsFIT.build/Objects-normal/arm64_32/FITDecoder.dia -target arm64_32-apple-watchos7.0 -module-can-import-version CoreLocation 53 3064.0.10 -load-resolved-plugin /Applications/Xcode-26.3.0.app/Contents/Developer/Platforms/WatchOS.platform/Developer/usr/lib/swift/host/plugins/libFoundationMacros.dylib\#/Applications/Xcode-26.3.0.app/Contents/Developer/Platforms/WatchOS.platform/Developer/usr/bin/swift-plugin-server\#FoundationMacros -load-resolved-plugin /Applications/Xcode-26.3.0.app/Contents/Developer/Platforms/WatchOS.platform/Developer/usr/lib/swift/host/plugins/libObservationMacros.dylib\#/Applications/Xcode-26.3.0.app/Contents/Developer/Platforms/WatchOS.platform/Developer/usr/bin/swift-plugin-server\#ObservationMacros -load-resolved-plugin /Applications/Xcode-26.3.0.app/Contents/Developer/Platforms/WatchOS.platform/Developer/usr/lib/swift/host/plugins/libSwiftMacros.dylib\#/Applications/Xcode-26.3.0.app/Contents/Developer/Platforms/WatchOS.platform/Developer/usr/bin/swift-plugin-server\#SwiftMacros -disable-implicit-swift-modules -Xcc -fno-implicit-modules -Xcc -fno-implicit-module-maps -explicit-swift-module-map-file /Users/admin/builder/spi-builder-workspace/.derivedData/Build/Intermediates.noindex/gis-tools-fit.build/Debug-watchos/GISToolsFIT.build/Objects-normal/arm64_32/GISToolsFIT-dependencies-2.json -enable-objc-interop -sdk /Applications/Xcode-26.3.0.app/Contents/Developer/Platforms/WatchOS.platform/Developer/SDKs/WatchOS26.2.sdk -I /Users/admin/builder/spi-builder-workspace/.derivedData/Build/Products/Debug-watchos -Isystem /Applications/Xcode-26.3.0.app/Contents/Developer/Platforms/WatchOS.platform/Developer/usr/lib -F /Users/admin/builder/spi-builder-workspace/.derivedData/Build/Products/Debug-watchos/PackageFrameworks -F /Users/admin/builder/spi-builder-workspace/.derivedData/Build/Products/Debug-watchos -F /Applications/Xcode-26.3.0.app/Contents/Developer/Platforms/WatchOS.platform/Developer/Library/Frameworks -F /Applications/Xcode-26.3.0.app/Contents/Developer/Platforms/WatchOS.platform/Developer/SDKs/WatchOS26.2.sdk/Developer/Library/Frameworks -no-color-diagnostics -Xcc -fno-color-diagnostics -enable-testing -g -debug-info-format\=dwarf -dwarf-version\=4 -module-cache-path /Users/admin/builder/spi-builder-workspace/.derivedData/Build/Intermediates.noindex/SwiftExplicitPrecompiledModules -profile-generate -profile-coverage-mapping -swift-version 6 -enforce-exclusivity\=checked -Onone -D SWIFT_PACKAGE -D DEBUG -D SWIFT_MODULE_RESOURCE_BUNDLE_UNAVAILABLE -D Xcode -serialize-debugging-options -const-gather-protocols-file /Users/admin/builder/spi-builder-workspace/.derivedData/Build/Intermediates.noindex/gis-tools-fit.build/Debug-watchos/GISToolsFIT.build/Objects-normal/arm64_32/GISToolsFIT_const_extract_protocols.json -enable-experimental-feature DebugDescriptionMacro -empty-abi-descriptor -validate-clang-modules-once -clang-build-session-file /Users/admin/builder/spi-builder-workspace/.derivedData/ModuleCache.noindex/Session.modulevalidation -Xcc -working-directory -Xcc /Users/admin/builder/spi-builder-workspace/.swiftpm/xcode -enable-anonymous-context-mangled-names -file-compilation-dir /Users/admin/builder/spi-builder-workspace/.swiftpm/xcode -Xcc -D_LIBCPP_HARDENING_MODE\=_LIBCPP_HARDENING_MODE_DEBUG -Xcc -ivfsstatcache -Xcc /Users/admin/builder/spi-builder-workspace/.derivedData/SDKStatCaches.noindex/watchos26.2-23S303-dc75598d0054f22ec865fa860f139d721753b489057de6bda919edfa1c59a62b.sdkstatcache -Xcc -I/Users/admin/builder/spi-builder-workspace/.derivedData/Build/Intermediates.noindex/gis-tools-fit.build/Debug-watchos/GISToolsFIT.build/swift-overrides.hmap -Xcc -I/Users/admin/builder/spi-builder-workspace/.derivedData/Build/Products/Debug-watchos/include -Xcc -I/Users/admin/builder/spi-builder-workspace/.derivedData/Build/Intermediates.noindex/gis-tools-fit.build/Debug-watchos/GISToolsFIT.build/DerivedSources-normal/arm64_32 -Xcc -I/Users/admin/builder/spi-builder-workspace/.derivedData/Build/Intermediates.noindex/gis-tools-fit.build/Debug-watchos/GISToolsFIT.build/DerivedSources/arm64_32 -Xcc -I/Users/admin/builder/spi-builder-workspace/.derivedData/Build/Intermediates.noindex/gis-tools-fit.build/Debug-watchos/GISToolsFIT.build/DerivedSources -Xcc -DSWIFT_PACKAGE -Xcc -DDEBUG\=1 -no-auto-bridging-header-chaining -module-name GISToolsFIT -package-name spi_builder_workspace -frontend-parseable-output -disable-clang-spi -target-sdk-version 26.2 -target-sdk-name watchos26.2 -clang-target arm64_32-apple-watchos26.2 -in-process-plugin-server-path /Applications/Xcode-26.3.0.app/Contents/Developer/Toolchains/XcodeDefault.xctoolchain/usr/lib/swift/host/libSwiftInProcPluginServer.dylib -o /Users/admin/builder/spi-builder-workspace/.derivedData/Build/Intermediates.noindex/gis-tools-fit.build/Debug-watchos/GISToolsFIT.build/Objects-normal/arm64_32/FITDecoder.o -index-unit-output-path /gis-tools-fit.build/Debug-watchos/GISToolsFIT.build/Objects-normal/arm64_32/FITDecoder.o -index-store-path /Users/admin/builder/spi-builder-workspace/.derivedData/Index.noindex/DataStore -index-system-modules
SwiftDriverJobDiscovery normal arm64_32 Compiling FeatureCollection+FIT.swift (in target 'GISToolsFIT' from project 'gis-tools-fit')
SwiftCompile normal armv7k Compiling\ FITProfile.swift /Users/admin/builder/spi-builder-workspace/Sources/GISToolsFIT/FITProfile.swift (in target 'GISToolsFIT' from project 'gis-tools-fit')
SwiftCompile normal armv7k /Users/admin/builder/spi-builder-workspace/Sources/GISToolsFIT/FITProfile.swift (in target 'GISToolsFIT' from project 'gis-tools-fit')
cd /Users/admin/builder/spi-builder-workspace/.swiftpm/xcode
SwiftDriverJobDiscovery normal armv7k Compiling FITTypes.swift (in target 'GISToolsFIT' from project 'gis-tools-fit')
SwiftCompile normal arm64_32 Compiling\ Feature+FIT.swift /Users/admin/builder/spi-builder-workspace/Sources/GISToolsFIT/Feature+FIT.swift (in target 'GISToolsFIT' from project 'gis-tools-fit')
SwiftCompile normal arm64_32 /Users/admin/builder/spi-builder-workspace/Sources/GISToolsFIT/Feature+FIT.swift (in target 'GISToolsFIT' from project 'gis-tools-fit')
cd /Users/admin/builder/spi-builder-workspace/.swiftpm/xcode
SwiftDriverJobDiscovery normal arm64_32 Emitting module for GISToolsFIT (in target 'GISToolsFIT' from project 'gis-tools-fit')
SwiftDriver\ Compilation\ Requirements GISToolsFIT normal arm64_32 com.apple.xcode.tools.swift.compiler (in target 'GISToolsFIT' from project 'gis-tools-fit')
cd /Users/admin/builder/spi-builder-workspace/.swiftpm/xcode
builtin-Swift-Compilation-Requirements -- /Applications/Xcode-26.3.0.app/Contents/Developer/Toolchains/XcodeDefault.xctoolchain/usr/bin/swiftc -module-name GISToolsFIT -Onone -enforce-exclusivity\=checked @/Users/admin/builder/spi-builder-workspace/.derivedData/Build/Intermediates.noindex/gis-tools-fit.build/Debug-watchos/GISToolsFIT.build/Objects-normal/arm64_32/GISToolsFIT.SwiftFileList -DSWIFT_PACKAGE -DDEBUG -DSWIFT_MODULE_RESOURCE_BUNDLE_UNAVAILABLE -DXcode -plugin-path /Applications/Xcode-26.3.0.app/Contents/Developer/Toolchains/XcodeDefault.xctoolchain/usr/lib/swift/host/plugins/testing -enable-experimental-feature DebugDescriptionMacro -sdk /Applications/Xcode-26.3.0.app/Contents/Developer/Platforms/WatchOS.platform/Developer/SDKs/WatchOS26.2.sdk -target arm64_32-apple-watchos7.0 -g -module-cache-path /Users/admin/builder/spi-builder-workspace/.derivedData/ModuleCache.noindex -Xfrontend -serialize-debugging-options -profile-coverage-mapping -profile-generate -enable-testing -index-store-path /Users/admin/builder/spi-builder-workspace/.derivedData/Index.noindex/DataStore -Xcc -D_LIBCPP_HARDENING_MODE\=_LIBCPP_HARDENING_MODE_DEBUG -swift-version 6 -I /Users/admin/builder/spi-builder-workspace/.derivedData/Build/Products/Debug-watchos -Isystem /Applications/Xcode-26.3.0.app/Contents/Developer/Platforms/WatchOS.platform/Developer/usr/lib -F /Users/admin/builder/spi-builder-workspace/.derivedData/Build/Products/Debug-watchos/PackageFrameworks -F /Users/admin/builder/spi-builder-workspace/.derivedData/Build/Products/Debug-watchos -F /Applications/Xcode-26.3.0.app/Contents/Developer/Platforms/WatchOS.platform/Developer/Library/Frameworks -F /Applications/Xcode-26.3.0.app/Contents/Developer/Platforms/WatchOS.platform/Developer/SDKs/WatchOS26.2.sdk/Developer/Library/Frameworks -c -j10 -enable-batch-mode -incremental -Xcc -ivfsstatcache -Xcc /Users/admin/builder/spi-builder-workspace/.derivedData/SDKStatCaches.noindex/watchos26.2-23S303-dc75598d0054f22ec865fa860f139d721753b489057de6bda919edfa1c59a62b.sdkstatcache -output-file-map /Users/admin/builder/spi-builder-workspace/.derivedData/Build/Intermediates.noindex/gis-tools-fit.build/Debug-watchos/GISToolsFIT.build/Objects-normal/arm64_32/GISToolsFIT-OutputFileMap.json -use-frontend-parseable-output -save-temps -no-color-diagnostics -explicit-module-build -module-cache-path /Users/admin/builder/spi-builder-workspace/.derivedData/Build/Intermediates.noindex/SwiftExplicitPrecompiledModules -clang-scanner-module-cache-path /Users/admin/builder/spi-builder-workspace/.derivedData/ModuleCache.noindex -sdk-module-cache-path /Users/admin/builder/spi-builder-workspace/.derivedData/ModuleCache.noindex -serialize-diagnostics -emit-dependencies -emit-module -emit-module-path /Users/admin/builder/spi-builder-workspace/.derivedData/Build/Intermediates.noindex/gis-tools-fit.build/Debug-watchos/GISToolsFIT.build/Objects-normal/arm64_32/GISToolsFIT.swiftmodule -validate-clang-modules-once -clang-build-session-file /Users/admin/builder/spi-builder-workspace/.derivedData/ModuleCache.noindex/Session.modulevalidation -package-name spi_builder_workspace -Xcc -I/Users/admin/builder/spi-builder-workspace/.derivedData/Build/Intermediates.noindex/gis-tools-fit.build/Debug-watchos/GISToolsFIT.build/swift-overrides.hmap -emit-const-values -Xfrontend -const-gather-protocols-file -Xfrontend /Users/admin/builder/spi-builder-workspace/.derivedData/Build/Intermediates.noindex/gis-tools-fit.build/Debug-watchos/GISToolsFIT.build/Objects-normal/arm64_32/GISToolsFIT_const_extract_protocols.json -Xcc -I/Users/admin/builder/spi-builder-workspace/.derivedData/Build/Products/Debug-watchos/include -Xcc -I/Users/admin/builder/spi-builder-workspace/.derivedData/Build/Intermediates.noindex/gis-tools-fit.build/Debug-watchos/GISToolsFIT.build/DerivedSources-normal/arm64_32 -Xcc -I/Users/admin/builder/spi-builder-workspace/.derivedData/Build/Intermediates.noindex/gis-tools-fit.build/Debug-watchos/GISToolsFIT.build/DerivedSources/arm64_32 -Xcc -I/Users/admin/builder/spi-builder-workspace/.derivedData/Build/Intermediates.noindex/gis-tools-fit.build/Debug-watchos/GISToolsFIT.build/DerivedSources -Xcc -DSWIFT_PACKAGE -Xcc -DDEBUG\=1 -emit-objc-header -emit-objc-header-path /Users/admin/builder/spi-builder-workspace/.derivedData/Build/Intermediates.noindex/gis-tools-fit.build/Debug-watchos/GISToolsFIT.build/Objects-normal/arm64_32/GISToolsFIT-Swift.h -working-directory /Users/admin/builder/spi-builder-workspace/.swiftpm/xcode -experimental-emit-module-separately -disable-cmo
SwiftDriverJobDiscovery normal arm64_32 Compiling BoundingBoxClip.swift, BoundingBoxPosition.swift, Buffer.swift, Center.swift, Circle.swift, Clean.swift, Clusters.swift, Collect.swift, ConcaveHull.swift, Conversions.swift, ConvexHull.swift, Densify.swift, Destination.swift, Difference.swift, Dissolve.swift, Distance.swift, Ellipse.swift, EnumerateCoordinates.swift (in target 'GISTools' from project 'gis-tools')
SwiftCompile normal arm64_32 Compiling\ FITCoder.swift /Users/admin/builder/spi-builder-workspace/Sources/GISToolsFIT/FITCoder.swift (in target 'GISToolsFIT' from project 'gis-tools-fit')
SwiftCompile normal arm64_32 /Users/admin/builder/spi-builder-workspace/Sources/GISToolsFIT/FITCoder.swift (in target 'GISToolsFIT' from project 'gis-tools-fit')
cd /Users/admin/builder/spi-builder-workspace/.swiftpm/xcode
Copy /Users/admin/builder/spi-builder-workspace/.derivedData/Build/Products/Debug-watchos/GISToolsFIT.swiftmodule/arm64_32-apple-watchos.swiftmodule /Users/admin/builder/spi-builder-workspace/.derivedData/Build/Intermediates.noindex/gis-tools-fit.build/Debug-watchos/GISToolsFIT.build/Objects-normal/arm64_32/GISToolsFIT.swiftmodule (in target 'GISToolsFIT' from project 'gis-tools-fit')
cd /Users/admin/builder/spi-builder-workspace
builtin-copy -exclude .DS_Store -exclude CVS -exclude .svn -exclude .git -exclude .hg -resolve-src-symlinks -rename /Users/admin/builder/spi-builder-workspace/.derivedData/Build/Intermediates.noindex/gis-tools-fit.build/Debug-watchos/GISToolsFIT.build/Objects-normal/arm64_32/GISToolsFIT.swiftmodule /Users/admin/builder/spi-builder-workspace/.derivedData/Build/Products/Debug-watchos/GISToolsFIT.swiftmodule/arm64_32-apple-watchos.swiftmodule
SwiftDriverJobDiscovery normal armv7k Compiling FeatureCollection+FIT.swift (in target 'GISToolsFIT' from project 'gis-tools-fit')
Copy /Users/admin/builder/spi-builder-workspace/.derivedData/Build/Products/Debug-watchos/GISToolsFIT.swiftmodule/arm64_32-apple-watchos.swiftdoc /Users/admin/builder/spi-builder-workspace/.derivedData/Build/Intermediates.noindex/gis-tools-fit.build/Debug-watchos/GISToolsFIT.build/Objects-normal/arm64_32/GISToolsFIT.swiftdoc (in target 'GISToolsFIT' from project 'gis-tools-fit')
cd /Users/admin/builder/spi-builder-workspace
builtin-copy -exclude .DS_Store -exclude CVS -exclude .svn -exclude .git -exclude .hg -resolve-src-symlinks -rename /Users/admin/builder/spi-builder-workspace/.derivedData/Build/Intermediates.noindex/gis-tools-fit.build/Debug-watchos/GISToolsFIT.build/Objects-normal/arm64_32/GISToolsFIT.swiftdoc /Users/admin/builder/spi-builder-workspace/.derivedData/Build/Products/Debug-watchos/GISToolsFIT.swiftmodule/arm64_32-apple-watchos.swiftdoc
Copy /Users/admin/builder/spi-builder-workspace/.derivedData/Build/Products/Debug-watchos/GISToolsFIT.swiftmodule/arm64_32-apple-watchos.abi.json /Users/admin/builder/spi-builder-workspace/.derivedData/Build/Intermediates.noindex/gis-tools-fit.build/Debug-watchos/GISToolsFIT.build/Objects-normal/arm64_32/GISToolsFIT.abi.json (in target 'GISToolsFIT' from project 'gis-tools-fit')
cd /Users/admin/builder/spi-builder-workspace
builtin-copy -exclude .DS_Store -exclude CVS -exclude .svn -exclude .git -exclude .hg -resolve-src-symlinks -rename /Users/admin/builder/spi-builder-workspace/.derivedData/Build/Intermediates.noindex/gis-tools-fit.build/Debug-watchos/GISToolsFIT.build/Objects-normal/arm64_32/GISToolsFIT.abi.json /Users/admin/builder/spi-builder-workspace/.derivedData/Build/Products/Debug-watchos/GISToolsFIT.swiftmodule/arm64_32-apple-watchos.abi.json
Copy /Users/admin/builder/spi-builder-workspace/.derivedData/Build/Products/Debug-watchos/GISToolsFIT.swiftmodule/Project/arm64_32-apple-watchos.swiftsourceinfo /Users/admin/builder/spi-builder-workspace/.derivedData/Build/Intermediates.noindex/gis-tools-fit.build/Debug-watchos/GISToolsFIT.build/Objects-normal/arm64_32/GISToolsFIT.swiftsourceinfo (in target 'GISToolsFIT' from project 'gis-tools-fit')
cd /Users/admin/builder/spi-builder-workspace
builtin-copy -exclude .DS_Store -exclude CVS -exclude .svn -exclude .git -exclude .hg -resolve-src-symlinks -rename /Users/admin/builder/spi-builder-workspace/.derivedData/Build/Intermediates.noindex/gis-tools-fit.build/Debug-watchos/GISToolsFIT.build/Objects-normal/arm64_32/GISToolsFIT.swiftsourceinfo /Users/admin/builder/spi-builder-workspace/.derivedData/Build/Products/Debug-watchos/GISToolsFIT.swiftmodule/Project/arm64_32-apple-watchos.swiftsourceinfo
SwiftCompile normal armv7k Compiling\ FITEncoder.swift /Users/admin/builder/spi-builder-workspace/Sources/GISToolsFIT/FITEncoder.swift (in target 'GISToolsFIT' from project 'gis-tools-fit')
SwiftCompile normal armv7k /Users/admin/builder/spi-builder-workspace/Sources/GISToolsFIT/FITEncoder.swift (in target 'GISToolsFIT' from project 'gis-tools-fit')
cd /Users/admin/builder/spi-builder-workspace/.swiftpm/xcode
SwiftCompile normal arm64_32 Compiling\ FITEnum.swift /Users/admin/builder/spi-builder-workspace/Sources/GISToolsFIT/FITEnum.swift (in target 'GISToolsFIT' from project 'gis-tools-fit')
SwiftCompile normal arm64_32 /Users/admin/builder/spi-builder-workspace/Sources/GISToolsFIT/FITEnum.swift (in target 'GISToolsFIT' from project 'gis-tools-fit')
cd /Users/admin/builder/spi-builder-workspace/.swiftpm/xcode
SwiftDriverJobDiscovery normal armv7k Emitting module for GISToolsFIT (in target 'GISToolsFIT' from project 'gis-tools-fit')
SwiftDriver\ Compilation\ Requirements GISToolsFIT normal armv7k com.apple.xcode.tools.swift.compiler (in target 'GISToolsFIT' from project 'gis-tools-fit')
cd /Users/admin/builder/spi-builder-workspace/.swiftpm/xcode
builtin-Swift-Compilation-Requirements -- /Applications/Xcode-26.3.0.app/Contents/Developer/Toolchains/XcodeDefault.xctoolchain/usr/bin/swiftc -module-name GISToolsFIT -Onone -enforce-exclusivity\=checked @/Users/admin/builder/spi-builder-workspace/.derivedData/Build/Intermediates.noindex/gis-tools-fit.build/Debug-watchos/GISToolsFIT.build/Objects-normal/armv7k/GISToolsFIT.SwiftFileList -DSWIFT_PACKAGE -DDEBUG -DSWIFT_MODULE_RESOURCE_BUNDLE_UNAVAILABLE -DXcode -plugin-path /Applications/Xcode-26.3.0.app/Contents/Developer/Toolchains/XcodeDefault.xctoolchain/usr/lib/swift/host/plugins/testing -enable-experimental-feature DebugDescriptionMacro -sdk /Applications/Xcode-26.3.0.app/Contents/Developer/Platforms/WatchOS.platform/Developer/SDKs/WatchOS26.2.sdk -target armv7k-apple-watchos7.0 -g -module-cache-path /Users/admin/builder/spi-builder-workspace/.derivedData/ModuleCache.noindex -Xfrontend -serialize-debugging-options -profile-coverage-mapping -profile-generate -enable-testing -index-store-path /Users/admin/builder/spi-builder-workspace/.derivedData/Index.noindex/DataStore -Xcc -D_LIBCPP_HARDENING_MODE\=_LIBCPP_HARDENING_MODE_DEBUG -swift-version 6 -I /Users/admin/builder/spi-builder-workspace/.derivedData/Build/Products/Debug-watchos -Isystem /Applications/Xcode-26.3.0.app/Contents/Developer/Platforms/WatchOS.platform/Developer/usr/lib -F /Users/admin/builder/spi-builder-workspace/.derivedData/Build/Products/Debug-watchos/PackageFrameworks -F /Users/admin/builder/spi-builder-workspace/.derivedData/Build/Products/Debug-watchos -F /Applications/Xcode-26.3.0.app/Contents/Developer/Platforms/WatchOS.platform/Developer/Library/Frameworks -F /Applications/Xcode-26.3.0.app/Contents/Developer/Platforms/WatchOS.platform/Developer/SDKs/WatchOS26.2.sdk/Developer/Library/Frameworks -c -j10 -enable-batch-mode -incremental -Xcc -ivfsstatcache -Xcc /Users/admin/builder/spi-builder-workspace/.derivedData/SDKStatCaches.noindex/watchos26.2-23S303-dc75598d0054f22ec865fa860f139d721753b489057de6bda919edfa1c59a62b.sdkstatcache -output-file-map /Users/admin/builder/spi-builder-workspace/.derivedData/Build/Intermediates.noindex/gis-tools-fit.build/Debug-watchos/GISToolsFIT.build/Objects-normal/armv7k/GISToolsFIT-OutputFileMap.json -use-frontend-parseable-output -save-temps -no-color-diagnostics -explicit-module-build -module-cache-path /Users/admin/builder/spi-builder-workspace/.derivedData/Build/Intermediates.noindex/SwiftExplicitPrecompiledModules -clang-scanner-module-cache-path /Users/admin/builder/spi-builder-workspace/.derivedData/ModuleCache.noindex -sdk-module-cache-path /Users/admin/builder/spi-builder-workspace/.derivedData/ModuleCache.noindex -serialize-diagnostics -emit-dependencies -emit-module -emit-module-path /Users/admin/builder/spi-builder-workspace/.derivedData/Build/Intermediates.noindex/gis-tools-fit.build/Debug-watchos/GISToolsFIT.build/Objects-normal/armv7k/GISToolsFIT.swiftmodule -validate-clang-modules-once -clang-build-session-file /Users/admin/builder/spi-builder-workspace/.derivedData/ModuleCache.noindex/Session.modulevalidation -package-name spi_builder_workspace -Xcc -I/Users/admin/builder/spi-builder-workspace/.derivedData/Build/Intermediates.noindex/gis-tools-fit.build/Debug-watchos/GISToolsFIT.build/swift-overrides.hmap -emit-const-values -Xfrontend -const-gather-protocols-file -Xfrontend /Users/admin/builder/spi-builder-workspace/.derivedData/Build/Intermediates.noindex/gis-tools-fit.build/Debug-watchos/GISToolsFIT.build/Objects-normal/armv7k/GISToolsFIT_const_extract_protocols.json -Xcc -I/Users/admin/builder/spi-builder-workspace/.derivedData/Build/Products/Debug-watchos/include -Xcc -I/Users/admin/builder/spi-builder-workspace/.derivedData/Build/Intermediates.noindex/gis-tools-fit.build/Debug-watchos/GISToolsFIT.build/DerivedSources-normal/armv7k -Xcc -I/Users/admin/builder/spi-builder-workspace/.derivedData/Build/Intermediates.noindex/gis-tools-fit.build/Debug-watchos/GISToolsFIT.build/DerivedSources/armv7k -Xcc -I/Users/admin/builder/spi-builder-workspace/.derivedData/Build/Intermediates.noindex/gis-tools-fit.build/Debug-watchos/GISToolsFIT.build/DerivedSources -Xcc -DSWIFT_PACKAGE -Xcc -DDEBUG\=1 -emit-objc-header -emit-objc-header-path /Users/admin/builder/spi-builder-workspace/.derivedData/Build/Intermediates.noindex/gis-tools-fit.build/Debug-watchos/GISToolsFIT.build/Objects-normal/armv7k/GISToolsFIT-Swift.h -working-directory /Users/admin/builder/spi-builder-workspace/.swiftpm/xcode -experimental-emit-module-separately -disable-cmo
SwiftDriverJobDiscovery normal arm64_32 Compiling Ring.swift, TWKBCoder.swift, WKBCoder.swift, WKTCoder.swift, Edge.swift, Graph+AStar.swift, Graph+ArticulationPoints.swift, Graph+BetweennessCentrality.swift, Graph+Bidirectional.swift, Graph+Bridges.swift, Graph+Contraction.swift, Graph+Convenience.swift, Graph+Cycles.swift, Graph+DeadEnds.swift, Graph+Edges.swift, Graph+Eulerian.swift, Graph+KShortestPaths.swift (in target 'GISTools' from project 'gis-tools')
SwiftCompile normal armv7k Compiling\ Feature+FIT.swift /Users/admin/builder/spi-builder-workspace/Sources/GISToolsFIT/Feature+FIT.swift (in target 'GISToolsFIT' from project 'gis-tools-fit')
SwiftCompile normal armv7k /Users/admin/builder/spi-builder-workspace/Sources/GISToolsFIT/Feature+FIT.swift (in target 'GISToolsFIT' from project 'gis-tools-fit')
cd /Users/admin/builder/spi-builder-workspace/.swiftpm/xcode
SwiftMergeGeneratedHeaders /Users/admin/builder/spi-builder-workspace/.derivedData/Build/Intermediates.noindex/GeneratedModuleMaps-watchos/GISToolsFIT-Swift.h /Users/admin/builder/spi-builder-workspace/.derivedData/Build/Intermediates.noindex/gis-tools-fit.build/Debug-watchos/GISToolsFIT.build/Objects-normal/arm64/GISToolsFIT-Swift.h /Users/admin/builder/spi-builder-workspace/.derivedData/Build/Intermediates.noindex/gis-tools-fit.build/Debug-watchos/GISToolsFIT.build/Objects-normal/arm64_32/GISToolsFIT-Swift.h /Users/admin/builder/spi-builder-workspace/.derivedData/Build/Intermediates.noindex/gis-tools-fit.build/Debug-watchos/GISToolsFIT.build/Objects-normal/armv7k/GISToolsFIT-Swift.h (in target 'GISToolsFIT' from project 'gis-tools-fit')
cd /Users/admin/builder/spi-builder-workspace
builtin-swiftHeaderTool -arch arm64 /Users/admin/builder/spi-builder-workspace/.derivedData/Build/Intermediates.noindex/gis-tools-fit.build/Debug-watchos/GISToolsFIT.build/Objects-normal/arm64/GISToolsFIT-Swift.h -arch arm64_32 /Users/admin/builder/spi-builder-workspace/.derivedData/Build/Intermediates.noindex/gis-tools-fit.build/Debug-watchos/GISToolsFIT.build/Objects-normal/arm64_32/GISToolsFIT-Swift.h -arch armv7k /Users/admin/builder/spi-builder-workspace/.derivedData/Build/Intermediates.noindex/gis-tools-fit.build/Debug-watchos/GISToolsFIT.build/Objects-normal/armv7k/GISToolsFIT-Swift.h -o /Users/admin/builder/spi-builder-workspace/.derivedData/Build/Intermediates.noindex/GeneratedModuleMaps-watchos/GISToolsFIT-Swift.h
SwiftDriverJobDiscovery normal arm64_32 Compiling FITEnum.swift (in target 'GISToolsFIT' from project 'gis-tools-fit')
Copy /Users/admin/builder/spi-builder-workspace/.derivedData/Build/Products/Debug-watchos/GISToolsFIT.swiftmodule/armv7k-apple-watchos.swiftmodule /Users/admin/builder/spi-builder-workspace/.derivedData/Build/Intermediates.noindex/gis-tools-fit.build/Debug-watchos/GISToolsFIT.build/Objects-normal/armv7k/GISToolsFIT.swiftmodule (in target 'GISToolsFIT' from project 'gis-tools-fit')
cd /Users/admin/builder/spi-builder-workspace
builtin-copy -exclude .DS_Store -exclude CVS -exclude .svn -exclude .git -exclude .hg -resolve-src-symlinks -rename /Users/admin/builder/spi-builder-workspace/.derivedData/Build/Intermediates.noindex/gis-tools-fit.build/Debug-watchos/GISToolsFIT.build/Objects-normal/armv7k/GISToolsFIT.swiftmodule /Users/admin/builder/spi-builder-workspace/.derivedData/Build/Products/Debug-watchos/GISToolsFIT.swiftmodule/armv7k-apple-watchos.swiftmodule
Copy /Users/admin/builder/spi-builder-workspace/.derivedData/Build/Products/Debug-watchos/GISToolsFIT.swiftmodule/armv7k-apple-watchos.swiftdoc /Users/admin/builder/spi-builder-workspace/.derivedData/Build/Intermediates.noindex/gis-tools-fit.build/Debug-watchos/GISToolsFIT.build/Objects-normal/armv7k/GISToolsFIT.swiftdoc (in target 'GISToolsFIT' from project 'gis-tools-fit')
cd /Users/admin/builder/spi-builder-workspace
builtin-copy -exclude .DS_Store -exclude CVS -exclude .svn -exclude .git -exclude .hg -resolve-src-symlinks -rename /Users/admin/builder/spi-builder-workspace/.derivedData/Build/Intermediates.noindex/gis-tools-fit.build/Debug-watchos/GISToolsFIT.build/Objects-normal/armv7k/GISToolsFIT.swiftdoc /Users/admin/builder/spi-builder-workspace/.derivedData/Build/Products/Debug-watchos/GISToolsFIT.swiftmodule/armv7k-apple-watchos.swiftdoc
Copy /Users/admin/builder/spi-builder-workspace/.derivedData/Build/Products/Debug-watchos/GISToolsFIT.swiftmodule/armv7k-apple-watchos.abi.json /Users/admin/builder/spi-builder-workspace/.derivedData/Build/Intermediates.noindex/gis-tools-fit.build/Debug-watchos/GISToolsFIT.build/Objects-normal/armv7k/GISToolsFIT.abi.json (in target 'GISToolsFIT' from project 'gis-tools-fit')
cd /Users/admin/builder/spi-builder-workspace
builtin-copy -exclude .DS_Store -exclude CVS -exclude .svn -exclude .git -exclude .hg -resolve-src-symlinks -rename /Users/admin/builder/spi-builder-workspace/.derivedData/Build/Intermediates.noindex/gis-tools-fit.build/Debug-watchos/GISToolsFIT.build/Objects-normal/armv7k/GISToolsFIT.abi.json /Users/admin/builder/spi-builder-workspace/.derivedData/Build/Products/Debug-watchos/GISToolsFIT.swiftmodule/armv7k-apple-watchos.abi.json
Copy /Users/admin/builder/spi-builder-workspace/.derivedData/Build/Products/Debug-watchos/GISToolsFIT.swiftmodule/Project/armv7k-apple-watchos.swiftsourceinfo /Users/admin/builder/spi-builder-workspace/.derivedData/Build/Intermediates.noindex/gis-tools-fit.build/Debug-watchos/GISToolsFIT.build/Objects-normal/armv7k/GISToolsFIT.swiftsourceinfo (in target 'GISToolsFIT' from project 'gis-tools-fit')
cd /Users/admin/builder/spi-builder-workspace
builtin-copy -exclude .DS_Store -exclude CVS -exclude .svn -exclude .git -exclude .hg -resolve-src-symlinks -rename /Users/admin/builder/spi-builder-workspace/.derivedData/Build/Intermediates.noindex/gis-tools-fit.build/Debug-watchos/GISToolsFIT.build/Objects-normal/armv7k/GISToolsFIT.swiftsourceinfo /Users/admin/builder/spi-builder-workspace/.derivedData/Build/Products/Debug-watchos/GISToolsFIT.swiftmodule/Project/armv7k-apple-watchos.swiftsourceinfo
SwiftCompile normal armv7k Compiling\ FITEnum.swift /Users/admin/builder/spi-builder-workspace/Sources/GISToolsFIT/FITEnum.swift (in target 'GISToolsFIT' from project 'gis-tools-fit')
SwiftCompile normal armv7k /Users/admin/builder/spi-builder-workspace/Sources/GISToolsFIT/FITEnum.swift (in target 'GISToolsFIT' from project 'gis-tools-fit')
cd /Users/admin/builder/spi-builder-workspace/.swiftpm/xcode
SwiftDriverJobDiscovery normal arm64_32 Compiling FITProfile.swift (in target 'GISToolsFIT' from project 'gis-tools-fit')
SwiftCompile normal arm64 Compiling\ FITProfile.swift /Users/admin/builder/spi-builder-workspace/Sources/GISToolsFIT/FITProfile.swift (in target 'GISToolsFIT' from project 'gis-tools-fit')
SwiftCompile normal arm64 /Users/admin/builder/spi-builder-workspace/Sources/GISToolsFIT/FITProfile.swift (in target 'GISToolsFIT' from project 'gis-tools-fit')
cd /Users/admin/builder/spi-builder-workspace/.swiftpm/xcode
SwiftCompile normal arm64 Compiling\ FITTypes.swift /Users/admin/builder/spi-builder-workspace/Sources/GISToolsFIT/FITTypes.swift (in target 'GISToolsFIT' from project 'gis-tools-fit')
SwiftCompile normal arm64 /Users/admin/builder/spi-builder-workspace/Sources/GISToolsFIT/FITTypes.swift (in target 'GISToolsFIT' from project 'gis-tools-fit')
cd /Users/admin/builder/spi-builder-workspace/.swiftpm/xcode
SwiftDriverJobDiscovery normal arm64_32 Compiling Feature+FIT.swift (in target 'GISToolsFIT' from project 'gis-tools-fit')
SwiftCompile normal arm64 Compiling\ Feature+FIT.swift /Users/admin/builder/spi-builder-workspace/Sources/GISToolsFIT/Feature+FIT.swift (in target 'GISToolsFIT' from project 'gis-tools-fit')
SwiftCompile normal arm64 /Users/admin/builder/spi-builder-workspace/Sources/GISToolsFIT/Feature+FIT.swift (in target 'GISToolsFIT' from project 'gis-tools-fit')
cd /Users/admin/builder/spi-builder-workspace/.swiftpm/xcode
SwiftDriverJobDiscovery normal arm64_32 Compiling SharedPaths.swift, Simplify.swift, SnapToGrid.swift, SquareGrid.swift, SymmetricDifference.swift, Tesselate.swift, TileCover.swift, Tin.swift, TransformCoordinates.swift, TransformRotate.swift, TransformScale.swift, TransformTranslate.swift, TriangleGrid.swift, Truncate.swift, UnaryUnion.swift, Union.swift, Validatable.swift (in target 'GISTools' from project 'gis-tools')
SwiftCompile normal arm64 Compiling\ FITEncoder.swift /Users/admin/builder/spi-builder-workspace/Sources/GISToolsFIT/FITEncoder.swift (in target 'GISToolsFIT' from project 'gis-tools-fit')
SwiftCompile normal arm64 /Users/admin/builder/spi-builder-workspace/Sources/GISToolsFIT/FITEncoder.swift (in target 'GISToolsFIT' from project 'gis-tools-fit')
cd /Users/admin/builder/spi-builder-workspace/.swiftpm/xcode
SwiftDriverJobDiscovery normal arm64 Compiling Voronoi.swift, ArrayExtensions.swift, CLLocationDegreesExtensions.swift, DataExtensions.swift, DoubleExtensions.swift, EquatableExtensions.swift, FeatureIdentifierExtensions.swift, FixedWidthIntegerExtensions.swift, IntExtensions.swift, SetExtensions.swift, StringExtensions.swift, GISTool.swift, BoundingBox.swift, BoundingBoxRepresentable.swift, Cartesian3D.swift, Coordinate3D.swift, Feature.swift (in target 'GISTools' from project 'gis-tools')
SwiftCompile normal arm64 Compiling\ FITCoder.swift /Users/admin/builder/spi-builder-workspace/Sources/GISToolsFIT/FITCoder.swift (in target 'GISToolsFIT' from project 'gis-tools-fit')
SwiftCompile normal arm64 /Users/admin/builder/spi-builder-workspace/Sources/GISToolsFIT/FITCoder.swift (in target 'GISToolsFIT' from project 'gis-tools-fit')
cd /Users/admin/builder/spi-builder-workspace/.swiftpm/xcode
SwiftDriverJobDiscovery normal armv7k Compiling FITEnum.swift (in target 'GISToolsFIT' from project 'gis-tools-fit')
SwiftCompile normal armv7k Compiling\ FITDecoder.swift /Users/admin/builder/spi-builder-workspace/Sources/GISToolsFIT/FITDecoder.swift (in target 'GISToolsFIT' from project 'gis-tools-fit')
SwiftCompile normal armv7k /Users/admin/builder/spi-builder-workspace/Sources/GISToolsFIT/FITDecoder.swift (in target 'GISToolsFIT' from project 'gis-tools-fit')
cd /Users/admin/builder/spi-builder-workspace/.swiftpm/xcode
SwiftDriverJobDiscovery normal arm64 Compiling FITTypes.swift (in target 'GISToolsFIT' from project 'gis-tools-fit')
SwiftCompile normal armv7k Compiling\ FITCoder.swift /Users/admin/builder/spi-builder-workspace/Sources/GISToolsFIT/FITCoder.swift (in target 'GISToolsFIT' from project 'gis-tools-fit')
SwiftCompile normal armv7k /Users/admin/builder/spi-builder-workspace/Sources/GISToolsFIT/FITCoder.swift (in target 'GISToolsFIT' from project 'gis-tools-fit')
cd /Users/admin/builder/spi-builder-workspace/.swiftpm/xcode
SwiftDriverJobDiscovery normal armv7k Compiling Feature+FIT.swift (in target 'GISToolsFIT' from project 'gis-tools-fit')
SwiftCompile normal arm64_32 Compiling\ FITTypes.swift /Users/admin/builder/spi-builder-workspace/Sources/GISToolsFIT/FITTypes.swift (in target 'GISToolsFIT' from project 'gis-tools-fit')
SwiftCompile normal arm64_32 /Users/admin/builder/spi-builder-workspace/Sources/GISToolsFIT/FITTypes.swift (in target 'GISToolsFIT' from project 'gis-tools-fit')
cd /Users/admin/builder/spi-builder-workspace/.swiftpm/xcode
SwiftDriverJobDiscovery normal arm64_32 Compiling FITCoder.swift (in target 'GISToolsFIT' from project 'gis-tools-fit')
SwiftCompile normal arm64 Compiling\ FITDecoder.swift /Users/admin/builder/spi-builder-workspace/Sources/GISToolsFIT/FITDecoder.swift (in target 'GISToolsFIT' from project 'gis-tools-fit')
SwiftCompile normal arm64 /Users/admin/builder/spi-builder-workspace/Sources/GISToolsFIT/FITDecoder.swift (in target 'GISToolsFIT' from project 'gis-tools-fit')
cd /Users/admin/builder/spi-builder-workspace/.swiftpm/xcode
SwiftDriverJobDiscovery normal armv7k Compiling FITProfile.swift (in target 'GISToolsFIT' from project 'gis-tools-fit')
SwiftCompile normal arm64_32 Compiling\ FITEncoder.swift /Users/admin/builder/spi-builder-workspace/Sources/GISToolsFIT/FITEncoder.swift (in target 'GISToolsFIT' from project 'gis-tools-fit')
SwiftCompile normal arm64_32 /Users/admin/builder/spi-builder-workspace/Sources/GISToolsFIT/FITEncoder.swift (in target 'GISToolsFIT' from project 'gis-tools-fit')
cd /Users/admin/builder/spi-builder-workspace/.swiftpm/xcode
SwiftDriverJobDiscovery normal arm64_32 Compiling FITTypes.swift (in target 'GISToolsFIT' from project 'gis-tools-fit')
SwiftCompile normal arm64 Compiling\ FeatureCollection+FIT.swift /Users/admin/builder/spi-builder-workspace/Sources/GISToolsFIT/FeatureCollection+FIT.swift (in target 'GISToolsFIT' from project 'gis-tools-fit')
SwiftCompile normal arm64 /Users/admin/builder/spi-builder-workspace/Sources/GISToolsFIT/FeatureCollection+FIT.swift (in target 'GISToolsFIT' from project 'gis-tools-fit')
cd /Users/admin/builder/spi-builder-workspace/.swiftpm/xcode
SwiftDriverJobDiscovery normal arm64 Compiling Feature+FIT.swift (in target 'GISToolsFIT' from project 'gis-tools-fit')
SwiftDriverJobDiscovery normal arm64 Compiling FITProfile.swift (in target 'GISToolsFIT' from project 'gis-tools-fit')
SwiftDriver\ Compilation GISTools normal armv7k com.apple.xcode.tools.swift.compiler (in target 'GISTools' from project 'gis-tools')
cd /Users/admin/builder/spi-builder-workspace/.swiftpm/xcode
builtin-Swift-Compilation -- /Applications/Xcode-26.3.0.app/Contents/Developer/Toolchains/XcodeDefault.xctoolchain/usr/bin/swiftc -module-name GISTools -Onone -enforce-exclusivity\=checked @/Users/admin/builder/spi-builder-workspace/.derivedData/Build/Intermediates.noindex/gis-tools.build/Debug-watchos/GISTools.build/Objects-normal/armv7k/GISTools.SwiftFileList -DSWIFT_PACKAGE -DDEBUG -DSWIFT_MODULE_RESOURCE_BUNDLE_UNAVAILABLE -DXcode -plugin-path /Applications/Xcode-26.3.0.app/Contents/Developer/Toolchains/XcodeDefault.xctoolchain/usr/lib/swift/host/plugins/testing -enable-experimental-feature DebugDescriptionMacro -sdk /Applications/Xcode-26.3.0.app/Contents/Developer/Platforms/WatchOS.platform/Developer/SDKs/WatchOS26.2.sdk -target armv7k-apple-watchos7.0 -g -module-cache-path /Users/admin/builder/spi-builder-workspace/.derivedData/ModuleCache.noindex -Xfrontend -serialize-debugging-options -profile-coverage-mapping -profile-generate -enable-testing -suppress-warnings -index-store-path /Users/admin/builder/spi-builder-workspace/.derivedData/Index.noindex/DataStore -Xcc -D_LIBCPP_HARDENING_MODE\=_LIBCPP_HARDENING_MODE_DEBUG -swift-version 6 -I /Users/admin/builder/spi-builder-workspace/.derivedData/Build/Products/Debug-watchos -Isystem /Applications/Xcode-26.3.0.app/Contents/Developer/Platforms/WatchOS.platform/Developer/usr/lib -F /Users/admin/builder/spi-builder-workspace/.derivedData/Build/Products/Debug-watchos -F /Applications/Xcode-26.3.0.app/Contents/Developer/Platforms/WatchOS.platform/Developer/Library/Frameworks -F /Applications/Xcode-26.3.0.app/Contents/Developer/Platforms/WatchOS.platform/Developer/SDKs/WatchOS26.2.sdk/Developer/Library/Frameworks -c -j10 -enable-batch-mode -incremental -Xcc -ivfsstatcache -Xcc /Users/admin/builder/spi-builder-workspace/.derivedData/SDKStatCaches.noindex/watchos26.2-23S303-dc75598d0054f22ec865fa860f139d721753b489057de6bda919edfa1c59a62b.sdkstatcache -output-file-map /Users/admin/builder/spi-builder-workspace/.derivedData/Build/Intermediates.noindex/gis-tools.build/Debug-watchos/GISTools.build/Objects-normal/armv7k/GISTools-OutputFileMap.json -use-frontend-parseable-output -save-temps -no-color-diagnostics -explicit-module-build -module-cache-path /Users/admin/builder/spi-builder-workspace/.derivedData/Build/Intermediates.noindex/SwiftExplicitPrecompiledModules -clang-scanner-module-cache-path /Users/admin/builder/spi-builder-workspace/.derivedData/ModuleCache.noindex -sdk-module-cache-path /Users/admin/builder/spi-builder-workspace/.derivedData/ModuleCache.noindex -serialize-diagnostics -emit-dependencies -emit-module -emit-module-path /Users/admin/builder/spi-builder-workspace/.derivedData/Build/Intermediates.noindex/gis-tools.build/Debug-watchos/GISTools.build/Objects-normal/armv7k/GISTools.swiftmodule -user-module-version 2.3.0 -validate-clang-modules-once -clang-build-session-file /Users/admin/builder/spi-builder-workspace/.derivedData/ModuleCache.noindex/Session.modulevalidation -package-name gis_tools -Xcc -I/Users/admin/builder/spi-builder-workspace/.derivedData/Build/Intermediates.noindex/gis-tools.build/Debug-watchos/GISTools.build/swift-overrides.hmap -emit-const-values -Xfrontend -const-gather-protocols-file -Xfrontend /Users/admin/builder/spi-builder-workspace/.derivedData/Build/Intermediates.noindex/gis-tools.build/Debug-watchos/GISTools.build/Objects-normal/armv7k/GISTools_const_extract_protocols.json -Xcc -I/Users/admin/builder/spi-builder-workspace/.derivedData/Build/Products/Debug-watchos/include -Xcc -I/Users/admin/builder/spi-builder-workspace/.derivedData/Build/Intermediates.noindex/gis-tools.build/Debug-watchos/GISTools.build/DerivedSources-normal/armv7k -Xcc -I/Users/admin/builder/spi-builder-workspace/.derivedData/Build/Intermediates.noindex/gis-tools.build/Debug-watchos/GISTools.build/DerivedSources/armv7k -Xcc -I/Users/admin/builder/spi-builder-workspace/.derivedData/Build/Intermediates.noindex/gis-tools.build/Debug-watchos/GISTools.build/DerivedSources -Xcc -DSWIFT_PACKAGE -Xcc -DDEBUG\=1 -emit-objc-header -emit-objc-header-path /Users/admin/builder/spi-builder-workspace/.derivedData/Build/Intermediates.noindex/gis-tools.build/Debug-watchos/GISTools.build/Objects-normal/armv7k/GISTools-Swift.h -working-directory /Users/admin/builder/spi-builder-workspace/.swiftpm/xcode -experimental-emit-module-separately -disable-cmo
Ld /Users/admin/builder/spi-builder-workspace/.derivedData/Build/Intermediates.noindex/gis-tools.build/Debug-watchos/GISTools.build/Objects-normal/armv7k/Binary/GISTools.o normal armv7k (in target 'GISTools' from project 'gis-tools')
cd /Users/admin/builder/spi-builder-workspace/.dependencies/checkouts/gis-tools
/Applications/Xcode-26.3.0.app/Contents/Developer/Toolchains/XcodeDefault.xctoolchain/usr/bin/clang -Xlinker -reproducible -target armv7k-apple-watchos7.0 -r -isysroot /Applications/Xcode-26.3.0.app/Contents/Developer/Platforms/WatchOS.platform/Developer/SDKs/WatchOS26.2.sdk -O0 -w -L/Users/admin/builder/spi-builder-workspace/.derivedData/Build/Intermediates.noindex/EagerLinkingTBDs/Debug-watchos -L/Users/admin/builder/spi-builder-workspace/.derivedData/Build/Products/Debug-watchos -L/Applications/Xcode-26.3.0.app/Contents/Developer/Platforms/WatchOS.platform/Developer/usr/lib -F/Users/admin/builder/spi-builder-workspace/.derivedData/Build/Intermediates.noindex/EagerLinkingTBDs/Debug-watchos -F/Users/admin/builder/spi-builder-workspace/.derivedData/Build/Products/Debug-watchos -iframework /Applications/Xcode-26.3.0.app/Contents/Developer/Platforms/WatchOS.platform/Developer/Library/Frameworks -iframework /Applications/Xcode-26.3.0.app/Contents/Developer/Platforms/WatchOS.platform/Developer/SDKs/WatchOS26.2.sdk/Developer/Library/Frameworks -filelist /Users/admin/builder/spi-builder-workspace/.derivedData/Build/Intermediates.noindex/gis-tools.build/Debug-watchos/GISTools.build/Objects-normal/armv7k/GISTools.LinkFileList -nostdlib -Xlinker -object_path_lto -Xlinker /Users/admin/builder/spi-builder-workspace/.derivedData/Build/Intermediates.noindex/gis-tools.build/Debug-watchos/GISTools.build/Objects-normal/armv7k/GISTools_lto.o -rdynamic -Xlinker -no_deduplicate -Xlinker -debug_variant -Xlinker -dependency_info -Xlinker /Users/admin/builder/spi-builder-workspace/.derivedData/Build/Intermediates.noindex/gis-tools.build/Debug-watchos/GISTools.build/Objects-normal/armv7k/GISTools_dependency_info.dat -fobjc-link-runtime -L/Applications/Xcode-26.3.0.app/Contents/Developer/Toolchains/XcodeDefault.xctoolchain/usr/lib/swift/watchos -L/usr/lib/swift -Xlinker -add_ast_path -Xlinker /Users/admin/builder/spi-builder-workspace/.derivedData/Build/Intermediates.noindex/gis-tools.build/Debug-watchos/GISTools.build/Objects-normal/armv7k/GISTools.swiftmodule @/Users/admin/builder/spi-builder-workspace/.derivedData/Build/Intermediates.noindex/gis-tools.build/Debug-watchos/GISTools.build/Objects-normal/armv7k/GISTools-linker-args.resp -o /Users/admin/builder/spi-builder-workspace/.derivedData/Build/Intermediates.noindex/gis-tools.build/Debug-watchos/GISTools.build/Objects-normal/armv7k/Binary/GISTools.o
SwiftDriverJobDiscovery normal arm64 Compiling FeatureCollection+FIT.swift (in target 'GISToolsFIT' from project 'gis-tools-fit')
SwiftDriver\ Compilation GISTools normal arm64_32 com.apple.xcode.tools.swift.compiler (in target 'GISTools' from project 'gis-tools')
cd /Users/admin/builder/spi-builder-workspace/.swiftpm/xcode
builtin-Swift-Compilation -- /Applications/Xcode-26.3.0.app/Contents/Developer/Toolchains/XcodeDefault.xctoolchain/usr/bin/swiftc -module-name GISTools -Onone -enforce-exclusivity\=checked @/Users/admin/builder/spi-builder-workspace/.derivedData/Build/Intermediates.noindex/gis-tools.build/Debug-watchos/GISTools.build/Objects-normal/arm64_32/GISTools.SwiftFileList -DSWIFT_PACKAGE -DDEBUG -DSWIFT_MODULE_RESOURCE_BUNDLE_UNAVAILABLE -DXcode -plugin-path /Applications/Xcode-26.3.0.app/Contents/Developer/Toolchains/XcodeDefault.xctoolchain/usr/lib/swift/host/plugins/testing -enable-experimental-feature DebugDescriptionMacro -sdk /Applications/Xcode-26.3.0.app/Contents/Developer/Platforms/WatchOS.platform/Developer/SDKs/WatchOS26.2.sdk -target arm64_32-apple-watchos7.0 -g -module-cache-path /Users/admin/builder/spi-builder-workspace/.derivedData/ModuleCache.noindex -Xfrontend -serialize-debugging-options -profile-coverage-mapping -profile-generate -enable-testing -suppress-warnings -index-store-path /Users/admin/builder/spi-builder-workspace/.derivedData/Index.noindex/DataStore -Xcc -D_LIBCPP_HARDENING_MODE\=_LIBCPP_HARDENING_MODE_DEBUG -swift-version 6 -I /Users/admin/builder/spi-builder-workspace/.derivedData/Build/Products/Debug-watchos -Isystem /Applications/Xcode-26.3.0.app/Contents/Developer/Platforms/WatchOS.platform/Developer/usr/lib -F /Users/admin/builder/spi-builder-workspace/.derivedData/Build/Products/Debug-watchos -F /Applications/Xcode-26.3.0.app/Contents/Developer/Platforms/WatchOS.platform/Developer/Library/Frameworks -F /Applications/Xcode-26.3.0.app/Contents/Developer/Platforms/WatchOS.platform/Developer/SDKs/WatchOS26.2.sdk/Developer/Library/Frameworks -c -j10 -enable-batch-mode -incremental -Xcc -ivfsstatcache -Xcc /Users/admin/builder/spi-builder-workspace/.derivedData/SDKStatCaches.noindex/watchos26.2-23S303-dc75598d0054f22ec865fa860f139d721753b489057de6bda919edfa1c59a62b.sdkstatcache -output-file-map /Users/admin/builder/spi-builder-workspace/.derivedData/Build/Intermediates.noindex/gis-tools.build/Debug-watchos/GISTools.build/Objects-normal/arm64_32/GISTools-OutputFileMap.json -use-frontend-parseable-output -save-temps -no-color-diagnostics -explicit-module-build -module-cache-path /Users/admin/builder/spi-builder-workspace/.derivedData/Build/Intermediates.noindex/SwiftExplicitPrecompiledModules -clang-scanner-module-cache-path /Users/admin/builder/spi-builder-workspace/.derivedData/ModuleCache.noindex -sdk-module-cache-path /Users/admin/builder/spi-builder-workspace/.derivedData/ModuleCache.noindex -serialize-diagnostics -emit-dependencies -emit-module -emit-module-path /Users/admin/builder/spi-builder-workspace/.derivedData/Build/Intermediates.noindex/gis-tools.build/Debug-watchos/GISTools.build/Objects-normal/arm64_32/GISTools.swiftmodule -user-module-version 2.3.0 -validate-clang-modules-once -clang-build-session-file /Users/admin/builder/spi-builder-workspace/.derivedData/ModuleCache.noindex/Session.modulevalidation -package-name gis_tools -Xcc -I/Users/admin/builder/spi-builder-workspace/.derivedData/Build/Intermediates.noindex/gis-tools.build/Debug-watchos/GISTools.build/swift-overrides.hmap -emit-const-values -Xfrontend -const-gather-protocols-file -Xfrontend /Users/admin/builder/spi-builder-workspace/.derivedData/Build/Intermediates.noindex/gis-tools.build/Debug-watchos/GISTools.build/Objects-normal/arm64_32/GISTools_const_extract_protocols.json -Xcc -I/Users/admin/builder/spi-builder-workspace/.derivedData/Build/Products/Debug-watchos/include -Xcc -I/Users/admin/builder/spi-builder-workspace/.derivedData/Build/Intermediates.noindex/gis-tools.build/Debug-watchos/GISTools.build/DerivedSources-normal/arm64_32 -Xcc -I/Users/admin/builder/spi-builder-workspace/.derivedData/Build/Intermediates.noindex/gis-tools.build/Debug-watchos/GISTools.build/DerivedSources/arm64_32 -Xcc -I/Users/admin/builder/spi-builder-workspace/.derivedData/Build/Intermediates.noindex/gis-tools.build/Debug-watchos/GISTools.build/DerivedSources -Xcc -DSWIFT_PACKAGE -Xcc -DDEBUG\=1 -emit-objc-header -emit-objc-header-path /Users/admin/builder/spi-builder-workspace/.derivedData/Build/Intermediates.noindex/gis-tools.build/Debug-watchos/GISTools.build/Objects-normal/arm64_32/GISTools-Swift.h -working-directory /Users/admin/builder/spi-builder-workspace/.swiftpm/xcode -experimental-emit-module-separately -disable-cmo
SwiftDriver\ Compilation GISTools normal arm64 com.apple.xcode.tools.swift.compiler (in target 'GISTools' from project 'gis-tools')
cd /Users/admin/builder/spi-builder-workspace/.swiftpm/xcode
builtin-Swift-Compilation -- /Applications/Xcode-26.3.0.app/Contents/Developer/Toolchains/XcodeDefault.xctoolchain/usr/bin/swiftc -module-name GISTools -Onone -enforce-exclusivity\=checked @/Users/admin/builder/spi-builder-workspace/.derivedData/Build/Intermediates.noindex/gis-tools.build/Debug-watchos/GISTools.build/Objects-normal/arm64/GISTools.SwiftFileList -DSWIFT_PACKAGE -DDEBUG -DSWIFT_MODULE_RESOURCE_BUNDLE_UNAVAILABLE -DXcode -plugin-path /Applications/Xcode-26.3.0.app/Contents/Developer/Toolchains/XcodeDefault.xctoolchain/usr/lib/swift/host/plugins/testing -enable-experimental-feature DebugDescriptionMacro -sdk /Applications/Xcode-26.3.0.app/Contents/Developer/Platforms/WatchOS.platform/Developer/SDKs/WatchOS26.2.sdk -target arm64-apple-watchos7.0 -g -module-cache-path /Users/admin/builder/spi-builder-workspace/.derivedData/ModuleCache.noindex -Xfrontend -serialize-debugging-options -profile-coverage-mapping -profile-generate -enable-testing -suppress-warnings -index-store-path /Users/admin/builder/spi-builder-workspace/.derivedData/Index.noindex/DataStore -Xcc -D_LIBCPP_HARDENING_MODE\=_LIBCPP_HARDENING_MODE_DEBUG -swift-version 6 -I /Users/admin/builder/spi-builder-workspace/.derivedData/Build/Products/Debug-watchos -Isystem /Applications/Xcode-26.3.0.app/Contents/Developer/Platforms/WatchOS.platform/Developer/usr/lib -F /Users/admin/builder/spi-builder-workspace/.derivedData/Build/Products/Debug-watchos -F /Applications/Xcode-26.3.0.app/Contents/Developer/Platforms/WatchOS.platform/Developer/Library/Frameworks -F /Applications/Xcode-26.3.0.app/Contents/Developer/Platforms/WatchOS.platform/Developer/SDKs/WatchOS26.2.sdk/Developer/Library/Frameworks -c -j10 -enable-batch-mode -incremental -Xcc -ivfsstatcache -Xcc /Users/admin/builder/spi-builder-workspace/.derivedData/SDKStatCaches.noindex/watchos26.2-23S303-dc75598d0054f22ec865fa860f139d721753b489057de6bda919edfa1c59a62b.sdkstatcache -output-file-map /Users/admin/builder/spi-builder-workspace/.derivedData/Build/Intermediates.noindex/gis-tools.build/Debug-watchos/GISTools.build/Objects-normal/arm64/GISTools-OutputFileMap.json -use-frontend-parseable-output -save-temps -no-color-diagnostics -explicit-module-build -module-cache-path /Users/admin/builder/spi-builder-workspace/.derivedData/Build/Intermediates.noindex/SwiftExplicitPrecompiledModules -clang-scanner-module-cache-path /Users/admin/builder/spi-builder-workspace/.derivedData/ModuleCache.noindex -sdk-module-cache-path /Users/admin/builder/spi-builder-workspace/.derivedData/ModuleCache.noindex -serialize-diagnostics -emit-dependencies -emit-module -emit-module-path /Users/admin/builder/spi-builder-workspace/.derivedData/Build/Intermediates.noindex/gis-tools.build/Debug-watchos/GISTools.build/Objects-normal/arm64/GISTools.swiftmodule -user-module-version 2.3.0 -validate-clang-modules-once -clang-build-session-file /Users/admin/builder/spi-builder-workspace/.derivedData/ModuleCache.noindex/Session.modulevalidation -package-name gis_tools -Xcc -I/Users/admin/builder/spi-builder-workspace/.derivedData/Build/Intermediates.noindex/gis-tools.build/Debug-watchos/GISTools.build/swift-overrides.hmap -emit-const-values -Xfrontend -const-gather-protocols-file -Xfrontend /Users/admin/builder/spi-builder-workspace/.derivedData/Build/Intermediates.noindex/gis-tools.build/Debug-watchos/GISTools.build/Objects-normal/arm64/GISTools_const_extract_protocols.json -Xcc -I/Users/admin/builder/spi-builder-workspace/.derivedData/Build/Products/Debug-watchos/include -Xcc -I/Users/admin/builder/spi-builder-workspace/.derivedData/Build/Intermediates.noindex/gis-tools.build/Debug-watchos/GISTools.build/DerivedSources-normal/arm64 -Xcc -I/Users/admin/builder/spi-builder-workspace/.derivedData/Build/Intermediates.noindex/gis-tools.build/Debug-watchos/GISTools.build/DerivedSources/arm64 -Xcc -I/Users/admin/builder/spi-builder-workspace/.derivedData/Build/Intermediates.noindex/gis-tools.build/Debug-watchos/GISTools.build/DerivedSources -Xcc -DSWIFT_PACKAGE -Xcc -DDEBUG\=1 -emit-objc-header -emit-objc-header-path /Users/admin/builder/spi-builder-workspace/.derivedData/Build/Intermediates.noindex/gis-tools.build/Debug-watchos/GISTools.build/Objects-normal/arm64/GISTools-Swift.h -working-directory /Users/admin/builder/spi-builder-workspace/.swiftpm/xcode -experimental-emit-module-separately -disable-cmo
Ld /Users/admin/builder/spi-builder-workspace/.derivedData/Build/Intermediates.noindex/gis-tools.build/Debug-watchos/GISTools.build/Objects-normal/arm64_32/Binary/GISTools.o normal arm64_32 (in target 'GISTools' from project 'gis-tools')
cd /Users/admin/builder/spi-builder-workspace/.dependencies/checkouts/gis-tools
/Applications/Xcode-26.3.0.app/Contents/Developer/Toolchains/XcodeDefault.xctoolchain/usr/bin/clang -Xlinker -reproducible -target arm64_32-apple-watchos7.0 -r -isysroot /Applications/Xcode-26.3.0.app/Contents/Developer/Platforms/WatchOS.platform/Developer/SDKs/WatchOS26.2.sdk -O0 -w -L/Users/admin/builder/spi-builder-workspace/.derivedData/Build/Intermediates.noindex/EagerLinkingTBDs/Debug-watchos -L/Users/admin/builder/spi-builder-workspace/.derivedData/Build/Products/Debug-watchos -L/Applications/Xcode-26.3.0.app/Contents/Developer/Platforms/WatchOS.platform/Developer/usr/lib -F/Users/admin/builder/spi-builder-workspace/.derivedData/Build/Intermediates.noindex/EagerLinkingTBDs/Debug-watchos -F/Users/admin/builder/spi-builder-workspace/.derivedData/Build/Products/Debug-watchos -iframework /Applications/Xcode-26.3.0.app/Contents/Developer/Platforms/WatchOS.platform/Developer/Library/Frameworks -iframework /Applications/Xcode-26.3.0.app/Contents/Developer/Platforms/WatchOS.platform/Developer/SDKs/WatchOS26.2.sdk/Developer/Library/Frameworks -filelist /Users/admin/builder/spi-builder-workspace/.derivedData/Build/Intermediates.noindex/gis-tools.build/Debug-watchos/GISTools.build/Objects-normal/arm64_32/GISTools.LinkFileList -nostdlib -Xlinker -object_path_lto -Xlinker /Users/admin/builder/spi-builder-workspace/.derivedData/Build/Intermediates.noindex/gis-tools.build/Debug-watchos/GISTools.build/Objects-normal/arm64_32/GISTools_lto.o -rdynamic -Xlinker -no_deduplicate -Xlinker -debug_variant -Xlinker -dependency_info -Xlinker /Users/admin/builder/spi-builder-workspace/.derivedData/Build/Intermediates.noindex/gis-tools.build/Debug-watchos/GISTools.build/Objects-normal/arm64_32/GISTools_dependency_info.dat -fobjc-link-runtime -L/Applications/Xcode-26.3.0.app/Contents/Developer/Toolchains/XcodeDefault.xctoolchain/usr/lib/swift/watchos -L/usr/lib/swift -Xlinker -add_ast_path -Xlinker /Users/admin/builder/spi-builder-workspace/.derivedData/Build/Intermediates.noindex/gis-tools.build/Debug-watchos/GISTools.build/Objects-normal/arm64_32/GISTools.swiftmodule @/Users/admin/builder/spi-builder-workspace/.derivedData/Build/Intermediates.noindex/gis-tools.build/Debug-watchos/GISTools.build/Objects-normal/arm64_32/GISTools-linker-args.resp -o /Users/admin/builder/spi-builder-workspace/.derivedData/Build/Intermediates.noindex/gis-tools.build/Debug-watchos/GISTools.build/Objects-normal/arm64_32/Binary/GISTools.o
Ld /Users/admin/builder/spi-builder-workspace/.derivedData/Build/Intermediates.noindex/gis-tools.build/Debug-watchos/GISTools.build/Objects-normal/arm64/Binary/GISTools.o normal arm64 (in target 'GISTools' from project 'gis-tools')
cd /Users/admin/builder/spi-builder-workspace/.dependencies/checkouts/gis-tools
/Applications/Xcode-26.3.0.app/Contents/Developer/Toolchains/XcodeDefault.xctoolchain/usr/bin/clang -Xlinker -reproducible -target arm64-apple-watchos7.0 -r -isysroot /Applications/Xcode-26.3.0.app/Contents/Developer/Platforms/WatchOS.platform/Developer/SDKs/WatchOS26.2.sdk -O0 -w -L/Users/admin/builder/spi-builder-workspace/.derivedData/Build/Intermediates.noindex/EagerLinkingTBDs/Debug-watchos -L/Users/admin/builder/spi-builder-workspace/.derivedData/Build/Products/Debug-watchos -L/Applications/Xcode-26.3.0.app/Contents/Developer/Platforms/WatchOS.platform/Developer/usr/lib -F/Users/admin/builder/spi-builder-workspace/.derivedData/Build/Intermediates.noindex/EagerLinkingTBDs/Debug-watchos -F/Users/admin/builder/spi-builder-workspace/.derivedData/Build/Products/Debug-watchos -iframework /Applications/Xcode-26.3.0.app/Contents/Developer/Platforms/WatchOS.platform/Developer/Library/Frameworks -iframework /Applications/Xcode-26.3.0.app/Contents/Developer/Platforms/WatchOS.platform/Developer/SDKs/WatchOS26.2.sdk/Developer/Library/Frameworks -filelist /Users/admin/builder/spi-builder-workspace/.derivedData/Build/Intermediates.noindex/gis-tools.build/Debug-watchos/GISTools.build/Objects-normal/arm64/GISTools.LinkFileList -nostdlib -Xlinker -object_path_lto -Xlinker /Users/admin/builder/spi-builder-workspace/.derivedData/Build/Intermediates.noindex/gis-tools.build/Debug-watchos/GISTools.build/Objects-normal/arm64/GISTools_lto.o -rdynamic -Xlinker -no_deduplicate -Xlinker -debug_variant -Xlinker -dependency_info -Xlinker /Users/admin/builder/spi-builder-workspace/.derivedData/Build/Intermediates.noindex/gis-tools.build/Debug-watchos/GISTools.build/Objects-normal/arm64/GISTools_dependency_info.dat -fobjc-link-runtime -L/Applications/Xcode-26.3.0.app/Contents/Developer/Toolchains/XcodeDefault.xctoolchain/usr/lib/swift/watchos -L/usr/lib/swift -Xlinker -add_ast_path -Xlinker /Users/admin/builder/spi-builder-workspace/.derivedData/Build/Intermediates.noindex/gis-tools.build/Debug-watchos/GISTools.build/Objects-normal/arm64/GISTools.swiftmodule @/Users/admin/builder/spi-builder-workspace/.derivedData/Build/Intermediates.noindex/gis-tools.build/Debug-watchos/GISTools.build/Objects-normal/arm64/GISTools-linker-args.resp -o /Users/admin/builder/spi-builder-workspace/.derivedData/Build/Intermediates.noindex/gis-tools.build/Debug-watchos/GISTools.build/Objects-normal/arm64/Binary/GISTools.o
SwiftDriverJobDiscovery normal arm64 Compiling FITCoder.swift (in target 'GISToolsFIT' from project 'gis-tools-fit')
SwiftDriverJobDiscovery normal armv7k Compiling FITCoder.swift (in target 'GISToolsFIT' from project 'gis-tools-fit')
CreateUniversalBinary /Users/admin/builder/spi-builder-workspace/.derivedData/Build/Products/Debug-watchos/GISTools.o normal arm64\ armv7k\ arm64_32 (in target 'GISTools' from project 'gis-tools')
cd /Users/admin/builder/spi-builder-workspace/.dependencies/checkouts/gis-tools
/Applications/Xcode-26.3.0.app/Contents/Developer/Toolchains/XcodeDefault.xctoolchain/usr/bin/lipo -create /Users/admin/builder/spi-builder-workspace/.derivedData/Build/Intermediates.noindex/gis-tools.build/Debug-watchos/GISTools.build/Objects-normal/arm64/Binary/GISTools.o /Users/admin/builder/spi-builder-workspace/.derivedData/Build/Intermediates.noindex/gis-tools.build/Debug-watchos/GISTools.build/Objects-normal/armv7k/Binary/GISTools.o /Users/admin/builder/spi-builder-workspace/.derivedData/Build/Intermediates.noindex/gis-tools.build/Debug-watchos/GISTools.build/Objects-normal/arm64_32/Binary/GISTools.o -output /Users/admin/builder/spi-builder-workspace/.derivedData/Build/Products/Debug-watchos/GISTools.o
ExtractAppIntentsMetadata (in target 'GISTools' from project 'gis-tools')
cd /Users/admin/builder/spi-builder-workspace/.dependencies/checkouts/gis-tools
/Applications/Xcode-26.3.0.app/Contents/Developer/Toolchains/XcodeDefault.xctoolchain/usr/bin/appintentsmetadataprocessor --toolchain-dir /var/run/com.apple.security.cryptexd/mnt/com.apple.MobileAsset.MetalToolchain-v17.3.7003.10.xwccGE/Metal.xctoolchain --module-name GISTools --sdk-root /Applications/Xcode-26.3.0.app/Contents/Developer/Platforms/WatchOS.platform/Developer/SDKs/WatchOS26.2.sdk --xcode-version 17C529 --platform-family watchOS --deployment-target 7.0 --bundle-identifier gis-tools.GISTools --output /Users/admin/builder/spi-builder-workspace/.derivedData/Build/Products/Debug-watchos/GISTools.appintents --target-triple arm64-apple-watchos7.0 --target-triple armv7k-apple-watchos7.0 --target-triple arm64_32-apple-watchos7.0 --binary-file /Users/admin/builder/spi-builder-workspace/.derivedData/Build/Products/Debug-watchos/GISTools.o --dependency-file /Users/admin/builder/spi-builder-workspace/.derivedData/Build/Intermediates.noindex/gis-tools.build/Debug-watchos/GISTools.build/Objects-normal/arm64/GISTools_dependency_info.dat --dependency-file /Users/admin/builder/spi-builder-workspace/.derivedData/Build/Intermediates.noindex/gis-tools.build/Debug-watchos/GISTools.build/Objects-normal/armv7k/GISTools_dependency_info.dat --dependency-file /Users/admin/builder/spi-builder-workspace/.derivedData/Build/Intermediates.noindex/gis-tools.build/Debug-watchos/GISTools.build/Objects-normal/arm64_32/GISTools_dependency_info.dat --stringsdata-file /Users/admin/builder/spi-builder-workspace/.derivedData/Build/Intermediates.noindex/gis-tools.build/Debug-watchos/GISTools.build/Objects-normal/arm64/ExtractedAppShortcutsMetadata.stringsdata --stringsdata-file /Users/admin/builder/spi-builder-workspace/.derivedData/Build/Intermediates.noindex/gis-tools.build/Debug-watchos/GISTools.build/Objects-normal/armv7k/ExtractedAppShortcutsMetadata.stringsdata --stringsdata-file /Users/admin/builder/spi-builder-workspace/.derivedData/Build/Intermediates.noindex/gis-tools.build/Debug-watchos/GISTools.build/Objects-normal/arm64_32/ExtractedAppShortcutsMetadata.stringsdata --source-file-list /Users/admin/builder/spi-builder-workspace/.derivedData/Build/Intermediates.noindex/gis-tools.build/Debug-watchos/GISTools.build/Objects-normal/arm64/GISTools.SwiftFileList --source-file-list /Users/admin/builder/spi-builder-workspace/.derivedData/Build/Intermediates.noindex/gis-tools.build/Debug-watchos/GISTools.build/Objects-normal/armv7k/GISTools.SwiftFileList --source-file-list /Users/admin/builder/spi-builder-workspace/.derivedData/Build/Intermediates.noindex/gis-tools.build/Debug-watchos/GISTools.build/Objects-normal/arm64_32/GISTools.SwiftFileList --metadata-file-list /Users/admin/builder/spi-builder-workspace/.derivedData/Build/Intermediates.noindex/gis-tools.build/Debug-watchos/GISTools.build/GISTools.DependencyMetadataFileList --static-metadata-file-list /Users/admin/builder/spi-builder-workspace/.derivedData/Build/Intermediates.noindex/gis-tools.build/Debug-watchos/GISTools.build/GISTools.DependencyStaticMetadataFileList --swift-const-vals-list /Users/admin/builder/spi-builder-workspace/.derivedData/Build/Intermediates.noindex/gis-tools.build/Debug-watchos/GISTools.build/Objects-normal/arm64/GISTools.SwiftConstValuesFileList --swift-const-vals-list /Users/admin/builder/spi-builder-workspace/.derivedData/Build/Intermediates.noindex/gis-tools.build/Debug-watchos/GISTools.build/Objects-normal/armv7k/GISTools.SwiftConstValuesFileList --swift-const-vals-list /Users/admin/builder/spi-builder-workspace/.derivedData/Build/Intermediates.noindex/gis-tools.build/Debug-watchos/GISTools.build/Objects-normal/arm64_32/GISTools.SwiftConstValuesFileList --force --compile-time-extraction --deployment-aware-processing --validate-assistant-intents --no-app-shortcuts-localization
2026-08-14 18:28:51.364 appintentsmetadataprocessor[901:5755] Starting appintentsmetadataprocessor export
2026-08-14 18:28:51.527 appintentsmetadataprocessor[901:5755] Extracted no relevant App Intents symbols, skipping writing output
SwiftDriverJobDiscovery normal armv7k Compiling FITEncoder.swift (in target 'GISToolsFIT' from project 'gis-tools-fit')
RegisterExecutionPolicyException /Users/admin/builder/spi-builder-workspace/.derivedData/Build/Products/Debug-watchos/GISTools.o (in target 'GISTools' from project 'gis-tools')
cd /Users/admin/builder/spi-builder-workspace/.dependencies/checkouts/gis-tools
builtin-RegisterExecutionPolicyException /Users/admin/builder/spi-builder-workspace/.derivedData/Build/Products/Debug-watchos/GISTools.o
SwiftDriverJobDiscovery normal arm64 Compiling FITEncoder.swift (in target 'GISToolsFIT' from project 'gis-tools-fit')
SwiftDriverJobDiscovery normal arm64_32 Compiling FITEncoder.swift (in target 'GISToolsFIT' from project 'gis-tools-fit')
2026-08-14 18:28:36.280 xcodebuild[717:4445] [MT] IDERunDestination: Supported platforms for the buildables in the current scheme is empty.
** BUILD FAILED **
The following build commands failed:
SwiftCompile normal arm64_32 /Users/admin/builder/spi-builder-workspace/Sources/GISToolsFIT/FITDecoder.swift (in target 'GISToolsFIT' from project 'gis-tools-fit')
SwiftCompile normal arm64_32 Compiling\ FITDecoder.swift /Users/admin/builder/spi-builder-workspace/Sources/GISToolsFIT/FITDecoder.swift (in target 'GISToolsFIT' from project 'gis-tools-fit')
Building workspace spi-builder-workspace with scheme gis-tools-fit
(3 failures)
Command line invocation:
/Applications/Xcode-26.3.0.app/Contents/Developer/usr/bin/xcodebuild -IDEClonedSourcePackagesDirPathOverride=/Users/admin/builder/spi-builder-workspace/.dependencies -resolvePackageDependencies
Resolve Package Graph
Resolved source packages:
gis-tools: https://github.com/Outdooractive/gis-tools.git @ 2.3.0
gis-tools-fit: /Users/admin/builder/spi-builder-workspace
resolved source packages: gis-tools, gis-tools-fit
2026-08-14 18:30:21.884 xcodebuild[903:5953] [MT] IDERunDestination: Supported platforms for the buildables in the current scheme is empty.
{
"dependencies" : [
{
"identity" : "gis-tools",
"requirement" : {
"range" : [
{
"lower_bound" : "2.0.0",
"upper_bound" : "3.0.0"
}
]
},
"type" : "sourceControl",
"url" : "https://github.com/Outdooractive/gis-tools.git"
}
],
"manifest_display_name" : "gis-tools-fit",
"name" : "gis-tools-fit",
"path" : "/Users/admin/builder/spi-builder-workspace",
"platforms" : [
{
"name" : "ios",
"version" : "15.0"
},
{
"name" : "macos",
"version" : "15.0"
},
{
"name" : "tvos",
"version" : "15.0"
},
{
"name" : "watchos",
"version" : "7.0"
}
],
"products" : [
{
"name" : "GISToolsFIT",
"targets" : [
"GISToolsFIT"
],
"type" : {
"library" : [
"automatic"
]
}
}
],
"targets" : [
{
"c99name" : "GISToolsFITTests",
"module_type" : "SwiftTarget",
"name" : "GISToolsFITTests",
"path" : "Tests/GISToolsFITTests",
"resources" : [
{
"path" : "/Users/admin/builder/spi-builder-workspace/Tests/GISToolsFITTests/TestData",
"rule" : {
"copy" : {
}
}
}
],
"sources" : [
"DecoderBugFixTests.swift",
"EncoderTests.swift",
"FITEpochTests.swift",
"IndoorActivityTests.swift",
"SampleFITDecodeTests.swift",
"SimpleFITTests.swift"
],
"target_dependencies" : [
"GISToolsFIT"
],
"type" : "test"
},
{
"c99name" : "GISToolsFIT",
"module_type" : "SwiftTarget",
"name" : "GISToolsFIT",
"path" : "Sources/GISToolsFIT",
"product_dependencies" : [
"GISTools"
],
"product_memberships" : [
"GISToolsFIT"
],
"sources" : [
"FITCoder.swift",
"FITDecoder.swift",
"FITEncoder.swift",
"FITEnum.swift",
"FITProfile.swift",
"FITTypes.swift",
"Feature+FIT.swift",
"FeatureCollection+FIT.swift"
],
"type" : "library"
}
],
"tools_version" : "6.1"
}
{
"workspace" : {
"name" : "spi-builder-workspace",
"schemes" : [
"gis-tools-fit"
]
}
}
2026-08-14 18:30:23.128 xcodebuild[914:6043] [MT] IDERunDestination: Supported platforms for the buildables in the current scheme is empty.
Running build ...
env DEVELOPER_DIR=/Applications/Xcode-26.3.0.app xcrun xcodebuild -IDEClonedSourcePackagesDirPathOverride=$PWD/.dependencies -skipMacroValidation -skipPackagePluginValidation -derivedDataPath $PWD/.derivedData build -scheme gis-tools-fit -destination generic/platform=watchOS
Command line invocation:
/Applications/Xcode-26.3.0.app/Contents/Developer/usr/bin/xcodebuild -IDEClonedSourcePackagesDirPathOverride=/Users/admin/builder/spi-builder-workspace/.dependencies -skipMacroValidation -skipPackagePluginValidation -derivedDataPath /Users/admin/builder/spi-builder-workspace/.derivedData build -scheme gis-tools-fit -destination generic/platform=watchOS
Resolve Package Graph
Resolved source packages:
gis-tools-fit: /Users/admin/builder/spi-builder-workspace
gis-tools: https://github.com/Outdooractive/gis-tools.git @ 2.3.0
ComputePackagePrebuildTargetDependencyGraph
Prepare packages
CreateBuildRequest
SendProjectDescription
CreateBuildOperation
ComputeTargetDependencyGraph
note: Building targets in dependency order
note: Target dependency graph (4 targets)
Target 'GISToolsFIT' in project 'gis-tools-fit'
➜ Explicit dependency on target 'GISToolsFIT' in project 'gis-tools-fit'
➜ Explicit dependency on target 'GISTools' in project 'gis-tools'
Target 'GISToolsFIT' in project 'gis-tools-fit'
➜ Explicit dependency on target 'GISTools' in project 'gis-tools'
Target 'GISTools' in project 'gis-tools'
➜ Explicit dependency on target 'GISTools' in project 'gis-tools'
Target 'GISTools' in project 'gis-tools' (no dependencies)
GatherProvisioningInputs
CreateBuildDescription
ClangStatCache /Applications/Xcode-26.3.0.app/Contents/Developer/Toolchains/XcodeDefault.xctoolchain/usr/bin/clang-stat-cache /Applications/Xcode-26.3.0.app/Contents/Developer/Platforms/WatchOS.platform/Developer/SDKs/WatchOS26.2.sdk /Users/admin/builder/spi-builder-workspace/.derivedData/SDKStatCaches.noindex/watchos26.2-23S303-dc75598d0054f22ec865fa860f139d721753b489057de6bda919edfa1c59a62b.sdkstatcache
cd /Users/admin/builder/spi-builder-workspace/.swiftpm/xcode
/Applications/Xcode-26.3.0.app/Contents/Developer/Toolchains/XcodeDefault.xctoolchain/usr/bin/clang-stat-cache /Applications/Xcode-26.3.0.app/Contents/Developer/Platforms/WatchOS.platform/Developer/SDKs/WatchOS26.2.sdk -o /Users/admin/builder/spi-builder-workspace/.derivedData/SDKStatCaches.noindex/watchos26.2-23S303-dc75598d0054f22ec865fa860f139d721753b489057de6bda919edfa1c59a62b.sdkstatcache
SwiftDriver GISToolsFIT normal arm64_32 com.apple.xcode.tools.swift.compiler (in target 'GISToolsFIT' from project 'gis-tools-fit')
cd /Users/admin/builder/spi-builder-workspace/.swiftpm/xcode
builtin-SwiftDriver -- /Applications/Xcode-26.3.0.app/Contents/Developer/Toolchains/XcodeDefault.xctoolchain/usr/bin/swiftc -module-name GISToolsFIT -Onone -enforce-exclusivity\=checked @/Users/admin/builder/spi-builder-workspace/.derivedData/Build/Intermediates.noindex/gis-tools-fit.build/Debug-watchos/GISToolsFIT.build/Objects-normal/arm64_32/GISToolsFIT.SwiftFileList -DSWIFT_PACKAGE -DDEBUG -DSWIFT_MODULE_RESOURCE_BUNDLE_UNAVAILABLE -DXcode -plugin-path /Applications/Xcode-26.3.0.app/Contents/Developer/Toolchains/XcodeDefault.xctoolchain/usr/lib/swift/host/plugins/testing -enable-experimental-feature DebugDescriptionMacro -sdk /Applications/Xcode-26.3.0.app/Contents/Developer/Platforms/WatchOS.platform/Developer/SDKs/WatchOS26.2.sdk -target arm64_32-apple-watchos7.0 -g -module-cache-path /Users/admin/builder/spi-builder-workspace/.derivedData/ModuleCache.noindex -Xfrontend -serialize-debugging-options -profile-coverage-mapping -profile-generate -enable-testing -index-store-path /Users/admin/builder/spi-builder-workspace/.derivedData/Index.noindex/DataStore -Xcc -D_LIBCPP_HARDENING_MODE\=_LIBCPP_HARDENING_MODE_DEBUG -swift-version 6 -I /Users/admin/builder/spi-builder-workspace/.derivedData/Build/Products/Debug-watchos -Isystem /Applications/Xcode-26.3.0.app/Contents/Developer/Platforms/WatchOS.platform/Developer/usr/lib -F /Users/admin/builder/spi-builder-workspace/.derivedData/Build/Products/Debug-watchos/PackageFrameworks -F /Users/admin/builder/spi-builder-workspace/.derivedData/Build/Products/Debug-watchos -F /Applications/Xcode-26.3.0.app/Contents/Developer/Platforms/WatchOS.platform/Developer/Library/Frameworks -F /Applications/Xcode-26.3.0.app/Contents/Developer/Platforms/WatchOS.platform/Developer/SDKs/WatchOS26.2.sdk/Developer/Library/Frameworks -c -j10 -enable-batch-mode -incremental -Xcc -ivfsstatcache -Xcc /Users/admin/builder/spi-builder-workspace/.derivedData/SDKStatCaches.noindex/watchos26.2-23S303-dc75598d0054f22ec865fa860f139d721753b489057de6bda919edfa1c59a62b.sdkstatcache -output-file-map /Users/admin/builder/spi-builder-workspace/.derivedData/Build/Intermediates.noindex/gis-tools-fit.build/Debug-watchos/GISToolsFIT.build/Objects-normal/arm64_32/GISToolsFIT-OutputFileMap.json -use-frontend-parseable-output -save-temps -no-color-diagnostics -explicit-module-build -module-cache-path /Users/admin/builder/spi-builder-workspace/.derivedData/Build/Intermediates.noindex/SwiftExplicitPrecompiledModules -clang-scanner-module-cache-path /Users/admin/builder/spi-builder-workspace/.derivedData/ModuleCache.noindex -sdk-module-cache-path /Users/admin/builder/spi-builder-workspace/.derivedData/ModuleCache.noindex -serialize-diagnostics -emit-dependencies -emit-module -emit-module-path /Users/admin/builder/spi-builder-workspace/.derivedData/Build/Intermediates.noindex/gis-tools-fit.build/Debug-watchos/GISToolsFIT.build/Objects-normal/arm64_32/GISToolsFIT.swiftmodule -validate-clang-modules-once -clang-build-session-file /Users/admin/builder/spi-builder-workspace/.derivedData/ModuleCache.noindex/Session.modulevalidation -package-name spi_builder_workspace -Xcc -I/Users/admin/builder/spi-builder-workspace/.derivedData/Build/Intermediates.noindex/gis-tools-fit.build/Debug-watchos/GISToolsFIT.build/swift-overrides.hmap -emit-const-values -Xfrontend -const-gather-protocols-file -Xfrontend /Users/admin/builder/spi-builder-workspace/.derivedData/Build/Intermediates.noindex/gis-tools-fit.build/Debug-watchos/GISToolsFIT.build/Objects-normal/arm64_32/GISToolsFIT_const_extract_protocols.json -Xcc -I/Users/admin/builder/spi-builder-workspace/.derivedData/Build/Products/Debug-watchos/include -Xcc -I/Users/admin/builder/spi-builder-workspace/.derivedData/Build/Intermediates.noindex/gis-tools-fit.build/Debug-watchos/GISToolsFIT.build/DerivedSources-normal/arm64_32 -Xcc -I/Users/admin/builder/spi-builder-workspace/.derivedData/Build/Intermediates.noindex/gis-tools-fit.build/Debug-watchos/GISToolsFIT.build/DerivedSources/arm64_32 -Xcc -I/Users/admin/builder/spi-builder-workspace/.derivedData/Build/Intermediates.noindex/gis-tools-fit.build/Debug-watchos/GISToolsFIT.build/DerivedSources -Xcc -DSWIFT_PACKAGE -Xcc -DDEBUG\=1 -emit-objc-header -emit-objc-header-path /Users/admin/builder/spi-builder-workspace/.derivedData/Build/Intermediates.noindex/gis-tools-fit.build/Debug-watchos/GISToolsFIT.build/Objects-normal/arm64_32/GISToolsFIT-Swift.h -working-directory /Users/admin/builder/spi-builder-workspace/.swiftpm/xcode -experimental-emit-module-separately -disable-cmo
SwiftDriver GISToolsFIT normal arm64 com.apple.xcode.tools.swift.compiler (in target 'GISToolsFIT' from project 'gis-tools-fit')
cd /Users/admin/builder/spi-builder-workspace/.swiftpm/xcode
builtin-SwiftDriver -- /Applications/Xcode-26.3.0.app/Contents/Developer/Toolchains/XcodeDefault.xctoolchain/usr/bin/swiftc -module-name GISToolsFIT -Onone -enforce-exclusivity\=checked @/Users/admin/builder/spi-builder-workspace/.derivedData/Build/Intermediates.noindex/gis-tools-fit.build/Debug-watchos/GISToolsFIT.build/Objects-normal/arm64/GISToolsFIT.SwiftFileList -DSWIFT_PACKAGE -DDEBUG -DSWIFT_MODULE_RESOURCE_BUNDLE_UNAVAILABLE -DXcode -plugin-path /Applications/Xcode-26.3.0.app/Contents/Developer/Toolchains/XcodeDefault.xctoolchain/usr/lib/swift/host/plugins/testing -enable-experimental-feature DebugDescriptionMacro -sdk /Applications/Xcode-26.3.0.app/Contents/Developer/Platforms/WatchOS.platform/Developer/SDKs/WatchOS26.2.sdk -target arm64-apple-watchos7.0 -g -module-cache-path /Users/admin/builder/spi-builder-workspace/.derivedData/ModuleCache.noindex -Xfrontend -serialize-debugging-options -profile-coverage-mapping -profile-generate -enable-testing -index-store-path /Users/admin/builder/spi-builder-workspace/.derivedData/Index.noindex/DataStore -Xcc -D_LIBCPP_HARDENING_MODE\=_LIBCPP_HARDENING_MODE_DEBUG -swift-version 6 -I /Users/admin/builder/spi-builder-workspace/.derivedData/Build/Products/Debug-watchos -Isystem /Applications/Xcode-26.3.0.app/Contents/Developer/Platforms/WatchOS.platform/Developer/usr/lib -F /Users/admin/builder/spi-builder-workspace/.derivedData/Build/Products/Debug-watchos/PackageFrameworks -F /Users/admin/builder/spi-builder-workspace/.derivedData/Build/Products/Debug-watchos -F /Applications/Xcode-26.3.0.app/Contents/Developer/Platforms/WatchOS.platform/Developer/Library/Frameworks -F /Applications/Xcode-26.3.0.app/Contents/Developer/Platforms/WatchOS.platform/Developer/SDKs/WatchOS26.2.sdk/Developer/Library/Frameworks -c -j10 -enable-batch-mode -incremental -Xcc -ivfsstatcache -Xcc /Users/admin/builder/spi-builder-workspace/.derivedData/SDKStatCaches.noindex/watchos26.2-23S303-dc75598d0054f22ec865fa860f139d721753b489057de6bda919edfa1c59a62b.sdkstatcache -output-file-map /Users/admin/builder/spi-builder-workspace/.derivedData/Build/Intermediates.noindex/gis-tools-fit.build/Debug-watchos/GISToolsFIT.build/Objects-normal/arm64/GISToolsFIT-OutputFileMap.json -use-frontend-parseable-output -save-temps -no-color-diagnostics -explicit-module-build -module-cache-path /Users/admin/builder/spi-builder-workspace/.derivedData/Build/Intermediates.noindex/SwiftExplicitPrecompiledModules -clang-scanner-module-cache-path /Users/admin/builder/spi-builder-workspace/.derivedData/ModuleCache.noindex -sdk-module-cache-path /Users/admin/builder/spi-builder-workspace/.derivedData/ModuleCache.noindex -serialize-diagnostics -emit-dependencies -emit-module -emit-module-path /Users/admin/builder/spi-builder-workspace/.derivedData/Build/Intermediates.noindex/gis-tools-fit.build/Debug-watchos/GISToolsFIT.build/Objects-normal/arm64/GISToolsFIT.swiftmodule -validate-clang-modules-once -clang-build-session-file /Users/admin/builder/spi-builder-workspace/.derivedData/ModuleCache.noindex/Session.modulevalidation -package-name spi_builder_workspace -Xcc -I/Users/admin/builder/spi-builder-workspace/.derivedData/Build/Intermediates.noindex/gis-tools-fit.build/Debug-watchos/GISToolsFIT.build/swift-overrides.hmap -emit-const-values -Xfrontend -const-gather-protocols-file -Xfrontend /Users/admin/builder/spi-builder-workspace/.derivedData/Build/Intermediates.noindex/gis-tools-fit.build/Debug-watchos/GISToolsFIT.build/Objects-normal/arm64/GISToolsFIT_const_extract_protocols.json -Xcc -I/Users/admin/builder/spi-builder-workspace/.derivedData/Build/Products/Debug-watchos/include -Xcc -I/Users/admin/builder/spi-builder-workspace/.derivedData/Build/Intermediates.noindex/gis-tools-fit.build/Debug-watchos/GISToolsFIT.build/DerivedSources-normal/arm64 -Xcc -I/Users/admin/builder/spi-builder-workspace/.derivedData/Build/Intermediates.noindex/gis-tools-fit.build/Debug-watchos/GISToolsFIT.build/DerivedSources/arm64 -Xcc -I/Users/admin/builder/spi-builder-workspace/.derivedData/Build/Intermediates.noindex/gis-tools-fit.build/Debug-watchos/GISToolsFIT.build/DerivedSources -Xcc -DSWIFT_PACKAGE -Xcc -DDEBUG\=1 -emit-objc-header -emit-objc-header-path /Users/admin/builder/spi-builder-workspace/.derivedData/Build/Intermediates.noindex/gis-tools-fit.build/Debug-watchos/GISToolsFIT.build/Objects-normal/arm64/GISToolsFIT-Swift.h -working-directory /Users/admin/builder/spi-builder-workspace/.swiftpm/xcode -experimental-emit-module-separately -disable-cmo
SwiftDriver GISToolsFIT normal armv7k com.apple.xcode.tools.swift.compiler (in target 'GISToolsFIT' from project 'gis-tools-fit')
cd /Users/admin/builder/spi-builder-workspace/.swiftpm/xcode
builtin-SwiftDriver -- /Applications/Xcode-26.3.0.app/Contents/Developer/Toolchains/XcodeDefault.xctoolchain/usr/bin/swiftc -module-name GISToolsFIT -Onone -enforce-exclusivity\=checked @/Users/admin/builder/spi-builder-workspace/.derivedData/Build/Intermediates.noindex/gis-tools-fit.build/Debug-watchos/GISToolsFIT.build/Objects-normal/armv7k/GISToolsFIT.SwiftFileList -DSWIFT_PACKAGE -DDEBUG -DSWIFT_MODULE_RESOURCE_BUNDLE_UNAVAILABLE -DXcode -plugin-path /Applications/Xcode-26.3.0.app/Contents/Developer/Toolchains/XcodeDefault.xctoolchain/usr/lib/swift/host/plugins/testing -enable-experimental-feature DebugDescriptionMacro -sdk /Applications/Xcode-26.3.0.app/Contents/Developer/Platforms/WatchOS.platform/Developer/SDKs/WatchOS26.2.sdk -target armv7k-apple-watchos7.0 -g -module-cache-path /Users/admin/builder/spi-builder-workspace/.derivedData/ModuleCache.noindex -Xfrontend -serialize-debugging-options -profile-coverage-mapping -profile-generate -enable-testing -index-store-path /Users/admin/builder/spi-builder-workspace/.derivedData/Index.noindex/DataStore -Xcc -D_LIBCPP_HARDENING_MODE\=_LIBCPP_HARDENING_MODE_DEBUG -swift-version 6 -I /Users/admin/builder/spi-builder-workspace/.derivedData/Build/Products/Debug-watchos -Isystem /Applications/Xcode-26.3.0.app/Contents/Developer/Platforms/WatchOS.platform/Developer/usr/lib -F /Users/admin/builder/spi-builder-workspace/.derivedData/Build/Products/Debug-watchos/PackageFrameworks -F /Users/admin/builder/spi-builder-workspace/.derivedData/Build/Products/Debug-watchos -F /Applications/Xcode-26.3.0.app/Contents/Developer/Platforms/WatchOS.platform/Developer/Library/Frameworks -F /Applications/Xcode-26.3.0.app/Contents/Developer/Platforms/WatchOS.platform/Developer/SDKs/WatchOS26.2.sdk/Developer/Library/Frameworks -c -j10 -enable-batch-mode -incremental -Xcc -ivfsstatcache -Xcc /Users/admin/builder/spi-builder-workspace/.derivedData/SDKStatCaches.noindex/watchos26.2-23S303-dc75598d0054f22ec865fa860f139d721753b489057de6bda919edfa1c59a62b.sdkstatcache -output-file-map /Users/admin/builder/spi-builder-workspace/.derivedData/Build/Intermediates.noindex/gis-tools-fit.build/Debug-watchos/GISToolsFIT.build/Objects-normal/armv7k/GISToolsFIT-OutputFileMap.json -use-frontend-parseable-output -save-temps -no-color-diagnostics -explicit-module-build -module-cache-path /Users/admin/builder/spi-builder-workspace/.derivedData/Build/Intermediates.noindex/SwiftExplicitPrecompiledModules -clang-scanner-module-cache-path /Users/admin/builder/spi-builder-workspace/.derivedData/ModuleCache.noindex -sdk-module-cache-path /Users/admin/builder/spi-builder-workspace/.derivedData/ModuleCache.noindex -serialize-diagnostics -emit-dependencies -emit-module -emit-module-path /Users/admin/builder/spi-builder-workspace/.derivedData/Build/Intermediates.noindex/gis-tools-fit.build/Debug-watchos/GISToolsFIT.build/Objects-normal/armv7k/GISToolsFIT.swiftmodule -validate-clang-modules-once -clang-build-session-file /Users/admin/builder/spi-builder-workspace/.derivedData/ModuleCache.noindex/Session.modulevalidation -package-name spi_builder_workspace -Xcc -I/Users/admin/builder/spi-builder-workspace/.derivedData/Build/Intermediates.noindex/gis-tools-fit.build/Debug-watchos/GISToolsFIT.build/swift-overrides.hmap -emit-const-values -Xfrontend -const-gather-protocols-file -Xfrontend /Users/admin/builder/spi-builder-workspace/.derivedData/Build/Intermediates.noindex/gis-tools-fit.build/Debug-watchos/GISToolsFIT.build/Objects-normal/armv7k/GISToolsFIT_const_extract_protocols.json -Xcc -I/Users/admin/builder/spi-builder-workspace/.derivedData/Build/Products/Debug-watchos/include -Xcc -I/Users/admin/builder/spi-builder-workspace/.derivedData/Build/Intermediates.noindex/gis-tools-fit.build/Debug-watchos/GISToolsFIT.build/DerivedSources-normal/armv7k -Xcc -I/Users/admin/builder/spi-builder-workspace/.derivedData/Build/Intermediates.noindex/gis-tools-fit.build/Debug-watchos/GISToolsFIT.build/DerivedSources/armv7k -Xcc -I/Users/admin/builder/spi-builder-workspace/.derivedData/Build/Intermediates.noindex/gis-tools-fit.build/Debug-watchos/GISToolsFIT.build/DerivedSources -Xcc -DSWIFT_PACKAGE -Xcc -DDEBUG\=1 -emit-objc-header -emit-objc-header-path /Users/admin/builder/spi-builder-workspace/.derivedData/Build/Intermediates.noindex/gis-tools-fit.build/Debug-watchos/GISToolsFIT.build/Objects-normal/armv7k/GISToolsFIT-Swift.h -working-directory /Users/admin/builder/spi-builder-workspace/.swiftpm/xcode -experimental-emit-module-separately -disable-cmo
SwiftEmitModule normal arm64 Emitting\ module\ for\ GISToolsFIT (in target 'GISToolsFIT' from project 'gis-tools-fit')
EmitSwiftModule normal arm64 (in target 'GISToolsFIT' from project 'gis-tools-fit')
cd /Users/admin/builder/spi-builder-workspace/.swiftpm/xcode
SwiftCompile normal arm64 Compiling\ FITDecoder.swift /Users/admin/builder/spi-builder-workspace/Sources/GISToolsFIT/FITDecoder.swift (in target 'GISToolsFIT' from project 'gis-tools-fit')
SwiftCompile normal arm64 /Users/admin/builder/spi-builder-workspace/Sources/GISToolsFIT/FITDecoder.swift (in target 'GISToolsFIT' from project 'gis-tools-fit')
cd /Users/admin/builder/spi-builder-workspace/.swiftpm/xcode
SwiftEmitModule normal armv7k Emitting\ module\ for\ GISToolsFIT (in target 'GISToolsFIT' from project 'gis-tools-fit')
EmitSwiftModule normal armv7k (in target 'GISToolsFIT' from project 'gis-tools-fit')
cd /Users/admin/builder/spi-builder-workspace/.swiftpm/xcode
SwiftEmitModule normal arm64_32 Emitting\ module\ for\ GISToolsFIT (in target 'GISToolsFIT' from project 'gis-tools-fit')
EmitSwiftModule normal arm64_32 (in target 'GISToolsFIT' from project 'gis-tools-fit')
cd /Users/admin/builder/spi-builder-workspace/.swiftpm/xcode
SwiftCompile normal arm64_32 Compiling\ FITDecoder.swift /Users/admin/builder/spi-builder-workspace/Sources/GISToolsFIT/FITDecoder.swift (in target 'GISToolsFIT' from project 'gis-tools-fit')
SwiftCompile normal arm64_32 /Users/admin/builder/spi-builder-workspace/Sources/GISToolsFIT/FITDecoder.swift (in target 'GISToolsFIT' from project 'gis-tools-fit')
cd /Users/admin/builder/spi-builder-workspace/.swiftpm/xcode
SwiftCompile normal armv7k Compiling\ FITDecoder.swift /Users/admin/builder/spi-builder-workspace/Sources/GISToolsFIT/FITDecoder.swift (in target 'GISToolsFIT' from project 'gis-tools-fit')
Failed frontend command:
/Applications/Xcode-26.3.0.app/Contents/Developer/Toolchains/XcodeDefault.xctoolchain/usr/bin/swift-frontend -frontend -c /Users/admin/builder/spi-builder-workspace/Sources/GISToolsFIT/FITCoder.swift -primary-file /Users/admin/builder/spi-builder-workspace/Sources/GISToolsFIT/FITDecoder.swift /Users/admin/builder/spi-builder-workspace/Sources/GISToolsFIT/FITEncoder.swift /Users/admin/builder/spi-builder-workspace/Sources/GISToolsFIT/FITEnum.swift /Users/admin/builder/spi-builder-workspace/Sources/GISToolsFIT/FITProfile.swift /Users/admin/builder/spi-builder-workspace/Sources/GISToolsFIT/FITTypes.swift /Users/admin/builder/spi-builder-workspace/Sources/GISToolsFIT/Feature+FIT.swift /Users/admin/builder/spi-builder-workspace/Sources/GISToolsFIT/FeatureCollection+FIT.swift -emit-dependencies-path /Users/admin/builder/spi-builder-workspace/.derivedData/Build/Intermediates.noindex/gis-tools-fit.build/Debug-watchos/GISToolsFIT.build/Objects-normal/armv7k/FITDecoder.d -emit-const-values-path /Users/admin/builder/spi-builder-workspace/.derivedData/Build/Intermediates.noindex/gis-tools-fit.build/Debug-watchos/GISToolsFIT.build/Objects-normal/armv7k/FITDecoder.swiftconstvalues -emit-reference-dependencies-path /Users/admin/builder/spi-builder-workspace/.derivedData/Build/Intermediates.noindex/gis-tools-fit.build/Debug-watchos/GISToolsFIT.build/Objects-normal/armv7k/FITDecoder.swiftdeps -serialize-diagnostics-path /Users/admin/builder/spi-builder-workspace/.derivedData/Build/Intermediates.noindex/gis-tools-fit.build/Debug-watchos/GISToolsFIT.build/Objects-normal/armv7k/FITDecoder.dia -target armv7k-apple-watchos7.0 -module-can-import-version CoreLocation 53 3064.0.10 -load-resolved-plugin /Applications/Xcode-26.3.0.app/Contents/Developer/Platforms/WatchOS.platform/Developer/usr/lib/swift/host/plugins/libFoundationMacros.dylib\#/Applications/Xcode-26.3.0.app/Contents/Developer/Platforms/WatchOS.platform/Developer/usr/bin/swift-plugin-server\#FoundationMacros -load-resolved-plugin /Applications/Xcode-26.3.0.app/Contents/Developer/Platforms/WatchOS.platform/Developer/usr/lib/swift/host/plugins/libObservationMacros.dylib\#/Applications/Xcode-26.3.0.app/Contents/Developer/Platforms/WatchOS.platform/Developer/usr/bin/swift-plugin-server\#ObservationMacros -load-resolved-plugin /Applications/Xcode-26.3.0.app/Contents/Developer/Platforms/WatchOS.platform/Developer/usr/lib/swift/host/plugins/libSwiftMacros.dylib\#/Applications/Xcode-26.3.0.app/Contents/Developer/Platforms/WatchOS.platform/Developer/usr/bin/swift-plugin-server\#SwiftMacros -disable-implicit-swift-modules -Xcc -fno-implicit-modules -Xcc -fno-implicit-module-maps -explicit-swift-module-map-file /Users/admin/builder/spi-builder-workspace/.derivedData/Build/Intermediates.noindex/gis-tools-fit.build/Debug-watchos/GISToolsFIT.build/Objects-normal/armv7k/GISToolsFIT-dependencies-2.json -enable-objc-interop -stack-check -sdk /Applications/Xcode-26.3.0.app/Contents/Developer/Platforms/WatchOS.platform/Developer/SDKs/WatchOS26.2.sdk -I /Users/admin/builder/spi-builder-workspace/.derivedData/Build/Products/Debug-watchos -Isystem /Applications/Xcode-26.3.0.app/Contents/Developer/Platforms/WatchOS.platform/Developer/usr/lib -F /Users/admin/builder/spi-builder-workspace/.derivedData/Build/Products/Debug-watchos/PackageFrameworks -F /Users/admin/builder/spi-builder-workspace/.derivedData/Build/Products/Debug-watchos -F /Applications/Xcode-26.3.0.app/Contents/Developer/Platforms/WatchOS.platform/Developer/Library/Frameworks -F /Applications/Xcode-26.3.0.app/Contents/Developer/Platforms/WatchOS.platform/Developer/SDKs/WatchOS26.2.sdk/Developer/Library/Frameworks -no-color-diagnostics -Xcc -fno-color-diagnostics -enable-testing -g -debug-info-format\=dwarf -dwarf-version\=4 -module-cache-path /Users/admin/builder/spi-builder-workspace/.derivedData/Build/Intermediates.noindex/SwiftExplicitPrecompiledModules -profile-generate -profile-coverage-mapping -swift-version 6 -enforce-exclusivity\=checked -Onone -D SWIFT_PACKAGE -D DEBUG -D SWIFT_MODULE_RESOURCE_BUNDLE_UNAVAILABLE -D Xcode -serialize-debugging-options -const-gather-protocols-file /Users/admin/builder/spi-builder-workspace/.derivedData/Build/Intermediates.noindex/gis-tools-fit.build/Debug-watchos/GISToolsFIT.build/Objects-normal/armv7k/GISToolsFIT_const_extract_protocols.json -enable-experimental-feature DebugDescriptionMacro -empty-abi-descriptor -validate-clang-modules-once -clang-build-session-file /Users/admin/builder/spi-builder-workspace/.derivedData/ModuleCache.noindex/Session.modulevalidation -Xcc -working-directory -Xcc /Users/admin/builder/spi-builder-workspace/.swiftpm/xcode -enable-anonymous-context-mangled-names -file-compilation-dir /Users/admin/builder/spi-builder-workspace/.swiftpm/xcode -Xcc -D_LIBCPP_HARDENING_MODE\=_LIBCPP_HARDENING_MODE_DEBUG -Xcc -ivfsstatcache -Xcc /Users/admin/builder/spi-builder-workspace/.derivedData/SDKStatCaches.noindex/watchos26.2-23S303-dc75598d0054f22ec865fa860f139d721753b489057de6bda919edfa1c59a62b.sdkstatcache -Xcc -I/Users/admin/builder/spi-builder-workspace/.derivedData/Build/Intermediates.noindex/gis-tools-fit.build/Debug-watchos/GISToolsFIT.build/swift-overrides.hmap -Xcc -I/Users/admin/builder/spi-builder-workspace/.derivedData/Build/Products/Debug-watchos/include -Xcc -I/Users/admin/builder/spi-builder-workspace/.derivedData/Build/Intermediates.noindex/gis-tools-fit.build/Debug-watchos/GISToolsFIT.build/DerivedSources-normal/armv7k -Xcc -I/Users/admin/builder/spi-builder-workspace/.derivedData/Build/Intermediates.noindex/gis-tools-fit.build/Debug-watchos/GISToolsFIT.build/DerivedSources/armv7k -Xcc -I/Users/admin/builder/spi-builder-workspace/.derivedData/Build/Intermediates.noindex/gis-tools-fit.build/Debug-watchos/GISToolsFIT.build/DerivedSources -Xcc -DSWIFT_PACKAGE -Xcc -DDEBUG\=1 -no-auto-bridging-header-chaining -module-name GISToolsFIT -package-name spi_builder_workspace -frontend-parseable-output -disable-clang-spi -target-sdk-version 26.2 -target-sdk-name watchos26.2 -clang-target armv7k-apple-watchos26.2 -in-process-plugin-server-path /Applications/Xcode-26.3.0.app/Contents/Developer/Toolchains/XcodeDefault.xctoolchain/usr/lib/swift/host/libSwiftInProcPluginServer.dylib -o /Users/admin/builder/spi-builder-workspace/.derivedData/Build/Intermediates.noindex/gis-tools-fit.build/Debug-watchos/GISToolsFIT.build/Objects-normal/armv7k/FITDecoder.o -index-unit-output-path /gis-tools-fit.build/Debug-watchos/GISToolsFIT.build/Objects-normal/armv7k/FITDecoder.o -index-store-path /Users/admin/builder/spi-builder-workspace/.derivedData/Index.noindex/DataStore -index-system-modules
SwiftCompile normal armv7k /Users/admin/builder/spi-builder-workspace/Sources/GISToolsFIT/FITDecoder.swift (in target 'GISToolsFIT' from project 'gis-tools-fit')
cd /Users/admin/builder/spi-builder-workspace/.swiftpm/xcode
/Users/admin/builder/spi-builder-workspace/Sources/GISToolsFIT/FITDecoder.swift:321:36: warning: left side of nil coalescing operator '??' has non-optional type 'Any', so the right side is never used
return bytes.first ?? 0
~~~~~~~~~~~~^~~~
/Users/admin/builder/spi-builder-workspace/Sources/GISToolsFIT/FITDecoder.swift:327:36: warning: left side of nil coalescing operator '??' has non-optional type 'Any', so the right side is never used
return bytes.first ?? 0
~~~~~~~~~~~~^~~~
/Users/admin/builder/spi-builder-workspace/Sources/GISToolsFIT/FITDecoder.swift:388:21: error: the compiler is unable to type-check this expression in reasonable time; try breaking up the expression into distinct sub-expressions
raw = UInt64(bytes[safe: 0] ?? 0) | (UInt64(bytes[safe: 1] ?? 0) << 8)
^~~~~~~~~~~~~~~~~~~~~~~~~~~~~~~~~~~~~~~~~~~~~~~~~~~~~~~~~~~~~~~~~~~~~~
/Users/admin/builder/spi-builder-workspace/Sources/GISToolsFIT/FITDecoder.swift:394:21: error: the compiler is unable to type-check this expression in reasonable time; try breaking up the expression into distinct sub-expressions
raw = UInt64(bytes[safe: 7] ?? 0) | (UInt64(bytes[safe: 6] ?? 0) << 8)
^~~~~~~~~~~~~~~~~~~~~~~~~~~~~~~~~~~~~~~~~~~~~~~~~~~~~~~~~~~~~~~~~~~~~~
/Users/admin/builder/spi-builder-workspace/Sources/GISToolsFIT/FITDecoder.swift:401:36: warning: left side of nil coalescing operator '??' has non-optional type 'Any', so the right side is never used
return bytes.first ?? 0
~~~~~~~~~~~~^~~~
/Users/admin/builder/spi-builder-workspace/Sources/GISToolsFIT/FITDecoder.swift:419:36: warning: left side of nil coalescing operator '??' has non-optional type 'Any', so the right side is never used
return bytes.first ?? 0
~~~~~~~~~~~~^~~~
/Users/admin/builder/spi-builder-workspace/Sources/GISToolsFIT/FITDecoder.swift:423:21: error: the compiler is unable to type-check this expression in reasonable time; try breaking up the expression into distinct sub-expressions
raw = UInt64(bytes[safe: 0] ?? 0) | (UInt64(bytes[safe: 1] ?? 0) << 8)
^~~~~~~~~~~~~~~~~~~~~~~~~~~~~~~~~~~~~~~~~~~~~~~~~~~~~~~~~~~~~~~~~~~~~~
/Users/admin/builder/spi-builder-workspace/Sources/GISToolsFIT/FITDecoder.swift:429:21: error: the compiler is unable to type-check this expression in reasonable time; try breaking up the expression into distinct sub-expressions
raw = UInt64(bytes[safe: 7] ?? 0) | (UInt64(bytes[safe: 6] ?? 0) << 8)
^~~~~~~~~~~~~~~~~~~~~~~~~~~~~~~~~~~~~~~~~~~~~~~~~~~~~~~~~~~~~~~~~~~~~~
/Users/admin/builder/spi-builder-workspace/Sources/GISToolsFIT/FITDecoder.swift:438:21: error: the compiler is unable to type-check this expression in reasonable time; try breaking up the expression into distinct sub-expressions
val = UInt64(bytes[safe: 0] ?? 0) | (UInt64(bytes[safe: 1] ?? 0) << 8)
^~~~~~~~~~~~~~~~~~~~~~~~~~~~~~~~~~~~~~~~~~~~~~~~~~~~~~~~~~~~~~~~~~~~~~
/Users/admin/builder/spi-builder-workspace/Sources/GISToolsFIT/FITDecoder.swift:444:21: error: the compiler is unable to type-check this expression in reasonable time; try breaking up the expression into distinct sub-expressions
val = UInt64(bytes[safe: 7] ?? 0) | (UInt64(bytes[safe: 6] ?? 0) << 8)
^~~~~~~~~~~~~~~~~~~~~~~~~~~~~~~~~~~~~~~~~~~~~~~~~~~~~~~~~~~~~~~~~~~~~~
/Users/admin/builder/spi-builder-workspace/Sources/GISToolsFIT/FITDecoder.swift:453:21: error: the compiler is unable to type-check this expression in reasonable time; try breaking up the expression into distinct sub-expressions
val = UInt64(bytes[safe: 0] ?? 0) | (UInt64(bytes[safe: 1] ?? 0) << 8)
^~~~~~~~~~~~~~~~~~~~~~~~~~~~~~~~~~~~~~~~~~~~~~~~~~~~~~~~~~~~~~~~~~~~~~
/Users/admin/builder/spi-builder-workspace/Sources/GISToolsFIT/FITDecoder.swift:459:21: error: the compiler is unable to type-check this expression in reasonable time; try breaking up the expression into distinct sub-expressions
val = UInt64(bytes[safe: 7] ?? 0) | (UInt64(bytes[safe: 6] ?? 0) << 8)
^~~~~~~~~~~~~~~~~~~~~~~~~~~~~~~~~~~~~~~~~~~~~~~~~~~~~~~~~~~~~~~~~~~~~~
2026-08-14 18:30:24.100 xcodebuild[919:6083] [MT] IDERunDestination: Supported platforms for the buildables in the current scheme is empty.
** BUILD FAILED **
The following build commands failed:
SwiftCompile normal armv7k Compiling\ FITDecoder.swift /Users/admin/builder/spi-builder-workspace/Sources/GISToolsFIT/FITDecoder.swift (in target 'GISToolsFIT' from project 'gis-tools-fit')
SwiftCompile normal armv7k /Users/admin/builder/spi-builder-workspace/Sources/GISToolsFIT/FITDecoder.swift (in target 'GISToolsFIT' from project 'gis-tools-fit')
Building workspace spi-builder-workspace with scheme gis-tools-fit
(3 failures)
BUILD FAILURE 6.2 watchOS