The Swift Package Index logo.Swift Package Index

Build Information

Failed to build MathJaxSwift, reference v3.5.0 (00e9c3), with Swift 6.4 for watchOS using Xcode 27.0 on 24 Sep 2026 16:24:15 UTC.

Build Command

env DEVELOPER_DIR=/Applications/Xcode-27.0.0-Release.Candidate.app xcrun xcodebuild -IDEClonedSourcePackagesDirPathOverride=$PWD/.dependencies -skipMacroValidation -skipPackagePluginValidation -derivedDataPath $PWD/.derivedData build -scheme MathJaxSwift -destination generic/platform=watchOS

Build Log

========================================
RunAll
========================================
Builder version: 5.1.0
Interrupt handler set up.
========================================
Checkout
========================================
Clone URL: https://github.com/colinc86/MathJaxSwift.git
Reference: v3.5.0
Initialized empty Git repository in /Users/admin/builder/spi-builder-workspace/.git/
From https://github.com/colinc86/MathJaxSwift
 * tag               v3.5.0     -> FETCH_HEAD
HEAD is now at 00e9c3d Merge pull request #44 from colinc86/develop
Cloned https://github.com/colinc86/MathJaxSwift.git
Revision (git rev-parse @):
00e9c3df6b1c82031c7fe3785028f3d21c0d73ba
SUCCESS checkout https://github.com/colinc86/MathJaxSwift.git at v3.5.0
========================================
Build
========================================
Selected platform:         watchOS
Swift version:             6.4
Building package at path:  $PWD
https://github.com/colinc86/MathJaxSwift.git
Command line invocation:
    /Applications/Xcode-27.0.0-Release.Candidate.app/Contents/Developer/usr/bin/xcodebuild -IDEClonedSourcePackagesDirPathOverride=/Users/admin/builder/spi-builder-workspace/.dependencies -resolvePackageDependencies
Resolve Package Graph
Resolve Package Graph
Resolved source packages:
  MathJaxSwift: /Users/admin/builder/spi-builder-workspace
resolved source packages: MathJaxSwift
2026-09-24 12:23:26.762 xcodebuild[529:3039] [MT] IDERunDestination: Supported platforms for the buildables in the current scheme is empty.
{
  "dependencies" : [
  ],
  "manifest_display_name" : "MathJaxSwift",
  "name" : "MathJaxSwift",
  "path" : "/Users/admin/builder/spi-builder-workspace",
  "platforms" : [
    {
      "name" : "ios",
      "version" : "13.0"
    },
    {
      "name" : "macos",
      "version" : "10.15"
    },
    {
      "name" : "tvos",
      "version" : "13.0"
    }
  ],
  "products" : [
    {
      "name" : "MathJaxSwift",
      "targets" : [
        "MathJaxSwift"
      ],
      "type" : {
        "library" : [
          "automatic"
        ]
      }
    }
  ],
  "targets" : [
    {
      "c99name" : "MathJaxSwiftTests",
      "module_type" : "SwiftTarget",
      "name" : "MathJaxSwiftTests",
      "path" : "Tests/MathJaxSwiftTests",
      "resources" : [
        {
          "path" : "/Users/admin/builder/spi-builder-workspace/Tests/MathJaxSwiftTests/Resources/Error",
          "rule" : {
            "copy" : {
            }
          }
        },
        {
          "path" : "/Users/admin/builder/spi-builder-workspace/Tests/MathJaxSwiftTests/Resources/No Error",
          "rule" : {
            "copy" : {
            }
          }
        }
      ],
      "sources" : [
        "Conversions/AM/AM2CHTMLTests.swift",
        "Conversions/AM/AM2MMLTests.swift",
        "Conversions/AM/AM2SVGTests.swift",
        "Conversions/MML/MML2CHTMLTests.swift",
        "Conversions/MML/MML2SVGTests.swift",
        "Conversions/Speech/AM2SpeechTests.swift",
        "Conversions/Speech/MML2SpeechTests.swift",
        "Conversions/Speech/Tex2SpeechTests.swift",
        "Conversions/TeX/Tex2CHTMLTests.swift",
        "Conversions/TeX/Tex2MMLTests.swift",
        "Conversions/TeX/Tex2SVGTests.swift",
        "MathJaxSwiftTests.swift",
        "Options/ConversionOptionsTests.swift",
        "Options/DocumentOptionsTests.swift",
        "Options/InputProcessorOptionsTests.swift",
        "Options/LinebreakOptionsTests.swift",
        "Options/OptionsPassthroughTests.swift",
        "Options/OutputProcessorOptionsTests.swift",
        "Options/SafeOptionsTests.swift",
        "Parsing/HTMLParserTests.swift",
        "Parsing/MMLParserTests.swift",
        "Parsing/SVGParserTests.swift"
      ],
      "target_dependencies" : [
        "MathJaxSwift"
      ],
      "type" : "test"
    },
    {
      "c99name" : "MathJaxSwift",
      "module_type" : "SwiftTarget",
      "name" : "MathJaxSwift",
      "path" : "Sources/MathJaxSwift",
      "product_memberships" : [
        "MathJaxSwift"
      ],
      "resources" : [
        {
          "path" : "/Users/admin/builder/spi-builder-workspace/Sources/MathJaxSwift/Resources/PrivacyInfo.xcprivacy",
          "rule" : {
            "process" : {
            }
          }
        },
        {
          "path" : "/Users/admin/builder/spi-builder-workspace/Sources/MathJaxSwift/Resources/mjn",
          "rule" : {
            "copy" : {
            }
          }
        }
      ],
      "sources" : [
        "Conversions/AM/AM2CHTML.swift",
        "Conversions/AM/AM2MML.swift",
        "Conversions/AM/AM2SVG.swift",
        "Conversions/MML/MML2CHTML.swift",
        "Conversions/MML/MML2SVG.swift",
        "Conversions/Speech/AM2Speech.swift",
        "Conversions/Speech/MML2Speech.swift",
        "Conversions/Speech/TeX2Speech.swift",
        "Conversions/TeX/TeX2CHTML.swift",
        "Conversions/TeX/TeX2MML.swift",
        "Conversions/TeX/TeX2SVG.swift",
        "Internal/Constants.swift",
        "Internal/Encodable+Dictionary.swift",
        "Internal/Function.swift",
        "Internal/MathJaxError.swift",
        "Internal/PackageLock.swift",
        "Internal/Parsing/HTMLParser.swift",
        "Internal/Parsing/MMLParser.swift",
        "Internal/Parsing/Parser.swift",
        "Internal/Parsing/SVGParser.swift",
        "Internal/Parsing/SpeechParser.swift",
        "MathJax.swift",
        "Options/ConversionOptions.swift",
        "Options/Document/A11YOptions.swift",
        "Options/Document/DocumentOptions.swift",
        "Options/Document/Menu/MenuOptions.swift",
        "Options/Document/Menu/MenuOptionsSettings.swift",
        "Options/Document/SREOptions.swift",
        "Options/Document/Safe/AllowOptions.swift",
        "Options/Document/Safe/SafeOptions.swift",
        "Options/Document/Safe/SafeProtocols.swift",
        "Options/Document/Safe/SafeStyles.swift",
        "Options/Input/AMInputProcessorOptions.swift",
        "Options/Input/InputProcessorOptions.swift",
        "Options/Input/MMLInputProcessorOptions.swift",
        "Options/Input/TeX Packages/AMSCDOptions.swift",
        "Options/Input/TeX Packages/AMSOptions.swift",
        "Options/Input/TeX Packages/AutoloadOptions.swift",
        "Options/Input/TeX Packages/ColorOptions.swift",
        "Options/Input/TeX Packages/MathtoolsOptions.swift",
        "Options/Input/TeX Packages/NoundefinedOptions.swift",
        "Options/Input/TeX Packages/PhysicsOptions.swift",
        "Options/Input/TeX Packages/RequireOptions.swift",
        "Options/Input/TeX Packages/SetOptions.swift",
        "Options/Input/TeX Packages/TagFormatOptions.swift",
        "Options/Input/TeXInputProcessorOptions.swift",
        "Options/Output/CHTMLOutputProcessorOptions.swift",
        "Options/Output/LinebreakOptions.swift",
        "Options/Output/OutputProcessorOptions.swift",
        "Options/Output/SVGOutputProcessorOptions.swift"
      ],
      "type" : "library"
    }
  ],
  "tools_version" : "5.5"
}
{
  "workspace" : {
    "name" : "MathJaxSwift",
    "schemes" : [
      "MathJaxSwift"
    ]
  }
}
2026-09-24 12:24:08.293 xcodebuild[652:4175] [MT] IDERunDestination: Supported platforms for the buildables in the current scheme is empty.
Running build ...
env DEVELOPER_DIR=/Applications/Xcode-27.0.0-Release.Candidate.app xcrun xcodebuild -IDEClonedSourcePackagesDirPathOverride=$PWD/.dependencies -skipMacroValidation -skipPackagePluginValidation -derivedDataPath $PWD/.derivedData build -scheme MathJaxSwift -destination generic/platform=watchOS
Command line invocation:
    /Applications/Xcode-27.0.0-Release.Candidate.app/Contents/Developer/usr/bin/xcodebuild -IDEClonedSourcePackagesDirPathOverride=/Users/admin/builder/spi-builder-workspace/.dependencies -skipMacroValidation -skipPackagePluginValidation -derivedDataPath /Users/admin/builder/spi-builder-workspace/.derivedData build -scheme MathJaxSwift -destination generic/platform=watchOS
Resolve Package Graph
Resolved source packages:
  MathJaxSwift: /Users/admin/builder/spi-builder-workspace
ComputePackagePrebuildTargetDependencyGraph
Prepare packages
CreateBuildRequest
SendProjectDescription
CreateBuildOperation
ComputeTargetDependencyGraph
note: Building targets in dependency order
note: Target dependency graph (3 targets)
    Target 'MathJaxSwift-product' in project 'MathJaxSwift'
        ➜ Explicit dependency on target 'MathJaxSwift' in project 'MathJaxSwift'
        ➜ Explicit dependency on target 'MathJaxSwift_MathJaxSwift' in project 'MathJaxSwift'
    Target 'MathJaxSwift' in project 'MathJaxSwift'
        ➜ Explicit dependency on target 'MathJaxSwift_MathJaxSwift' in project 'MathJaxSwift'
    Target 'MathJaxSwift_MathJaxSwift' in project 'MathJaxSwift' (no dependencies)
GatherProvisioningInputs
CreateBuildDescription
ExecuteExternalTool /Applications/Xcode-27.0.0-Release.Candidate.app/Contents/Developer/Toolchains/XcodeDefault.xctoolchain/usr/bin/clang -v -E -dM -isysroot /Applications/Xcode-27.0.0-Release.Candidate.app/Contents/Developer/Platforms/WatchOS.platform/Developer/SDKs/WatchOS27.0.sdk -x c -c /dev/null
ExecuteExternalTool /Applications/Xcode-27.0.0-Release.Candidate.app/Contents/Developer/Toolchains/XcodeDefault.xctoolchain/usr/bin/swiftc --version
ExecuteExternalTool /Applications/Xcode-27.0.0-Release.Candidate.app/Contents/Developer/Toolchains/XcodeDefault.xctoolchain/usr/bin/ld -version_details
Build description signature: abe381536425d2a0000cb85f3378cfbe
Build description path: /Users/admin/builder/spi-builder-workspace/.derivedData/Build/Intermediates.noindex/XCBuildData/abe381536425d2a0000cb85f3378cfbe.xcbuilddata
CreateBuildDirectory /Users/admin/builder/spi-builder-workspace/.derivedData/ModuleCache.noindex
    cd /Users/admin/builder/spi-builder-workspace/.swiftpm/xcode
    builtin-create-build-directory /Users/admin/builder/spi-builder-workspace/.derivedData/ModuleCache.noindex
CreateBuildDirectory /Users/admin/builder/spi-builder-workspace/.derivedData/CompilationCache.noindex
    cd /Users/admin/builder/spi-builder-workspace/.swiftpm/xcode
    builtin-create-build-directory /Users/admin/builder/spi-builder-workspace/.derivedData/CompilationCache.noindex
CreateBuildDirectory /Users/admin/builder/spi-builder-workspace/.derivedData/SDKExplicitPrecompiledModules
    cd /Users/admin/builder/spi-builder-workspace/.swiftpm/xcode
    builtin-create-build-directory /Users/admin/builder/spi-builder-workspace/.derivedData/SDKExplicitPrecompiledModules
ClangStatCache /Applications/Xcode-27.0.0-Release.Candidate.app/Contents/Developer/Toolchains/XcodeDefault.xctoolchain/usr/bin/clang-stat-cache /Applications/Xcode-27.0.0-Release.Candidate.app/Contents/Developer/Platforms/WatchOS.platform/Developer/SDKs/WatchOS27.0.sdk /Users/admin/builder/spi-builder-workspace/.derivedData/SDKStatCaches.noindex/watchos27.0-24R360-e829b21a6f8c9b70876ba0858053c04477534ef55a1706bf4c1112bbb242f0a2.sdkstatcache
    cd /Users/admin/builder/spi-builder-workspace/.swiftpm/xcode
    /Applications/Xcode-27.0.0-Release.Candidate.app/Contents/Developer/Toolchains/XcodeDefault.xctoolchain/usr/bin/clang-stat-cache /Applications/Xcode-27.0.0-Release.Candidate.app/Contents/Developer/Platforms/WatchOS.platform/Developer/SDKs/WatchOS27.0.sdk -o /Users/admin/builder/spi-builder-workspace/.derivedData/SDKStatCaches.noindex/watchos27.0-24R360-e829b21a6f8c9b70876ba0858053c04477534ef55a1706bf4c1112bbb242f0a2.sdkstatcache
CreateBuildDirectory /Users/admin/builder/spi-builder-workspace/.derivedData/Build/Intermediates.noindex
    cd /Users/admin/builder/spi-builder-workspace/.swiftpm/xcode
    builtin-create-build-directory /Users/admin/builder/spi-builder-workspace/.derivedData/Build/Intermediates.noindex
CreateBuildDirectory /Users/admin/builder/spi-builder-workspace/.derivedData/Build/Products
    cd /Users/admin/builder/spi-builder-workspace/.swiftpm/xcode
    builtin-create-build-directory /Users/admin/builder/spi-builder-workspace/.derivedData/Build/Products
CreateBuildDirectory /Users/admin/builder/spi-builder-workspace/.derivedData/Build/Intermediates.noindex/SwiftExplicitPrecompiledModules
    cd /Users/admin/builder/spi-builder-workspace/.swiftpm/xcode
    builtin-create-build-directory /Users/admin/builder/spi-builder-workspace/.derivedData/Build/Intermediates.noindex/SwiftExplicitPrecompiledModules
CreateBuildDirectory /Users/admin/builder/spi-builder-workspace/.derivedData/Build/Intermediates.noindex/PrecompiledHeaders
    cd /Users/admin/builder/spi-builder-workspace/.swiftpm/xcode
    builtin-create-build-directory /Users/admin/builder/spi-builder-workspace/.derivedData/Build/Intermediates.noindex/PrecompiledHeaders
CreateBuildDirectory /Users/admin/builder/spi-builder-workspace/.derivedData/Build/Intermediates.noindex/ExplicitPrecompiledModules
    cd /Users/admin/builder/spi-builder-workspace/.swiftpm/xcode
    builtin-create-build-directory /Users/admin/builder/spi-builder-workspace/.derivedData/Build/Intermediates.noindex/ExplicitPrecompiledModules
CreateBuildDirectory /Users/admin/builder/spi-builder-workspace/.derivedData/Build/Intermediates.noindex/EagerLinkingTBDs/Debug-watchos
    cd /Users/admin/builder/spi-builder-workspace/.swiftpm/xcode
    builtin-create-build-directory /Users/admin/builder/spi-builder-workspace/.derivedData/Build/Intermediates.noindex/EagerLinkingTBDs/Debug-watchos
CreateBuildDirectory /Users/admin/builder/spi-builder-workspace/.derivedData/Build/Products/Debug-watchos
    cd /Users/admin/builder/spi-builder-workspace/.swiftpm/xcode
    builtin-create-build-directory /Users/admin/builder/spi-builder-workspace/.derivedData/Build/Products/Debug-watchos
CreateBuildDirectory /Users/admin/builder/spi-builder-workspace/.derivedData/Build/Products/Debug-watchos/PackageFrameworks
    cd /Users/admin/builder/spi-builder-workspace/.swiftpm/xcode
    builtin-create-build-directory /Users/admin/builder/spi-builder-workspace/.derivedData/Build/Products/Debug-watchos/PackageFrameworks
MkDir /Users/admin/builder/spi-builder-workspace/.derivedData/Build/Products/Debug-watchos/MathJaxSwift_MathJaxSwift.bundle (in target 'MathJaxSwift_MathJaxSwift' from project 'MathJaxSwift')
    cd /Users/admin/builder/spi-builder-workspace
    /bin/mkdir -p /Users/admin/builder/spi-builder-workspace/.derivedData/Build/Products/Debug-watchos/MathJaxSwift_MathJaxSwift.bundle
WriteAuxiliaryFile /Users/admin/builder/spi-builder-workspace/.derivedData/Build/Intermediates.noindex/MathJaxSwift.build/Debug-watchos/MathJaxSwift_MathJaxSwift-b.build/MathJaxSwift_MathJaxSwift.DependencyMetadataFileList (in target 'MathJaxSwift_MathJaxSwift' from project 'MathJaxSwift')
    cd /Users/admin/builder/spi-builder-workspace
    write-file /Users/admin/builder/spi-builder-workspace/.derivedData/Build/Intermediates.noindex/MathJaxSwift.build/Debug-watchos/MathJaxSwift_MathJaxSwift-b.build/MathJaxSwift_MathJaxSwift.DependencyMetadataFileList
WriteAuxiliaryFile /Users/admin/builder/spi-builder-workspace/.derivedData/Build/Intermediates.noindex/MathJaxSwift.build/Debug-watchos/MathJaxSwift_MathJaxSwift-b.build/MathJaxSwift_MathJaxSwift.DependencyStaticMetadataFileList (in target 'MathJaxSwift_MathJaxSwift' from project 'MathJaxSwift')
    cd /Users/admin/builder/spi-builder-workspace
    write-file /Users/admin/builder/spi-builder-workspace/.derivedData/Build/Intermediates.noindex/MathJaxSwift.build/Debug-watchos/MathJaxSwift_MathJaxSwift-b.build/MathJaxSwift_MathJaxSwift.DependencyStaticMetadataFileList
WriteAuxiliaryFile /Users/admin/builder/spi-builder-workspace/.derivedData/Build/Intermediates.noindex/MathJaxSwift.build/Debug-watchos/MathJaxSwift_MathJaxSwift-b.build/empty-MathJaxSwift_MathJaxSwift.plist (in target 'MathJaxSwift_MathJaxSwift' from project 'MathJaxSwift')
    cd /Users/admin/builder/spi-builder-workspace
    write-file /Users/admin/builder/spi-builder-workspace/.derivedData/Build/Intermediates.noindex/MathJaxSwift.build/Debug-watchos/MathJaxSwift_MathJaxSwift-b.build/empty-MathJaxSwift_MathJaxSwift.plist
WriteAuxiliaryFile /Users/admin/builder/spi-builder-workspace/.derivedData/Build/Intermediates.noindex/MathJaxSwift.build/Debug-watchos/MathJaxSwift-t.build/Objects-normal/arm64_32/MathJaxSwift-OutputFileMap.json (in target 'MathJaxSwift' from project 'MathJaxSwift')
    cd /Users/admin/builder/spi-builder-workspace
    write-file /Users/admin/builder/spi-builder-workspace/.derivedData/Build/Intermediates.noindex/MathJaxSwift.build/Debug-watchos/MathJaxSwift-t.build/Objects-normal/arm64_32/MathJaxSwift-OutputFileMap.json
WriteAuxiliaryFile /Users/admin/builder/spi-builder-workspace/.derivedData/Build/Intermediates.noindex/MathJaxSwift.build/Debug-watchos/MathJaxSwift-t.build/Objects-normal/arm64_32/MathJaxSwift_const_extract_protocols.json (in target 'MathJaxSwift' from project 'MathJaxSwift')
    cd /Users/admin/builder/spi-builder-workspace
    write-file /Users/admin/builder/spi-builder-workspace/.derivedData/Build/Intermediates.noindex/MathJaxSwift.build/Debug-watchos/MathJaxSwift-t.build/Objects-normal/arm64_32/MathJaxSwift_const_extract_protocols.json
WriteAuxiliaryFile /Users/admin/builder/spi-builder-workspace/.derivedData/Build/Intermediates.noindex/MathJaxSwift.build/Debug-watchos/MathJaxSwift-t.build/Objects-normal/arm64_32/MathJaxSwift.SwiftFileList (in target 'MathJaxSwift' from project 'MathJaxSwift')
    cd /Users/admin/builder/spi-builder-workspace
    write-file /Users/admin/builder/spi-builder-workspace/.derivedData/Build/Intermediates.noindex/MathJaxSwift.build/Debug-watchos/MathJaxSwift-t.build/Objects-normal/arm64_32/MathJaxSwift.SwiftFileList
WriteAuxiliaryFile /Users/admin/builder/spi-builder-workspace/.derivedData/Build/Intermediates.noindex/MathJaxSwift.build/Debug-watchos/MathJaxSwift-t.build/Objects-normal/arm64_32/MathJaxSwift.LinkFileList (in target 'MathJaxSwift' from project 'MathJaxSwift')
    cd /Users/admin/builder/spi-builder-workspace
    write-file /Users/admin/builder/spi-builder-workspace/.derivedData/Build/Intermediates.noindex/MathJaxSwift.build/Debug-watchos/MathJaxSwift-t.build/Objects-normal/arm64_32/MathJaxSwift.LinkFileList
WriteAuxiliaryFile /Users/admin/builder/spi-builder-workspace/.derivedData/Build/Intermediates.noindex/MathJaxSwift.build/Debug-watchos/MathJaxSwift-t.build/Objects-normal/arm64_32/MathJaxSwift.SwiftConstValuesFileList (in target 'MathJaxSwift' from project 'MathJaxSwift')
    cd /Users/admin/builder/spi-builder-workspace
    write-file /Users/admin/builder/spi-builder-workspace/.derivedData/Build/Intermediates.noindex/MathJaxSwift.build/Debug-watchos/MathJaxSwift-t.build/Objects-normal/arm64_32/MathJaxSwift.SwiftConstValuesFileList
WriteAuxiliaryFile /Users/admin/builder/spi-builder-workspace/.derivedData/Build/Intermediates.noindex/MathJaxSwift.build/Debug-watchos/MathJaxSwift-t.build/Objects-normal/arm64/MathJaxSwift_const_extract_protocols.json (in target 'MathJaxSwift' from project 'MathJaxSwift')
    cd /Users/admin/builder/spi-builder-workspace
    write-file /Users/admin/builder/spi-builder-workspace/.derivedData/Build/Intermediates.noindex/MathJaxSwift.build/Debug-watchos/MathJaxSwift-t.build/Objects-normal/arm64/MathJaxSwift_const_extract_protocols.json
WriteAuxiliaryFile /Users/admin/builder/spi-builder-workspace/.derivedData/Build/Intermediates.noindex/MathJaxSwift.build/Debug-watchos/MathJaxSwift-t.build/Objects-normal/arm64/MathJaxSwift.SwiftFileList (in target 'MathJaxSwift' from project 'MathJaxSwift')
    cd /Users/admin/builder/spi-builder-workspace
    write-file /Users/admin/builder/spi-builder-workspace/.derivedData/Build/Intermediates.noindex/MathJaxSwift.build/Debug-watchos/MathJaxSwift-t.build/Objects-normal/arm64/MathJaxSwift.SwiftFileList
WriteAuxiliaryFile /Users/admin/builder/spi-builder-workspace/.derivedData/Build/Intermediates.noindex/MathJaxSwift.build/Debug-watchos/MathJaxSwift-t.build/Objects-normal/arm64/MathJaxSwift.SwiftConstValuesFileList (in target 'MathJaxSwift' from project 'MathJaxSwift')
    cd /Users/admin/builder/spi-builder-workspace
    write-file /Users/admin/builder/spi-builder-workspace/.derivedData/Build/Intermediates.noindex/MathJaxSwift.build/Debug-watchos/MathJaxSwift-t.build/Objects-normal/arm64/MathJaxSwift.SwiftConstValuesFileList
WriteAuxiliaryFile /Users/admin/builder/spi-builder-workspace/.derivedData/Build/Intermediates.noindex/MathJaxSwift.build/Debug-watchos/MathJaxSwift-t.build/Objects-normal/arm64/MathJaxSwift.LinkFileList (in target 'MathJaxSwift' from project 'MathJaxSwift')
    cd /Users/admin/builder/spi-builder-workspace
    write-file /Users/admin/builder/spi-builder-workspace/.derivedData/Build/Intermediates.noindex/MathJaxSwift.build/Debug-watchos/MathJaxSwift-t.build/Objects-normal/arm64/MathJaxSwift.LinkFileList
WriteAuxiliaryFile /Users/admin/builder/spi-builder-workspace/.derivedData/Build/Intermediates.noindex/MathJaxSwift.build/Debug-watchos/MathJaxSwift-t.build/Objects-normal/arm64/MathJaxSwift-OutputFileMap.json (in target 'MathJaxSwift' from project 'MathJaxSwift')
    cd /Users/admin/builder/spi-builder-workspace
    write-file /Users/admin/builder/spi-builder-workspace/.derivedData/Build/Intermediates.noindex/MathJaxSwift.build/Debug-watchos/MathJaxSwift-t.build/Objects-normal/arm64/MathJaxSwift-OutputFileMap.json
WriteAuxiliaryFile /Users/admin/builder/spi-builder-workspace/.derivedData/Build/Intermediates.noindex/MathJaxSwift.build/Debug-watchos/MathJaxSwift-t.build/MathJaxSwift.modulemap (in target 'MathJaxSwift' from project 'MathJaxSwift')
    cd /Users/admin/builder/spi-builder-workspace
    write-file /Users/admin/builder/spi-builder-workspace/.derivedData/Build/Intermediates.noindex/MathJaxSwift.build/Debug-watchos/MathJaxSwift-t.build/MathJaxSwift.modulemap
WriteAuxiliaryFile /Users/admin/builder/spi-builder-workspace/.derivedData/Build/Intermediates.noindex/MathJaxSwift.build/Debug-watchos/MathJaxSwift-t.build/MathJaxSwift.DependencyStaticMetadataFileList (in target 'MathJaxSwift' from project 'MathJaxSwift')
    cd /Users/admin/builder/spi-builder-workspace
    write-file /Users/admin/builder/spi-builder-workspace/.derivedData/Build/Intermediates.noindex/MathJaxSwift.build/Debug-watchos/MathJaxSwift-t.build/MathJaxSwift.DependencyStaticMetadataFileList
WriteAuxiliaryFile /Users/admin/builder/spi-builder-workspace/.derivedData/Build/Intermediates.noindex/MathJaxSwift.build/Debug-watchos/MathJaxSwift-t.build/MathJaxSwift.DependencyMetadataFileList (in target 'MathJaxSwift' from project 'MathJaxSwift')
    cd /Users/admin/builder/spi-builder-workspace
    write-file /Users/admin/builder/spi-builder-workspace/.derivedData/Build/Intermediates.noindex/MathJaxSwift.build/Debug-watchos/MathJaxSwift-t.build/MathJaxSwift.DependencyMetadataFileList
WriteAuxiliaryFile /Users/admin/builder/spi-builder-workspace/.derivedData/Build/Intermediates.noindex/MathJaxSwift.build/Debug-watchos/MathJaxSwift-t.build/DerivedSources/resource_bundle_accessor.swift (in target 'MathJaxSwift' from project 'MathJaxSwift')
    cd /Users/admin/builder/spi-builder-workspace
    write-file /Users/admin/builder/spi-builder-workspace/.derivedData/Build/Intermediates.noindex/MathJaxSwift.build/Debug-watchos/MathJaxSwift-t.build/DerivedSources/resource_bundle_accessor.swift
Copy /Users/admin/builder/spi-builder-workspace/.derivedData/Build/Intermediates.noindex/GeneratedModuleMaps-watchos/MathJaxSwift.modulemap /Users/admin/builder/spi-builder-workspace/.derivedData/Build/Intermediates.noindex/MathJaxSwift.build/Debug-watchos/MathJaxSwift-t.build/MathJaxSwift.modulemap (in target 'MathJaxSwift' from project 'MathJaxSwift')
    cd /Users/admin/builder/spi-builder-workspace
    builtin-copy -exclude .DS_Store -exclude CVS -exclude .svn -exclude .git -exclude .hg -resolve-src-symlinks /Users/admin/builder/spi-builder-workspace/.derivedData/Build/Intermediates.noindex/MathJaxSwift.build/Debug-watchos/MathJaxSwift-t.build/MathJaxSwift.modulemap /Users/admin/builder/spi-builder-workspace/.derivedData/Build/Intermediates.noindex/GeneratedModuleMaps-watchos
ProcessInfoPlistFile /Users/admin/builder/spi-builder-workspace/.derivedData/Build/Products/Debug-watchos/MathJaxSwift_MathJaxSwift.bundle/Info.plist /Users/admin/builder/spi-builder-workspace/.derivedData/Build/Intermediates.noindex/MathJaxSwift.build/Debug-watchos/MathJaxSwift_MathJaxSwift-b.build/empty-MathJaxSwift_MathJaxSwift.plist (in target 'MathJaxSwift_MathJaxSwift' from project 'MathJaxSwift')
    cd /Users/admin/builder/spi-builder-workspace
    builtin-infoPlistUtility /Users/admin/builder/spi-builder-workspace/.derivedData/Build/Intermediates.noindex/MathJaxSwift.build/Debug-watchos/MathJaxSwift_MathJaxSwift-b.build/empty-MathJaxSwift_MathJaxSwift.plist -producttype com.apple.product-type.bundle -expandbuildsettings -format binary -platform watchos -o /Users/admin/builder/spi-builder-workspace/.derivedData/Build/Products/Debug-watchos/MathJaxSwift_MathJaxSwift.bundle/Info.plist
CpResource /Users/admin/builder/spi-builder-workspace/.derivedData/Build/Products/Debug-watchos/MathJaxSwift_MathJaxSwift.bundle/PrivacyInfo.xcprivacy /Users/admin/builder/spi-builder-workspace/Sources/MathJaxSwift/Resources/PrivacyInfo.xcprivacy (in target 'MathJaxSwift_MathJaxSwift' from project 'MathJaxSwift')
    cd /Users/admin/builder/spi-builder-workspace
    builtin-copy -exclude .DS_Store -exclude CVS -exclude .svn -exclude .git -exclude .hg -resolve-src-symlinks /Users/admin/builder/spi-builder-workspace/Sources/MathJaxSwift/Resources/PrivacyInfo.xcprivacy /Users/admin/builder/spi-builder-workspace/.derivedData/Build/Products/Debug-watchos/MathJaxSwift_MathJaxSwift.bundle
CpResource /Users/admin/builder/spi-builder-workspace/.derivedData/Build/Products/Debug-watchos/MathJaxSwift_MathJaxSwift.bundle/mjn /Users/admin/builder/spi-builder-workspace/Sources/MathJaxSwift/Resources/mjn (in target 'MathJaxSwift_MathJaxSwift' from project 'MathJaxSwift')
    cd /Users/admin/builder/spi-builder-workspace
    builtin-copy -exclude .DS_Store -exclude CVS -exclude .svn -exclude .git -exclude .hg -resolve-src-symlinks /Users/admin/builder/spi-builder-workspace/Sources/MathJaxSwift/Resources/mjn /Users/admin/builder/spi-builder-workspace/.derivedData/Build/Products/Debug-watchos/MathJaxSwift_MathJaxSwift.bundle
RegisterExecutionPolicyException /Users/admin/builder/spi-builder-workspace/.derivedData/Build/Products/Debug-watchos/MathJaxSwift_MathJaxSwift.bundle (in target 'MathJaxSwift_MathJaxSwift' from project 'MathJaxSwift')
    cd /Users/admin/builder/spi-builder-workspace
    builtin-RegisterExecutionPolicyException /Users/admin/builder/spi-builder-workspace/.derivedData/Build/Products/Debug-watchos/MathJaxSwift_MathJaxSwift.bundle
Touch /Users/admin/builder/spi-builder-workspace/.derivedData/Build/Products/Debug-watchos/MathJaxSwift_MathJaxSwift.bundle (in target 'MathJaxSwift_MathJaxSwift' from project 'MathJaxSwift')
    cd /Users/admin/builder/spi-builder-workspace
    /usr/bin/touch -c /Users/admin/builder/spi-builder-workspace/.derivedData/Build/Products/Debug-watchos/MathJaxSwift_MathJaxSwift.bundle
SwiftDriver MathJaxSwift normal arm64 com.apple.xcode.tools.swift.compiler (in target 'MathJaxSwift' from project 'MathJaxSwift')
    cd /Users/admin/builder/spi-builder-workspace/.swiftpm/xcode
    builtin-SwiftDriver -- /Applications/Xcode-27.0.0-Release.Candidate.app/Contents/Developer/Toolchains/XcodeDefault.xctoolchain/usr/bin/swiftc -parse-as-library -module-name MathJaxSwift -Onone @/Users/admin/builder/spi-builder-workspace/.derivedData/Build/Intermediates.noindex/MathJaxSwift.build/Debug-watchos/MathJaxSwift-t.build/Objects-normal/arm64/MathJaxSwift.SwiftFileList -DSWIFT_PACKAGE -DDEBUG -DSWIFT_MODULE_RESOURCE_BUNDLE_AVAILABLE -DXcode -plugin-path /Applications/Xcode-27.0.0-Release.Candidate.app/Contents/Developer/Toolchains/XcodeDefault.xctoolchain/usr/lib/swift/host/plugins/testing -enable-experimental-feature DebugDescriptionMacro -sdk /Applications/Xcode-27.0.0-Release.Candidate.app/Contents/Developer/Platforms/WatchOS.platform/Developer/SDKs/WatchOS27.0.sdk -target arm64-apple-watchos9.0 -g -module-cache-path /Users/admin/builder/spi-builder-workspace/.derivedData/ModuleCache.noindex -Xfrontend -serialize-debugging-options -profile-coverage-mapping -profile-generate -enable-testing -index-store-path /Users/admin/builder/spi-builder-workspace/.derivedData/Index.noindex/DataStore -Xcc -D_LIBCPP_HARDENING_MODE\=_LIBCPP_HARDENING_MODE_DEBUG -swift-version 5 -I /Users/admin/builder/spi-builder-workspace/.derivedData/Build/Products/Debug-watchos -Isystem /Applications/Xcode-27.0.0-Release.Candidate.app/Contents/Developer/Platforms/WatchOS.platform/Developer/usr/lib -F /Users/admin/builder/spi-builder-workspace/.derivedData/Build/Products/Debug-watchos -F /Applications/Xcode-27.0.0-Release.Candidate.app/Contents/Developer/Platforms/WatchOS.platform/Developer/Library/Frameworks -F /Applications/Xcode-27.0.0-Release.Candidate.app/Contents/Developer/Platforms/WatchOS.platform/Developer/SDKs/WatchOS27.0.sdk/Developer/Library/Frameworks -c -j10 -enable-batch-mode -incremental -Xcc -ivfsstatcache -Xcc /Users/admin/builder/spi-builder-workspace/.derivedData/SDKStatCaches.noindex/watchos27.0-24R360-e829b21a6f8c9b70876ba0858053c04477534ef55a1706bf4c1112bbb242f0a2.sdkstatcache -output-file-map /Users/admin/builder/spi-builder-workspace/.derivedData/Build/Intermediates.noindex/MathJaxSwift.build/Debug-watchos/MathJaxSwift-t.build/Objects-normal/arm64/MathJaxSwift-OutputFileMap.json -save-temps -no-color-diagnostics -explicit-module-build -module-cache-path /Users/admin/builder/spi-builder-workspace/.derivedData/Build/Intermediates.noindex/SwiftExplicitPrecompiledModules -clang-scanner-module-cache-path /Users/admin/builder/spi-builder-workspace/.derivedData/ModuleCache.noindex -sdk-module-cache-path /Users/admin/builder/spi-builder-workspace/.derivedData/SDKExplicitPrecompiledModules -emit-dependencies -emit-module -emit-module-path /Users/admin/builder/spi-builder-workspace/.derivedData/Build/Intermediates.noindex/MathJaxSwift.build/Debug-watchos/MathJaxSwift-t.build/Objects-normal/arm64/MathJaxSwift.swiftmodule -serialize-diagnostics -dependency-scan-serialize-diagnostics-path /Users/admin/builder/spi-builder-workspace/.derivedData/Build/Intermediates.noindex/MathJaxSwift.build/Debug-watchos/MathJaxSwift-t.build/Objects-normal/arm64/MathJaxSwift-dependency-scan.dia -validate-clang-modules-once -clang-build-session-file /Users/admin/builder/spi-builder-workspace/.derivedData/ModuleCache.noindex/Session.modulevalidation -Xcc -fmodules-prune-interval\=86400 -Xcc -fmodules-prune-after\=345600 -emit-const-values -const-gather-protocols-list /Users/admin/builder/spi-builder-workspace/.derivedData/Build/Intermediates.noindex/MathJaxSwift.build/Debug-watchos/MathJaxSwift-t.build/Objects-normal/arm64/MathJaxSwift_const_extract_protocols.json -Xcc -I/Users/admin/builder/spi-builder-workspace/.derivedData/Build/Products/Debug-watchos/include -Xcc -I/Users/admin/builder/spi-builder-workspace/.derivedData/Build/Intermediates.noindex/MathJaxSwift.build/Debug-watchos/MathJaxSwift-t.build/DerivedSources-normal/arm64 -Xcc -I/Users/admin/builder/spi-builder-workspace/.derivedData/Build/Intermediates.noindex/MathJaxSwift.build/Debug-watchos/MathJaxSwift-t.build/DerivedSources/arm64 -Xcc -I/Users/admin/builder/spi-builder-workspace/.derivedData/Build/Intermediates.noindex/MathJaxSwift.build/Debug-watchos/MathJaxSwift-t.build/DerivedSources -Xcc -DSWIFT_PACKAGE -Xcc -DDEBUG\=1 -emit-objc-header -emit-objc-header-path /Users/admin/builder/spi-builder-workspace/.derivedData/Build/Intermediates.noindex/MathJaxSwift.build/Debug-watchos/MathJaxSwift-t.build/Objects-normal/arm64/MathJaxSwift-Swift.h -working-directory /Users/admin/builder/spi-builder-workspace/.swiftpm/xcode -experimental-emit-module-separately -disable-cmo
/Users/admin/builder/spi-builder-workspace/Sources/MathJaxSwift/MathJax.swift:27:8: error: Unable to resolve module dependency: 'JavaScriptCore' (in target 'MathJaxSwift' from project 'MathJaxSwift')
    note: A dependency of main module 'MathJaxSwift'
    /Users/admin/builder/spi-builder-workspace/Sources/MathJaxSwift/Options/ConversionOptions.swift:27:8: note: Also imported here
    /Users/admin/builder/spi-builder-workspace/Sources/MathJaxSwift/Options/Document/A11YOptions.swift:27:8: note: Also imported here
    /Users/admin/builder/spi-builder-workspace/Sources/MathJaxSwift/Options/Document/DocumentOptions.swift:27:8: note: Also imported here
    /Users/admin/builder/spi-builder-workspace/Sources/MathJaxSwift/Options/Document/Menu/MenuOptions.swift:27:8: note: Also imported here
    /Users/admin/builder/spi-builder-workspace/Sources/MathJaxSwift/Options/Document/Menu/MenuOptionsSettings.swift:27:8: note: Also imported here
    /Users/admin/builder/spi-builder-workspace/Sources/MathJaxSwift/Options/Document/SREOptions.swift:27:8: note: Also imported here
    /Users/admin/builder/spi-builder-workspace/Sources/MathJaxSwift/Options/Document/Safe/AllowOptions.swift:27:8: note: Also imported here
    /Users/admin/builder/spi-builder-workspace/Sources/MathJaxSwift/Options/Document/Safe/SafeOptions.swift:27:8: note: Also imported here
    /Users/admin/builder/spi-builder-workspace/Sources/MathJaxSwift/Options/Document/Safe/SafeProtocols.swift:27:8: note: Also imported here
    /Users/admin/builder/spi-builder-workspace/Sources/MathJaxSwift/Options/Document/Safe/SafeStyles.swift:27:8: note: Also imported here
    /Users/admin/builder/spi-builder-workspace/Sources/MathJaxSwift/Options/Input/AMInputProcessorOptions.swift:27:8: note: Also imported here
    /Users/admin/builder/spi-builder-workspace/Sources/MathJaxSwift/Options/Input/MMLInputProcessorOptions.swift:27:8: note: Also imported here
    /Users/admin/builder/spi-builder-workspace/Sources/MathJaxSwift/Options/Input/TeX Packages/AMSCDOptions.swift:27:8: note: Also imported here
    /Users/admin/builder/spi-builder-workspace/Sources/MathJaxSwift/Options/Input/TeX Packages/AMSOptions.swift:27:8: note: Also imported here
    /Users/admin/builder/spi-builder-workspace/Sources/MathJaxSwift/Options/Input/TeX Packages/AutoloadOptions.swift:27:8: note: Also imported here
    /Users/admin/builder/spi-builder-workspace/Sources/MathJaxSwift/Options/Input/TeX Packages/ColorOptions.swift:27:8: note: Also imported here
    /Users/admin/builder/spi-builder-workspace/Sources/MathJaxSwift/Options/Input/TeX Packages/MathtoolsOptions.swift:27:8: note: Also imported here
    /Users/admin/builder/spi-builder-workspace/Sources/MathJaxSwift/Options/Input/TeX Packages/NoundefinedOptions.swift:27:8: note: Also imported here
    /Users/admin/builder/spi-builder-workspace/Sources/MathJaxSwift/Options/Input/TeX Packages/PhysicsOptions.swift:27:8: note: Also imported here
    /Users/admin/builder/spi-builder-workspace/Sources/MathJaxSwift/Options/Input/TeX Packages/RequireOptions.swift:27:8: note: Also imported here
    /Users/admin/builder/spi-builder-workspace/Sources/MathJaxSwift/Options/Input/TeX Packages/SetOptions.swift:27:8: note: Also imported here
    /Users/admin/builder/spi-builder-workspace/Sources/MathJaxSwift/Options/Input/TeX Packages/TagFormatOptions.swift:27:8: note: Also imported here
    /Users/admin/builder/spi-builder-workspace/Sources/MathJaxSwift/Options/Input/TeXInputProcessorOptions.swift:27:8: note: Also imported here
    /Users/admin/builder/spi-builder-workspace/Sources/MathJaxSwift/Options/Output/CHTMLOutputProcessorOptions.swift:27:8: note: Also imported here
    /Users/admin/builder/spi-builder-workspace/Sources/MathJaxSwift/Options/Output/LinebreakOptions.swift:27:8: note: Also imported here
    /Users/admin/builder/spi-builder-workspace/Sources/MathJaxSwift/Options/Output/SVGOutputProcessorOptions.swift:27:8: note: Also imported here
/Users/admin/builder/spi-builder-workspace/Sources/MathJaxSwift/MathJax.swift:27:8: note: A dependency of main module 'MathJaxSwift'
import JavaScriptCore
       ^ (in target 'MathJaxSwift' from project 'MathJaxSwift')
/Users/admin/builder/spi-builder-workspace/Sources/MathJaxSwift/Options/ConversionOptions.swift:27:8: note: Also imported here
import JavaScriptCore
       ^ (in target 'MathJaxSwift' from project 'MathJaxSwift')
/Users/admin/builder/spi-builder-workspace/Sources/MathJaxSwift/Options/Document/A11YOptions.swift:27:8: note: Also imported here
import JavaScriptCore
       ^ (in target 'MathJaxSwift' from project 'MathJaxSwift')
/Users/admin/builder/spi-builder-workspace/Sources/MathJaxSwift/Options/Document/DocumentOptions.swift:27:8: note: Also imported here
import JavaScriptCore
       ^ (in target 'MathJaxSwift' from project 'MathJaxSwift')
/Users/admin/builder/spi-builder-workspace/Sources/MathJaxSwift/Options/Document/Menu/MenuOptions.swift:27:8: note: Also imported here
import JavaScriptCore
       ^ (in target 'MathJaxSwift' from project 'MathJaxSwift')
/Users/admin/builder/spi-builder-workspace/Sources/MathJaxSwift/Options/Document/Menu/MenuOptionsSettings.swift:27:8: note: Also imported here
import JavaScriptCore
       ^ (in target 'MathJaxSwift' from project 'MathJaxSwift')
/Users/admin/builder/spi-builder-workspace/Sources/MathJaxSwift/Options/Document/SREOptions.swift:27:8: note: Also imported here
import JavaScriptCore
       ^ (in target 'MathJaxSwift' from project 'MathJaxSwift')
/Users/admin/builder/spi-builder-workspace/Sources/MathJaxSwift/Options/Document/Safe/AllowOptions.swift:27:8: note: Also imported here
import JavaScriptCore
       ^ (in target 'MathJaxSwift' from project 'MathJaxSwift')
/Users/admin/builder/spi-builder-workspace/Sources/MathJaxSwift/Options/Document/Safe/SafeOptions.swift:27:8: note: Also imported here
import JavaScriptCore
       ^ (in target 'MathJaxSwift' from project 'MathJaxSwift')
/Users/admin/builder/spi-builder-workspace/Sources/MathJaxSwift/Options/Document/Safe/SafeProtocols.swift:27:8: note: Also imported here
import JavaScriptCore
       ^ (in target 'MathJaxSwift' from project 'MathJaxSwift')
/Users/admin/builder/spi-builder-workspace/Sources/MathJaxSwift/Options/Document/Safe/SafeStyles.swift:27:8: note: Also imported here
import JavaScriptCore
       ^ (in target 'MathJaxSwift' from project 'MathJaxSwift')
/Users/admin/builder/spi-builder-workspace/Sources/MathJaxSwift/Options/Input/AMInputProcessorOptions.swift:27:8: note: Also imported here
import JavaScriptCore
       ^ (in target 'MathJaxSwift' from project 'MathJaxSwift')
/Users/admin/builder/spi-builder-workspace/Sources/MathJaxSwift/Options/Input/MMLInputProcessorOptions.swift:27:8: note: Also imported here
import JavaScriptCore
       ^ (in target 'MathJaxSwift' from project 'MathJaxSwift')
/Users/admin/builder/spi-builder-workspace/Sources/MathJaxSwift/Options/Input/TeX Packages/AMSCDOptions.swift:27:8: note: Also imported here
import JavaScriptCore
       ^ (in target 'MathJaxSwift' from project 'MathJaxSwift')
/Users/admin/builder/spi-builder-workspace/Sources/MathJaxSwift/Options/Input/TeX Packages/AMSOptions.swift:27:8: note: Also imported here
import JavaScriptCore
       ^ (in target 'MathJaxSwift' from project 'MathJaxSwift')
/Users/admin/builder/spi-builder-workspace/Sources/MathJaxSwift/Options/Input/TeX Packages/AutoloadOptions.swift:27:8: note: Also imported here
import JavaScriptCore
       ^ (in target 'MathJaxSwift' from project 'MathJaxSwift')
/Users/admin/builder/spi-builder-workspace/Sources/MathJaxSwift/Options/Input/TeX Packages/ColorOptions.swift:27:8: note: Also imported here
import JavaScriptCore
       ^ (in target 'MathJaxSwift' from project 'MathJaxSwift')
/Users/admin/builder/spi-builder-workspace/Sources/MathJaxSwift/Options/Input/TeX Packages/MathtoolsOptions.swift:27:8: note: Also imported here
import JavaScriptCore
       ^ (in target 'MathJaxSwift' from project 'MathJaxSwift')
/Users/admin/builder/spi-builder-workspace/Sources/MathJaxSwift/Options/Input/TeX Packages/NoundefinedOptions.swift:27:8: note: Also imported here
import JavaScriptCore
       ^ (in target 'MathJaxSwift' from project 'MathJaxSwift')
/Users/admin/builder/spi-builder-workspace/Sources/MathJaxSwift/Options/Input/TeX Packages/PhysicsOptions.swift:27:8: note: Also imported here
import JavaScriptCore
       ^ (in target 'MathJaxSwift' from project 'MathJaxSwift')
/Users/admin/builder/spi-builder-workspace/Sources/MathJaxSwift/Options/Input/TeX Packages/RequireOptions.swift:27:8: note: Also imported here
import JavaScriptCore
       ^ (in target 'MathJaxSwift' from project 'MathJaxSwift')
/Users/admin/builder/spi-builder-workspace/Sources/MathJaxSwift/Options/Input/TeX Packages/SetOptions.swift:27:8: note: Also imported here
import JavaScriptCore
       ^ (in target 'MathJaxSwift' from project 'MathJaxSwift')
/Users/admin/builder/spi-builder-workspace/Sources/MathJaxSwift/Options/Input/TeX Packages/TagFormatOptions.swift:27:8: note: Also imported here
import JavaScriptCore
       ^ (in target 'MathJaxSwift' from project 'MathJaxSwift')
/Users/admin/builder/spi-builder-workspace/Sources/MathJaxSwift/Options/Input/TeXInputProcessorOptions.swift:27:8: note: Also imported here
import JavaScriptCore
       ^ (in target 'MathJaxSwift' from project 'MathJaxSwift')
/Users/admin/builder/spi-builder-workspace/Sources/MathJaxSwift/Options/Output/CHTMLOutputProcessorOptions.swift:27:8: note: Also imported here
import JavaScriptCore
       ^ (in target 'MathJaxSwift' from project 'MathJaxSwift')
/Users/admin/builder/spi-builder-workspace/Sources/MathJaxSwift/Options/Output/LinebreakOptions.swift:27:8: note: Also imported here
import JavaScriptCore
       ^ (in target 'MathJaxSwift' from project 'MathJaxSwift')
/Users/admin/builder/spi-builder-workspace/Sources/MathJaxSwift/Options/Output/SVGOutputProcessorOptions.swift:27:8: note: Also imported here
import JavaScriptCore
       ^ (in target 'MathJaxSwift' from project 'MathJaxSwift')
SwiftDriver MathJaxSwift normal arm64_32 com.apple.xcode.tools.swift.compiler (in target 'MathJaxSwift' from project 'MathJaxSwift')
    cd /Users/admin/builder/spi-builder-workspace/.swiftpm/xcode
    builtin-SwiftDriver -- /Applications/Xcode-27.0.0-Release.Candidate.app/Contents/Developer/Toolchains/XcodeDefault.xctoolchain/usr/bin/swiftc -parse-as-library -module-name MathJaxSwift -Onone @/Users/admin/builder/spi-builder-workspace/.derivedData/Build/Intermediates.noindex/MathJaxSwift.build/Debug-watchos/MathJaxSwift-t.build/Objects-normal/arm64_32/MathJaxSwift.SwiftFileList -DSWIFT_PACKAGE -DDEBUG -DSWIFT_MODULE_RESOURCE_BUNDLE_AVAILABLE -DXcode -plugin-path /Applications/Xcode-27.0.0-Release.Candidate.app/Contents/Developer/Toolchains/XcodeDefault.xctoolchain/usr/lib/swift/host/plugins/testing -enable-experimental-feature DebugDescriptionMacro -sdk /Applications/Xcode-27.0.0-Release.Candidate.app/Contents/Developer/Platforms/WatchOS.platform/Developer/SDKs/WatchOS27.0.sdk -target arm64_32-apple-watchos9.0 -g -module-cache-path /Users/admin/builder/spi-builder-workspace/.derivedData/ModuleCache.noindex -Xfrontend -serialize-debugging-options -profile-coverage-mapping -profile-generate -enable-testing -index-store-path /Users/admin/builder/spi-builder-workspace/.derivedData/Index.noindex/DataStore -Xcc -D_LIBCPP_HARDENING_MODE\=_LIBCPP_HARDENING_MODE_DEBUG -swift-version 5 -I /Users/admin/builder/spi-builder-workspace/.derivedData/Build/Products/Debug-watchos -Isystem /Applications/Xcode-27.0.0-Release.Candidate.app/Contents/Developer/Platforms/WatchOS.platform/Developer/usr/lib -F /Users/admin/builder/spi-builder-workspace/.derivedData/Build/Products/Debug-watchos -F /Applications/Xcode-27.0.0-Release.Candidate.app/Contents/Developer/Platforms/WatchOS.platform/Developer/Library/Frameworks -F /Applications/Xcode-27.0.0-Release.Candidate.app/Contents/Developer/Platforms/WatchOS.platform/Developer/SDKs/WatchOS27.0.sdk/Developer/Library/Frameworks -c -j10 -enable-batch-mode -incremental -Xcc -ivfsstatcache -Xcc /Users/admin/builder/spi-builder-workspace/.derivedData/SDKStatCaches.noindex/watchos27.0-24R360-e829b21a6f8c9b70876ba0858053c04477534ef55a1706bf4c1112bbb242f0a2.sdkstatcache -output-file-map /Users/admin/builder/spi-builder-workspace/.derivedData/Build/Intermediates.noindex/MathJaxSwift.build/Debug-watchos/MathJaxSwift-t.build/Objects-normal/arm64_32/MathJaxSwift-OutputFileMap.json -save-temps -no-color-diagnostics -explicit-module-build -module-cache-path /Users/admin/builder/spi-builder-workspace/.derivedData/Build/Intermediates.noindex/SwiftExplicitPrecompiledModules -clang-scanner-module-cache-path /Users/admin/builder/spi-builder-workspace/.derivedData/ModuleCache.noindex -sdk-module-cache-path /Users/admin/builder/spi-builder-workspace/.derivedData/SDKExplicitPrecompiledModules -emit-dependencies -emit-module -emit-module-path /Users/admin/builder/spi-builder-workspace/.derivedData/Build/Intermediates.noindex/MathJaxSwift.build/Debug-watchos/MathJaxSwift-t.build/Objects-normal/arm64_32/MathJaxSwift.swiftmodule -serialize-diagnostics -dependency-scan-serialize-diagnostics-path /Users/admin/builder/spi-builder-workspace/.derivedData/Build/Intermediates.noindex/MathJaxSwift.build/Debug-watchos/MathJaxSwift-t.build/Objects-normal/arm64_32/MathJaxSwift-dependency-scan.dia -validate-clang-modules-once -clang-build-session-file /Users/admin/builder/spi-builder-workspace/.derivedData/ModuleCache.noindex/Session.modulevalidation -Xcc -fmodules-prune-interval\=86400 -Xcc -fmodules-prune-after\=345600 -emit-const-values -const-gather-protocols-list /Users/admin/builder/spi-builder-workspace/.derivedData/Build/Intermediates.noindex/MathJaxSwift.build/Debug-watchos/MathJaxSwift-t.build/Objects-normal/arm64_32/MathJaxSwift_const_extract_protocols.json -Xcc -I/Users/admin/builder/spi-builder-workspace/.derivedData/Build/Products/Debug-watchos/include -Xcc -I/Users/admin/builder/spi-builder-workspace/.derivedData/Build/Intermediates.noindex/MathJaxSwift.build/Debug-watchos/MathJaxSwift-t.build/DerivedSources-normal/arm64_32 -Xcc -I/Users/admin/builder/spi-builder-workspace/.derivedData/Build/Intermediates.noindex/MathJaxSwift.build/Debug-watchos/MathJaxSwift-t.build/DerivedSources/arm64_32 -Xcc -I/Users/admin/builder/spi-builder-workspace/.derivedData/Build/Intermediates.noindex/MathJaxSwift.build/Debug-watchos/MathJaxSwift-t.build/DerivedSources -Xcc -DSWIFT_PACKAGE -Xcc -DDEBUG\=1 -emit-objc-header -emit-objc-header-path /Users/admin/builder/spi-builder-workspace/.derivedData/Build/Intermediates.noindex/MathJaxSwift.build/Debug-watchos/MathJaxSwift-t.build/Objects-normal/arm64_32/MathJaxSwift-Swift.h -working-directory /Users/admin/builder/spi-builder-workspace/.swiftpm/xcode -experimental-emit-module-separately -disable-cmo
/Users/admin/builder/spi-builder-workspace/Sources/MathJaxSwift/MathJax.swift:27:8: error: Unable to resolve module dependency: 'JavaScriptCore' (in target 'MathJaxSwift' from project 'MathJaxSwift')
    note: A dependency of main module 'MathJaxSwift'
    /Users/admin/builder/spi-builder-workspace/Sources/MathJaxSwift/Options/ConversionOptions.swift:27:8: note: Also imported here
    /Users/admin/builder/spi-builder-workspace/Sources/MathJaxSwift/Options/Document/A11YOptions.swift:27:8: note: Also imported here
    /Users/admin/builder/spi-builder-workspace/Sources/MathJaxSwift/Options/Document/DocumentOptions.swift:27:8: note: Also imported here
    /Users/admin/builder/spi-builder-workspace/Sources/MathJaxSwift/Options/Document/Menu/MenuOptions.swift:27:8: note: Also imported here
    /Users/admin/builder/spi-builder-workspace/Sources/MathJaxSwift/Options/Document/Menu/MenuOptionsSettings.swift:27:8: note: Also imported here
    /Users/admin/builder/spi-builder-workspace/Sources/MathJaxSwift/Options/Document/SREOptions.swift:27:8: note: Also imported here
    /Users/admin/builder/spi-builder-workspace/Sources/MathJaxSwift/Options/Document/Safe/AllowOptions.swift:27:8: note: Also imported here
    /Users/admin/builder/spi-builder-workspace/Sources/MathJaxSwift/Options/Document/Safe/SafeOptions.swift:27:8: note: Also imported here
    /Users/admin/builder/spi-builder-workspace/Sources/MathJaxSwift/Options/Document/Safe/SafeProtocols.swift:27:8: note: Also imported here
    /Users/admin/builder/spi-builder-workspace/Sources/MathJaxSwift/Options/Document/Safe/SafeStyles.swift:27:8: note: Also imported here
    /Users/admin/builder/spi-builder-workspace/Sources/MathJaxSwift/Options/Input/AMInputProcessorOptions.swift:27:8: note: Also imported here
    /Users/admin/builder/spi-builder-workspace/Sources/MathJaxSwift/Options/Input/MMLInputProcessorOptions.swift:27:8: note: Also imported here
    /Users/admin/builder/spi-builder-workspace/Sources/MathJaxSwift/Options/Input/TeX Packages/AMSCDOptions.swift:27:8: note: Also imported here
    /Users/admin/builder/spi-builder-workspace/Sources/MathJaxSwift/Options/Input/TeX Packages/AMSOptions.swift:27:8: note: Also imported here
    /Users/admin/builder/spi-builder-workspace/Sources/MathJaxSwift/Options/Input/TeX Packages/AutoloadOptions.swift:27:8: note: Also imported here
    /Users/admin/builder/spi-builder-workspace/Sources/MathJaxSwift/Options/Input/TeX Packages/ColorOptions.swift:27:8: note: Also imported here
    /Users/admin/builder/spi-builder-workspace/Sources/MathJaxSwift/Options/Input/TeX Packages/MathtoolsOptions.swift:27:8: note: Also imported here
    /Users/admin/builder/spi-builder-workspace/Sources/MathJaxSwift/Options/Input/TeX Packages/NoundefinedOptions.swift:27:8: note: Also imported here
    /Users/admin/builder/spi-builder-workspace/Sources/MathJaxSwift/Options/Input/TeX Packages/PhysicsOptions.swift:27:8: note: Also imported here
    /Users/admin/builder/spi-builder-workspace/Sources/MathJaxSwift/Options/Input/TeX Packages/RequireOptions.swift:27:8: note: Also imported here
    /Users/admin/builder/spi-builder-workspace/Sources/MathJaxSwift/Options/Input/TeX Packages/SetOptions.swift:27:8: note: Also imported here
    /Users/admin/builder/spi-builder-workspace/Sources/MathJaxSwift/Options/Input/TeX Packages/TagFormatOptions.swift:27:8: note: Also imported here
    /Users/admin/builder/spi-builder-workspace/Sources/MathJaxSwift/Options/Input/TeXInputProcessorOptions.swift:27:8: note: Also imported here
    /Users/admin/builder/spi-builder-workspace/Sources/MathJaxSwift/Options/Output/CHTMLOutputProcessorOptions.swift:27:8: note: Also imported here
    /Users/admin/builder/spi-builder-workspace/Sources/MathJaxSwift/Options/Output/LinebreakOptions.swift:27:8: note: Also imported here
    /Users/admin/builder/spi-builder-workspace/Sources/MathJaxSwift/Options/Output/SVGOutputProcessorOptions.swift:27:8: note: Also imported here
/Users/admin/builder/spi-builder-workspace/Sources/MathJaxSwift/MathJax.swift:27:8: note: A dependency of main module 'MathJaxSwift'
import JavaScriptCore
       ^ (in target 'MathJaxSwift' from project 'MathJaxSwift')
/Users/admin/builder/spi-builder-workspace/Sources/MathJaxSwift/Options/ConversionOptions.swift:27:8: note: Also imported here
import JavaScriptCore
       ^ (in target 'MathJaxSwift' from project 'MathJaxSwift')
/Users/admin/builder/spi-builder-workspace/Sources/MathJaxSwift/Options/Document/A11YOptions.swift:27:8: note: Also imported here
import JavaScriptCore
       ^ (in target 'MathJaxSwift' from project 'MathJaxSwift')
/Users/admin/builder/spi-builder-workspace/Sources/MathJaxSwift/Options/Document/DocumentOptions.swift:27:8: note: Also imported here
import JavaScriptCore
       ^ (in target 'MathJaxSwift' from project 'MathJaxSwift')
/Users/admin/builder/spi-builder-workspace/Sources/MathJaxSwift/Options/Document/Menu/MenuOptions.swift:27:8: note: Also imported here
import JavaScriptCore
       ^ (in target 'MathJaxSwift' from project 'MathJaxSwift')
/Users/admin/builder/spi-builder-workspace/Sources/MathJaxSwift/Options/Document/Menu/MenuOptionsSettings.swift:27:8: note: Also imported here
import JavaScriptCore
       ^ (in target 'MathJaxSwift' from project 'MathJaxSwift')
/Users/admin/builder/spi-builder-workspace/Sources/MathJaxSwift/Options/Document/SREOptions.swift:27:8: note: Also imported here
import JavaScriptCore
       ^ (in target 'MathJaxSwift' from project 'MathJaxSwift')
/Users/admin/builder/spi-builder-workspace/Sources/MathJaxSwift/Options/Document/Safe/AllowOptions.swift:27:8: note: Also imported here
import JavaScriptCore
       ^ (in target 'MathJaxSwift' from project 'MathJaxSwift')
/Users/admin/builder/spi-builder-workspace/Sources/MathJaxSwift/Options/Document/Safe/SafeOptions.swift:27:8: note: Also imported here
import JavaScriptCore
       ^ (in target 'MathJaxSwift' from project 'MathJaxSwift')
/Users/admin/builder/spi-builder-workspace/Sources/MathJaxSwift/Options/Document/Safe/SafeProtocols.swift:27:8: note: Also imported here
import JavaScriptCore
       ^ (in target 'MathJaxSwift' from project 'MathJaxSwift')
/Users/admin/builder/spi-builder-workspace/Sources/MathJaxSwift/Options/Document/Safe/SafeStyles.swift:27:8: note: Also imported here
import JavaScriptCore
       ^ (in target 'MathJaxSwift' from project 'MathJaxSwift')
/Users/admin/builder/spi-builder-workspace/Sources/MathJaxSwift/Options/Input/AMInputProcessorOptions.swift:27:8: note: Also imported here
import JavaScriptCore
       ^ (in target 'MathJaxSwift' from project 'MathJaxSwift')
/Users/admin/builder/spi-builder-workspace/Sources/MathJaxSwift/Options/Input/MMLInputProcessorOptions.swift:27:8: note: Also imported here
import JavaScriptCore
       ^ (in target 'MathJaxSwift' from project 'MathJaxSwift')
/Users/admin/builder/spi-builder-workspace/Sources/MathJaxSwift/Options/Input/TeX Packages/AMSCDOptions.swift:27:8: note: Also imported here
import JavaScriptCore
       ^ (in target 'MathJaxSwift' from project 'MathJaxSwift')
/Users/admin/builder/spi-builder-workspace/Sources/MathJaxSwift/Options/Input/TeX Packages/AMSOptions.swift:27:8: note: Also imported here
import JavaScriptCore
       ^ (in target 'MathJaxSwift' from project 'MathJaxSwift')
/Users/admin/builder/spi-builder-workspace/Sources/MathJaxSwift/Options/Input/TeX Packages/AutoloadOptions.swift:27:8: note: Also imported here
import JavaScriptCore
       ^ (in target 'MathJaxSwift' from project 'MathJaxSwift')
/Users/admin/builder/spi-builder-workspace/Sources/MathJaxSwift/Options/Input/TeX Packages/ColorOptions.swift:27:8: note: Also imported here
import JavaScriptCore
       ^ (in target 'MathJaxSwift' from project 'MathJaxSwift')
/Users/admin/builder/spi-builder-workspace/Sources/MathJaxSwift/Options/Input/TeX Packages/MathtoolsOptions.swift:27:8: note: Also imported here
import JavaScriptCore
       ^ (in target 'MathJaxSwift' from project 'MathJaxSwift')
/Users/admin/builder/spi-builder-workspace/Sources/MathJaxSwift/Options/Input/TeX Packages/NoundefinedOptions.swift:27:8: note: Also imported here
import JavaScriptCore
       ^ (in target 'MathJaxSwift' from project 'MathJaxSwift')
/Users/admin/builder/spi-builder-workspace/Sources/MathJaxSwift/Options/Input/TeX Packages/PhysicsOptions.swift:27:8: note: Also imported here
import JavaScriptCore
       ^ (in target 'MathJaxSwift' from project 'MathJaxSwift')
/Users/admin/builder/spi-builder-workspace/Sources/MathJaxSwift/Options/Input/TeX Packages/RequireOptions.swift:27:8: note: Also imported here
import JavaScriptCore
       ^ (in target 'MathJaxSwift' from project 'MathJaxSwift')
/Users/admin/builder/spi-builder-workspace/Sources/MathJaxSwift/Options/Input/TeX Packages/SetOptions.swift:27:8: note: Also imported here
import JavaScriptCore
       ^ (in target 'MathJaxSwift' from project 'MathJaxSwift')
/Users/admin/builder/spi-builder-workspace/Sources/MathJaxSwift/Options/Input/TeX Packages/TagFormatOptions.swift:27:8: note: Also imported here
import JavaScriptCore
       ^ (in target 'MathJaxSwift' from project 'MathJaxSwift')
/Users/admin/builder/spi-builder-workspace/Sources/MathJaxSwift/Options/Input/TeXInputProcessorOptions.swift:27:8: note: Also imported here
import JavaScriptCore
       ^ (in target 'MathJaxSwift' from project 'MathJaxSwift')
/Users/admin/builder/spi-builder-workspace/Sources/MathJaxSwift/Options/Output/CHTMLOutputProcessorOptions.swift:27:8: note: Also imported here
import JavaScriptCore
       ^ (in target 'MathJaxSwift' from project 'MathJaxSwift')
/Users/admin/builder/spi-builder-workspace/Sources/MathJaxSwift/Options/Output/LinebreakOptions.swift:27:8: note: Also imported here
import JavaScriptCore
       ^ (in target 'MathJaxSwift' from project 'MathJaxSwift')
/Users/admin/builder/spi-builder-workspace/Sources/MathJaxSwift/Options/Output/SVGOutputProcessorOptions.swift:27:8: note: Also imported here
import JavaScriptCore
       ^ (in target 'MathJaxSwift' from project 'MathJaxSwift')
PruneExplicitPrecompiledModules /Users/admin/builder/spi-builder-workspace/.derivedData/Build/Intermediates.noindex/SwiftExplicitPrecompiledModules
PruneExplicitPrecompiledModules /Users/admin/builder/spi-builder-workspace/.derivedData/SDKExplicitPrecompiledModules
PruneExplicitPrecompiledModules /Users/admin/builder/spi-builder-workspace/.derivedData/Build/Intermediates.noindex/ExplicitPrecompiledModules
2026-09-24 12:24:09.807 xcodebuild[653:4217] [MT] IDERunDestination: Supported platforms for the buildables in the current scheme is empty.
** BUILD FAILED **
The following build commands failed:
	SwiftDriver MathJaxSwift normal arm64 com.apple.xcode.tools.swift.compiler (in target 'MathJaxSwift' from project 'MathJaxSwift')
	SwiftDriver MathJaxSwift normal arm64_32 com.apple.xcode.tools.swift.compiler (in target 'MathJaxSwift' from project 'MathJaxSwift')
	Building workspace MathJaxSwift with scheme MathJaxSwift
(3 failures)
Command line invocation:
    /Applications/Xcode-27.0.0-Release.Candidate.app/Contents/Developer/usr/bin/xcodebuild -IDEClonedSourcePackagesDirPathOverride=/Users/admin/builder/spi-builder-workspace/.dependencies -resolvePackageDependencies
Resolve Package Graph
Resolved source packages:
  MathJaxSwift: /Users/admin/builder/spi-builder-workspace
resolved source packages: MathJaxSwift
2026-09-24 12:24:12.820 xcodebuild[669:4418] [MT] IDERunDestination: Supported platforms for the buildables in the current scheme is empty.
{
  "dependencies" : [
  ],
  "manifest_display_name" : "MathJaxSwift",
  "name" : "MathJaxSwift",
  "path" : "/Users/admin/builder/spi-builder-workspace",
  "platforms" : [
    {
      "name" : "ios",
      "version" : "13.0"
    },
    {
      "name" : "macos",
      "version" : "10.15"
    },
    {
      "name" : "tvos",
      "version" : "13.0"
    }
  ],
  "products" : [
    {
      "name" : "MathJaxSwift",
      "targets" : [
        "MathJaxSwift"
      ],
      "type" : {
        "library" : [
          "automatic"
        ]
      }
    }
  ],
  "targets" : [
    {
      "c99name" : "MathJaxSwiftTests",
      "module_type" : "SwiftTarget",
      "name" : "MathJaxSwiftTests",
      "path" : "Tests/MathJaxSwiftTests",
      "resources" : [
        {
          "path" : "/Users/admin/builder/spi-builder-workspace/Tests/MathJaxSwiftTests/Resources/Error",
          "rule" : {
            "copy" : {
            }
          }
        },
        {
          "path" : "/Users/admin/builder/spi-builder-workspace/Tests/MathJaxSwiftTests/Resources/No Error",
          "rule" : {
            "copy" : {
            }
          }
        }
      ],
      "sources" : [
        "Conversions/AM/AM2CHTMLTests.swift",
        "Conversions/AM/AM2MMLTests.swift",
        "Conversions/AM/AM2SVGTests.swift",
        "Conversions/MML/MML2CHTMLTests.swift",
        "Conversions/MML/MML2SVGTests.swift",
        "Conversions/Speech/AM2SpeechTests.swift",
        "Conversions/Speech/MML2SpeechTests.swift",
        "Conversions/Speech/Tex2SpeechTests.swift",
        "Conversions/TeX/Tex2CHTMLTests.swift",
        "Conversions/TeX/Tex2MMLTests.swift",
        "Conversions/TeX/Tex2SVGTests.swift",
        "MathJaxSwiftTests.swift",
        "Options/ConversionOptionsTests.swift",
        "Options/DocumentOptionsTests.swift",
        "Options/InputProcessorOptionsTests.swift",
        "Options/LinebreakOptionsTests.swift",
        "Options/OptionsPassthroughTests.swift",
        "Options/OutputProcessorOptionsTests.swift",
        "Options/SafeOptionsTests.swift",
        "Parsing/HTMLParserTests.swift",
        "Parsing/MMLParserTests.swift",
        "Parsing/SVGParserTests.swift"
      ],
      "target_dependencies" : [
        "MathJaxSwift"
      ],
      "type" : "test"
    },
    {
      "c99name" : "MathJaxSwift",
      "module_type" : "SwiftTarget",
      "name" : "MathJaxSwift",
      "path" : "Sources/MathJaxSwift",
      "product_memberships" : [
        "MathJaxSwift"
      ],
      "resources" : [
        {
          "path" : "/Users/admin/builder/spi-builder-workspace/Sources/MathJaxSwift/Resources/PrivacyInfo.xcprivacy",
          "rule" : {
            "process" : {
            }
          }
        },
        {
          "path" : "/Users/admin/builder/spi-builder-workspace/Sources/MathJaxSwift/Resources/mjn",
          "rule" : {
            "copy" : {
            }
          }
        }
      ],
      "sources" : [
        "Conversions/AM/AM2CHTML.swift",
        "Conversions/AM/AM2MML.swift",
        "Conversions/AM/AM2SVG.swift",
        "Conversions/MML/MML2CHTML.swift",
        "Conversions/MML/MML2SVG.swift",
        "Conversions/Speech/AM2Speech.swift",
        "Conversions/Speech/MML2Speech.swift",
        "Conversions/Speech/TeX2Speech.swift",
        "Conversions/TeX/TeX2CHTML.swift",
        "Conversions/TeX/TeX2MML.swift",
        "Conversions/TeX/TeX2SVG.swift",
        "Internal/Constants.swift",
        "Internal/Encodable+Dictionary.swift",
        "Internal/Function.swift",
        "Internal/MathJaxError.swift",
        "Internal/PackageLock.swift",
        "Internal/Parsing/HTMLParser.swift",
        "Internal/Parsing/MMLParser.swift",
        "Internal/Parsing/Parser.swift",
        "Internal/Parsing/SVGParser.swift",
        "Internal/Parsing/SpeechParser.swift",
        "MathJax.swift",
        "Options/ConversionOptions.swift",
        "Options/Document/A11YOptions.swift",
        "Options/Document/DocumentOptions.swift",
        "Options/Document/Menu/MenuOptions.swift",
        "Options/Document/Menu/MenuOptionsSettings.swift",
        "Options/Document/SREOptions.swift",
        "Options/Document/Safe/AllowOptions.swift",
        "Options/Document/Safe/SafeOptions.swift",
        "Options/Document/Safe/SafeProtocols.swift",
        "Options/Document/Safe/SafeStyles.swift",
        "Options/Input/AMInputProcessorOptions.swift",
        "Options/Input/InputProcessorOptions.swift",
        "Options/Input/MMLInputProcessorOptions.swift",
        "Options/Input/TeX Packages/AMSCDOptions.swift",
        "Options/Input/TeX Packages/AMSOptions.swift",
        "Options/Input/TeX Packages/AutoloadOptions.swift",
        "Options/Input/TeX Packages/ColorOptions.swift",
        "Options/Input/TeX Packages/MathtoolsOptions.swift",
        "Options/Input/TeX Packages/NoundefinedOptions.swift",
        "Options/Input/TeX Packages/PhysicsOptions.swift",
        "Options/Input/TeX Packages/RequireOptions.swift",
        "Options/Input/TeX Packages/SetOptions.swift",
        "Options/Input/TeX Packages/TagFormatOptions.swift",
        "Options/Input/TeXInputProcessorOptions.swift",
        "Options/Output/CHTMLOutputProcessorOptions.swift",
        "Options/Output/LinebreakOptions.swift",
        "Options/Output/OutputProcessorOptions.swift",
        "Options/Output/SVGOutputProcessorOptions.swift"
      ],
      "type" : "library"
    }
  ],
  "tools_version" : "5.5"
}
{
  "workspace" : {
    "name" : "MathJaxSwift",
    "schemes" : [
      "MathJaxSwift"
    ]
  }
}
2026-09-24 12:24:14.008 xcodebuild[677:4476] [MT] IDERunDestination: Supported platforms for the buildables in the current scheme is empty.
Running build ...
env DEVELOPER_DIR=/Applications/Xcode-27.0.0-Release.Candidate.app xcrun xcodebuild -IDEClonedSourcePackagesDirPathOverride=$PWD/.dependencies -skipMacroValidation -skipPackagePluginValidation -derivedDataPath $PWD/.derivedData build -scheme MathJaxSwift -destination generic/platform=watchOS
Command line invocation:
    /Applications/Xcode-27.0.0-Release.Candidate.app/Contents/Developer/usr/bin/xcodebuild -IDEClonedSourcePackagesDirPathOverride=/Users/admin/builder/spi-builder-workspace/.dependencies -skipMacroValidation -skipPackagePluginValidation -derivedDataPath /Users/admin/builder/spi-builder-workspace/.derivedData build -scheme MathJaxSwift -destination generic/platform=watchOS
Resolve Package Graph
Resolved source packages:
  MathJaxSwift: /Users/admin/builder/spi-builder-workspace
ComputePackagePrebuildTargetDependencyGraph
Prepare packages
CreateBuildRequest
SendProjectDescription
CreateBuildOperation
ComputeTargetDependencyGraph
note: Building targets in dependency order
note: Target dependency graph (3 targets)
    Target 'MathJaxSwift-product' in project 'MathJaxSwift'
        ➜ Explicit dependency on target 'MathJaxSwift' in project 'MathJaxSwift'
        ➜ Explicit dependency on target 'MathJaxSwift_MathJaxSwift' in project 'MathJaxSwift'
    Target 'MathJaxSwift' in project 'MathJaxSwift'
        ➜ Explicit dependency on target 'MathJaxSwift_MathJaxSwift' in project 'MathJaxSwift'
    Target 'MathJaxSwift_MathJaxSwift' in project 'MathJaxSwift' (no dependencies)
GatherProvisioningInputs
CreateBuildDescription
ClangStatCache /Applications/Xcode-27.0.0-Release.Candidate.app/Contents/Developer/Toolchains/XcodeDefault.xctoolchain/usr/bin/clang-stat-cache /Applications/Xcode-27.0.0-Release.Candidate.app/Contents/Developer/Platforms/WatchOS.platform/Developer/SDKs/WatchOS27.0.sdk /Users/admin/builder/spi-builder-workspace/.derivedData/SDKStatCaches.noindex/watchos27.0-24R360-e829b21a6f8c9b70876ba0858053c04477534ef55a1706bf4c1112bbb242f0a2.sdkstatcache
    cd /Users/admin/builder/spi-builder-workspace/.swiftpm/xcode
    /Applications/Xcode-27.0.0-Release.Candidate.app/Contents/Developer/Toolchains/XcodeDefault.xctoolchain/usr/bin/clang-stat-cache /Applications/Xcode-27.0.0-Release.Candidate.app/Contents/Developer/Platforms/WatchOS.platform/Developer/SDKs/WatchOS27.0.sdk -o /Users/admin/builder/spi-builder-workspace/.derivedData/SDKStatCaches.noindex/watchos27.0-24R360-e829b21a6f8c9b70876ba0858053c04477534ef55a1706bf4c1112bbb242f0a2.sdkstatcache
SwiftDriver MathJaxSwift normal arm64_32 com.apple.xcode.tools.swift.compiler (in target 'MathJaxSwift' from project 'MathJaxSwift')
    cd /Users/admin/builder/spi-builder-workspace/.swiftpm/xcode
    builtin-SwiftDriver -- /Applications/Xcode-27.0.0-Release.Candidate.app/Contents/Developer/Toolchains/XcodeDefault.xctoolchain/usr/bin/swiftc -parse-as-library -module-name MathJaxSwift -Onone @/Users/admin/builder/spi-builder-workspace/.derivedData/Build/Intermediates.noindex/MathJaxSwift.build/Debug-watchos/MathJaxSwift-t.build/Objects-normal/arm64_32/MathJaxSwift.SwiftFileList -DSWIFT_PACKAGE -DDEBUG -DSWIFT_MODULE_RESOURCE_BUNDLE_AVAILABLE -DXcode -plugin-path /Applications/Xcode-27.0.0-Release.Candidate.app/Contents/Developer/Toolchains/XcodeDefault.xctoolchain/usr/lib/swift/host/plugins/testing -enable-experimental-feature DebugDescriptionMacro -sdk /Applications/Xcode-27.0.0-Release.Candidate.app/Contents/Developer/Platforms/WatchOS.platform/Developer/SDKs/WatchOS27.0.sdk -target arm64_32-apple-watchos9.0 -g -module-cache-path /Users/admin/builder/spi-builder-workspace/.derivedData/ModuleCache.noindex -Xfrontend -serialize-debugging-options -profile-coverage-mapping -profile-generate -enable-testing -index-store-path /Users/admin/builder/spi-builder-workspace/.derivedData/Index.noindex/DataStore -Xcc -D_LIBCPP_HARDENING_MODE\=_LIBCPP_HARDENING_MODE_DEBUG -swift-version 5 -I /Users/admin/builder/spi-builder-workspace/.derivedData/Build/Products/Debug-watchos -Isystem /Applications/Xcode-27.0.0-Release.Candidate.app/Contents/Developer/Platforms/WatchOS.platform/Developer/usr/lib -F /Users/admin/builder/spi-builder-workspace/.derivedData/Build/Products/Debug-watchos -F /Applications/Xcode-27.0.0-Release.Candidate.app/Contents/Developer/Platforms/WatchOS.platform/Developer/Library/Frameworks -F /Applications/Xcode-27.0.0-Release.Candidate.app/Contents/Developer/Platforms/WatchOS.platform/Developer/SDKs/WatchOS27.0.sdk/Developer/Library/Frameworks -c -j10 -enable-batch-mode -incremental -Xcc -ivfsstatcache -Xcc /Users/admin/builder/spi-builder-workspace/.derivedData/SDKStatCaches.noindex/watchos27.0-24R360-e829b21a6f8c9b70876ba0858053c04477534ef55a1706bf4c1112bbb242f0a2.sdkstatcache -output-file-map /Users/admin/builder/spi-builder-workspace/.derivedData/Build/Intermediates.noindex/MathJaxSwift.build/Debug-watchos/MathJaxSwift-t.build/Objects-normal/arm64_32/MathJaxSwift-OutputFileMap.json -save-temps -no-color-diagnostics -explicit-module-build -module-cache-path /Users/admin/builder/spi-builder-workspace/.derivedData/Build/Intermediates.noindex/SwiftExplicitPrecompiledModules -clang-scanner-module-cache-path /Users/admin/builder/spi-builder-workspace/.derivedData/ModuleCache.noindex -sdk-module-cache-path /Users/admin/builder/spi-builder-workspace/.derivedData/SDKExplicitPrecompiledModules -emit-dependencies -emit-module -emit-module-path /Users/admin/builder/spi-builder-workspace/.derivedData/Build/Intermediates.noindex/MathJaxSwift.build/Debug-watchos/MathJaxSwift-t.build/Objects-normal/arm64_32/MathJaxSwift.swiftmodule -serialize-diagnostics -dependency-scan-serialize-diagnostics-path /Users/admin/builder/spi-builder-workspace/.derivedData/Build/Intermediates.noindex/MathJaxSwift.build/Debug-watchos/MathJaxSwift-t.build/Objects-normal/arm64_32/MathJaxSwift-dependency-scan.dia -validate-clang-modules-once -clang-build-session-file /Users/admin/builder/spi-builder-workspace/.derivedData/ModuleCache.noindex/Session.modulevalidation -Xcc -fmodules-prune-interval\=86400 -Xcc -fmodules-prune-after\=345600 -emit-const-values -const-gather-protocols-list /Users/admin/builder/spi-builder-workspace/.derivedData/Build/Intermediates.noindex/MathJaxSwift.build/Debug-watchos/MathJaxSwift-t.build/Objects-normal/arm64_32/MathJaxSwift_const_extract_protocols.json -Xcc -I/Users/admin/builder/spi-builder-workspace/.derivedData/Build/Products/Debug-watchos/include -Xcc -I/Users/admin/builder/spi-builder-workspace/.derivedData/Build/Intermediates.noindex/MathJaxSwift.build/Debug-watchos/MathJaxSwift-t.build/DerivedSources-normal/arm64_32 -Xcc -I/Users/admin/builder/spi-builder-workspace/.derivedData/Build/Intermediates.noindex/MathJaxSwift.build/Debug-watchos/MathJaxSwift-t.build/DerivedSources/arm64_32 -Xcc -I/Users/admin/builder/spi-builder-workspace/.derivedData/Build/Intermediates.noindex/MathJaxSwift.build/Debug-watchos/MathJaxSwift-t.build/DerivedSources -Xcc -DSWIFT_PACKAGE -Xcc -DDEBUG\=1 -emit-objc-header -emit-objc-header-path /Users/admin/builder/spi-builder-workspace/.derivedData/Build/Intermediates.noindex/MathJaxSwift.build/Debug-watchos/MathJaxSwift-t.build/Objects-normal/arm64_32/MathJaxSwift-Swift.h -working-directory /Users/admin/builder/spi-builder-workspace/.swiftpm/xcode -experimental-emit-module-separately -disable-cmo
/Users/admin/builder/spi-builder-workspace/Sources/MathJaxSwift/MathJax.swift:27:8: error: Unable to resolve module dependency: 'JavaScriptCore' (in target 'MathJaxSwift' from project 'MathJaxSwift')
    note: A dependency of main module 'MathJaxSwift'
    /Users/admin/builder/spi-builder-workspace/Sources/MathJaxSwift/Options/ConversionOptions.swift:27:8: note: Also imported here
    /Users/admin/builder/spi-builder-workspace/Sources/MathJaxSwift/Options/Document/A11YOptions.swift:27:8: note: Also imported here
    /Users/admin/builder/spi-builder-workspace/Sources/MathJaxSwift/Options/Document/DocumentOptions.swift:27:8: note: Also imported here
    /Users/admin/builder/spi-builder-workspace/Sources/MathJaxSwift/Options/Document/Menu/MenuOptions.swift:27:8: note: Also imported here
    /Users/admin/builder/spi-builder-workspace/Sources/MathJaxSwift/Options/Document/Menu/MenuOptionsSettings.swift:27:8: note: Also imported here
    /Users/admin/builder/spi-builder-workspace/Sources/MathJaxSwift/Options/Document/SREOptions.swift:27:8: note: Also imported here
    /Users/admin/builder/spi-builder-workspace/Sources/MathJaxSwift/Options/Document/Safe/AllowOptions.swift:27:8: note: Also imported here
    /Users/admin/builder/spi-builder-workspace/Sources/MathJaxSwift/Options/Document/Safe/SafeOptions.swift:27:8: note: Also imported here
    /Users/admin/builder/spi-builder-workspace/Sources/MathJaxSwift/Options/Document/Safe/SafeProtocols.swift:27:8: note: Also imported here
    /Users/admin/builder/spi-builder-workspace/Sources/MathJaxSwift/Options/Document/Safe/SafeStyles.swift:27:8: note: Also imported here
    /Users/admin/builder/spi-builder-workspace/Sources/MathJaxSwift/Options/Input/AMInputProcessorOptions.swift:27:8: note: Also imported here
    /Users/admin/builder/spi-builder-workspace/Sources/MathJaxSwift/Options/Input/MMLInputProcessorOptions.swift:27:8: note: Also imported here
    /Users/admin/builder/spi-builder-workspace/Sources/MathJaxSwift/Options/Input/TeX Packages/AMSCDOptions.swift:27:8: note: Also imported here
    /Users/admin/builder/spi-builder-workspace/Sources/MathJaxSwift/Options/Input/TeX Packages/AMSOptions.swift:27:8: note: Also imported here
    /Users/admin/builder/spi-builder-workspace/Sources/MathJaxSwift/Options/Input/TeX Packages/AutoloadOptions.swift:27:8: note: Also imported here
    /Users/admin/builder/spi-builder-workspace/Sources/MathJaxSwift/Options/Input/TeX Packages/ColorOptions.swift:27:8: note: Also imported here
    /Users/admin/builder/spi-builder-workspace/Sources/MathJaxSwift/Options/Input/TeX Packages/MathtoolsOptions.swift:27:8: note: Also imported here
    /Users/admin/builder/spi-builder-workspace/Sources/MathJaxSwift/Options/Input/TeX Packages/NoundefinedOptions.swift:27:8: note: Also imported here
    /Users/admin/builder/spi-builder-workspace/Sources/MathJaxSwift/Options/Input/TeX Packages/PhysicsOptions.swift:27:8: note: Also imported here
    /Users/admin/builder/spi-builder-workspace/Sources/MathJaxSwift/Options/Input/TeX Packages/RequireOptions.swift:27:8: note: Also imported here
    /Users/admin/builder/spi-builder-workspace/Sources/MathJaxSwift/Options/Input/TeX Packages/SetOptions.swift:27:8: note: Also imported here
    /Users/admin/builder/spi-builder-workspace/Sources/MathJaxSwift/Options/Input/TeX Packages/TagFormatOptions.swift:27:8: note: Also imported here
    /Users/admin/builder/spi-builder-workspace/Sources/MathJaxSwift/Options/Input/TeXInputProcessorOptions.swift:27:8: note: Also imported here
    /Users/admin/builder/spi-builder-workspace/Sources/MathJaxSwift/Options/Output/CHTMLOutputProcessorOptions.swift:27:8: note: Also imported here
    /Users/admin/builder/spi-builder-workspace/Sources/MathJaxSwift/Options/Output/LinebreakOptions.swift:27:8: note: Also imported here
    /Users/admin/builder/spi-builder-workspace/Sources/MathJaxSwift/Options/Output/SVGOutputProcessorOptions.swift:27:8: note: Also imported here
/Users/admin/builder/spi-builder-workspace/Sources/MathJaxSwift/MathJax.swift:27:8: note: A dependency of main module 'MathJaxSwift'
import JavaScriptCore
       ^ (in target 'MathJaxSwift' from project 'MathJaxSwift')
/Users/admin/builder/spi-builder-workspace/Sources/MathJaxSwift/Options/ConversionOptions.swift:27:8: note: Also imported here
import JavaScriptCore
       ^ (in target 'MathJaxSwift' from project 'MathJaxSwift')
/Users/admin/builder/spi-builder-workspace/Sources/MathJaxSwift/Options/Document/A11YOptions.swift:27:8: note: Also imported here
import JavaScriptCore
       ^ (in target 'MathJaxSwift' from project 'MathJaxSwift')
/Users/admin/builder/spi-builder-workspace/Sources/MathJaxSwift/Options/Document/DocumentOptions.swift:27:8: note: Also imported here
import JavaScriptCore
       ^ (in target 'MathJaxSwift' from project 'MathJaxSwift')
/Users/admin/builder/spi-builder-workspace/Sources/MathJaxSwift/Options/Document/Menu/MenuOptions.swift:27:8: note: Also imported here
import JavaScriptCore
       ^ (in target 'MathJaxSwift' from project 'MathJaxSwift')
/Users/admin/builder/spi-builder-workspace/Sources/MathJaxSwift/Options/Document/Menu/MenuOptionsSettings.swift:27:8: note: Also imported here
import JavaScriptCore
       ^ (in target 'MathJaxSwift' from project 'MathJaxSwift')
/Users/admin/builder/spi-builder-workspace/Sources/MathJaxSwift/Options/Document/SREOptions.swift:27:8: note: Also imported here
import JavaScriptCore
       ^ (in target 'MathJaxSwift' from project 'MathJaxSwift')
/Users/admin/builder/spi-builder-workspace/Sources/MathJaxSwift/Options/Document/Safe/AllowOptions.swift:27:8: note: Also imported here
import JavaScriptCore
       ^ (in target 'MathJaxSwift' from project 'MathJaxSwift')
/Users/admin/builder/spi-builder-workspace/Sources/MathJaxSwift/Options/Document/Safe/SafeOptions.swift:27:8: note: Also imported here
import JavaScriptCore
       ^ (in target 'MathJaxSwift' from project 'MathJaxSwift')
/Users/admin/builder/spi-builder-workspace/Sources/MathJaxSwift/Options/Document/Safe/SafeProtocols.swift:27:8: note: Also imported here
import JavaScriptCore
       ^ (in target 'MathJaxSwift' from project 'MathJaxSwift')
/Users/admin/builder/spi-builder-workspace/Sources/MathJaxSwift/Options/Document/Safe/SafeStyles.swift:27:8: note: Also imported here
import JavaScriptCore
       ^ (in target 'MathJaxSwift' from project 'MathJaxSwift')
/Users/admin/builder/spi-builder-workspace/Sources/MathJaxSwift/Options/Input/AMInputProcessorOptions.swift:27:8: note: Also imported here
import JavaScriptCore
       ^ (in target 'MathJaxSwift' from project 'MathJaxSwift')
/Users/admin/builder/spi-builder-workspace/Sources/MathJaxSwift/Options/Input/MMLInputProcessorOptions.swift:27:8: note: Also imported here
import JavaScriptCore
       ^ (in target 'MathJaxSwift' from project 'MathJaxSwift')
/Users/admin/builder/spi-builder-workspace/Sources/MathJaxSwift/Options/Input/TeX Packages/AMSCDOptions.swift:27:8: note: Also imported here
import JavaScriptCore
       ^ (in target 'MathJaxSwift' from project 'MathJaxSwift')
/Users/admin/builder/spi-builder-workspace/Sources/MathJaxSwift/Options/Input/TeX Packages/AMSOptions.swift:27:8: note: Also imported here
import JavaScriptCore
       ^ (in target 'MathJaxSwift' from project 'MathJaxSwift')
/Users/admin/builder/spi-builder-workspace/Sources/MathJaxSwift/Options/Input/TeX Packages/AutoloadOptions.swift:27:8: note: Also imported here
import JavaScriptCore
       ^ (in target 'MathJaxSwift' from project 'MathJaxSwift')
/Users/admin/builder/spi-builder-workspace/Sources/MathJaxSwift/Options/Input/TeX Packages/ColorOptions.swift:27:8: note: Also imported here
import JavaScriptCore
       ^ (in target 'MathJaxSwift' from project 'MathJaxSwift')
/Users/admin/builder/spi-builder-workspace/Sources/MathJaxSwift/Options/Input/TeX Packages/MathtoolsOptions.swift:27:8: note: Also imported here
import JavaScriptCore
       ^ (in target 'MathJaxSwift' from project 'MathJaxSwift')
/Users/admin/builder/spi-builder-workspace/Sources/MathJaxSwift/Options/Input/TeX Packages/NoundefinedOptions.swift:27:8: note: Also imported here
import JavaScriptCore
       ^ (in target 'MathJaxSwift' from project 'MathJaxSwift')
/Users/admin/builder/spi-builder-workspace/Sources/MathJaxSwift/Options/Input/TeX Packages/PhysicsOptions.swift:27:8: note: Also imported here
import JavaScriptCore
       ^ (in target 'MathJaxSwift' from project 'MathJaxSwift')
/Users/admin/builder/spi-builder-workspace/Sources/MathJaxSwift/Options/Input/TeX Packages/RequireOptions.swift:27:8: note: Also imported here
import JavaScriptCore
       ^ (in target 'MathJaxSwift' from project 'MathJaxSwift')
/Users/admin/builder/spi-builder-workspace/Sources/MathJaxSwift/Options/Input/TeX Packages/SetOptions.swift:27:8: note: Also imported here
import JavaScriptCore
       ^ (in target 'MathJaxSwift' from project 'MathJaxSwift')
/Users/admin/builder/spi-builder-workspace/Sources/MathJaxSwift/Options/Input/TeX Packages/TagFormatOptions.swift:27:8: note: Also imported here
import JavaScriptCore
       ^ (in target 'MathJaxSwift' from project 'MathJaxSwift')
/Users/admin/builder/spi-builder-workspace/Sources/MathJaxSwift/Options/Input/TeXInputProcessorOptions.swift:27:8: note: Also imported here
import JavaScriptCore
       ^ (in target 'MathJaxSwift' from project 'MathJaxSwift')
/Users/admin/builder/spi-builder-workspace/Sources/MathJaxSwift/Options/Output/CHTMLOutputProcessorOptions.swift:27:8: note: Also imported here
import JavaScriptCore
       ^ (in target 'MathJaxSwift' from project 'MathJaxSwift')
/Users/admin/builder/spi-builder-workspace/Sources/MathJaxSwift/Options/Output/LinebreakOptions.swift:27:8: note: Also imported here
import JavaScriptCore
       ^ (in target 'MathJaxSwift' from project 'MathJaxSwift')
/Users/admin/builder/spi-builder-workspace/Sources/MathJaxSwift/Options/Output/SVGOutputProcessorOptions.swift:27:8: note: Also imported here
import JavaScriptCore
       ^ (in target 'MathJaxSwift' from project 'MathJaxSwift')
SwiftDriver MathJaxSwift normal arm64 com.apple.xcode.tools.swift.compiler (in target 'MathJaxSwift' from project 'MathJaxSwift')
    cd /Users/admin/builder/spi-builder-workspace/.swiftpm/xcode
    builtin-SwiftDriver -- /Applications/Xcode-27.0.0-Release.Candidate.app/Contents/Developer/Toolchains/XcodeDefault.xctoolchain/usr/bin/swiftc -parse-as-library -module-name MathJaxSwift -Onone @/Users/admin/builder/spi-builder-workspace/.derivedData/Build/Intermediates.noindex/MathJaxSwift.build/Debug-watchos/MathJaxSwift-t.build/Objects-normal/arm64/MathJaxSwift.SwiftFileList -DSWIFT_PACKAGE -DDEBUG -DSWIFT_MODULE_RESOURCE_BUNDLE_AVAILABLE -DXcode -plugin-path /Applications/Xcode-27.0.0-Release.Candidate.app/Contents/Developer/Toolchains/XcodeDefault.xctoolchain/usr/lib/swift/host/plugins/testing -enable-experimental-feature DebugDescriptionMacro -sdk /Applications/Xcode-27.0.0-Release.Candidate.app/Contents/Developer/Platforms/WatchOS.platform/Developer/SDKs/WatchOS27.0.sdk -target arm64-apple-watchos9.0 -g -module-cache-path /Users/admin/builder/spi-builder-workspace/.derivedData/ModuleCache.noindex -Xfrontend -serialize-debugging-options -profile-coverage-mapping -profile-generate -enable-testing -index-store-path /Users/admin/builder/spi-builder-workspace/.derivedData/Index.noindex/DataStore -Xcc -D_LIBCPP_HARDENING_MODE\=_LIBCPP_HARDENING_MODE_DEBUG -swift-version 5 -I /Users/admin/builder/spi-builder-workspace/.derivedData/Build/Products/Debug-watchos -Isystem /Applications/Xcode-27.0.0-Release.Candidate.app/Contents/Developer/Platforms/WatchOS.platform/Developer/usr/lib -F /Users/admin/builder/spi-builder-workspace/.derivedData/Build/Products/Debug-watchos -F /Applications/Xcode-27.0.0-Release.Candidate.app/Contents/Developer/Platforms/WatchOS.platform/Developer/Library/Frameworks -F /Applications/Xcode-27.0.0-Release.Candidate.app/Contents/Developer/Platforms/WatchOS.platform/Developer/SDKs/WatchOS27.0.sdk/Developer/Library/Frameworks -c -j10 -enable-batch-mode -incremental -Xcc -ivfsstatcache -Xcc /Users/admin/builder/spi-builder-workspace/.derivedData/SDKStatCaches.noindex/watchos27.0-24R360-e829b21a6f8c9b70876ba0858053c04477534ef55a1706bf4c1112bbb242f0a2.sdkstatcache -output-file-map /Users/admin/builder/spi-builder-workspace/.derivedData/Build/Intermediates.noindex/MathJaxSwift.build/Debug-watchos/MathJaxSwift-t.build/Objects-normal/arm64/MathJaxSwift-OutputFileMap.json -save-temps -no-color-diagnostics -explicit-module-build -module-cache-path /Users/admin/builder/spi-builder-workspace/.derivedData/Build/Intermediates.noindex/SwiftExplicitPrecompiledModules -clang-scanner-module-cache-path /Users/admin/builder/spi-builder-workspace/.derivedData/ModuleCache.noindex -sdk-module-cache-path /Users/admin/builder/spi-builder-workspace/.derivedData/SDKExplicitPrecompiledModules -emit-dependencies -emit-module -emit-module-path /Users/admin/builder/spi-builder-workspace/.derivedData/Build/Intermediates.noindex/MathJaxSwift.build/Debug-watchos/MathJaxSwift-t.build/Objects-normal/arm64/MathJaxSwift.swiftmodule -serialize-diagnostics -dependency-scan-serialize-diagnostics-path /Users/admin/builder/spi-builder-workspace/.derivedData/Build/Intermediates.noindex/MathJaxSwift.build/Debug-watchos/MathJaxSwift-t.build/Objects-normal/arm64/MathJaxSwift-dependency-scan.dia -validate-clang-modules-once -clang-build-session-file /Users/admin/builder/spi-builder-workspace/.derivedData/ModuleCache.noindex/Session.modulevalidation -Xcc -fmodules-prune-interval\=86400 -Xcc -fmodules-prune-after\=345600 -emit-const-values -const-gather-protocols-list /Users/admin/builder/spi-builder-workspace/.derivedData/Build/Intermediates.noindex/MathJaxSwift.build/Debug-watchos/MathJaxSwift-t.build/Objects-normal/arm64/MathJaxSwift_const_extract_protocols.json -Xcc -I/Users/admin/builder/spi-builder-workspace/.derivedData/Build/Products/Debug-watchos/include -Xcc -I/Users/admin/builder/spi-builder-workspace/.derivedData/Build/Intermediates.noindex/MathJaxSwift.build/Debug-watchos/MathJaxSwift-t.build/DerivedSources-normal/arm64 -Xcc -I/Users/admin/builder/spi-builder-workspace/.derivedData/Build/Intermediates.noindex/MathJaxSwift.build/Debug-watchos/MathJaxSwift-t.build/DerivedSources/arm64 -Xcc -I/Users/admin/builder/spi-builder-workspace/.derivedData/Build/Intermediates.noindex/MathJaxSwift.build/Debug-watchos/MathJaxSwift-t.build/DerivedSources -Xcc -DSWIFT_PACKAGE -Xcc -DDEBUG\=1 -emit-objc-header -emit-objc-header-path /Users/admin/builder/spi-builder-workspace/.derivedData/Build/Intermediates.noindex/MathJaxSwift.build/Debug-watchos/MathJaxSwift-t.build/Objects-normal/arm64/MathJaxSwift-Swift.h -working-directory /Users/admin/builder/spi-builder-workspace/.swiftpm/xcode -experimental-emit-module-separately -disable-cmo
/Users/admin/builder/spi-builder-workspace/Sources/MathJaxSwift/MathJax.swift:27:8: error: Unable to resolve module dependency: 'JavaScriptCore' (in target 'MathJaxSwift' from project 'MathJaxSwift')
    note: A dependency of main module 'MathJaxSwift'
    /Users/admin/builder/spi-builder-workspace/Sources/MathJaxSwift/Options/ConversionOptions.swift:27:8: note: Also imported here
    /Users/admin/builder/spi-builder-workspace/Sources/MathJaxSwift/Options/Document/A11YOptions.swift:27:8: note: Also imported here
    /Users/admin/builder/spi-builder-workspace/Sources/MathJaxSwift/Options/Document/DocumentOptions.swift:27:8: note: Also imported here
    /Users/admin/builder/spi-builder-workspace/Sources/MathJaxSwift/Options/Document/Menu/MenuOptions.swift:27:8: note: Also imported here
    /Users/admin/builder/spi-builder-workspace/Sources/MathJaxSwift/Options/Document/Menu/MenuOptionsSettings.swift:27:8: note: Also imported here
    /Users/admin/builder/spi-builder-workspace/Sources/MathJaxSwift/Options/Document/SREOptions.swift:27:8: note: Also imported here
    /Users/admin/builder/spi-builder-workspace/Sources/MathJaxSwift/Options/Document/Safe/AllowOptions.swift:27:8: note: Also imported here
    /Users/admin/builder/spi-builder-workspace/Sources/MathJaxSwift/Options/Document/Safe/SafeOptions.swift:27:8: note: Also imported here
    /Users/admin/builder/spi-builder-workspace/Sources/MathJaxSwift/Options/Document/Safe/SafeProtocols.swift:27:8: note: Also imported here
    /Users/admin/builder/spi-builder-workspace/Sources/MathJaxSwift/Options/Document/Safe/SafeStyles.swift:27:8: note: Also imported here
    /Users/admin/builder/spi-builder-workspace/Sources/MathJaxSwift/Options/Input/AMInputProcessorOptions.swift:27:8: note: Also imported here
    /Users/admin/builder/spi-builder-workspace/Sources/MathJaxSwift/Options/Input/MMLInputProcessorOptions.swift:27:8: note: Also imported here
    /Users/admin/builder/spi-builder-workspace/Sources/MathJaxSwift/Options/Input/TeX Packages/AMSCDOptions.swift:27:8: note: Also imported here
    /Users/admin/builder/spi-builder-workspace/Sources/MathJaxSwift/Options/Input/TeX Packages/AMSOptions.swift:27:8: note: Also imported here
    /Users/admin/builder/spi-builder-workspace/Sources/MathJaxSwift/Options/Input/TeX Packages/AutoloadOptions.swift:27:8: note: Also imported here
    /Users/admin/builder/spi-builder-workspace/Sources/MathJaxSwift/Options/Input/TeX Packages/ColorOptions.swift:27:8: note: Also imported here
    /Users/admin/builder/spi-builder-workspace/Sources/MathJaxSwift/Options/Input/TeX Packages/MathtoolsOptions.swift:27:8: note: Also imported here
    /Users/admin/builder/spi-builder-workspace/Sources/MathJaxSwift/Options/Input/TeX Packages/NoundefinedOptions.swift:27:8: note: Also imported here
    /Users/admin/builder/spi-builder-workspace/Sources/MathJaxSwift/Options/Input/TeX Packages/PhysicsOptions.swift:27:8: note: Also imported here
    /Users/admin/builder/spi-builder-workspace/Sources/MathJaxSwift/Options/Input/TeX Packages/RequireOptions.swift:27:8: note: Also imported here
    /Users/admin/builder/spi-builder-workspace/Sources/MathJaxSwift/Options/Input/TeX Packages/SetOptions.swift:27:8: note: Also imported here
    /Users/admin/builder/spi-builder-workspace/Sources/MathJaxSwift/Options/Input/TeX Packages/TagFormatOptions.swift:27:8: note: Also imported here
    /Users/admin/builder/spi-builder-workspace/Sources/MathJaxSwift/Options/Input/TeXInputProcessorOptions.swift:27:8: note: Also imported here
    /Users/admin/builder/spi-builder-workspace/Sources/MathJaxSwift/Options/Output/CHTMLOutputProcessorOptions.swift:27:8: note: Also imported here
    /Users/admin/builder/spi-builder-workspace/Sources/MathJaxSwift/Options/Output/LinebreakOptions.swift:27:8: note: Also imported here
    /Users/admin/builder/spi-builder-workspace/Sources/MathJaxSwift/Options/Output/SVGOutputProcessorOptions.swift:27:8: note: Also imported here
/Users/admin/builder/spi-builder-workspace/Sources/MathJaxSwift/MathJax.swift:27:8: note: A dependency of main module 'MathJaxSwift'
import JavaScriptCore
       ^ (in target 'MathJaxSwift' from project 'MathJaxSwift')
/Users/admin/builder/spi-builder-workspace/Sources/MathJaxSwift/Options/ConversionOptions.swift:27:8: note: Also imported here
import JavaScriptCore
       ^ (in target 'MathJaxSwift' from project 'MathJaxSwift')
/Users/admin/builder/spi-builder-workspace/Sources/MathJaxSwift/Options/Document/A11YOptions.swift:27:8: note: Also imported here
import JavaScriptCore
       ^ (in target 'MathJaxSwift' from project 'MathJaxSwift')
/Users/admin/builder/spi-builder-workspace/Sources/MathJaxSwift/Options/Document/DocumentOptions.swift:27:8: note: Also imported here
import JavaScriptCore
       ^ (in target 'MathJaxSwift' from project 'MathJaxSwift')
/Users/admin/builder/spi-builder-workspace/Sources/MathJaxSwift/Options/Document/Menu/MenuOptions.swift:27:8: note: Also imported here
import JavaScriptCore
       ^ (in target 'MathJaxSwift' from project 'MathJaxSwift')
/Users/admin/builder/spi-builder-workspace/Sources/MathJaxSwift/Options/Document/Menu/MenuOptionsSettings.swift:27:8: note: Also imported here
import JavaScriptCore
       ^ (in target 'MathJaxSwift' from project 'MathJaxSwift')
/Users/admin/builder/spi-builder-workspace/Sources/MathJaxSwift/Options/Document/SREOptions.swift:27:8: note: Also imported here
import JavaScriptCore
       ^ (in target 'MathJaxSwift' from project 'MathJaxSwift')
/Users/admin/builder/spi-builder-workspace/Sources/MathJaxSwift/Options/Document/Safe/AllowOptions.swift:27:8: note: Also imported here
import JavaScriptCore
       ^ (in target 'MathJaxSwift' from project 'MathJaxSwift')
/Users/admin/builder/spi-builder-workspace/Sources/MathJaxSwift/Options/Document/Safe/SafeOptions.swift:27:8: note: Also imported here
import JavaScriptCore
       ^ (in target 'MathJaxSwift' from project 'MathJaxSwift')
/Users/admin/builder/spi-builder-workspace/Sources/MathJaxSwift/Options/Document/Safe/SafeProtocols.swift:27:8: note: Also imported here
import JavaScriptCore
       ^ (in target 'MathJaxSwift' from project 'MathJaxSwift')
/Users/admin/builder/spi-builder-workspace/Sources/MathJaxSwift/Options/Document/Safe/SafeStyles.swift:27:8: note: Also imported here
import JavaScriptCore
       ^ (in target 'MathJaxSwift' from project 'MathJaxSwift')
/Users/admin/builder/spi-builder-workspace/Sources/MathJaxSwift/Options/Input/AMInputProcessorOptions.swift:27:8: note: Also imported here
import JavaScriptCore
       ^ (in target 'MathJaxSwift' from project 'MathJaxSwift')
/Users/admin/builder/spi-builder-workspace/Sources/MathJaxSwift/Options/Input/MMLInputProcessorOptions.swift:27:8: note: Also imported here
import JavaScriptCore
       ^ (in target 'MathJaxSwift' from project 'MathJaxSwift')
/Users/admin/builder/spi-builder-workspace/Sources/MathJaxSwift/Options/Input/TeX Packages/AMSCDOptions.swift:27:8: note: Also imported here
import JavaScriptCore
       ^ (in target 'MathJaxSwift' from project 'MathJaxSwift')
/Users/admin/builder/spi-builder-workspace/Sources/MathJaxSwift/Options/Input/TeX Packages/AMSOptions.swift:27:8: note: Also imported here
import JavaScriptCore
       ^ (in target 'MathJaxSwift' from project 'MathJaxSwift')
/Users/admin/builder/spi-builder-workspace/Sources/MathJaxSwift/Options/Input/TeX Packages/AutoloadOptions.swift:27:8: note: Also imported here
import JavaScriptCore
       ^ (in target 'MathJaxSwift' from project 'MathJaxSwift')
/Users/admin/builder/spi-builder-workspace/Sources/MathJaxSwift/Options/Input/TeX Packages/ColorOptions.swift:27:8: note: Also imported here
import JavaScriptCore
       ^ (in target 'MathJaxSwift' from project 'MathJaxSwift')
/Users/admin/builder/spi-builder-workspace/Sources/MathJaxSwift/Options/Input/TeX Packages/MathtoolsOptions.swift:27:8: note: Also imported here
import JavaScriptCore
       ^ (in target 'MathJaxSwift' from project 'MathJaxSwift')
/Users/admin/builder/spi-builder-workspace/Sources/MathJaxSwift/Options/Input/TeX Packages/NoundefinedOptions.swift:27:8: note: Also imported here
import JavaScriptCore
       ^ (in target 'MathJaxSwift' from project 'MathJaxSwift')
/Users/admin/builder/spi-builder-workspace/Sources/MathJaxSwift/Options/Input/TeX Packages/PhysicsOptions.swift:27:8: note: Also imported here
import JavaScriptCore
       ^ (in target 'MathJaxSwift' from project 'MathJaxSwift')
/Users/admin/builder/spi-builder-workspace/Sources/MathJaxSwift/Options/Input/TeX Packages/RequireOptions.swift:27:8: note: Also imported here
import JavaScriptCore
       ^ (in target 'MathJaxSwift' from project 'MathJaxSwift')
/Users/admin/builder/spi-builder-workspace/Sources/MathJaxSwift/Options/Input/TeX Packages/SetOptions.swift:27:8: note: Also imported here
import JavaScriptCore
       ^ (in target 'MathJaxSwift' from project 'MathJaxSwift')
/Users/admin/builder/spi-builder-workspace/Sources/MathJaxSwift/Options/Input/TeX Packages/TagFormatOptions.swift:27:8: note: Also imported here
import JavaScriptCore
       ^ (in target 'MathJaxSwift' from project 'MathJaxSwift')
/Users/admin/builder/spi-builder-workspace/Sources/MathJaxSwift/Options/Input/TeXInputProcessorOptions.swift:27:8: note: Also imported here
import JavaScriptCore
       ^ (in target 'MathJaxSwift' from project 'MathJaxSwift')
/Users/admin/builder/spi-builder-workspace/Sources/MathJaxSwift/Options/Output/CHTMLOutputProcessorOptions.swift:27:8: note: Also imported here
import JavaScriptCore
       ^ (in target 'MathJaxSwift' from project 'MathJaxSwift')
/Users/admin/builder/spi-builder-workspace/Sources/MathJaxSwift/Options/Output/LinebreakOptions.swift:27:8: note: Also imported here
import JavaScriptCore
       ^ (in target 'MathJaxSwift' from project 'MathJaxSwift')
/Users/admin/builder/spi-builder-workspace/Sources/MathJaxSwift/Options/Output/SVGOutputProcessorOptions.swift:27:8: note: Also imported here
import JavaScriptCore
       ^ (in target 'MathJaxSwift' from project 'MathJaxSwift')
PruneExplicitPrecompiledModules /Users/admin/builder/spi-builder-workspace/.derivedData/Build/Intermediates.noindex/ExplicitPrecompiledModules
PruneExplicitPrecompiledModules /Users/admin/builder/spi-builder-workspace/.derivedData/Build/Intermediates.noindex/SwiftExplicitPrecompiledModules
PruneExplicitPrecompiledModules /Users/admin/builder/spi-builder-workspace/.derivedData/SDKExplicitPrecompiledModules
2026-09-24 12:24:14.926 xcodebuild[678:4503] [MT] IDERunDestination: Supported platforms for the buildables in the current scheme is empty.
** BUILD FAILED **
The following build commands failed:
	SwiftDriver MathJaxSwift normal arm64_32 com.apple.xcode.tools.swift.compiler (in target 'MathJaxSwift' from project 'MathJaxSwift')
	SwiftDriver MathJaxSwift normal arm64 com.apple.xcode.tools.swift.compiler (in target 'MathJaxSwift' from project 'MathJaxSwift')
	Building workspace MathJaxSwift with scheme MathJaxSwift
(3 failures)
BUILD FAILURE 6.4 watchOS