The Swift Package Index logo.Swift Package Index

Build Information

Failed to build Chart, reference 1.3.2 (146ce6), with Swift 6.1 for watchOS using Xcode 16.3 on 17 Aug 2026 11:41:38 UTC.

Build Command

env DEVELOPER_DIR=/Applications/Xcode-16.3.0.app xcrun xcodebuild -IDEClonedSourcePackagesDirPathOverride=$PWD/.dependencies -skipMacroValidation -skipPackagePluginValidation -derivedDataPath $PWD/.derivedData build -scheme Chart -destination generic/platform=watchOS

Build Log

========================================
RunAll
========================================
Builder version: undefined version: run 'make version' to update
Interrupt handler set up.
========================================
Checkout
========================================
Clone URL: https://github.com/manux81/Chart.git
Reference: 1.3.2
Initialized empty Git repository in /Users/admin/builder/spi-builder-workspace/.git/
From https://github.com/manux81/Chart
 * tag               1.3.2      -> FETCH_HEAD
HEAD is now at 146ce68 Update action script
Cloned https://github.com/manux81/Chart.git
Revision (git rev-parse @):
146ce681956846a19b030228ad0c51934fd9c089
SUCCESS checkout https://github.com/manux81/Chart.git at 1.3.2
========================================
Build
========================================
Selected platform:         watchOS
Swift version:             6.1
Building package at path:  $PWD
https://github.com/manux81/Chart.git
https://github.com/manux81/Chart.git
{
  "dependencies" : [
  ],
  "manifest_display_name" : "Chart",
  "name" : "Chart",
  "path" : "/Users/admin/builder/spi-builder-workspace",
  "platforms" : [
    {
      "name" : "ios",
      "version" : "13.0"
    }
  ],
  "products" : [
    {
      "name" : "Chart",
      "targets" : [
        "Chart"
      ],
      "type" : {
        "library" : [
          "automatic"
        ]
      }
    }
  ],
  "targets" : [
    {
      "c99name" : "ChartTests",
      "module_type" : "SwiftTarget",
      "name" : "ChartTests",
      "path" : "Tests/ChartTests",
      "sources" : [
        "ChartTests.swift"
      ],
      "target_dependencies" : [
        "Chart"
      ],
      "type" : "test"
    },
    {
      "c99name" : "Chart",
      "module_type" : "SwiftTarget",
      "name" : "Chart",
      "path" : "Sources/Chart",
      "product_memberships" : [
        "Chart"
      ],
      "sources" : [
        "Chart.swift",
        "ChartCore.swift",
        "SwiftUIChart.swift"
      ],
      "type" : "library"
    }
  ],
  "tools_version" : "5.9"
}
Command line invocation:
    /Applications/Xcode-16.3.0.app/Contents/Developer/usr/bin/xcodebuild -IDEClonedSourcePackagesDirPathOverride=/Users/admin/builder/spi-builder-workspace/.dependencies -resolvePackageDependencies
Resolve Package Graph
Resolve Package Graph
Resolved source packages:
  Chart: /Users/admin/builder/spi-builder-workspace
resolved source packages: Chart
{
  "dependencies" : [
  ],
  "manifest_display_name" : "Chart",
  "name" : "Chart",
  "path" : "/Users/admin/builder/spi-builder-workspace",
  "platforms" : [
    {
      "name" : "ios",
      "version" : "13.0"
    }
  ],
  "products" : [
    {
      "name" : "Chart",
      "targets" : [
        "Chart"
      ],
      "type" : {
        "library" : [
          "automatic"
        ]
      }
    }
  ],
  "targets" : [
    {
      "c99name" : "ChartTests",
      "module_type" : "SwiftTarget",
      "name" : "ChartTests",
      "path" : "Tests/ChartTests",
      "sources" : [
        "ChartTests.swift"
      ],
      "target_dependencies" : [
        "Chart"
      ],
      "type" : "test"
    },
    {
      "c99name" : "Chart",
      "module_type" : "SwiftTarget",
      "name" : "Chart",
      "path" : "Sources/Chart",
      "product_memberships" : [
        "Chart"
      ],
      "sources" : [
        "Chart.swift",
        "ChartCore.swift",
        "SwiftUIChart.swift"
      ],
      "type" : "library"
    }
  ],
  "tools_version" : "5.9"
}
{
  "workspace" : {
    "name" : "spi-builder-workspace",
    "schemes" : [
      "Chart"
    ]
  }
}
Running build ...
env DEVELOPER_DIR=/Applications/Xcode-16.3.0.app xcrun xcodebuild -IDEClonedSourcePackagesDirPathOverride=$PWD/.dependencies -skipMacroValidation -skipPackagePluginValidation -derivedDataPath $PWD/.derivedData build -scheme Chart -destination generic/platform=watchOS OTHER_SWIFT_FLAGS=-stats-output-dir .stats -strict-concurrency=complete -enable-upcoming-feature StrictConcurrency -enable-upcoming-feature DisableOutwardActorInference -enable-upcoming-feature GlobalActorIsolatedTypesUsability -enable-upcoming-feature InferSendableFromCaptures
Command line invocation:
    /Applications/Xcode-16.3.0.app/Contents/Developer/usr/bin/xcodebuild -IDEClonedSourcePackagesDirPathOverride=/Users/admin/builder/spi-builder-workspace/.dependencies -skipMacroValidation -skipPackagePluginValidation -derivedDataPath /Users/admin/builder/spi-builder-workspace/.derivedData build -scheme Chart -destination generic/platform=watchOS "OTHER_SWIFT_FLAGS=-stats-output-dir .stats -strict-concurrency=complete -enable-upcoming-feature StrictConcurrency -enable-upcoming-feature DisableOutwardActorInference -enable-upcoming-feature GlobalActorIsolatedTypesUsability -enable-upcoming-feature InferSendableFromCaptures"
Build settings from command line:
    OTHER_SWIFT_FLAGS = -stats-output-dir .stats -strict-concurrency=complete -enable-upcoming-feature StrictConcurrency -enable-upcoming-feature DisableOutwardActorInference -enable-upcoming-feature GlobalActorIsolatedTypesUsability -enable-upcoming-feature InferSendableFromCaptures
Resolve Package Graph
Resolved source packages:
  Chart: /Users/admin/builder/spi-builder-workspace
ComputePackagePrebuildTargetDependencyGraph
Prepare packages
CreateBuildRequest
SendProjectDescription
CreateBuildOperation
ComputeTargetDependencyGraph
note: Building targets in dependency order
note: Target dependency graph (2 targets)
    Target 'Chart' in project 'Chart'
        ➜ Explicit dependency on target 'Chart' in project 'Chart'
    Target 'Chart' in project 'Chart' (no dependencies)
GatherProvisioningInputs
CreateBuildDescription
ExecuteExternalTool /Applications/Xcode-16.3.0.app/Contents/Developer/Toolchains/XcodeDefault.xctoolchain/usr/bin/clang -v -E -dM -isysroot /Applications/Xcode-16.3.0.app/Contents/Developer/Platforms/WatchOS.platform/Developer/SDKs/WatchOS11.4.sdk -x c -c /dev/null
ExecuteExternalTool /Applications/Xcode-16.3.0.app/Contents/Developer/Toolchains/XcodeDefault.xctoolchain/usr/bin/swiftc --version
ExecuteExternalTool /Applications/Xcode-16.3.0.app/Contents/Developer/Toolchains/XcodeDefault.xctoolchain/usr/bin/ld -version_details
Build description signature: 17126d81a5e4ddcbdc27a150ef541b69
Build description path: /Users/admin/builder/spi-builder-workspace/.derivedData/Build/Intermediates.noindex/XCBuildData/17126d81a5e4ddcbdc27a150ef541b69.xcbuilddata
CreateBuildDirectory /Users/admin/builder/spi-builder-workspace/.derivedData/Build/Products
    cd /Users/admin/builder/spi-builder-workspace/.swiftpm/xcode
    builtin-create-build-directory /Users/admin/builder/spi-builder-workspace/.derivedData/Build/Products
ClangStatCache /Applications/Xcode-16.3.0.app/Contents/Developer/Toolchains/XcodeDefault.xctoolchain/usr/bin/clang-stat-cache /Applications/Xcode-16.3.0.app/Contents/Developer/Platforms/WatchOS.platform/Developer/SDKs/WatchOS11.4.sdk /Users/admin/builder/spi-builder-workspace/.derivedData/SDKStatCaches.noindex/watchos11.4-22T246-43efb940ff07ba2497b70ec94253f576.sdkstatcache
    cd /Users/admin/builder/spi-builder-workspace/.swiftpm/xcode
    /Applications/Xcode-16.3.0.app/Contents/Developer/Toolchains/XcodeDefault.xctoolchain/usr/bin/clang-stat-cache /Applications/Xcode-16.3.0.app/Contents/Developer/Platforms/WatchOS.platform/Developer/SDKs/WatchOS11.4.sdk -o /Users/admin/builder/spi-builder-workspace/.derivedData/SDKStatCaches.noindex/watchos11.4-22T246-43efb940ff07ba2497b70ec94253f576.sdkstatcache
CreateBuildDirectory /Users/admin/builder/spi-builder-workspace/.derivedData/Build/Intermediates.noindex
    cd /Users/admin/builder/spi-builder-workspace/.swiftpm/xcode
    builtin-create-build-directory /Users/admin/builder/spi-builder-workspace/.derivedData/Build/Intermediates.noindex
CreateBuildDirectory /Users/admin/builder/spi-builder-workspace/.derivedData/Build/Intermediates.noindex/EagerLinkingTBDs/Debug-watchos
    cd /Users/admin/builder/spi-builder-workspace/.swiftpm/xcode
    builtin-create-build-directory /Users/admin/builder/spi-builder-workspace/.derivedData/Build/Intermediates.noindex/EagerLinkingTBDs/Debug-watchos
CreateBuildDirectory /Users/admin/builder/spi-builder-workspace/.derivedData/Build/Products/Debug-watchos
    cd /Users/admin/builder/spi-builder-workspace/.swiftpm/xcode
    builtin-create-build-directory /Users/admin/builder/spi-builder-workspace/.derivedData/Build/Products/Debug-watchos
CreateBuildDirectory /Users/admin/builder/spi-builder-workspace/.derivedData/Build/Products/Debug-watchos/PackageFrameworks
    cd /Users/admin/builder/spi-builder-workspace/.swiftpm/xcode
    builtin-create-build-directory /Users/admin/builder/spi-builder-workspace/.derivedData/Build/Products/Debug-watchos/PackageFrameworks
WriteAuxiliaryFile /Users/admin/builder/spi-builder-workspace/.derivedData/Build/Intermediates.noindex/Chart.build/Debug-watchos/Chart.build/Objects-normal/arm64_32/Chart_const_extract_protocols.json (in target 'Chart' from project 'Chart')
    cd /Users/admin/builder/spi-builder-workspace
    write-file /Users/admin/builder/spi-builder-workspace/.derivedData/Build/Intermediates.noindex/Chart.build/Debug-watchos/Chart.build/Objects-normal/arm64_32/Chart_const_extract_protocols.json
WriteAuxiliaryFile /Users/admin/builder/spi-builder-workspace/.derivedData/Build/Intermediates.noindex/Chart.build/Debug-watchos/Chart.build/Objects-normal/arm64_32/Chart.SwiftFileList (in target 'Chart' from project 'Chart')
    cd /Users/admin/builder/spi-builder-workspace
    write-file /Users/admin/builder/spi-builder-workspace/.derivedData/Build/Intermediates.noindex/Chart.build/Debug-watchos/Chart.build/Objects-normal/arm64_32/Chart.SwiftFileList
WriteAuxiliaryFile /Users/admin/builder/spi-builder-workspace/.derivedData/Build/Intermediates.noindex/Chart.build/Debug-watchos/Chart.build/Objects-normal/arm64_32/Chart.SwiftConstValuesFileList (in target 'Chart' from project 'Chart')
    cd /Users/admin/builder/spi-builder-workspace
    write-file /Users/admin/builder/spi-builder-workspace/.derivedData/Build/Intermediates.noindex/Chart.build/Debug-watchos/Chart.build/Objects-normal/arm64_32/Chart.SwiftConstValuesFileList
WriteAuxiliaryFile /Users/admin/builder/spi-builder-workspace/.derivedData/Build/Intermediates.noindex/Chart.build/Debug-watchos/Chart.build/Objects-normal/armv7k/Chart.SwiftConstValuesFileList (in target 'Chart' from project 'Chart')
    cd /Users/admin/builder/spi-builder-workspace
    write-file /Users/admin/builder/spi-builder-workspace/.derivedData/Build/Intermediates.noindex/Chart.build/Debug-watchos/Chart.build/Objects-normal/armv7k/Chart.SwiftConstValuesFileList
WriteAuxiliaryFile /Users/admin/builder/spi-builder-workspace/.derivedData/Build/Intermediates.noindex/Chart.build/Debug-watchos/Chart.build/Objects-normal/arm64_32/Chart.LinkFileList (in target 'Chart' from project 'Chart')
    cd /Users/admin/builder/spi-builder-workspace
    write-file /Users/admin/builder/spi-builder-workspace/.derivedData/Build/Intermediates.noindex/Chart.build/Debug-watchos/Chart.build/Objects-normal/arm64_32/Chart.LinkFileList
WriteAuxiliaryFile /Users/admin/builder/spi-builder-workspace/.derivedData/Build/Intermediates.noindex/Chart.build/Debug-watchos/Chart.build/Objects-normal/armv7k/Chart.LinkFileList (in target 'Chart' from project 'Chart')
    cd /Users/admin/builder/spi-builder-workspace
    write-file /Users/admin/builder/spi-builder-workspace/.derivedData/Build/Intermediates.noindex/Chart.build/Debug-watchos/Chart.build/Objects-normal/armv7k/Chart.LinkFileList
WriteAuxiliaryFile /Users/admin/builder/spi-builder-workspace/.derivedData/Build/Intermediates.noindex/Chart.build/Debug-watchos/Chart.build/Objects-normal/armv7k/Chart-OutputFileMap.json (in target 'Chart' from project 'Chart')
    cd /Users/admin/builder/spi-builder-workspace
    write-file /Users/admin/builder/spi-builder-workspace/.derivedData/Build/Intermediates.noindex/Chart.build/Debug-watchos/Chart.build/Objects-normal/armv7k/Chart-OutputFileMap.json
WriteAuxiliaryFile /Users/admin/builder/spi-builder-workspace/.derivedData/Build/Intermediates.noindex/Chart.build/Debug-watchos/Chart.build/Objects-normal/armv7k/Chart_const_extract_protocols.json (in target 'Chart' from project 'Chart')
    cd /Users/admin/builder/spi-builder-workspace
    write-file /Users/admin/builder/spi-builder-workspace/.derivedData/Build/Intermediates.noindex/Chart.build/Debug-watchos/Chart.build/Objects-normal/armv7k/Chart_const_extract_protocols.json
WriteAuxiliaryFile /Users/admin/builder/spi-builder-workspace/.derivedData/Build/Intermediates.noindex/Chart.build/Debug-watchos/Chart.build/Objects-normal/armv7k/Chart.SwiftFileList (in target 'Chart' from project 'Chart')
    cd /Users/admin/builder/spi-builder-workspace
    write-file /Users/admin/builder/spi-builder-workspace/.derivedData/Build/Intermediates.noindex/Chart.build/Debug-watchos/Chart.build/Objects-normal/armv7k/Chart.SwiftFileList
WriteAuxiliaryFile /Users/admin/builder/spi-builder-workspace/.derivedData/Build/Intermediates.noindex/Chart.build/Debug-watchos/Chart.build/Objects-normal/arm64_32/Chart-OutputFileMap.json (in target 'Chart' from project 'Chart')
    cd /Users/admin/builder/spi-builder-workspace
    write-file /Users/admin/builder/spi-builder-workspace/.derivedData/Build/Intermediates.noindex/Chart.build/Debug-watchos/Chart.build/Objects-normal/arm64_32/Chart-OutputFileMap.json
WriteAuxiliaryFile /Users/admin/builder/spi-builder-workspace/.derivedData/Build/Intermediates.noindex/Chart.build/Debug-watchos/Chart.build/Objects-normal/arm64/Chart_const_extract_protocols.json (in target 'Chart' from project 'Chart')
    cd /Users/admin/builder/spi-builder-workspace
    write-file /Users/admin/builder/spi-builder-workspace/.derivedData/Build/Intermediates.noindex/Chart.build/Debug-watchos/Chart.build/Objects-normal/arm64/Chart_const_extract_protocols.json
WriteAuxiliaryFile /Users/admin/builder/spi-builder-workspace/.derivedData/Build/Intermediates.noindex/Chart.build/Debug-watchos/Chart.build/Objects-normal/arm64/Chart.SwiftFileList (in target 'Chart' from project 'Chart')
    cd /Users/admin/builder/spi-builder-workspace
    write-file /Users/admin/builder/spi-builder-workspace/.derivedData/Build/Intermediates.noindex/Chart.build/Debug-watchos/Chart.build/Objects-normal/arm64/Chart.SwiftFileList
WriteAuxiliaryFile /Users/admin/builder/spi-builder-workspace/.derivedData/Build/Intermediates.noindex/Chart.build/Debug-watchos/Chart.build/Objects-normal/arm64/Chart.SwiftConstValuesFileList (in target 'Chart' from project 'Chart')
    cd /Users/admin/builder/spi-builder-workspace
    write-file /Users/admin/builder/spi-builder-workspace/.derivedData/Build/Intermediates.noindex/Chart.build/Debug-watchos/Chart.build/Objects-normal/arm64/Chart.SwiftConstValuesFileList
WriteAuxiliaryFile /Users/admin/builder/spi-builder-workspace/.derivedData/Build/Intermediates.noindex/Chart.build/Debug-watchos/Chart.build/Objects-normal/arm64/Chart.LinkFileList (in target 'Chart' from project 'Chart')
    cd /Users/admin/builder/spi-builder-workspace
    write-file /Users/admin/builder/spi-builder-workspace/.derivedData/Build/Intermediates.noindex/Chart.build/Debug-watchos/Chart.build/Objects-normal/arm64/Chart.LinkFileList
WriteAuxiliaryFile /Users/admin/builder/spi-builder-workspace/.derivedData/Build/Intermediates.noindex/Chart.build/Debug-watchos/Chart.build/Objects-normal/arm64/Chart-OutputFileMap.json (in target 'Chart' from project 'Chart')
    cd /Users/admin/builder/spi-builder-workspace
    write-file /Users/admin/builder/spi-builder-workspace/.derivedData/Build/Intermediates.noindex/Chart.build/Debug-watchos/Chart.build/Objects-normal/arm64/Chart-OutputFileMap.json
WriteAuxiliaryFile /Users/admin/builder/spi-builder-workspace/.derivedData/Build/Intermediates.noindex/Chart.build/Debug-watchos/Chart.build/Chart.modulemap (in target 'Chart' from project 'Chart')
    cd /Users/admin/builder/spi-builder-workspace
    write-file /Users/admin/builder/spi-builder-workspace/.derivedData/Build/Intermediates.noindex/Chart.build/Debug-watchos/Chart.build/Chart.modulemap
WriteAuxiliaryFile /Users/admin/builder/spi-builder-workspace/.derivedData/Build/Intermediates.noindex/Chart.build/Debug-watchos/Chart.build/Chart.DependencyStaticMetadataFileList (in target 'Chart' from project 'Chart')
    cd /Users/admin/builder/spi-builder-workspace
    write-file /Users/admin/builder/spi-builder-workspace/.derivedData/Build/Intermediates.noindex/Chart.build/Debug-watchos/Chart.build/Chart.DependencyStaticMetadataFileList
WriteAuxiliaryFile /Users/admin/builder/spi-builder-workspace/.derivedData/Build/Intermediates.noindex/Chart.build/Debug-watchos/Chart.build/Chart.DependencyMetadataFileList (in target 'Chart' from project 'Chart')
    cd /Users/admin/builder/spi-builder-workspace
    write-file /Users/admin/builder/spi-builder-workspace/.derivedData/Build/Intermediates.noindex/Chart.build/Debug-watchos/Chart.build/Chart.DependencyMetadataFileList
Copy /Users/admin/builder/spi-builder-workspace/.derivedData/Build/Intermediates.noindex/GeneratedModuleMaps-watchos/Chart.modulemap /Users/admin/builder/spi-builder-workspace/.derivedData/Build/Intermediates.noindex/Chart.build/Debug-watchos/Chart.build/Chart.modulemap (in target 'Chart' from project 'Chart')
    cd /Users/admin/builder/spi-builder-workspace
    builtin-copy -exclude .DS_Store -exclude CVS -exclude .svn -exclude .git -exclude .hg -resolve-src-symlinks /Users/admin/builder/spi-builder-workspace/.derivedData/Build/Intermediates.noindex/Chart.build/Debug-watchos/Chart.build/Chart.modulemap /Users/admin/builder/spi-builder-workspace/.derivedData/Build/Intermediates.noindex/GeneratedModuleMaps-watchos
SwiftDriver Chart normal arm64_32 com.apple.xcode.tools.swift.compiler (in target 'Chart' from project 'Chart')
    cd /Users/admin/builder/spi-builder-workspace/.swiftpm/xcode
    builtin-SwiftDriver -- /Applications/Xcode-16.3.0.app/Contents/Developer/Toolchains/XcodeDefault.xctoolchain/usr/bin/swiftc -module-name Chart -Onone -enforce-exclusivity\=checked @/Users/admin/builder/spi-builder-workspace/.derivedData/Build/Intermediates.noindex/Chart.build/Debug-watchos/Chart.build/Objects-normal/arm64_32/Chart.SwiftFileList -DSWIFT_PACKAGE -DDEBUG -stats-output-dir .stats -strict-concurrency\=complete -enable-upcoming-feature StrictConcurrency -enable-upcoming-feature DisableOutwardActorInference -enable-upcoming-feature GlobalActorIsolatedTypesUsability -enable-upcoming-feature InferSendableFromCaptures -plugin-path /Applications/Xcode-16.3.0.app/Contents/Developer/Toolchains/XcodeDefault.xctoolchain/usr/lib/swift/host/plugins/testing -enable-experimental-feature DebugDescriptionMacro -sdk /Applications/Xcode-16.3.0.app/Contents/Developer/Platforms/WatchOS.platform/Developer/SDKs/WatchOS11.4.sdk -target arm64_32-apple-watchos6.0 -g -module-cache-path /Users/admin/builder/spi-builder-workspace/.derivedData/ModuleCache.noindex -Xfrontend -serialize-debugging-options -profile-coverage-mapping -profile-generate -enable-testing -index-store-path /Users/admin/builder/spi-builder-workspace/.derivedData/Index.noindex/DataStore -swift-version 5 -I /Users/admin/builder/spi-builder-workspace/.derivedData/Build/Products/Debug-watchos -I /Applications/Xcode-16.3.0.app/Contents/Developer/Platforms/WatchOS.platform/Developer/usr/lib -F /Users/admin/builder/spi-builder-workspace/.derivedData/Build/Products/Debug-watchos -F /Applications/Xcode-16.3.0.app/Contents/Developer/Platforms/WatchOS.platform/Developer/Library/Frameworks -F /Applications/Xcode-16.3.0.app/Contents/Developer/Platforms/WatchOS.platform/Developer/SDKs/WatchOS11.4.sdk/Developer/Library/Frameworks -c -j10 -enable-batch-mode -incremental -Xcc -ivfsstatcache -Xcc /Users/admin/builder/spi-builder-workspace/.derivedData/SDKStatCaches.noindex/watchos11.4-22T246-43efb940ff07ba2497b70ec94253f576.sdkstatcache -output-file-map /Users/admin/builder/spi-builder-workspace/.derivedData/Build/Intermediates.noindex/Chart.build/Debug-watchos/Chart.build/Objects-normal/arm64_32/Chart-OutputFileMap.json -use-frontend-parseable-output -save-temps -no-color-diagnostics -serialize-diagnostics -emit-dependencies -emit-module -emit-module-path /Users/admin/builder/spi-builder-workspace/.derivedData/Build/Intermediates.noindex/Chart.build/Debug-watchos/Chart.build/Objects-normal/arm64_32/Chart.swiftmodule -validate-clang-modules-once -clang-build-session-file /Users/admin/builder/spi-builder-workspace/.derivedData/ModuleCache.noindex/Session.modulevalidation -package-name spi_builder_workspace -Xcc -I/Users/admin/builder/spi-builder-workspace/.derivedData/Build/Intermediates.noindex/Chart.build/Debug-watchos/Chart.build/swift-overrides.hmap -emit-const-values -Xfrontend -const-gather-protocols-file -Xfrontend /Users/admin/builder/spi-builder-workspace/.derivedData/Build/Intermediates.noindex/Chart.build/Debug-watchos/Chart.build/Objects-normal/arm64_32/Chart_const_extract_protocols.json -Xcc -I/Users/admin/builder/spi-builder-workspace/.derivedData/Build/Products/Debug-watchos/include -Xcc -I/Users/admin/builder/spi-builder-workspace/.derivedData/Build/Intermediates.noindex/Chart.build/Debug-watchos/Chart.build/DerivedSources-normal/arm64_32 -Xcc -I/Users/admin/builder/spi-builder-workspace/.derivedData/Build/Intermediates.noindex/Chart.build/Debug-watchos/Chart.build/DerivedSources/arm64_32 -Xcc -I/Users/admin/builder/spi-builder-workspace/.derivedData/Build/Intermediates.noindex/Chart.build/Debug-watchos/Chart.build/DerivedSources -Xcc -DSWIFT_PACKAGE -Xcc -DDEBUG\=1 -emit-objc-header -emit-objc-header-path /Users/admin/builder/spi-builder-workspace/.derivedData/Build/Intermediates.noindex/Chart.build/Debug-watchos/Chart.build/Objects-normal/arm64_32/Chart-Swift.h -working-directory /Users/admin/builder/spi-builder-workspace/.swiftpm/xcode -experimental-emit-module-separately -disable-cmo
SwiftDriver Chart normal arm64 com.apple.xcode.tools.swift.compiler (in target 'Chart' from project 'Chart')
    cd /Users/admin/builder/spi-builder-workspace/.swiftpm/xcode
    builtin-SwiftDriver -- /Applications/Xcode-16.3.0.app/Contents/Developer/Toolchains/XcodeDefault.xctoolchain/usr/bin/swiftc -module-name Chart -Onone -enforce-exclusivity\=checked @/Users/admin/builder/spi-builder-workspace/.derivedData/Build/Intermediates.noindex/Chart.build/Debug-watchos/Chart.build/Objects-normal/arm64/Chart.SwiftFileList -DSWIFT_PACKAGE -DDEBUG -stats-output-dir .stats -strict-concurrency\=complete -enable-upcoming-feature StrictConcurrency -enable-upcoming-feature DisableOutwardActorInference -enable-upcoming-feature GlobalActorIsolatedTypesUsability -enable-upcoming-feature InferSendableFromCaptures -plugin-path /Applications/Xcode-16.3.0.app/Contents/Developer/Toolchains/XcodeDefault.xctoolchain/usr/lib/swift/host/plugins/testing -enable-experimental-feature DebugDescriptionMacro -sdk /Applications/Xcode-16.3.0.app/Contents/Developer/Platforms/WatchOS.platform/Developer/SDKs/WatchOS11.4.sdk -target arm64-apple-watchos6.0 -g -module-cache-path /Users/admin/builder/spi-builder-workspace/.derivedData/ModuleCache.noindex -Xfrontend -serialize-debugging-options -profile-coverage-mapping -profile-generate -enable-testing -index-store-path /Users/admin/builder/spi-builder-workspace/.derivedData/Index.noindex/DataStore -swift-version 5 -I /Users/admin/builder/spi-builder-workspace/.derivedData/Build/Products/Debug-watchos -I /Applications/Xcode-16.3.0.app/Contents/Developer/Platforms/WatchOS.platform/Developer/usr/lib -F /Users/admin/builder/spi-builder-workspace/.derivedData/Build/Products/Debug-watchos -F /Applications/Xcode-16.3.0.app/Contents/Developer/Platforms/WatchOS.platform/Developer/Library/Frameworks -F /Applications/Xcode-16.3.0.app/Contents/Developer/Platforms/WatchOS.platform/Developer/SDKs/WatchOS11.4.sdk/Developer/Library/Frameworks -c -j10 -enable-batch-mode -incremental -Xcc -ivfsstatcache -Xcc /Users/admin/builder/spi-builder-workspace/.derivedData/SDKStatCaches.noindex/watchos11.4-22T246-43efb940ff07ba2497b70ec94253f576.sdkstatcache -output-file-map /Users/admin/builder/spi-builder-workspace/.derivedData/Build/Intermediates.noindex/Chart.build/Debug-watchos/Chart.build/Objects-normal/arm64/Chart-OutputFileMap.json -use-frontend-parseable-output -save-temps -no-color-diagnostics -serialize-diagnostics -emit-dependencies -emit-module -emit-module-path /Users/admin/builder/spi-builder-workspace/.derivedData/Build/Intermediates.noindex/Chart.build/Debug-watchos/Chart.build/Objects-normal/arm64/Chart.swiftmodule -validate-clang-modules-once -clang-build-session-file /Users/admin/builder/spi-builder-workspace/.derivedData/ModuleCache.noindex/Session.modulevalidation -package-name spi_builder_workspace -Xcc -I/Users/admin/builder/spi-builder-workspace/.derivedData/Build/Intermediates.noindex/Chart.build/Debug-watchos/Chart.build/swift-overrides.hmap -emit-const-values -Xfrontend -const-gather-protocols-file -Xfrontend /Users/admin/builder/spi-builder-workspace/.derivedData/Build/Intermediates.noindex/Chart.build/Debug-watchos/Chart.build/Objects-normal/arm64/Chart_const_extract_protocols.json -Xcc -I/Users/admin/builder/spi-builder-workspace/.derivedData/Build/Products/Debug-watchos/include -Xcc -I/Users/admin/builder/spi-builder-workspace/.derivedData/Build/Intermediates.noindex/Chart.build/Debug-watchos/Chart.build/DerivedSources-normal/arm64 -Xcc -I/Users/admin/builder/spi-builder-workspace/.derivedData/Build/Intermediates.noindex/Chart.build/Debug-watchos/Chart.build/DerivedSources/arm64 -Xcc -I/Users/admin/builder/spi-builder-workspace/.derivedData/Build/Intermediates.noindex/Chart.build/Debug-watchos/Chart.build/DerivedSources -Xcc -DSWIFT_PACKAGE -Xcc -DDEBUG\=1 -emit-objc-header -emit-objc-header-path /Users/admin/builder/spi-builder-workspace/.derivedData/Build/Intermediates.noindex/Chart.build/Debug-watchos/Chart.build/Objects-normal/arm64/Chart-Swift.h -working-directory /Users/admin/builder/spi-builder-workspace/.swiftpm/xcode -experimental-emit-module-separately -disable-cmo
SwiftDriver Chart normal armv7k com.apple.xcode.tools.swift.compiler (in target 'Chart' from project 'Chart')
    cd /Users/admin/builder/spi-builder-workspace/.swiftpm/xcode
    builtin-SwiftDriver -- /Applications/Xcode-16.3.0.app/Contents/Developer/Toolchains/XcodeDefault.xctoolchain/usr/bin/swiftc -module-name Chart -Onone -enforce-exclusivity\=checked @/Users/admin/builder/spi-builder-workspace/.derivedData/Build/Intermediates.noindex/Chart.build/Debug-watchos/Chart.build/Objects-normal/armv7k/Chart.SwiftFileList -DSWIFT_PACKAGE -DDEBUG -stats-output-dir .stats -strict-concurrency\=complete -enable-upcoming-feature StrictConcurrency -enable-upcoming-feature DisableOutwardActorInference -enable-upcoming-feature GlobalActorIsolatedTypesUsability -enable-upcoming-feature InferSendableFromCaptures -plugin-path /Applications/Xcode-16.3.0.app/Contents/Developer/Toolchains/XcodeDefault.xctoolchain/usr/lib/swift/host/plugins/testing -enable-experimental-feature DebugDescriptionMacro -sdk /Applications/Xcode-16.3.0.app/Contents/Developer/Platforms/WatchOS.platform/Developer/SDKs/WatchOS11.4.sdk -target armv7k-apple-watchos6.0 -g -module-cache-path /Users/admin/builder/spi-builder-workspace/.derivedData/ModuleCache.noindex -Xfrontend -serialize-debugging-options -profile-coverage-mapping -profile-generate -enable-testing -index-store-path /Users/admin/builder/spi-builder-workspace/.derivedData/Index.noindex/DataStore -swift-version 5 -I /Users/admin/builder/spi-builder-workspace/.derivedData/Build/Products/Debug-watchos -I /Applications/Xcode-16.3.0.app/Contents/Developer/Platforms/WatchOS.platform/Developer/usr/lib -F /Users/admin/builder/spi-builder-workspace/.derivedData/Build/Products/Debug-watchos -F /Applications/Xcode-16.3.0.app/Contents/Developer/Platforms/WatchOS.platform/Developer/Library/Frameworks -F /Applications/Xcode-16.3.0.app/Contents/Developer/Platforms/WatchOS.platform/Developer/SDKs/WatchOS11.4.sdk/Developer/Library/Frameworks -c -j10 -enable-batch-mode -incremental -Xcc -ivfsstatcache -Xcc /Users/admin/builder/spi-builder-workspace/.derivedData/SDKStatCaches.noindex/watchos11.4-22T246-43efb940ff07ba2497b70ec94253f576.sdkstatcache -output-file-map /Users/admin/builder/spi-builder-workspace/.derivedData/Build/Intermediates.noindex/Chart.build/Debug-watchos/Chart.build/Objects-normal/armv7k/Chart-OutputFileMap.json -use-frontend-parseable-output -save-temps -no-color-diagnostics -serialize-diagnostics -emit-dependencies -emit-module -emit-module-path /Users/admin/builder/spi-builder-workspace/.derivedData/Build/Intermediates.noindex/Chart.build/Debug-watchos/Chart.build/Objects-normal/armv7k/Chart.swiftmodule -validate-clang-modules-once -clang-build-session-file /Users/admin/builder/spi-builder-workspace/.derivedData/ModuleCache.noindex/Session.modulevalidation -package-name spi_builder_workspace -Xcc -I/Users/admin/builder/spi-builder-workspace/.derivedData/Build/Intermediates.noindex/Chart.build/Debug-watchos/Chart.build/swift-overrides.hmap -emit-const-values -Xfrontend -const-gather-protocols-file -Xfrontend /Users/admin/builder/spi-builder-workspace/.derivedData/Build/Intermediates.noindex/Chart.build/Debug-watchos/Chart.build/Objects-normal/armv7k/Chart_const_extract_protocols.json -Xcc -I/Users/admin/builder/spi-builder-workspace/.derivedData/Build/Products/Debug-watchos/include -Xcc -I/Users/admin/builder/spi-builder-workspace/.derivedData/Build/Intermediates.noindex/Chart.build/Debug-watchos/Chart.build/DerivedSources-normal/armv7k -Xcc -I/Users/admin/builder/spi-builder-workspace/.derivedData/Build/Intermediates.noindex/Chart.build/Debug-watchos/Chart.build/DerivedSources/armv7k -Xcc -I/Users/admin/builder/spi-builder-workspace/.derivedData/Build/Intermediates.noindex/Chart.build/Debug-watchos/Chart.build/DerivedSources -Xcc -DSWIFT_PACKAGE -Xcc -DDEBUG\=1 -emit-objc-header -emit-objc-header-path /Users/admin/builder/spi-builder-workspace/.derivedData/Build/Intermediates.noindex/Chart.build/Debug-watchos/Chart.build/Objects-normal/armv7k/Chart-Swift.h -working-directory /Users/admin/builder/spi-builder-workspace/.swiftpm/xcode -experimental-emit-module-separately -disable-cmo
SwiftCompile normal armv7k Compiling\ ChartCore.swift /Users/admin/builder/spi-builder-workspace/Sources/Chart/ChartCore.swift (in target 'Chart' from project 'Chart')
SwiftCompile normal armv7k /Users/admin/builder/spi-builder-workspace/Sources/Chart/ChartCore.swift (in target 'Chart' from project 'Chart')
    cd /Users/admin/builder/spi-builder-workspace/.swiftpm/xcode

SwiftEmitModule normal armv7k Emitting\ module\ for\ Chart (in target 'Chart' from project 'Chart')
EmitSwiftModule normal armv7k (in target 'Chart' from project 'Chart')
    cd /Users/admin/builder/spi-builder-workspace/.swiftpm/xcode

SwiftCompile normal arm64 Compiling\ ChartCore.swift /Users/admin/builder/spi-builder-workspace/Sources/Chart/ChartCore.swift (in target 'Chart' from project 'Chart')
SwiftCompile normal arm64 /Users/admin/builder/spi-builder-workspace/Sources/Chart/ChartCore.swift (in target 'Chart' from project 'Chart')
    cd /Users/admin/builder/spi-builder-workspace/.swiftpm/xcode

SwiftCompile normal armv7k Compiling\ SwiftUIChart.swift /Users/admin/builder/spi-builder-workspace/Sources/Chart/SwiftUIChart.swift (in target 'Chart' from project 'Chart')
SwiftCompile normal armv7k /Users/admin/builder/spi-builder-workspace/Sources/Chart/SwiftUIChart.swift (in target 'Chart' from project 'Chart')
    cd /Users/admin/builder/spi-builder-workspace/.swiftpm/xcode

SwiftCompile normal arm64 Compiling\ SwiftUIChart.swift /Users/admin/builder/spi-builder-workspace/Sources/Chart/SwiftUIChart.swift (in target 'Chart' from project 'Chart')
SwiftCompile normal arm64 /Users/admin/builder/spi-builder-workspace/Sources/Chart/SwiftUIChart.swift (in target 'Chart' from project 'Chart')
    cd /Users/admin/builder/spi-builder-workspace/.swiftpm/xcode

SwiftCompile normal arm64 Compiling\ Chart.swift /Users/admin/builder/spi-builder-workspace/Sources/Chart/Chart.swift (in target 'Chart' from project 'Chart')
SwiftCompile normal arm64 /Users/admin/builder/spi-builder-workspace/Sources/Chart/Chart.swift (in target 'Chart' from project 'Chart')
    cd /Users/admin/builder/spi-builder-workspace/.swiftpm/xcode

SwiftCompile normal armv7k Compiling\ Chart.swift /Users/admin/builder/spi-builder-workspace/Sources/Chart/Chart.swift (in target 'Chart' from project 'Chart')
SwiftCompile normal armv7k /Users/admin/builder/spi-builder-workspace/Sources/Chart/Chart.swift (in target 'Chart' from project 'Chart')
    cd /Users/admin/builder/spi-builder-workspace/.swiftpm/xcode

SwiftEmitModule normal arm64 Emitting\ module\ for\ Chart (in target 'Chart' from project 'Chart')
Failed frontend command:
/Applications/Xcode-16.3.0.app/Contents/Developer/Toolchains/XcodeDefault.xctoolchain/usr/bin/swift-frontend -frontend -emit-module -experimental-skip-non-inlinable-function-bodies-without-types /Users/admin/builder/spi-builder-workspace/Sources/Chart/Chart.swift /Users/admin/builder/spi-builder-workspace/Sources/Chart/ChartCore.swift /Users/admin/builder/spi-builder-workspace/Sources/Chart/SwiftUIChart.swift -target arm64-apple-watchos6.0 -Xllvm -aarch64-use-tbi -enable-objc-interop -stack-check -sdk /Applications/Xcode-16.3.0.app/Contents/Developer/Platforms/WatchOS.platform/Developer/SDKs/WatchOS11.4.sdk -I /Users/admin/builder/spi-builder-workspace/.derivedData/Build/Products/Debug-watchos -I /Applications/Xcode-16.3.0.app/Contents/Developer/Platforms/WatchOS.platform/Developer/usr/lib -F /Users/admin/builder/spi-builder-workspace/.derivedData/Build/Products/Debug-watchos -F /Applications/Xcode-16.3.0.app/Contents/Developer/Platforms/WatchOS.platform/Developer/Library/Frameworks -F /Applications/Xcode-16.3.0.app/Contents/Developer/Platforms/WatchOS.platform/Developer/SDKs/WatchOS11.4.sdk/Developer/Library/Frameworks -no-color-diagnostics -enable-testing -g -debug-info-format\=dwarf -dwarf-version\=4 -module-cache-path /Users/admin/builder/spi-builder-workspace/.derivedData/ModuleCache.noindex -profile-generate -profile-coverage-mapping -swift-version 5 -enforce-exclusivity\=checked -stats-output-dir /Users/admin/builder/spi-builder-workspace/.swiftpm/xcode/.stats -Onone -D SWIFT_PACKAGE -D DEBUG -serialize-debugging-options -const-gather-protocols-file /Users/admin/builder/spi-builder-workspace/.derivedData/Build/Intermediates.noindex/Chart.build/Debug-watchos/Chart.build/Objects-normal/arm64/Chart_const_extract_protocols.json -enable-upcoming-feature StrictConcurrency -enable-upcoming-feature DisableOutwardActorInference -enable-upcoming-feature GlobalActorIsolatedTypesUsability -enable-upcoming-feature InferSendableFromCaptures -enable-experimental-feature DebugDescriptionMacro -strict-concurrency\=complete -empty-abi-descriptor -plugin-path /Applications/Xcode-16.3.0.app/Contents/Developer/Toolchains/XcodeDefault.xctoolchain/usr/lib/swift/host/plugins/testing -validate-clang-modules-once -clang-build-session-file /Users/admin/builder/spi-builder-workspace/.derivedData/ModuleCache.noindex/Session.modulevalidation -Xcc -working-directory -Xcc /Users/admin/builder/spi-builder-workspace/.swiftpm/xcode -resource-dir /Applications/Xcode-16.3.0.app/Contents/Developer/Toolchains/XcodeDefault.xctoolchain/usr/lib/swift -enable-anonymous-context-mangled-names -file-compilation-dir /Users/admin/builder/spi-builder-workspace/.swiftpm/xcode -Xcc -ivfsstatcache -Xcc /Users/admin/builder/spi-builder-workspace/.derivedData/SDKStatCaches.noindex/watchos11.4-22T246-43efb940ff07ba2497b70ec94253f576.sdkstatcache -Xcc -I/Users/admin/builder/spi-builder-workspace/.derivedData/Build/Intermediates.noindex/Chart.build/Debug-watchos/Chart.build/swift-overrides.hmap -Xcc -I/Users/admin/builder/spi-builder-workspace/.derivedData/Build/Products/Debug-watchos/include -Xcc -I/Users/admin/builder/spi-builder-workspace/.derivedData/Build/Intermediates.noindex/Chart.build/Debug-watchos/Chart.build/DerivedSources-normal/arm64 -Xcc -I/Users/admin/builder/spi-builder-workspace/.derivedData/Build/Intermediates.noindex/Chart.build/Debug-watchos/Chart.build/DerivedSources/arm64 -Xcc -I/Users/admin/builder/spi-builder-workspace/.derivedData/Build/Intermediates.noindex/Chart.build/Debug-watchos/Chart.build/DerivedSources -Xcc -DSWIFT_PACKAGE -Xcc -DDEBUG\=1 -module-name Chart -package-name spi_builder_workspace -frontend-parseable-output -disable-clang-spi -target-sdk-version 11.4 -target-sdk-name watchos11.4 -external-plugin-path /Applications/Xcode-16.3.0.app/Contents/Developer/Platforms/WatchOS.platform/Developer/usr/lib/swift/host/plugins\#/Applications/Xcode-16.3.0.app/Contents/Developer/Platforms/WatchOS.platform/Developer/usr/bin/swift-plugin-server -external-plugin-path /Applications/Xcode-16.3.0.app/Contents/Developer/Platforms/WatchOS.platform/Developer/usr/local/lib/swift/host/plugins\#/Applications/Xcode-16.3.0.app/Contents/Developer/Platforms/WatchOS.platform/Developer/usr/bin/swift-plugin-server -in-process-plugin-server-path /Applications/Xcode-16.3.0.app/Contents/Developer/Toolchains/XcodeDefault.xctoolchain/usr/lib/swift/host/libSwiftInProcPluginServer.dylib -plugin-path /Applications/Xcode-16.3.0.app/Contents/Developer/Toolchains/XcodeDefault.xctoolchain/usr/lib/swift/host/plugins -plugin-path /Applications/Xcode-16.3.0.app/Contents/Developer/Toolchains/XcodeDefault.xctoolchain/usr/local/lib/swift/host/plugins -emit-module-doc-path /Users/admin/builder/spi-builder-workspace/.derivedData/Build/Intermediates.noindex/Chart.build/Debug-watchos/Chart.build/Objects-normal/arm64/Chart.swiftdoc -emit-module-source-info-path /Users/admin/builder/spi-builder-workspace/.derivedData/Build/Intermediates.noindex/Chart.build/Debug-watchos/Chart.build/Objects-normal/arm64/Chart.swiftsourceinfo -emit-objc-header-path /Users/admin/builder/spi-builder-workspace/.derivedData/Build/Intermediates.noindex/Chart.build/Debug-watchos/Chart.build/Objects-normal/arm64/Chart-Swift.h -serialize-diagnostics-path /Users/admin/builder/spi-builder-workspace/.derivedData/Build/Intermediates.noindex/Chart.build/Debug-watchos/Chart.build/Objects-normal/arm64/Chart-master-emit-module.dia -emit-dependencies-path /Users/admin/builder/spi-builder-workspace/.derivedData/Build/Intermediates.noindex/Chart.build/Debug-watchos/Chart.build/Objects-normal/arm64/Chart-master-emit-module.d -o /Users/admin/builder/spi-builder-workspace/.derivedData/Build/Intermediates.noindex/Chart.build/Debug-watchos/Chart.build/Objects-normal/arm64/Chart.swiftmodule -emit-abi-descriptor-path /Users/admin/builder/spi-builder-workspace/.derivedData/Build/Intermediates.noindex/Chart.build/Debug-watchos/Chart.build/Objects-normal/arm64/Chart.abi.json
EmitSwiftModule normal arm64 (in target 'Chart' from project 'Chart')
    cd /Users/admin/builder/spi-builder-workspace/.swiftpm/xcode

/Users/admin/builder/spi-builder-workspace/Sources/Chart/Chart.swift:54:20: warning: static property 'light' is not concurrency-safe because non-'Sendable' type 'ChartStyle' may have shared mutable state; this is an error in the Swift 6 language mode
        public static let light = ChartStyle()
                          ^
/Users/admin/builder/spi-builder-workspace/Sources/Chart/Chart.swift:27:15: note: consider making struct 'ChartStyle' conform to the 'Sendable' protocol
public struct ChartStyle {
              ^
                         : Sendable
/Users/admin/builder/spi-builder-workspace/Sources/Chart/Chart.swift:54:20: note: add '@MainActor' to make static property 'light' part of global actor 'MainActor'
        public static let light = ChartStyle()
                          ^
        @MainActor
/Users/admin/builder/spi-builder-workspace/Sources/Chart/Chart.swift:54:20: note: disable concurrency-safety checks if accesses are protected by an external synchronization mechanism
        public static let light = ChartStyle()
                          ^
        nonisolated(unsafe)
/Users/admin/builder/spi-builder-workspace/Sources/Chart/Chart.swift:55:20: warning: static property 'dark' is not concurrency-safe because non-'Sendable' type 'ChartStyle' may have shared mutable state; this is an error in the Swift 6 language mode
        public static let dark = ChartStyle(
                          ^
/Users/admin/builder/spi-builder-workspace/Sources/Chart/Chart.swift:27:15: note: consider making struct 'ChartStyle' conform to the 'Sendable' protocol
public struct ChartStyle {
              ^
                         : Sendable
/Users/admin/builder/spi-builder-workspace/Sources/Chart/Chart.swift:55:20: note: add '@MainActor' to make static property 'dark' part of global actor 'MainActor'
        public static let dark = ChartStyle(
                          ^
        @MainActor
/Users/admin/builder/spi-builder-workspace/Sources/Chart/Chart.swift:55:20: note: disable concurrency-safety checks if accesses are protected by an external synchronization mechanism
        public static let dark = ChartStyle(
                          ^
        nonisolated(unsafe)
/Users/admin/builder/spi-builder-workspace/Sources/Chart/Chart.swift:106:79: error: cannot find 'setNeedsDisplay' in scope
        public var tooltipValueFont: UIFont = .boldSystemFont(ofSize: 18) { didSet { setNeedsDisplay() } }
                                                                                     ^~~~~~~~~~~~~~~
/Users/admin/builder/spi-builder-workspace/Sources/Chart/Chart.swift:107:80: error: cannot find 'setNeedsDisplay' in scope
        public var tooltipDetailFont: UIFont = .boldSystemFont(ofSize: 10) { didSet { setNeedsDisplay() } }
                                                                                      ^~~~~~~~~~~~~~~
/Users/admin/builder/spi-builder-workspace/Sources/Chart/Chart.swift:108:59: error: cannot find 'setNeedsDisplay' in scope
        public var tooltipTextColor: UIColor = .white { didSet { setNeedsDisplay() } }
                                                                 ^~~~~~~~~~~~~~~
/Users/admin/builder/spi-builder-workspace/Sources/Chart/Chart.swift:109:96: error: cannot find 'setNeedsDisplay' in scope
        public var tooltipBackgroundColor: UIColor = UIColor.black.withAlphaComponent(0.7) { didSet { setNeedsDisplay() } }
                                                                                                      ^~~~~~~~~~~~~~~
/Users/admin/builder/spi-builder-workspace/Sources/Chart/Chart.swift:110:57: error: cannot find 'setNeedsDisplay' in scope
        public var tooltipCornerRadius: CGFloat = 5 { didSet { setNeedsDisplay() } }
                                                               ^~~~~~~~~~~~~~~
/Users/admin/builder/spi-builder-workspace/Sources/Chart/Chart.swift:115:4: error: cannot find 'setNeedsDisplay' in scope
                        setNeedsDisplay()
                        ^~~~~~~~~~~~~~~
/Users/admin/builder/spi-builder-workspace/Sources/Chart/Chart.swift:133:67: error: cannot find 'setNeedsDisplay' in scope
        public var xAxisLabelFormatter: ((Double) -> String)? { didSet { setNeedsDisplay() } }
                                                                         ^~~~~~~~~~~~~~~
/Users/admin/builder/spi-builder-workspace/Sources/Chart/Chart.swift:134:67: error: cannot find 'setNeedsDisplay' in scope
        public var yAxisLabelFormatter: ((Double) -> String)? { didSet { setNeedsDisplay() } }
                                                                         ^~~~~~~~~~~~~~~
/Users/admin/builder/spi-builder-workspace/Sources/Chart/Chart.swift:135:69: error: cannot find 'setNeedsDisplay' in scope
        public var balloonValueFormatter: ((Double) -> String)? { didSet { setNeedsDisplay() } }
                                                                           ^~~~~~~~~~~~~~~
/Users/admin/builder/spi-builder-workspace/Sources/Chart/Chart.swift:137:61: error: cannot find 'setNeedsDisplay' in scope
                didSet { surfaceOpacity = min(max(surfaceOpacity, 0), 1); setNeedsDisplay() }
                                                                          ^~~~~~~~~~~~~~~
/Users/admin/builder/spi-builder-workspace/Sources/Chart/Chart.swift:214:31: error: cannot find type 'UIPinchGestureRecognizer' in scope
        private var recognizerPinch: UIPinchGestureRecognizer?
                                     ^~~~~~~~~~~~~~~~~~~~~~~~
/Users/admin/builder/spi-builder-workspace/Sources/Chart/Chart.swift:215:29: error: cannot find type 'UIPanGestureRecognizer' in scope
        private var recognizerPan: UIPanGestureRecognizer?
                                   ^~~~~~~~~~~~~~~~~~~~~~
/Users/admin/builder/spi-builder-workspace/Sources/Chart/Chart.swift:216:31: error: cannot find type 'UITapGestureRecognizer' in scope
        private var recognizerReset: UITapGestureRecognizer?
                                     ^~~~~~~~~~~~~~~~~~~~~~
/Users/admin/builder/spi-builder-workspace/Sources/Chart/Chart.swift:197:34: error: cannot find 'UIScreen' in scope
        private let screenScale = 1.0 / UIScreen.main.scale
                                        ^~~~~~~~
/Users/admin/builder/spi-builder-workspace/Sources/Chart/Chart.swift:211:30: error: cannot find type 'UISwipeGestureRecognizer' in scope
        private var recognizerLeft: UISwipeGestureRecognizer?
                                    ^~~~~~~~~~~~~~~~~~~~~~~~
/Users/admin/builder/spi-builder-workspace/Sources/Chart/Chart.swift:212:31: error: cannot find type 'UISwipeGestureRecognizer' in scope
        private var recognizerRight: UISwipeGestureRecognizer?
                                     ^~~~~~~~~~~~~~~~~~~~~~~~
/Users/admin/builder/spi-builder-workspace/Sources/Chart/Chart.swift:213:35: error: cannot find type 'UILongPressGestureRecognizer' in scope
        private var recognizerLongPress: UILongPressGestureRecognizer?
                                         ^~~~~~~~~~~~~~~~~~~~~~~~~~~~
/Users/admin/builder/spi-builder-workspace/Sources/Chart/Chart.swift:229:18: error: initializer does not override a designated initializer from its superclass
        public override init(frame: CGRect) {
               ~~~~~~~~ ^
/Users/admin/builder/spi-builder-workspace/Sources/Chart/Chart.swift:293:23: error: method does not override any method from its superclass
        public override func draw(_ rect: CGRect) {
               ~~~~~~~~      ^
/Users/admin/builder/spi-builder-workspace/Sources/Chart/Chart.swift:324:38: error: cannot find type 'UISwipeGestureRecognizer' in scope
        @objc func swipe(gestureRecognizer: UISwipeGestureRecognizer!) {
                                            ^~~~~~~~~~~~~~~~~~~~~~~~
/Users/admin/builder/spi-builder-workspace/Sources/Chart/Chart.swift:330:42: error: cannot find type 'UILongPressGestureRecognizer' in scope
        @objc func longPress(gestureRecognizer: UILongPressGestureRecognizer!) {
                                                ^~~~~~~~~~~~~~~~~~~~~~~~~~~~
/Users/admin/builder/spi-builder-workspace/Sources/Chart/Chart.swift:393:54: error: cannot find type 'UIPinchGestureRecognizer' in scope
        @objc private func pinchViewport(gestureRecognizer: UIPinchGestureRecognizer) {
                                                            ^~~~~~~~~~~~~~~~~~~~~~~~
/Users/admin/builder/spi-builder-workspace/Sources/Chart/Chart.swift:404:52: error: cannot find type 'UIPanGestureRecognizer' in scope
        @objc private func panViewport(gestureRecognizer: UIPanGestureRecognizer) {
                                                          ^~~~~~~~~~~~~~~~~~~~~~
/Users/admin/builder/spi-builder-workspace/Sources/Chart/Chart.swift:68:35: error: cannot find type 'UIView' in scope
@IBDesignable public class Chart: UIView {
                                  ^~~~~~
/Applications/Xcode-16.3.0.app/Contents/Developer/Platforms/WatchOS.platform/Developer/SDKs/WatchOS11.4.sdk/System/Library/Frameworks/UIKit.framework/Headers/NSTextAttachment.h:23:1: note: interface 'UIView' forward declared here
@class UIView;
^
/Users/admin/builder/spi-builder-workspace/Sources/Chart/Chart.swift:937:18: error: cannot find type 'UIGestureRecognizerDelegate' in scope
extension Chart: UIGestureRecognizerDelegate {
                 ^~~~~~~~~~~~~~~~~~~~~~~~~~~
/Users/admin/builder/spi-builder-workspace/Sources/Chart/Chart.swift:939:53: error: cannot find type 'UIGestureRecognizer' in scope
        public func gestureRecognizer(_ gestureRecognizer: UIGestureRecognizer, shouldRecognizeSimultaneouslyWith otherGestureRecognizer: UIGestureRecognizer) -> Bool {
                                                           ^~~~~~~~~~~~~~~~~~~
/Users/admin/builder/spi-builder-workspace/Sources/Chart/Chart.swift:939:132: error: cannot find type 'UIGestureRecognizer' in scope
        public func gestureRecognizer(_ gestureRecognizer: UIGestureRecognizer, shouldRecognizeSimultaneouslyWith otherGestureRecognizer: UIGestureRecognizer) -> Bool {
                                                                                                                                          ^~~~~~~~~~~~~~~~~~~
/Users/admin/builder/spi-builder-workspace/Sources/Chart/SwiftUIChart.swift:31:34: error: cannot find type 'Context' in scope
        public func makeUIView(context: Context) -> Chart {
                                        ^~~~~~~
/Users/admin/builder/spi-builder-workspace/Sources/Chart/SwiftUIChart.swift:45:53: error: cannot find type 'Context' in scope
        public func updateUIView(_ uiView: Chart, context: Context) {
                                                           ^~~~~~~
/Users/admin/builder/spi-builder-workspace/Sources/Chart/SwiftUIChart.swift:11:29: error: cannot find type 'UIViewRepresentable' in scope
public struct SwiftUIChart: UIViewRepresentable {
                            ^~~~~~~~~~~~~~~~~~~
SwiftEmitModule normal arm64_32 Emitting\ module\ for\ Chart (in target 'Chart' from project 'Chart')
Failed frontend command:
/Applications/Xcode-16.3.0.app/Contents/Developer/Toolchains/XcodeDefault.xctoolchain/usr/bin/swift-frontend -frontend -emit-module -experimental-skip-non-inlinable-function-bodies-without-types /Users/admin/builder/spi-builder-workspace/Sources/Chart/Chart.swift /Users/admin/builder/spi-builder-workspace/Sources/Chart/ChartCore.swift /Users/admin/builder/spi-builder-workspace/Sources/Chart/SwiftUIChart.swift -target arm64_32-apple-watchos6.0 -enable-objc-interop -sdk /Applications/Xcode-16.3.0.app/Contents/Developer/Platforms/WatchOS.platform/Developer/SDKs/WatchOS11.4.sdk -I /Users/admin/builder/spi-builder-workspace/.derivedData/Build/Products/Debug-watchos -I /Applications/Xcode-16.3.0.app/Contents/Developer/Platforms/WatchOS.platform/Developer/usr/lib -F /Users/admin/builder/spi-builder-workspace/.derivedData/Build/Products/Debug-watchos -F /Applications/Xcode-16.3.0.app/Contents/Developer/Platforms/WatchOS.platform/Developer/Library/Frameworks -F /Applications/Xcode-16.3.0.app/Contents/Developer/Platforms/WatchOS.platform/Developer/SDKs/WatchOS11.4.sdk/Developer/Library/Frameworks -no-color-diagnostics -enable-testing -g -debug-info-format\=dwarf -dwarf-version\=4 -module-cache-path /Users/admin/builder/spi-builder-workspace/.derivedData/ModuleCache.noindex -profile-generate -profile-coverage-mapping -swift-version 5 -enforce-exclusivity\=checked -stats-output-dir /Users/admin/builder/spi-builder-workspace/.swiftpm/xcode/.stats -Onone -D SWIFT_PACKAGE -D DEBUG -serialize-debugging-options -const-gather-protocols-file /Users/admin/builder/spi-builder-workspace/.derivedData/Build/Intermediates.noindex/Chart.build/Debug-watchos/Chart.build/Objects-normal/arm64_32/Chart_const_extract_protocols.json -enable-upcoming-feature StrictConcurrency -enable-upcoming-feature DisableOutwardActorInference -enable-upcoming-feature GlobalActorIsolatedTypesUsability -enable-upcoming-feature InferSendableFromCaptures -enable-experimental-feature DebugDescriptionMacro -strict-concurrency\=complete -empty-abi-descriptor -plugin-path /Applications/Xcode-16.3.0.app/Contents/Developer/Toolchains/XcodeDefault.xctoolchain/usr/lib/swift/host/plugins/testing -validate-clang-modules-once -clang-build-session-file /Users/admin/builder/spi-builder-workspace/.derivedData/ModuleCache.noindex/Session.modulevalidation -Xcc -working-directory -Xcc /Users/admin/builder/spi-builder-workspace/.swiftpm/xcode -resource-dir /Applications/Xcode-16.3.0.app/Contents/Developer/Toolchains/XcodeDefault.xctoolchain/usr/lib/swift -enable-anonymous-context-mangled-names -file-compilation-dir /Users/admin/builder/spi-builder-workspace/.swiftpm/xcode -Xcc -ivfsstatcache -Xcc /Users/admin/builder/spi-builder-workspace/.derivedData/SDKStatCaches.noindex/watchos11.4-22T246-43efb940ff07ba2497b70ec94253f576.sdkstatcache -Xcc -I/Users/admin/builder/spi-builder-workspace/.derivedData/Build/Intermediates.noindex/Chart.build/Debug-watchos/Chart.build/swift-overrides.hmap -Xcc -I/Users/admin/builder/spi-builder-workspace/.derivedData/Build/Products/Debug-watchos/include -Xcc -I/Users/admin/builder/spi-builder-workspace/.derivedData/Build/Intermediates.noindex/Chart.build/Debug-watchos/Chart.build/DerivedSources-normal/arm64_32 -Xcc -I/Users/admin/builder/spi-builder-workspace/.derivedData/Build/Intermediates.noindex/Chart.build/Debug-watchos/Chart.build/DerivedSources/arm64_32 -Xcc -I/Users/admin/builder/spi-builder-workspace/.derivedData/Build/Intermediates.noindex/Chart.build/Debug-watchos/Chart.build/DerivedSources -Xcc -DSWIFT_PACKAGE -Xcc -DDEBUG\=1 -module-name Chart -package-name spi_builder_workspace -frontend-parseable-output -disable-clang-spi -target-sdk-version 11.4 -target-sdk-name watchos11.4 -external-plugin-path /Applications/Xcode-16.3.0.app/Contents/Developer/Platforms/WatchOS.platform/Developer/usr/lib/swift/host/plugins\#/Applications/Xcode-16.3.0.app/Contents/Developer/Platforms/WatchOS.platform/Developer/usr/bin/swift-plugin-server -external-plugin-path /Applications/Xcode-16.3.0.app/Contents/Developer/Platforms/WatchOS.platform/Developer/usr/local/lib/swift/host/plugins\#/Applications/Xcode-16.3.0.app/Contents/Developer/Platforms/WatchOS.platform/Developer/usr/bin/swift-plugin-server -in-process-plugin-server-path /Applications/Xcode-16.3.0.app/Contents/Developer/Toolchains/XcodeDefault.xctoolchain/usr/lib/swift/host/libSwiftInProcPluginServer.dylib -plugin-path /Applications/Xcode-16.3.0.app/Contents/Developer/Toolchains/XcodeDefault.xctoolchain/usr/lib/swift/host/plugins -plugin-path /Applications/Xcode-16.3.0.app/Contents/Developer/Toolchains/XcodeDefault.xctoolchain/usr/local/lib/swift/host/plugins -emit-module-doc-path /Users/admin/builder/spi-builder-workspace/.derivedData/Build/Intermediates.noindex/Chart.build/Debug-watchos/Chart.build/Objects-normal/arm64_32/Chart.swiftdoc -emit-module-source-info-path /Users/admin/builder/spi-builder-workspace/.derivedData/Build/Intermediates.noindex/Chart.build/Debug-watchos/Chart.build/Objects-normal/arm64_32/Chart.swiftsourceinfo -emit-objc-header-path /Users/admin/builder/spi-builder-workspace/.derivedData/Build/Intermediates.noindex/Chart.build/Debug-watchos/Chart.build/Objects-normal/arm64_32/Chart-Swift.h -serialize-diagnostics-path /Users/admin/builder/spi-builder-workspace/.derivedData/Build/Intermediates.noindex/Chart.build/Debug-watchos/Chart.build/Objects-normal/arm64_32/Chart-master-emit-module.dia -emit-dependencies-path /Users/admin/builder/spi-builder-workspace/.derivedData/Build/Intermediates.noindex/Chart.build/Debug-watchos/Chart.build/Objects-normal/arm64_32/Chart-master-emit-module.d -o /Users/admin/builder/spi-builder-workspace/.derivedData/Build/Intermediates.noindex/Chart.build/Debug-watchos/Chart.build/Objects-normal/arm64_32/Chart.swiftmodule -emit-abi-descriptor-path /Users/admin/builder/spi-builder-workspace/.derivedData/Build/Intermediates.noindex/Chart.build/Debug-watchos/Chart.build/Objects-normal/arm64_32/Chart.abi.json
EmitSwiftModule normal arm64_32 (in target 'Chart' from project 'Chart')
    cd /Users/admin/builder/spi-builder-workspace/.swiftpm/xcode

/Users/admin/builder/spi-builder-workspace/Sources/Chart/Chart.swift:54:20: warning: static property 'light' is not concurrency-safe because non-'Sendable' type 'ChartStyle' may have shared mutable state; this is an error in the Swift 6 language mode
        public static let light = ChartStyle()
                          ^
/Users/admin/builder/spi-builder-workspace/Sources/Chart/Chart.swift:27:15: note: consider making struct 'ChartStyle' conform to the 'Sendable' protocol
public struct ChartStyle {
              ^
                         : Sendable
/Users/admin/builder/spi-builder-workspace/Sources/Chart/Chart.swift:54:20: note: add '@MainActor' to make static property 'light' part of global actor 'MainActor'
        public static let light = ChartStyle()
                          ^
        @MainActor
/Users/admin/builder/spi-builder-workspace/Sources/Chart/Chart.swift:54:20: note: disable concurrency-safety checks if accesses are protected by an external synchronization mechanism
        public static let light = ChartStyle()
                          ^
        nonisolated(unsafe)
/Users/admin/builder/spi-builder-workspace/Sources/Chart/Chart.swift:55:20: warning: static property 'dark' is not concurrency-safe because non-'Sendable' type 'ChartStyle' may have shared mutable state; this is an error in the Swift 6 language mode
        public static let dark = ChartStyle(
                          ^
/Users/admin/builder/spi-builder-workspace/Sources/Chart/Chart.swift:27:15: note: consider making struct 'ChartStyle' conform to the 'Sendable' protocol
public struct ChartStyle {
              ^
                         : Sendable
/Users/admin/builder/spi-builder-workspace/Sources/Chart/Chart.swift:55:20: note: add '@MainActor' to make static property 'dark' part of global actor 'MainActor'
        public static let dark = ChartStyle(
                          ^
        @MainActor
/Users/admin/builder/spi-builder-workspace/Sources/Chart/Chart.swift:55:20: note: disable concurrency-safety checks if accesses are protected by an external synchronization mechanism
        public static let dark = ChartStyle(
                          ^
        nonisolated(unsafe)
/Users/admin/builder/spi-builder-workspace/Sources/Chart/Chart.swift:106:79: error: cannot find 'setNeedsDisplay' in scope
        public var tooltipValueFont: UIFont = .boldSystemFont(ofSize: 18) { didSet { setNeedsDisplay() } }
                                                                                     ^~~~~~~~~~~~~~~
/Users/admin/builder/spi-builder-workspace/Sources/Chart/Chart.swift:107:80: error: cannot find 'setNeedsDisplay' in scope
        public var tooltipDetailFont: UIFont = .boldSystemFont(ofSize: 10) { didSet { setNeedsDisplay() } }
                                                                                      ^~~~~~~~~~~~~~~
/Users/admin/builder/spi-builder-workspace/Sources/Chart/Chart.swift:108:59: error: cannot find 'setNeedsDisplay' in scope
        public var tooltipTextColor: UIColor = .white { didSet { setNeedsDisplay() } }
                                                                 ^~~~~~~~~~~~~~~
/Users/admin/builder/spi-builder-workspace/Sources/Chart/Chart.swift:109:96: error: cannot find 'setNeedsDisplay' in scope
        public var tooltipBackgroundColor: UIColor = UIColor.black.withAlphaComponent(0.7) { didSet { setNeedsDisplay() } }
                                                                                                      ^~~~~~~~~~~~~~~
/Users/admin/builder/spi-builder-workspace/Sources/Chart/Chart.swift:110:57: error: cannot find 'setNeedsDisplay' in scope
        public var tooltipCornerRadius: CGFloat = 5 { didSet { setNeedsDisplay() } }
                                                               ^~~~~~~~~~~~~~~
/Users/admin/builder/spi-builder-workspace/Sources/Chart/Chart.swift:115:4: error: cannot find 'setNeedsDisplay' in scope
                        setNeedsDisplay()
                        ^~~~~~~~~~~~~~~
/Users/admin/builder/spi-builder-workspace/Sources/Chart/Chart.swift:133:67: error: cannot find 'setNeedsDisplay' in scope
        public var xAxisLabelFormatter: ((Double) -> String)? { didSet { setNeedsDisplay() } }
                                                                         ^~~~~~~~~~~~~~~
/Users/admin/builder/spi-builder-workspace/Sources/Chart/Chart.swift:134:67: error: cannot find 'setNeedsDisplay' in scope
        public var yAxisLabelFormatter: ((Double) -> String)? { didSet { setNeedsDisplay() } }
                                                                         ^~~~~~~~~~~~~~~
/Users/admin/builder/spi-builder-workspace/Sources/Chart/Chart.swift:135:69: error: cannot find 'setNeedsDisplay' in scope
        public var balloonValueFormatter: ((Double) -> String)? { didSet { setNeedsDisplay() } }
                                                                           ^~~~~~~~~~~~~~~
/Users/admin/builder/spi-builder-workspace/Sources/Chart/Chart.swift:137:61: error: cannot find 'setNeedsDisplay' in scope
                didSet { surfaceOpacity = min(max(surfaceOpacity, 0), 1); setNeedsDisplay() }
                                                                          ^~~~~~~~~~~~~~~
/Users/admin/builder/spi-builder-workspace/Sources/Chart/Chart.swift:214:31: error: cannot find type 'UIPinchGestureRecognizer' in scope
        private var recognizerPinch: UIPinchGestureRecognizer?
                                     ^~~~~~~~~~~~~~~~~~~~~~~~
/Users/admin/builder/spi-builder-workspace/Sources/Chart/Chart.swift:215:29: error: cannot find type 'UIPanGestureRecognizer' in scope
        private var recognizerPan: UIPanGestureRecognizer?
                                   ^~~~~~~~~~~~~~~~~~~~~~
/Users/admin/builder/spi-builder-workspace/Sources/Chart/Chart.swift:216:31: error: cannot find type 'UITapGestureRecognizer' in scope
        private var recognizerReset: UITapGestureRecognizer?
                                     ^~~~~~~~~~~~~~~~~~~~~~
/Users/admin/builder/spi-builder-workspace/Sources/Chart/Chart.swift:197:34: error: cannot find 'UIScreen' in scope
        private let screenScale = 1.0 / UIScreen.main.scale
                                        ^~~~~~~~
/Users/admin/builder/spi-builder-workspace/Sources/Chart/Chart.swift:211:30: error: cannot find type 'UISwipeGestureRecognizer' in scope
        private var recognizerLeft: UISwipeGestureRecognizer?
                                    ^~~~~~~~~~~~~~~~~~~~~~~~
/Users/admin/builder/spi-builder-workspace/Sources/Chart/Chart.swift:212:31: error: cannot find type 'UISwipeGestureRecognizer' in scope
        private var recognizerRight: UISwipeGestureRecognizer?
                                     ^~~~~~~~~~~~~~~~~~~~~~~~
/Users/admin/builder/spi-builder-workspace/Sources/Chart/Chart.swift:213:35: error: cannot find type 'UILongPressGestureRecognizer' in scope
        private var recognizerLongPress: UILongPressGestureRecognizer?
                                         ^~~~~~~~~~~~~~~~~~~~~~~~~~~~
/Users/admin/builder/spi-builder-workspace/Sources/Chart/Chart.swift:229:18: error: initializer does not override a designated initializer from its superclass
        public override init(frame: CGRect) {
               ~~~~~~~~ ^
/Users/admin/builder/spi-builder-workspace/Sources/Chart/Chart.swift:293:23: error: method does not override any method from its superclass
        public override func draw(_ rect: CGRect) {
               ~~~~~~~~      ^
/Users/admin/builder/spi-builder-workspace/Sources/Chart/Chart.swift:324:38: error: cannot find type 'UISwipeGestureRecognizer' in scope
        @objc func swipe(gestureRecognizer: UISwipeGestureRecognizer!) {
                                            ^~~~~~~~~~~~~~~~~~~~~~~~
/Users/admin/builder/spi-builder-workspace/Sources/Chart/Chart.swift:330:42: error: cannot find type 'UILongPressGestureRecognizer' in scope
        @objc func longPress(gestureRecognizer: UILongPressGestureRecognizer!) {
                                                ^~~~~~~~~~~~~~~~~~~~~~~~~~~~
/Users/admin/builder/spi-builder-workspace/Sources/Chart/Chart.swift:393:54: error: cannot find type 'UIPinchGestureRecognizer' in scope
        @objc private func pinchViewport(gestureRecognizer: UIPinchGestureRecognizer) {
                                                            ^~~~~~~~~~~~~~~~~~~~~~~~
/Users/admin/builder/spi-builder-workspace/Sources/Chart/Chart.swift:404:52: error: cannot find type 'UIPanGestureRecognizer' in scope
        @objc private func panViewport(gestureRecognizer: UIPanGestureRecognizer) {
                                                          ^~~~~~~~~~~~~~~~~~~~~~
/Users/admin/builder/spi-builder-workspace/Sources/Chart/Chart.swift:68:35: error: cannot find type 'UIView' in scope
@IBDesignable public class Chart: UIView {
                                  ^~~~~~
/Applications/Xcode-16.3.0.app/Contents/Developer/Platforms/WatchOS.platform/Developer/SDKs/WatchOS11.4.sdk/System/Library/Frameworks/UIKit.framework/Headers/NSTextAttachment.h:23:1: note: interface 'UIView' forward declared here
@class UIView;
^
/Users/admin/builder/spi-builder-workspace/Sources/Chart/Chart.swift:937:18: error: cannot find type 'UIGestureRecognizerDelegate' in scope
extension Chart: UIGestureRecognizerDelegate {
                 ^~~~~~~~~~~~~~~~~~~~~~~~~~~
/Users/admin/builder/spi-builder-workspace/Sources/Chart/Chart.swift:939:53: error: cannot find type 'UIGestureRecognizer' in scope
        public func gestureRecognizer(_ gestureRecognizer: UIGestureRecognizer, shouldRecognizeSimultaneouslyWith otherGestureRecognizer: UIGestureRecognizer) -> Bool {
                                                           ^~~~~~~~~~~~~~~~~~~
/Users/admin/builder/spi-builder-workspace/Sources/Chart/Chart.swift:939:132: error: cannot find type 'UIGestureRecognizer' in scope
        public func gestureRecognizer(_ gestureRecognizer: UIGestureRecognizer, shouldRecognizeSimultaneouslyWith otherGestureRecognizer: UIGestureRecognizer) -> Bool {
                                                                                                                                          ^~~~~~~~~~~~~~~~~~~
/Users/admin/builder/spi-builder-workspace/Sources/Chart/SwiftUIChart.swift:31:34: error: cannot find type 'Context' in scope
        public func makeUIView(context: Context) -> Chart {
                                        ^~~~~~~
/Users/admin/builder/spi-builder-workspace/Sources/Chart/SwiftUIChart.swift:45:53: error: cannot find type 'Context' in scope
        public func updateUIView(_ uiView: Chart, context: Context) {
                                                           ^~~~~~~
/Users/admin/builder/spi-builder-workspace/Sources/Chart/SwiftUIChart.swift:11:29: error: cannot find type 'UIViewRepresentable' in scope
public struct SwiftUIChart: UIViewRepresentable {
                            ^~~~~~~~~~~~~~~~~~~
SwiftCompile normal arm64_32 Compiling\ SwiftUIChart.swift /Users/admin/builder/spi-builder-workspace/Sources/Chart/SwiftUIChart.swift (in target 'Chart' from project 'Chart')
SwiftCompile normal arm64_32 /Users/admin/builder/spi-builder-workspace/Sources/Chart/SwiftUIChart.swift (in target 'Chart' from project 'Chart')
    cd /Users/admin/builder/spi-builder-workspace/.swiftpm/xcode

SwiftCompile normal arm64_32 Compiling\ ChartCore.swift /Users/admin/builder/spi-builder-workspace/Sources/Chart/ChartCore.swift (in target 'Chart' from project 'Chart')
Command SwiftCompile failed with a nonzero exit code
** BUILD FAILED **
The following build commands failed:
	SwiftEmitModule normal arm64 Emitting\ module\ for\ Chart (in target 'Chart' from project 'Chart')
	EmitSwiftModule normal arm64 (in target 'Chart' from project 'Chart')
	SwiftEmitModule normal arm64_32 Emitting\ module\ for\ Chart (in target 'Chart' from project 'Chart')
	EmitSwiftModule normal arm64_32 (in target 'Chart' from project 'Chart')
	SwiftCompile normal arm64_32 Compiling\ ChartCore.swift /Users/admin/builder/spi-builder-workspace/Sources/Chart/ChartCore.swift (in target 'Chart' from project 'Chart')
	Building workspace spi-builder-workspace with scheme Chart
(6 failures)
Command line invocation:
    /Applications/Xcode-16.3.0.app/Contents/Developer/usr/bin/xcodebuild -IDEClonedSourcePackagesDirPathOverride=/Users/admin/builder/spi-builder-workspace/.dependencies -resolvePackageDependencies
Resolve Package Graph
Resolved source packages:
  Chart: /Users/admin/builder/spi-builder-workspace
resolved source packages: Chart
{
  "dependencies" : [
  ],
  "manifest_display_name" : "Chart",
  "name" : "Chart",
  "path" : "/Users/admin/builder/spi-builder-workspace",
  "platforms" : [
    {
      "name" : "ios",
      "version" : "13.0"
    }
  ],
  "products" : [
    {
      "name" : "Chart",
      "targets" : [
        "Chart"
      ],
      "type" : {
        "library" : [
          "automatic"
        ]
      }
    }
  ],
  "targets" : [
    {
      "c99name" : "ChartTests",
      "module_type" : "SwiftTarget",
      "name" : "ChartTests",
      "path" : "Tests/ChartTests",
      "sources" : [
        "ChartTests.swift"
      ],
      "target_dependencies" : [
        "Chart"
      ],
      "type" : "test"
    },
    {
      "c99name" : "Chart",
      "module_type" : "SwiftTarget",
      "name" : "Chart",
      "path" : "Sources/Chart",
      "product_memberships" : [
        "Chart"
      ],
      "sources" : [
        "Chart.swift",
        "ChartCore.swift",
        "SwiftUIChart.swift"
      ],
      "type" : "library"
    }
  ],
  "tools_version" : "5.9"
}
{
  "workspace" : {
    "name" : "spi-builder-workspace",
    "schemes" : [
      "Chart"
    ]
  }
}
Running build ...
env DEVELOPER_DIR=/Applications/Xcode-16.3.0.app xcrun xcodebuild -IDEClonedSourcePackagesDirPathOverride=$PWD/.dependencies -skipMacroValidation -skipPackagePluginValidation -derivedDataPath $PWD/.derivedData build -scheme Chart -destination generic/platform=watchOS
Command line invocation:
    /Applications/Xcode-16.3.0.app/Contents/Developer/usr/bin/xcodebuild -IDEClonedSourcePackagesDirPathOverride=/Users/admin/builder/spi-builder-workspace/.dependencies -skipMacroValidation -skipPackagePluginValidation -derivedDataPath /Users/admin/builder/spi-builder-workspace/.derivedData build -scheme Chart -destination generic/platform=watchOS
Resolve Package Graph
Resolved source packages:
  Chart: /Users/admin/builder/spi-builder-workspace
ComputePackagePrebuildTargetDependencyGraph
Prepare packages
CreateBuildRequest
SendProjectDescription
CreateBuildOperation
ComputeTargetDependencyGraph
note: Building targets in dependency order
note: Target dependency graph (2 targets)
    Target 'Chart' in project 'Chart'
        ➜ Explicit dependency on target 'Chart' in project 'Chart'
    Target 'Chart' in project 'Chart' (no dependencies)
GatherProvisioningInputs
CreateBuildDescription
ExecuteExternalTool /Applications/Xcode-16.3.0.app/Contents/Developer/Toolchains/XcodeDefault.xctoolchain/usr/bin/clang -v -E -dM -isysroot /Applications/Xcode-16.3.0.app/Contents/Developer/Platforms/WatchOS.platform/Developer/SDKs/WatchOS11.4.sdk -x c -c /dev/null
ExecuteExternalTool /Applications/Xcode-16.3.0.app/Contents/Developer/Toolchains/XcodeDefault.xctoolchain/usr/bin/swiftc --version
ExecuteExternalTool /Applications/Xcode-16.3.0.app/Contents/Developer/Toolchains/XcodeDefault.xctoolchain/usr/bin/ld -version_details
Build description signature: b619d42334b8d87866e1832d929bf303
Build description path: /Users/admin/builder/spi-builder-workspace/.derivedData/Build/Intermediates.noindex/XCBuildData/b619d42334b8d87866e1832d929bf303.xcbuilddata
ClangStatCache /Applications/Xcode-16.3.0.app/Contents/Developer/Toolchains/XcodeDefault.xctoolchain/usr/bin/clang-stat-cache /Applications/Xcode-16.3.0.app/Contents/Developer/Platforms/WatchOS.platform/Developer/SDKs/WatchOS11.4.sdk /Users/admin/builder/spi-builder-workspace/.derivedData/SDKStatCaches.noindex/watchos11.4-22T246-43efb940ff07ba2497b70ec94253f576.sdkstatcache
    cd /Users/admin/builder/spi-builder-workspace/.swiftpm/xcode
    /Applications/Xcode-16.3.0.app/Contents/Developer/Toolchains/XcodeDefault.xctoolchain/usr/bin/clang-stat-cache /Applications/Xcode-16.3.0.app/Contents/Developer/Platforms/WatchOS.platform/Developer/SDKs/WatchOS11.4.sdk -o /Users/admin/builder/spi-builder-workspace/.derivedData/SDKStatCaches.noindex/watchos11.4-22T246-43efb940ff07ba2497b70ec94253f576.sdkstatcache
SwiftDriver Chart normal armv7k com.apple.xcode.tools.swift.compiler (in target 'Chart' from project 'Chart')
    cd /Users/admin/builder/spi-builder-workspace/.swiftpm/xcode
    builtin-SwiftDriver -- /Applications/Xcode-16.3.0.app/Contents/Developer/Toolchains/XcodeDefault.xctoolchain/usr/bin/swiftc -module-name Chart -Onone -enforce-exclusivity\=checked @/Users/admin/builder/spi-builder-workspace/.derivedData/Build/Intermediates.noindex/Chart.build/Debug-watchos/Chart.build/Objects-normal/armv7k/Chart.SwiftFileList -DSWIFT_PACKAGE -DDEBUG -DXcode -plugin-path /Applications/Xcode-16.3.0.app/Contents/Developer/Toolchains/XcodeDefault.xctoolchain/usr/lib/swift/host/plugins/testing -enable-experimental-feature DebugDescriptionMacro -sdk /Applications/Xcode-16.3.0.app/Contents/Developer/Platforms/WatchOS.platform/Developer/SDKs/WatchOS11.4.sdk -target armv7k-apple-watchos6.0 -g -module-cache-path /Users/admin/builder/spi-builder-workspace/.derivedData/ModuleCache.noindex -Xfrontend -serialize-debugging-options -profile-coverage-mapping -profile-generate -enable-testing -index-store-path /Users/admin/builder/spi-builder-workspace/.derivedData/Index.noindex/DataStore -swift-version 5 -I /Users/admin/builder/spi-builder-workspace/.derivedData/Build/Products/Debug-watchos -I /Applications/Xcode-16.3.0.app/Contents/Developer/Platforms/WatchOS.platform/Developer/usr/lib -F /Users/admin/builder/spi-builder-workspace/.derivedData/Build/Products/Debug-watchos -F /Applications/Xcode-16.3.0.app/Contents/Developer/Platforms/WatchOS.platform/Developer/Library/Frameworks -F /Applications/Xcode-16.3.0.app/Contents/Developer/Platforms/WatchOS.platform/Developer/SDKs/WatchOS11.4.sdk/Developer/Library/Frameworks -c -j10 -enable-batch-mode -incremental -Xcc -ivfsstatcache -Xcc /Users/admin/builder/spi-builder-workspace/.derivedData/SDKStatCaches.noindex/watchos11.4-22T246-43efb940ff07ba2497b70ec94253f576.sdkstatcache -output-file-map /Users/admin/builder/spi-builder-workspace/.derivedData/Build/Intermediates.noindex/Chart.build/Debug-watchos/Chart.build/Objects-normal/armv7k/Chart-OutputFileMap.json -use-frontend-parseable-output -save-temps -no-color-diagnostics -serialize-diagnostics -emit-dependencies -emit-module -emit-module-path /Users/admin/builder/spi-builder-workspace/.derivedData/Build/Intermediates.noindex/Chart.build/Debug-watchos/Chart.build/Objects-normal/armv7k/Chart.swiftmodule -validate-clang-modules-once -clang-build-session-file /Users/admin/builder/spi-builder-workspace/.derivedData/ModuleCache.noindex/Session.modulevalidation -package-name spi_builder_workspace -Xcc -I/Users/admin/builder/spi-builder-workspace/.derivedData/Build/Intermediates.noindex/Chart.build/Debug-watchos/Chart.build/swift-overrides.hmap -emit-const-values -Xfrontend -const-gather-protocols-file -Xfrontend /Users/admin/builder/spi-builder-workspace/.derivedData/Build/Intermediates.noindex/Chart.build/Debug-watchos/Chart.build/Objects-normal/armv7k/Chart_const_extract_protocols.json -Xcc -I/Users/admin/builder/spi-builder-workspace/.derivedData/Build/Products/Debug-watchos/include -Xcc -I/Users/admin/builder/spi-builder-workspace/.derivedData/Build/Intermediates.noindex/Chart.build/Debug-watchos/Chart.build/DerivedSources-normal/armv7k -Xcc -I/Users/admin/builder/spi-builder-workspace/.derivedData/Build/Intermediates.noindex/Chart.build/Debug-watchos/Chart.build/DerivedSources/armv7k -Xcc -I/Users/admin/builder/spi-builder-workspace/.derivedData/Build/Intermediates.noindex/Chart.build/Debug-watchos/Chart.build/DerivedSources -Xcc -DSWIFT_PACKAGE -Xcc -DDEBUG\=1 -emit-objc-header -emit-objc-header-path /Users/admin/builder/spi-builder-workspace/.derivedData/Build/Intermediates.noindex/Chart.build/Debug-watchos/Chart.build/Objects-normal/armv7k/Chart-Swift.h -working-directory /Users/admin/builder/spi-builder-workspace/.swiftpm/xcode -experimental-emit-module-separately -disable-cmo
SwiftDriver Chart normal arm64 com.apple.xcode.tools.swift.compiler (in target 'Chart' from project 'Chart')
    cd /Users/admin/builder/spi-builder-workspace/.swiftpm/xcode
    builtin-SwiftDriver -- /Applications/Xcode-16.3.0.app/Contents/Developer/Toolchains/XcodeDefault.xctoolchain/usr/bin/swiftc -module-name Chart -Onone -enforce-exclusivity\=checked @/Users/admin/builder/spi-builder-workspace/.derivedData/Build/Intermediates.noindex/Chart.build/Debug-watchos/Chart.build/Objects-normal/arm64/Chart.SwiftFileList -DSWIFT_PACKAGE -DDEBUG -DXcode -plugin-path /Applications/Xcode-16.3.0.app/Contents/Developer/Toolchains/XcodeDefault.xctoolchain/usr/lib/swift/host/plugins/testing -enable-experimental-feature DebugDescriptionMacro -sdk /Applications/Xcode-16.3.0.app/Contents/Developer/Platforms/WatchOS.platform/Developer/SDKs/WatchOS11.4.sdk -target arm64-apple-watchos6.0 -g -module-cache-path /Users/admin/builder/spi-builder-workspace/.derivedData/ModuleCache.noindex -Xfrontend -serialize-debugging-options -profile-coverage-mapping -profile-generate -enable-testing -index-store-path /Users/admin/builder/spi-builder-workspace/.derivedData/Index.noindex/DataStore -swift-version 5 -I /Users/admin/builder/spi-builder-workspace/.derivedData/Build/Products/Debug-watchos -I /Applications/Xcode-16.3.0.app/Contents/Developer/Platforms/WatchOS.platform/Developer/usr/lib -F /Users/admin/builder/spi-builder-workspace/.derivedData/Build/Products/Debug-watchos -F /Applications/Xcode-16.3.0.app/Contents/Developer/Platforms/WatchOS.platform/Developer/Library/Frameworks -F /Applications/Xcode-16.3.0.app/Contents/Developer/Platforms/WatchOS.platform/Developer/SDKs/WatchOS11.4.sdk/Developer/Library/Frameworks -c -j10 -enable-batch-mode -incremental -Xcc -ivfsstatcache -Xcc /Users/admin/builder/spi-builder-workspace/.derivedData/SDKStatCaches.noindex/watchos11.4-22T246-43efb940ff07ba2497b70ec94253f576.sdkstatcache -output-file-map /Users/admin/builder/spi-builder-workspace/.derivedData/Build/Intermediates.noindex/Chart.build/Debug-watchos/Chart.build/Objects-normal/arm64/Chart-OutputFileMap.json -use-frontend-parseable-output -save-temps -no-color-diagnostics -serialize-diagnostics -emit-dependencies -emit-module -emit-module-path /Users/admin/builder/spi-builder-workspace/.derivedData/Build/Intermediates.noindex/Chart.build/Debug-watchos/Chart.build/Objects-normal/arm64/Chart.swiftmodule -validate-clang-modules-once -clang-build-session-file /Users/admin/builder/spi-builder-workspace/.derivedData/ModuleCache.noindex/Session.modulevalidation -package-name spi_builder_workspace -Xcc -I/Users/admin/builder/spi-builder-workspace/.derivedData/Build/Intermediates.noindex/Chart.build/Debug-watchos/Chart.build/swift-overrides.hmap -emit-const-values -Xfrontend -const-gather-protocols-file -Xfrontend /Users/admin/builder/spi-builder-workspace/.derivedData/Build/Intermediates.noindex/Chart.build/Debug-watchos/Chart.build/Objects-normal/arm64/Chart_const_extract_protocols.json -Xcc -I/Users/admin/builder/spi-builder-workspace/.derivedData/Build/Products/Debug-watchos/include -Xcc -I/Users/admin/builder/spi-builder-workspace/.derivedData/Build/Intermediates.noindex/Chart.build/Debug-watchos/Chart.build/DerivedSources-normal/arm64 -Xcc -I/Users/admin/builder/spi-builder-workspace/.derivedData/Build/Intermediates.noindex/Chart.build/Debug-watchos/Chart.build/DerivedSources/arm64 -Xcc -I/Users/admin/builder/spi-builder-workspace/.derivedData/Build/Intermediates.noindex/Chart.build/Debug-watchos/Chart.build/DerivedSources -Xcc -DSWIFT_PACKAGE -Xcc -DDEBUG\=1 -emit-objc-header -emit-objc-header-path /Users/admin/builder/spi-builder-workspace/.derivedData/Build/Intermediates.noindex/Chart.build/Debug-watchos/Chart.build/Objects-normal/arm64/Chart-Swift.h -working-directory /Users/admin/builder/spi-builder-workspace/.swiftpm/xcode -experimental-emit-module-separately -disable-cmo
SwiftDriver Chart normal arm64_32 com.apple.xcode.tools.swift.compiler (in target 'Chart' from project 'Chart')
    cd /Users/admin/builder/spi-builder-workspace/.swiftpm/xcode
    builtin-SwiftDriver -- /Applications/Xcode-16.3.0.app/Contents/Developer/Toolchains/XcodeDefault.xctoolchain/usr/bin/swiftc -module-name Chart -Onone -enforce-exclusivity\=checked @/Users/admin/builder/spi-builder-workspace/.derivedData/Build/Intermediates.noindex/Chart.build/Debug-watchos/Chart.build/Objects-normal/arm64_32/Chart.SwiftFileList -DSWIFT_PACKAGE -DDEBUG -DXcode -plugin-path /Applications/Xcode-16.3.0.app/Contents/Developer/Toolchains/XcodeDefault.xctoolchain/usr/lib/swift/host/plugins/testing -enable-experimental-feature DebugDescriptionMacro -sdk /Applications/Xcode-16.3.0.app/Contents/Developer/Platforms/WatchOS.platform/Developer/SDKs/WatchOS11.4.sdk -target arm64_32-apple-watchos6.0 -g -module-cache-path /Users/admin/builder/spi-builder-workspace/.derivedData/ModuleCache.noindex -Xfrontend -serialize-debugging-options -profile-coverage-mapping -profile-generate -enable-testing -index-store-path /Users/admin/builder/spi-builder-workspace/.derivedData/Index.noindex/DataStore -swift-version 5 -I /Users/admin/builder/spi-builder-workspace/.derivedData/Build/Products/Debug-watchos -I /Applications/Xcode-16.3.0.app/Contents/Developer/Platforms/WatchOS.platform/Developer/usr/lib -F /Users/admin/builder/spi-builder-workspace/.derivedData/Build/Products/Debug-watchos -F /Applications/Xcode-16.3.0.app/Contents/Developer/Platforms/WatchOS.platform/Developer/Library/Frameworks -F /Applications/Xcode-16.3.0.app/Contents/Developer/Platforms/WatchOS.platform/Developer/SDKs/WatchOS11.4.sdk/Developer/Library/Frameworks -c -j10 -enable-batch-mode -incremental -Xcc -ivfsstatcache -Xcc /Users/admin/builder/spi-builder-workspace/.derivedData/SDKStatCaches.noindex/watchos11.4-22T246-43efb940ff07ba2497b70ec94253f576.sdkstatcache -output-file-map /Users/admin/builder/spi-builder-workspace/.derivedData/Build/Intermediates.noindex/Chart.build/Debug-watchos/Chart.build/Objects-normal/arm64_32/Chart-OutputFileMap.json -use-frontend-parseable-output -save-temps -no-color-diagnostics -serialize-diagnostics -emit-dependencies -emit-module -emit-module-path /Users/admin/builder/spi-builder-workspace/.derivedData/Build/Intermediates.noindex/Chart.build/Debug-watchos/Chart.build/Objects-normal/arm64_32/Chart.swiftmodule -validate-clang-modules-once -clang-build-session-file /Users/admin/builder/spi-builder-workspace/.derivedData/ModuleCache.noindex/Session.modulevalidation -package-name spi_builder_workspace -Xcc -I/Users/admin/builder/spi-builder-workspace/.derivedData/Build/Intermediates.noindex/Chart.build/Debug-watchos/Chart.build/swift-overrides.hmap -emit-const-values -Xfrontend -const-gather-protocols-file -Xfrontend /Users/admin/builder/spi-builder-workspace/.derivedData/Build/Intermediates.noindex/Chart.build/Debug-watchos/Chart.build/Objects-normal/arm64_32/Chart_const_extract_protocols.json -Xcc -I/Users/admin/builder/spi-builder-workspace/.derivedData/Build/Products/Debug-watchos/include -Xcc -I/Users/admin/builder/spi-builder-workspace/.derivedData/Build/Intermediates.noindex/Chart.build/Debug-watchos/Chart.build/DerivedSources-normal/arm64_32 -Xcc -I/Users/admin/builder/spi-builder-workspace/.derivedData/Build/Intermediates.noindex/Chart.build/Debug-watchos/Chart.build/DerivedSources/arm64_32 -Xcc -I/Users/admin/builder/spi-builder-workspace/.derivedData/Build/Intermediates.noindex/Chart.build/Debug-watchos/Chart.build/DerivedSources -Xcc -DSWIFT_PACKAGE -Xcc -DDEBUG\=1 -emit-objc-header -emit-objc-header-path /Users/admin/builder/spi-builder-workspace/.derivedData/Build/Intermediates.noindex/Chart.build/Debug-watchos/Chart.build/Objects-normal/arm64_32/Chart-Swift.h -working-directory /Users/admin/builder/spi-builder-workspace/.swiftpm/xcode -experimental-emit-module-separately -disable-cmo
SwiftEmitModule normal arm64 Emitting\ module\ for\ Chart (in target 'Chart' from project 'Chart')
EmitSwiftModule normal arm64 (in target 'Chart' from project 'Chart')
    cd /Users/admin/builder/spi-builder-workspace/.swiftpm/xcode

/Users/admin/builder/spi-builder-workspace/Sources/Chart/Chart.swift:106:79: error: cannot find 'setNeedsDisplay' in scope
        public var tooltipValueFont: UIFont = .boldSystemFont(ofSize: 18) { didSet { setNeedsDisplay() } }
                                                                                     ^~~~~~~~~~~~~~~
/Users/admin/builder/spi-builder-workspace/Sources/Chart/Chart.swift:107:80: error: cannot find 'setNeedsDisplay' in scope
        public var tooltipDetailFont: UIFont = .boldSystemFont(ofSize: 10) { didSet { setNeedsDisplay() } }
                                                                                      ^~~~~~~~~~~~~~~
/Users/admin/builder/spi-builder-workspace/Sources/Chart/Chart.swift:108:59: error: cannot find 'setNeedsDisplay' in scope
        public var tooltipTextColor: UIColor = .white { didSet { setNeedsDisplay() } }
                                                                 ^~~~~~~~~~~~~~~
/Users/admin/builder/spi-builder-workspace/Sources/Chart/Chart.swift:109:96: error: cannot find 'setNeedsDisplay' in scope
        public var tooltipBackgroundColor: UIColor = UIColor.black.withAlphaComponent(0.7) { didSet { setNeedsDisplay() } }
                                                                                                      ^~~~~~~~~~~~~~~
/Users/admin/builder/spi-builder-workspace/Sources/Chart/Chart.swift:110:57: error: cannot find 'setNeedsDisplay' in scope
        public var tooltipCornerRadius: CGFloat = 5 { didSet { setNeedsDisplay() } }
                                                               ^~~~~~~~~~~~~~~
/Users/admin/builder/spi-builder-workspace/Sources/Chart/Chart.swift:115:4: error: cannot find 'setNeedsDisplay' in scope
                        setNeedsDisplay()
                        ^~~~~~~~~~~~~~~
/Users/admin/builder/spi-builder-workspace/Sources/Chart/Chart.swift:133:67: error: cannot find 'setNeedsDisplay' in scope
        public var xAxisLabelFormatter: ((Double) -> String)? { didSet { setNeedsDisplay() } }
                                                                         ^~~~~~~~~~~~~~~
/Users/admin/builder/spi-builder-workspace/Sources/Chart/Chart.swift:134:67: error: cannot find 'setNeedsDisplay' in scope
        public var yAxisLabelFormatter: ((Double) -> String)? { didSet { setNeedsDisplay() } }
                                                                         ^~~~~~~~~~~~~~~
/Users/admin/builder/spi-builder-workspace/Sources/Chart/Chart.swift:135:69: error: cannot find 'setNeedsDisplay' in scope
        public var balloonValueFormatter: ((Double) -> String)? { didSet { setNeedsDisplay() } }
                                                                           ^~~~~~~~~~~~~~~
/Users/admin/builder/spi-builder-workspace/Sources/Chart/Chart.swift:137:61: error: cannot find 'setNeedsDisplay' in scope
                didSet { surfaceOpacity = min(max(surfaceOpacity, 0), 1); setNeedsDisplay() }
                                                                          ^~~~~~~~~~~~~~~
/Users/admin/builder/spi-builder-workspace/Sources/Chart/Chart.swift:214:31: error: cannot find type 'UIPinchGestureRecognizer' in scope
        private var recognizerPinch: UIPinchGestureRecognizer?
                                     ^~~~~~~~~~~~~~~~~~~~~~~~
/Users/admin/builder/spi-builder-workspace/Sources/Chart/Chart.swift:215:29: error: cannot find type 'UIPanGestureRecognizer' in scope
        private var recognizerPan: UIPanGestureRecognizer?
                                   ^~~~~~~~~~~~~~~~~~~~~~
/Users/admin/builder/spi-builder-workspace/Sources/Chart/Chart.swift:216:31: error: cannot find type 'UITapGestureRecognizer' in scope
        private var recognizerReset: UITapGestureRecognizer?
                                     ^~~~~~~~~~~~~~~~~~~~~~
/Users/admin/builder/spi-builder-workspace/Sources/Chart/Chart.swift:197:34: error: cannot find 'UIScreen' in scope
        private let screenScale = 1.0 / UIScreen.main.scale
                                        ^~~~~~~~
/Users/admin/builder/spi-builder-workspace/Sources/Chart/Chart.swift:211:30: error: cannot find type 'UISwipeGestureRecognizer' in scope
        private var recognizerLeft: UISwipeGestureRecognizer?
                                    ^~~~~~~~~~~~~~~~~~~~~~~~
/Users/admin/builder/spi-builder-workspace/Sources/Chart/Chart.swift:212:31: error: cannot find type 'UISwipeGestureRecognizer' in scope
        private var recognizerRight: UISwipeGestureRecognizer?
                                     ^~~~~~~~~~~~~~~~~~~~~~~~
/Users/admin/builder/spi-builder-workspace/Sources/Chart/Chart.swift:213:35: error: cannot find type 'UILongPressGestureRecognizer' in scope
        private var recognizerLongPress: UILongPressGestureRecognizer?
                                         ^~~~~~~~~~~~~~~~~~~~~~~~~~~~
/Users/admin/builder/spi-builder-workspace/Sources/Chart/Chart.swift:229:18: error: initializer does not override a designated initializer from its superclass
        public override init(frame: CGRect) {
               ~~~~~~~~ ^
/Users/admin/builder/spi-builder-workspace/Sources/Chart/Chart.swift:293:23: error: method does not override any method from its superclass
        public override func draw(_ rect: CGRect) {
               ~~~~~~~~      ^
/Users/admin/builder/spi-builder-workspace/Sources/Chart/Chart.swift:324:38: error: cannot find type 'UISwipeGestureRecognizer' in scope
        @objc func swipe(gestureRecognizer: UISwipeGestureRecognizer!) {
                                            ^~~~~~~~~~~~~~~~~~~~~~~~
/Users/admin/builder/spi-builder-workspace/Sources/Chart/Chart.swift:330:42: error: cannot find type 'UILongPressGestureRecognizer' in scope
        @objc func longPress(gestureRecognizer: UILongPressGestureRecognizer!) {
                                                ^~~~~~~~~~~~~~~~~~~~~~~~~~~~
/Users/admin/builder/spi-builder-workspace/Sources/Chart/Chart.swift:393:54: error: cannot find type 'UIPinchGestureRecognizer' in scope
        @objc private func pinchViewport(gestureRecognizer: UIPinchGestureRecognizer) {
                                                            ^~~~~~~~~~~~~~~~~~~~~~~~
/Users/admin/builder/spi-builder-workspace/Sources/Chart/Chart.swift:404:52: error: cannot find type 'UIPanGestureRecognizer' in scope
        @objc private func panViewport(gestureRecognizer: UIPanGestureRecognizer) {
                                                          ^~~~~~~~~~~~~~~~~~~~~~
/Users/admin/builder/spi-builder-workspace/Sources/Chart/Chart.swift:68:35: error: cannot find type 'UIView' in scope
@IBDesignable public class Chart: UIView {
                                  ^~~~~~
/Applications/Xcode-16.3.0.app/Contents/Developer/Platforms/WatchOS.platform/Developer/SDKs/WatchOS11.4.sdk/System/Library/Frameworks/UIKit.framework/Headers/NSTextAttachment.h:23:1: note: interface 'UIView' forward declared here
@class UIView;
^
/Users/admin/builder/spi-builder-workspace/Sources/Chart/Chart.swift:937:18: error: cannot find type 'UIGestureRecognizerDelegate' in scope
extension Chart: UIGestureRecognizerDelegate {
                 ^~~~~~~~~~~~~~~~~~~~~~~~~~~
/Users/admin/builder/spi-builder-workspace/Sources/Chart/Chart.swift:939:53: error: cannot find type 'UIGestureRecognizer' in scope
        public func gestureRecognizer(_ gestureRecognizer: UIGestureRecognizer, shouldRecognizeSimultaneouslyWith otherGestureRecognizer: UIGestureRecognizer) -> Bool {
                                                           ^~~~~~~~~~~~~~~~~~~
/Users/admin/builder/spi-builder-workspace/Sources/Chart/Chart.swift:939:132: error: cannot find type 'UIGestureRecognizer' in scope
        public func gestureRecognizer(_ gestureRecognizer: UIGestureRecognizer, shouldRecognizeSimultaneouslyWith otherGestureRecognizer: UIGestureRecognizer) -> Bool {
                                                                                                                                          ^~~~~~~~~~~~~~~~~~~
/Users/admin/builder/spi-builder-workspace/Sources/Chart/SwiftUIChart.swift:31:34: error: cannot find type 'Context' in scope
        public func makeUIView(context: Context) -> Chart {
                                        ^~~~~~~
/Users/admin/builder/spi-builder-workspace/Sources/Chart/SwiftUIChart.swift:45:53: error: cannot find type 'Context' in scope
        public func updateUIView(_ uiView: Chart, context: Context) {
                                                           ^~~~~~~
/Users/admin/builder/spi-builder-workspace/Sources/Chart/SwiftUIChart.swift:11:29: error: cannot find type 'UIViewRepresentable' in scope
public struct SwiftUIChart: UIViewRepresentable {
                            ^~~~~~~~~~~~~~~~~~~
Failed frontend command:
/Applications/Xcode-16.3.0.app/Contents/Developer/Toolchains/XcodeDefault.xctoolchain/usr/bin/swift-frontend -frontend -emit-module -experimental-skip-non-inlinable-function-bodies-without-types /Users/admin/builder/spi-builder-workspace/Sources/Chart/Chart.swift /Users/admin/builder/spi-builder-workspace/Sources/Chart/ChartCore.swift /Users/admin/builder/spi-builder-workspace/Sources/Chart/SwiftUIChart.swift -target arm64-apple-watchos6.0 -Xllvm -aarch64-use-tbi -enable-objc-interop -stack-check -sdk /Applications/Xcode-16.3.0.app/Contents/Developer/Platforms/WatchOS.platform/Developer/SDKs/WatchOS11.4.sdk -I /Users/admin/builder/spi-builder-workspace/.derivedData/Build/Products/Debug-watchos -I /Applications/Xcode-16.3.0.app/Contents/Developer/Platforms/WatchOS.platform/Developer/usr/lib -F /Users/admin/builder/spi-builder-workspace/.derivedData/Build/Products/Debug-watchos -F /Applications/Xcode-16.3.0.app/Contents/Developer/Platforms/WatchOS.platform/Developer/Library/Frameworks -F /Applications/Xcode-16.3.0.app/Contents/Developer/Platforms/WatchOS.platform/Developer/SDKs/WatchOS11.4.sdk/Developer/Library/Frameworks -no-color-diagnostics -enable-testing -g -debug-info-format\=dwarf -dwarf-version\=4 -module-cache-path /Users/admin/builder/spi-builder-workspace/.derivedData/ModuleCache.noindex -profile-generate -profile-coverage-mapping -swift-version 5 -enforce-exclusivity\=checked -Onone -D SWIFT_PACKAGE -D DEBUG -D Xcode -serialize-debugging-options -const-gather-protocols-file /Users/admin/builder/spi-builder-workspace/.derivedData/Build/Intermediates.noindex/Chart.build/Debug-watchos/Chart.build/Objects-normal/arm64/Chart_const_extract_protocols.json -enable-experimental-feature DebugDescriptionMacro -empty-abi-descriptor -plugin-path /Applications/Xcode-16.3.0.app/Contents/Developer/Toolchains/XcodeDefault.xctoolchain/usr/lib/swift/host/plugins/testing -validate-clang-modules-once -clang-build-session-file /Users/admin/builder/spi-builder-workspace/.derivedData/ModuleCache.noindex/Session.modulevalidation -Xcc -working-directory -Xcc /Users/admin/builder/spi-builder-workspace/.swiftpm/xcode -resource-dir /Applications/Xcode-16.3.0.app/Contents/Developer/Toolchains/XcodeDefault.xctoolchain/usr/lib/swift -enable-anonymous-context-mangled-names -file-compilation-dir /Users/admin/builder/spi-builder-workspace/.swiftpm/xcode -Xcc -ivfsstatcache -Xcc /Users/admin/builder/spi-builder-workspace/.derivedData/SDKStatCaches.noindex/watchos11.4-22T246-43efb940ff07ba2497b70ec94253f576.sdkstatcache -Xcc -I/Users/admin/builder/spi-builder-workspace/.derivedData/Build/Intermediates.noindex/Chart.build/Debug-watchos/Chart.build/swift-overrides.hmap -Xcc -I/Users/admin/builder/spi-builder-workspace/.derivedData/Build/Products/Debug-watchos/include -Xcc -I/Users/admin/builder/spi-builder-workspace/.derivedData/Build/Intermediates.noindex/Chart.build/Debug-watchos/Chart.build/DerivedSources-normal/arm64 -Xcc -I/Users/admin/builder/spi-builder-workspace/.derivedData/Build/Intermediates.noindex/Chart.build/Debug-watchos/Chart.build/DerivedSources/arm64 -Xcc -I/Users/admin/builder/spi-builder-workspace/.derivedData/Build/Intermediates.noindex/Chart.build/Debug-watchos/Chart.build/DerivedSources -Xcc -DSWIFT_PACKAGE -Xcc -DDEBUG\=1 -module-name Chart -package-name spi_builder_workspace -frontend-parseable-output -disable-clang-spi -target-sdk-version 11.4 -target-sdk-name watchos11.4 -external-plugin-path /Applications/Xcode-16.3.0.app/Contents/Developer/Platforms/WatchOS.platform/Developer/usr/lib/swift/host/plugins\#/Applications/Xcode-16.3.0.app/Contents/Developer/Platforms/WatchOS.platform/Developer/usr/bin/swift-plugin-server -external-plugin-path /Applications/Xcode-16.3.0.app/Contents/Developer/Platforms/WatchOS.platform/Developer/usr/local/lib/swift/host/plugins\#/Applications/Xcode-16.3.0.app/Contents/Developer/Platforms/WatchOS.platform/Developer/usr/bin/swift-plugin-server -in-process-plugin-server-path /Applications/Xcode-16.3.0.app/Contents/Developer/Toolchains/XcodeDefault.xctoolchain/usr/lib/swift/host/libSwiftInProcPluginServer.dylib -plugin-path /Applications/Xcode-16.3.0.app/Contents/Developer/Toolchains/XcodeDefault.xctoolchain/usr/lib/swift/host/plugins -plugin-path /Applications/Xcode-16.3.0.app/Contents/Developer/Toolchains/XcodeDefault.xctoolchain/usr/local/lib/swift/host/plugins -emit-module-doc-path /Users/admin/builder/spi-builder-workspace/.derivedData/Build/Intermediates.noindex/Chart.build/Debug-watchos/Chart.build/Objects-normal/arm64/Chart.swiftdoc -emit-module-source-info-path /Users/admin/builder/spi-builder-workspace/.derivedData/Build/Intermediates.noindex/Chart.build/Debug-watchos/Chart.build/Objects-normal/arm64/Chart.swiftsourceinfo -emit-objc-header-path /Users/admin/builder/spi-builder-workspace/.derivedData/Build/Intermediates.noindex/Chart.build/Debug-watchos/Chart.build/Objects-normal/arm64/Chart-Swift.h -serialize-diagnostics-path /Users/admin/builder/spi-builder-workspace/.derivedData/Build/Intermediates.noindex/Chart.build/Debug-watchos/Chart.build/Objects-normal/arm64/Chart-master-emit-module.dia -emit-dependencies-path /Users/admin/builder/spi-builder-workspace/.derivedData/Build/Intermediates.noindex/Chart.build/Debug-watchos/Chart.build/Objects-normal/arm64/Chart-master-emit-module.d -o /Users/admin/builder/spi-builder-workspace/.derivedData/Build/Intermediates.noindex/Chart.build/Debug-watchos/Chart.build/Objects-normal/arm64/Chart.swiftmodule -emit-abi-descriptor-path /Users/admin/builder/spi-builder-workspace/.derivedData/Build/Intermediates.noindex/Chart.build/Debug-watchos/Chart.build/Objects-normal/arm64/Chart.abi.json
SwiftCompile normal arm64 Compiling\ ChartCore.swift /Users/admin/builder/spi-builder-workspace/Sources/Chart/ChartCore.swift (in target 'Chart' from project 'Chart')
SwiftCompile normal arm64 /Users/admin/builder/spi-builder-workspace/Sources/Chart/ChartCore.swift (in target 'Chart' from project 'Chart')
    cd /Users/admin/builder/spi-builder-workspace/.swiftpm/xcode

SwiftCompile normal arm64 Compiling\ Chart.swift /Users/admin/builder/spi-builder-workspace/Sources/Chart/Chart.swift (in target 'Chart' from project 'Chart')
SwiftCompile normal arm64 /Users/admin/builder/spi-builder-workspace/Sources/Chart/Chart.swift (in target 'Chart' from project 'Chart')
    cd /Users/admin/builder/spi-builder-workspace/.swiftpm/xcode

SwiftCompile normal arm64 Compiling\ SwiftUIChart.swift /Users/admin/builder/spi-builder-workspace/Sources/Chart/SwiftUIChart.swift (in target 'Chart' from project 'Chart')
SwiftCompile normal arm64 /Users/admin/builder/spi-builder-workspace/Sources/Chart/SwiftUIChart.swift (in target 'Chart' from project 'Chart')
    cd /Users/admin/builder/spi-builder-workspace/.swiftpm/xcode

SwiftEmitModule normal armv7k Emitting\ module\ for\ Chart (in target 'Chart' from project 'Chart')
EmitSwiftModule normal armv7k (in target 'Chart' from project 'Chart')
    cd /Users/admin/builder/spi-builder-workspace/.swiftpm/xcode

SwiftCompile normal armv7k Compiling\ Chart.swift /Users/admin/builder/spi-builder-workspace/Sources/Chart/Chart.swift (in target 'Chart' from project 'Chart')
SwiftCompile normal armv7k /Users/admin/builder/spi-builder-workspace/Sources/Chart/Chart.swift (in target 'Chart' from project 'Chart')
    cd /Users/admin/builder/spi-builder-workspace/.swiftpm/xcode

SwiftCompile normal armv7k Compiling\ SwiftUIChart.swift /Users/admin/builder/spi-builder-workspace/Sources/Chart/SwiftUIChart.swift (in target 'Chart' from project 'Chart')
SwiftCompile normal armv7k /Users/admin/builder/spi-builder-workspace/Sources/Chart/SwiftUIChart.swift (in target 'Chart' from project 'Chart')
    cd /Users/admin/builder/spi-builder-workspace/.swiftpm/xcode

SwiftEmitModule normal arm64_32 Emitting\ module\ for\ Chart (in target 'Chart' from project 'Chart')
EmitSwiftModule normal arm64_32 (in target 'Chart' from project 'Chart')
    cd /Users/admin/builder/spi-builder-workspace/.swiftpm/xcode

SwiftCompile normal arm64_32 Compiling\ Chart.swift /Users/admin/builder/spi-builder-workspace/Sources/Chart/Chart.swift (in target 'Chart' from project 'Chart')
SwiftCompile normal arm64_32 /Users/admin/builder/spi-builder-workspace/Sources/Chart/Chart.swift (in target 'Chart' from project 'Chart')
    cd /Users/admin/builder/spi-builder-workspace/.swiftpm/xcode

SwiftCompile normal arm64_32 Compiling\ ChartCore.swift /Users/admin/builder/spi-builder-workspace/Sources/Chart/ChartCore.swift (in target 'Chart' from project 'Chart')
SwiftCompile normal arm64_32 /Users/admin/builder/spi-builder-workspace/Sources/Chart/ChartCore.swift (in target 'Chart' from project 'Chart')
    cd /Users/admin/builder/spi-builder-workspace/.swiftpm/xcode

SwiftCompile normal armv7k Compiling\ ChartCore.swift /Users/admin/builder/spi-builder-workspace/Sources/Chart/ChartCore.swift (in target 'Chart' from project 'Chart')
Command SwiftCompile failed with a nonzero exit code
** BUILD FAILED **
The following build commands failed:
	EmitSwiftModule normal arm64 (in target 'Chart' from project 'Chart')
	SwiftEmitModule normal arm64 Emitting\ module\ for\ Chart (in target 'Chart' from project 'Chart')
	SwiftCompile normal armv7k Compiling\ ChartCore.swift /Users/admin/builder/spi-builder-workspace/Sources/Chart/ChartCore.swift (in target 'Chart' from project 'Chart')
	Building workspace spi-builder-workspace with scheme Chart
(4 failures)
BUILD FAILURE 6.1 watchOS