The Swift Package Index logo.Swift Package Index

Build Information

Failed to build SelectableText, reference 1.0.0 (b55f8c), with Swift 6.4 for watchOS using Xcode 27.0 on 20 Sep 2026 08:19:26 UTC.

Build Command

env DEVELOPER_DIR=/Applications/Xcode-27.0.0-Release.Candidate.app xcrun xcodebuild -IDEClonedSourcePackagesDirPathOverride=$PWD/.dependencies -skipMacroValidation -skipPackagePluginValidation -derivedDataPath $PWD/.derivedData build -scheme SelectableText -destination generic/platform=watchOS

Build Log

========================================
RunAll
========================================
Builder version: 5.1.0
Interrupt handler set up.
========================================
Checkout
========================================
Clone URL: https://github.com/kevinhermawan/SelectableText.git
Reference: 1.0.0
Initialized empty Git repository in /Users/admin/builder/spi-builder-workspace/.git/
From https://github.com/kevinhermawan/SelectableText
 * tag               1.0.0      -> FETCH_HEAD
HEAD is now at b55f8c5 release: 1.0.0
Cloned https://github.com/kevinhermawan/SelectableText.git
Revision (git rev-parse @):
b55f8c56458b93c46bce08fd048138b749885bf6
SUCCESS checkout https://github.com/kevinhermawan/SelectableText.git at 1.0.0
========================================
Build
========================================
Selected platform:         watchOS
Swift version:             6.4
Building package at path:  $PWD
https://github.com/kevinhermawan/SelectableText.git
Command line invocation:
    /Applications/Xcode-27.0.0-Release.Candidate.app/Contents/Developer/usr/bin/xcodebuild -IDEClonedSourcePackagesDirPathOverride=/Users/admin/builder/spi-builder-workspace/.dependencies -resolvePackageDependencies
Resolve Package Graph
Fetching from https://github.com/apple/swift-docc-plugin.git
Fetching from https://github.com/swiftlang/swift-docc-symbolkit
Creating working copy of package ‘swift-docc-plugin’
Checking out 1.5.0 of package ‘swift-docc-plugin’
Creating working copy of package ‘swift-docc-symbolkit’
Checking out 1.0.0 of package ‘swift-docc-symbolkit’
Resolve Package Graph
Resolved source packages:
  SymbolKit: https://github.com/swiftlang/swift-docc-symbolkit @ 1.0.0
  SelectableText: /Users/admin/builder/spi-builder-workspace
  SwiftDocCPlugin: https://github.com/apple/swift-docc-plugin.git @ 1.5.0
resolved source packages: SymbolKit, SelectableText, SwiftDocCPlugin
2026-09-20 04:17:59.812 xcodebuild[529:3034] [MT] IDERunDestination: Supported platforms for the buildables in the current scheme is empty.
{
  "dependencies" : [
    {
      "identity" : "swift-docc-plugin",
      "requirement" : {
        "range" : [
          {
            "lower_bound" : "1.3.0",
            "upper_bound" : "2.0.0"
          }
        ]
      },
      "type" : "sourceControl",
      "url" : "https://github.com/apple/swift-docc-plugin.git"
    }
  ],
  "manifest_display_name" : "SelectableText",
  "name" : "SelectableText",
  "path" : "/Users/admin/builder/spi-builder-workspace",
  "platforms" : [
    {
      "name" : "ios",
      "version" : "15.0"
    },
    {
      "name" : "macos",
      "version" : "12.0"
    },
    {
      "name" : "visionos",
      "version" : "1.0"
    }
  ],
  "products" : [
    {
      "name" : "SelectableText",
      "targets" : [
        "SelectableText"
      ],
      "type" : {
        "library" : [
          "automatic"
        ]
      }
    }
  ],
  "targets" : [
    {
      "c99name" : "SelectableTextTests",
      "module_type" : "SwiftTarget",
      "name" : "SelectableTextTests",
      "path" : "Tests/SelectableTextTests",
      "sources" : [
        "SelectableTextTests.swift"
      ],
      "target_dependencies" : [
        "SelectableText"
      ],
      "type" : "test"
    },
    {
      "c99name" : "SelectableText",
      "module_type" : "SwiftTarget",
      "name" : "SelectableText",
      "path" : "Sources/SelectableText",
      "product_memberships" : [
        "SelectableText"
      ],
      "sources" : [
        "Extensions/BaseTextView+AppKit.swift",
        "Extensions/BaseTextView+UIKit.swift",
        "Extensions/GeometryProxy+MaxWidth.swift",
        "Extensions/SelectableTextRepresentable+AppKit.swift",
        "Extensions/SelectableTextRepresentable+UIKit.swift",
        "SelectableText.swift"
      ],
      "type" : "library"
    }
  ],
  "tools_version" : "5.9"
}
{
  "workspace" : {
    "name" : "SelectableText",
    "schemes" : [
      "SelectableText"
    ]
  }
}
2026-09-20 04:18:44.138 xcodebuild[822:4990] [MT] IDERunDestination: Supported platforms for the buildables in the current scheme is empty.
Running build ...
env DEVELOPER_DIR=/Applications/Xcode-27.0.0-Release.Candidate.app xcrun xcodebuild -IDEClonedSourcePackagesDirPathOverride=$PWD/.dependencies -skipMacroValidation -skipPackagePluginValidation -derivedDataPath $PWD/.derivedData build -scheme SelectableText -destination generic/platform=watchOS
Command line invocation:
    /Applications/Xcode-27.0.0-Release.Candidate.app/Contents/Developer/usr/bin/xcodebuild -IDEClonedSourcePackagesDirPathOverride=/Users/admin/builder/spi-builder-workspace/.dependencies -skipMacroValidation -skipPackagePluginValidation -derivedDataPath /Users/admin/builder/spi-builder-workspace/.derivedData build -scheme SelectableText -destination generic/platform=watchOS
Resolve Package Graph
Resolve Package Graph
Resolved source packages:
  SelectableText: /Users/admin/builder/spi-builder-workspace
  SwiftDocCPlugin: https://github.com/apple/swift-docc-plugin.git @ 1.5.0
  SymbolKit: https://github.com/swiftlang/swift-docc-symbolkit @ 1.0.0
ComputePackagePrebuildTargetDependencyGraph
Prepare packages
CreateBuildRequest
SendProjectDescription
CreateBuildOperation
ComputeTargetDependencyGraph
note: Building targets in dependency order
note: Target dependency graph (2 targets)
    Target 'SelectableText-product' in project 'SelectableText'
        ➜ Explicit dependency on target 'SelectableText' in project 'SelectableText'
    Target 'SelectableText' in project 'SelectableText' (no dependencies)
GatherProvisioningInputs
CreateBuildDescription
ExecuteExternalTool /Applications/Xcode-27.0.0-Release.Candidate.app/Contents/Developer/Toolchains/XcodeDefault.xctoolchain/usr/bin/clang -v -E -dM -isysroot /Applications/Xcode-27.0.0-Release.Candidate.app/Contents/Developer/Platforms/WatchOS.platform/Developer/SDKs/WatchOS27.0.sdk -x c -c /dev/null
ExecuteExternalTool /Applications/Xcode-27.0.0-Release.Candidate.app/Contents/Developer/Toolchains/XcodeDefault.xctoolchain/usr/bin/swiftc --version
ExecuteExternalTool /Applications/Xcode-27.0.0-Release.Candidate.app/Contents/Developer/Toolchains/XcodeDefault.xctoolchain/usr/bin/ld -version_details
ReadFileContents /Applications/Xcode-27.0.0-Release.Candidate.app/Contents/Developer/Toolchains/XcodeDefault.xctoolchain/usr/share/docc/features.json
Build description signature: 1908d60e13abe56b801c2963f9f0d4f0
Build description path: /Users/admin/builder/spi-builder-workspace/.derivedData/Build/Intermediates.noindex/XCBuildData/1908d60e13abe56b801c2963f9f0d4f0.xcbuilddata
CreateBuildDirectory /Users/admin/builder/spi-builder-workspace/.derivedData/SDKExplicitPrecompiledModules
    cd /Users/admin/builder/spi-builder-workspace/.swiftpm/xcode
    builtin-create-build-directory /Users/admin/builder/spi-builder-workspace/.derivedData/SDKExplicitPrecompiledModules
CreateBuildDirectory /Users/admin/builder/spi-builder-workspace/.derivedData/ModuleCache.noindex
    cd /Users/admin/builder/spi-builder-workspace/.swiftpm/xcode
    builtin-create-build-directory /Users/admin/builder/spi-builder-workspace/.derivedData/ModuleCache.noindex
CreateBuildDirectory /Users/admin/builder/spi-builder-workspace/.derivedData/CompilationCache.noindex
    cd /Users/admin/builder/spi-builder-workspace/.swiftpm/xcode
    builtin-create-build-directory /Users/admin/builder/spi-builder-workspace/.derivedData/CompilationCache.noindex
CreateBuildDirectory /Users/admin/builder/spi-builder-workspace/.derivedData/Build/Intermediates.noindex
    cd /Users/admin/builder/spi-builder-workspace/.swiftpm/xcode
    builtin-create-build-directory /Users/admin/builder/spi-builder-workspace/.derivedData/Build/Intermediates.noindex
CreateBuildDirectory /Users/admin/builder/spi-builder-workspace/.derivedData/Build/Products
    cd /Users/admin/builder/spi-builder-workspace/.swiftpm/xcode
    builtin-create-build-directory /Users/admin/builder/spi-builder-workspace/.derivedData/Build/Products
ClangStatCache /Applications/Xcode-27.0.0-Release.Candidate.app/Contents/Developer/Toolchains/XcodeDefault.xctoolchain/usr/bin/clang-stat-cache /Applications/Xcode-27.0.0-Release.Candidate.app/Contents/Developer/Platforms/WatchOS.platform/Developer/SDKs/WatchOS27.0.sdk /Users/admin/builder/spi-builder-workspace/.derivedData/SDKStatCaches.noindex/watchos27.0-24R360-e829b21a6f8c9b70876ba0858053c04477534ef55a1706bf4c1112bbb242f0a2.sdkstatcache
    cd /Users/admin/builder/spi-builder-workspace/.swiftpm/xcode
    /Applications/Xcode-27.0.0-Release.Candidate.app/Contents/Developer/Toolchains/XcodeDefault.xctoolchain/usr/bin/clang-stat-cache /Applications/Xcode-27.0.0-Release.Candidate.app/Contents/Developer/Platforms/WatchOS.platform/Developer/SDKs/WatchOS27.0.sdk -o /Users/admin/builder/spi-builder-workspace/.derivedData/SDKStatCaches.noindex/watchos27.0-24R360-e829b21a6f8c9b70876ba0858053c04477534ef55a1706bf4c1112bbb242f0a2.sdkstatcache
CreateBuildDirectory /Users/admin/builder/spi-builder-workspace/.derivedData/Build/Intermediates.noindex/SwiftExplicitPrecompiledModules
    cd /Users/admin/builder/spi-builder-workspace/.swiftpm/xcode
    builtin-create-build-directory /Users/admin/builder/spi-builder-workspace/.derivedData/Build/Intermediates.noindex/SwiftExplicitPrecompiledModules
CreateBuildDirectory /Users/admin/builder/spi-builder-workspace/.derivedData/Build/Intermediates.noindex/ExplicitPrecompiledModules
    cd /Users/admin/builder/spi-builder-workspace/.swiftpm/xcode
    builtin-create-build-directory /Users/admin/builder/spi-builder-workspace/.derivedData/Build/Intermediates.noindex/ExplicitPrecompiledModules
CreateBuildDirectory /Users/admin/builder/spi-builder-workspace/.derivedData/Build/Intermediates.noindex/PrecompiledHeaders
    cd /Users/admin/builder/spi-builder-workspace/.swiftpm/xcode
    builtin-create-build-directory /Users/admin/builder/spi-builder-workspace/.derivedData/Build/Intermediates.noindex/PrecompiledHeaders
CreateBuildDirectory /Users/admin/builder/spi-builder-workspace/.derivedData/Build/Intermediates.noindex/EagerLinkingTBDs/Debug-watchos
    cd /Users/admin/builder/spi-builder-workspace/.swiftpm/xcode
    builtin-create-build-directory /Users/admin/builder/spi-builder-workspace/.derivedData/Build/Intermediates.noindex/EagerLinkingTBDs/Debug-watchos
CreateBuildDirectory /Users/admin/builder/spi-builder-workspace/.derivedData/Build/Products/Debug-watchos
    cd /Users/admin/builder/spi-builder-workspace/.swiftpm/xcode
    builtin-create-build-directory /Users/admin/builder/spi-builder-workspace/.derivedData/Build/Products/Debug-watchos
CreateBuildDirectory /Users/admin/builder/spi-builder-workspace/.derivedData/Build/Products/Debug-watchos/PackageFrameworks
    cd /Users/admin/builder/spi-builder-workspace/.swiftpm/xcode
    builtin-create-build-directory /Users/admin/builder/spi-builder-workspace/.derivedData/Build/Products/Debug-watchos/PackageFrameworks
WriteAuxiliaryFile /Users/admin/builder/spi-builder-workspace/.derivedData/Build/Intermediates.noindex/SelectableText.build/Debug-watchos/SelectableText-t.build/SelectableText.DependencyMetadataFileList (in target 'SelectableText' from project 'SelectableText')
    cd /Users/admin/builder/spi-builder-workspace
    write-file /Users/admin/builder/spi-builder-workspace/.derivedData/Build/Intermediates.noindex/SelectableText.build/Debug-watchos/SelectableText-t.build/SelectableText.DependencyMetadataFileList
WriteAuxiliaryFile /Users/admin/builder/spi-builder-workspace/.derivedData/Build/Intermediates.noindex/SelectableText.build/Debug-watchos/SelectableText-t.build/SelectableText.DependencyStaticMetadataFileList (in target 'SelectableText' from project 'SelectableText')
    cd /Users/admin/builder/spi-builder-workspace
    write-file /Users/admin/builder/spi-builder-workspace/.derivedData/Build/Intermediates.noindex/SelectableText.build/Debug-watchos/SelectableText-t.build/SelectableText.DependencyStaticMetadataFileList
WriteAuxiliaryFile /Users/admin/builder/spi-builder-workspace/.derivedData/Build/Intermediates.noindex/SelectableText.build/Debug-watchos/SelectableText-t.build/SelectableText.modulemap (in target 'SelectableText' from project 'SelectableText')
    cd /Users/admin/builder/spi-builder-workspace
    write-file /Users/admin/builder/spi-builder-workspace/.derivedData/Build/Intermediates.noindex/SelectableText.build/Debug-watchos/SelectableText-t.build/SelectableText.modulemap
WriteAuxiliaryFile /Users/admin/builder/spi-builder-workspace/.derivedData/Build/Intermediates.noindex/SelectableText.build/Debug-watchos/SelectableText-t.build/Objects-normal/arm64_32/SelectableText_const_extract_protocols.json (in target 'SelectableText' from project 'SelectableText')
    cd /Users/admin/builder/spi-builder-workspace
    write-file /Users/admin/builder/spi-builder-workspace/.derivedData/Build/Intermediates.noindex/SelectableText.build/Debug-watchos/SelectableText-t.build/Objects-normal/arm64_32/SelectableText_const_extract_protocols.json
WriteAuxiliaryFile /Users/admin/builder/spi-builder-workspace/.derivedData/Build/Intermediates.noindex/SelectableText.build/Debug-watchos/SelectableText-t.build/Objects-normal/arm64_32/SelectableText.LinkFileList (in target 'SelectableText' from project 'SelectableText')
    cd /Users/admin/builder/spi-builder-workspace
    write-file /Users/admin/builder/spi-builder-workspace/.derivedData/Build/Intermediates.noindex/SelectableText.build/Debug-watchos/SelectableText-t.build/Objects-normal/arm64_32/SelectableText.LinkFileList
WriteAuxiliaryFile /Users/admin/builder/spi-builder-workspace/.derivedData/Build/Intermediates.noindex/SelectableText.build/Debug-watchos/SelectableText-t.build/Objects-normal/arm64_32/SelectableText.SwiftConstValuesFileList (in target 'SelectableText' from project 'SelectableText')
    cd /Users/admin/builder/spi-builder-workspace
    write-file /Users/admin/builder/spi-builder-workspace/.derivedData/Build/Intermediates.noindex/SelectableText.build/Debug-watchos/SelectableText-t.build/Objects-normal/arm64_32/SelectableText.SwiftConstValuesFileList
WriteAuxiliaryFile /Users/admin/builder/spi-builder-workspace/.derivedData/Build/Intermediates.noindex/SelectableText.build/Debug-watchos/SelectableText-t.build/Objects-normal/arm64_32/SelectableText.SwiftFileList (in target 'SelectableText' from project 'SelectableText')
    cd /Users/admin/builder/spi-builder-workspace
    write-file /Users/admin/builder/spi-builder-workspace/.derivedData/Build/Intermediates.noindex/SelectableText.build/Debug-watchos/SelectableText-t.build/Objects-normal/arm64_32/SelectableText.SwiftFileList
WriteAuxiliaryFile /Users/admin/builder/spi-builder-workspace/.derivedData/Build/Intermediates.noindex/SelectableText.build/Debug-watchos/SelectableText-t.build/Objects-normal/arm64_32/SelectableText-OutputFileMap.json (in target 'SelectableText' from project 'SelectableText')
    cd /Users/admin/builder/spi-builder-workspace
    write-file /Users/admin/builder/spi-builder-workspace/.derivedData/Build/Intermediates.noindex/SelectableText.build/Debug-watchos/SelectableText-t.build/Objects-normal/arm64_32/SelectableText-OutputFileMap.json
WriteAuxiliaryFile /Users/admin/builder/spi-builder-workspace/.derivedData/Build/Intermediates.noindex/SelectableText.build/Debug-watchos/SelectableText-t.build/Objects-normal/arm64/SelectableText_const_extract_protocols.json (in target 'SelectableText' from project 'SelectableText')
    cd /Users/admin/builder/spi-builder-workspace
    write-file /Users/admin/builder/spi-builder-workspace/.derivedData/Build/Intermediates.noindex/SelectableText.build/Debug-watchos/SelectableText-t.build/Objects-normal/arm64/SelectableText_const_extract_protocols.json
WriteAuxiliaryFile /Users/admin/builder/spi-builder-workspace/.derivedData/Build/Intermediates.noindex/SelectableText.build/Debug-watchos/SelectableText-t.build/Objects-normal/arm64/SelectableText.SwiftConstValuesFileList (in target 'SelectableText' from project 'SelectableText')
    cd /Users/admin/builder/spi-builder-workspace
    write-file /Users/admin/builder/spi-builder-workspace/.derivedData/Build/Intermediates.noindex/SelectableText.build/Debug-watchos/SelectableText-t.build/Objects-normal/arm64/SelectableText.SwiftConstValuesFileList
WriteAuxiliaryFile /Users/admin/builder/spi-builder-workspace/.derivedData/Build/Intermediates.noindex/SelectableText.build/Debug-watchos/SelectableText-t.build/Objects-normal/arm64/SelectableText.SwiftFileList (in target 'SelectableText' from project 'SelectableText')
    cd /Users/admin/builder/spi-builder-workspace
    write-file /Users/admin/builder/spi-builder-workspace/.derivedData/Build/Intermediates.noindex/SelectableText.build/Debug-watchos/SelectableText-t.build/Objects-normal/arm64/SelectableText.SwiftFileList
WriteAuxiliaryFile /Users/admin/builder/spi-builder-workspace/.derivedData/Build/Intermediates.noindex/SelectableText.build/Debug-watchos/SelectableText-t.build/Objects-normal/arm64/SelectableText.LinkFileList (in target 'SelectableText' from project 'SelectableText')
    cd /Users/admin/builder/spi-builder-workspace
    write-file /Users/admin/builder/spi-builder-workspace/.derivedData/Build/Intermediates.noindex/SelectableText.build/Debug-watchos/SelectableText-t.build/Objects-normal/arm64/SelectableText.LinkFileList
WriteAuxiliaryFile /Users/admin/builder/spi-builder-workspace/.derivedData/Build/Intermediates.noindex/SelectableText.build/Debug-watchos/SelectableText-t.build/Objects-normal/arm64/SelectableText-OutputFileMap.json (in target 'SelectableText' from project 'SelectableText')
    cd /Users/admin/builder/spi-builder-workspace
    write-file /Users/admin/builder/spi-builder-workspace/.derivedData/Build/Intermediates.noindex/SelectableText.build/Debug-watchos/SelectableText-t.build/Objects-normal/arm64/SelectableText-OutputFileMap.json
Copy /Users/admin/builder/spi-builder-workspace/.derivedData/Build/Intermediates.noindex/GeneratedModuleMaps-watchos/SelectableText.modulemap /Users/admin/builder/spi-builder-workspace/.derivedData/Build/Intermediates.noindex/SelectableText.build/Debug-watchos/SelectableText-t.build/SelectableText.modulemap (in target 'SelectableText' from project 'SelectableText')
    cd /Users/admin/builder/spi-builder-workspace
    builtin-copy -exclude .DS_Store -exclude CVS -exclude .svn -exclude .git -exclude .hg -resolve-src-symlinks /Users/admin/builder/spi-builder-workspace/.derivedData/Build/Intermediates.noindex/SelectableText.build/Debug-watchos/SelectableText-t.build/SelectableText.modulemap /Users/admin/builder/spi-builder-workspace/.derivedData/Build/Intermediates.noindex/GeneratedModuleMaps-watchos
SwiftDriver SelectableText normal arm64 com.apple.xcode.tools.swift.compiler (in target 'SelectableText' from project 'SelectableText')
    cd /Users/admin/builder/spi-builder-workspace/.swiftpm/xcode
    builtin-SwiftDriver -- /Applications/Xcode-27.0.0-Release.Candidate.app/Contents/Developer/Toolchains/XcodeDefault.xctoolchain/usr/bin/swiftc -parse-as-library -module-name SelectableText -Onone @/Users/admin/builder/spi-builder-workspace/.derivedData/Build/Intermediates.noindex/SelectableText.build/Debug-watchos/SelectableText-t.build/Objects-normal/arm64/SelectableText.SwiftFileList -DSWIFT_PACKAGE -DDEBUG -DSWIFT_MODULE_RESOURCE_BUNDLE_UNAVAILABLE -DXcode -plugin-path /Applications/Xcode-27.0.0-Release.Candidate.app/Contents/Developer/Toolchains/XcodeDefault.xctoolchain/usr/lib/swift/host/plugins/testing -enable-experimental-feature DebugDescriptionMacro -sdk /Applications/Xcode-27.0.0-Release.Candidate.app/Contents/Developer/Platforms/WatchOS.platform/Developer/SDKs/WatchOS27.0.sdk -target arm64-apple-watchos9.0 -g -module-cache-path /Users/admin/builder/spi-builder-workspace/.derivedData/ModuleCache.noindex -Xfrontend -serialize-debugging-options -profile-coverage-mapping -profile-generate -enable-testing -index-store-path /Users/admin/builder/spi-builder-workspace/.derivedData/Index.noindex/DataStore -Xcc -D_LIBCPP_HARDENING_MODE\=_LIBCPP_HARDENING_MODE_DEBUG -swift-version 5 -I /Users/admin/builder/spi-builder-workspace/.derivedData/Build/Products/Debug-watchos -Isystem /Applications/Xcode-27.0.0-Release.Candidate.app/Contents/Developer/Platforms/WatchOS.platform/Developer/usr/lib -F /Users/admin/builder/spi-builder-workspace/.derivedData/Build/Products/Debug-watchos -F /Applications/Xcode-27.0.0-Release.Candidate.app/Contents/Developer/Platforms/WatchOS.platform/Developer/Library/Frameworks -F /Applications/Xcode-27.0.0-Release.Candidate.app/Contents/Developer/Platforms/WatchOS.platform/Developer/SDKs/WatchOS27.0.sdk/Developer/Library/Frameworks -c -j10 -enable-batch-mode -incremental -Xcc -ivfsstatcache -Xcc /Users/admin/builder/spi-builder-workspace/.derivedData/SDKStatCaches.noindex/watchos27.0-24R360-e829b21a6f8c9b70876ba0858053c04477534ef55a1706bf4c1112bbb242f0a2.sdkstatcache -output-file-map /Users/admin/builder/spi-builder-workspace/.derivedData/Build/Intermediates.noindex/SelectableText.build/Debug-watchos/SelectableText-t.build/Objects-normal/arm64/SelectableText-OutputFileMap.json -save-temps -no-color-diagnostics -explicit-module-build -module-cache-path /Users/admin/builder/spi-builder-workspace/.derivedData/Build/Intermediates.noindex/SwiftExplicitPrecompiledModules -clang-scanner-module-cache-path /Users/admin/builder/spi-builder-workspace/.derivedData/ModuleCache.noindex -sdk-module-cache-path /Users/admin/builder/spi-builder-workspace/.derivedData/SDKExplicitPrecompiledModules -emit-dependencies -emit-module -emit-module-path /Users/admin/builder/spi-builder-workspace/.derivedData/Build/Intermediates.noindex/SelectableText.build/Debug-watchos/SelectableText-t.build/Objects-normal/arm64/SelectableText.swiftmodule -serialize-diagnostics -dependency-scan-serialize-diagnostics-path /Users/admin/builder/spi-builder-workspace/.derivedData/Build/Intermediates.noindex/SelectableText.build/Debug-watchos/SelectableText-t.build/Objects-normal/arm64/SelectableText-dependency-scan.dia -validate-clang-modules-once -clang-build-session-file /Users/admin/builder/spi-builder-workspace/.derivedData/ModuleCache.noindex/Session.modulevalidation -Xcc -fmodules-prune-interval\=86400 -Xcc -fmodules-prune-after\=345600 -package-name spi_builder_workspace -emit-const-values -const-gather-protocols-list /Users/admin/builder/spi-builder-workspace/.derivedData/Build/Intermediates.noindex/SelectableText.build/Debug-watchos/SelectableText-t.build/Objects-normal/arm64/SelectableText_const_extract_protocols.json -Xcc -I/Users/admin/builder/spi-builder-workspace/.derivedData/Build/Products/Debug-watchos/include -Xcc -I/Users/admin/builder/spi-builder-workspace/.derivedData/Build/Intermediates.noindex/SelectableText.build/Debug-watchos/SelectableText-t.build/DerivedSources-normal/arm64 -Xcc -I/Users/admin/builder/spi-builder-workspace/.derivedData/Build/Intermediates.noindex/SelectableText.build/Debug-watchos/SelectableText-t.build/DerivedSources/arm64 -Xcc -I/Users/admin/builder/spi-builder-workspace/.derivedData/Build/Intermediates.noindex/SelectableText.build/Debug-watchos/SelectableText-t.build/DerivedSources -Xcc -DSWIFT_PACKAGE -Xcc -DDEBUG\=1 -emit-objc-header -emit-objc-header-path /Users/admin/builder/spi-builder-workspace/.derivedData/Build/Intermediates.noindex/SelectableText.build/Debug-watchos/SelectableText-t.build/Objects-normal/arm64/SelectableText-Swift.h -working-directory /Users/admin/builder/spi-builder-workspace/.swiftpm/xcode -experimental-emit-module-separately -disable-cmo
SwiftDriver SelectableText normal arm64_32 com.apple.xcode.tools.swift.compiler (in target 'SelectableText' from project 'SelectableText')
    cd /Users/admin/builder/spi-builder-workspace/.swiftpm/xcode
    builtin-SwiftDriver -- /Applications/Xcode-27.0.0-Release.Candidate.app/Contents/Developer/Toolchains/XcodeDefault.xctoolchain/usr/bin/swiftc -parse-as-library -module-name SelectableText -Onone @/Users/admin/builder/spi-builder-workspace/.derivedData/Build/Intermediates.noindex/SelectableText.build/Debug-watchos/SelectableText-t.build/Objects-normal/arm64_32/SelectableText.SwiftFileList -DSWIFT_PACKAGE -DDEBUG -DSWIFT_MODULE_RESOURCE_BUNDLE_UNAVAILABLE -DXcode -plugin-path /Applications/Xcode-27.0.0-Release.Candidate.app/Contents/Developer/Toolchains/XcodeDefault.xctoolchain/usr/lib/swift/host/plugins/testing -enable-experimental-feature DebugDescriptionMacro -sdk /Applications/Xcode-27.0.0-Release.Candidate.app/Contents/Developer/Platforms/WatchOS.platform/Developer/SDKs/WatchOS27.0.sdk -target arm64_32-apple-watchos9.0 -g -module-cache-path /Users/admin/builder/spi-builder-workspace/.derivedData/ModuleCache.noindex -Xfrontend -serialize-debugging-options -profile-coverage-mapping -profile-generate -enable-testing -index-store-path /Users/admin/builder/spi-builder-workspace/.derivedData/Index.noindex/DataStore -Xcc -D_LIBCPP_HARDENING_MODE\=_LIBCPP_HARDENING_MODE_DEBUG -swift-version 5 -I /Users/admin/builder/spi-builder-workspace/.derivedData/Build/Products/Debug-watchos -Isystem /Applications/Xcode-27.0.0-Release.Candidate.app/Contents/Developer/Platforms/WatchOS.platform/Developer/usr/lib -F /Users/admin/builder/spi-builder-workspace/.derivedData/Build/Products/Debug-watchos -F /Applications/Xcode-27.0.0-Release.Candidate.app/Contents/Developer/Platforms/WatchOS.platform/Developer/Library/Frameworks -F /Applications/Xcode-27.0.0-Release.Candidate.app/Contents/Developer/Platforms/WatchOS.platform/Developer/SDKs/WatchOS27.0.sdk/Developer/Library/Frameworks -c -j10 -enable-batch-mode -incremental -Xcc -ivfsstatcache -Xcc /Users/admin/builder/spi-builder-workspace/.derivedData/SDKStatCaches.noindex/watchos27.0-24R360-e829b21a6f8c9b70876ba0858053c04477534ef55a1706bf4c1112bbb242f0a2.sdkstatcache -output-file-map /Users/admin/builder/spi-builder-workspace/.derivedData/Build/Intermediates.noindex/SelectableText.build/Debug-watchos/SelectableText-t.build/Objects-normal/arm64_32/SelectableText-OutputFileMap.json -save-temps -no-color-diagnostics -explicit-module-build -module-cache-path /Users/admin/builder/spi-builder-workspace/.derivedData/Build/Intermediates.noindex/SwiftExplicitPrecompiledModules -clang-scanner-module-cache-path /Users/admin/builder/spi-builder-workspace/.derivedData/ModuleCache.noindex -sdk-module-cache-path /Users/admin/builder/spi-builder-workspace/.derivedData/SDKExplicitPrecompiledModules -emit-dependencies -emit-module -emit-module-path /Users/admin/builder/spi-builder-workspace/.derivedData/Build/Intermediates.noindex/SelectableText.build/Debug-watchos/SelectableText-t.build/Objects-normal/arm64_32/SelectableText.swiftmodule -serialize-diagnostics -dependency-scan-serialize-diagnostics-path /Users/admin/builder/spi-builder-workspace/.derivedData/Build/Intermediates.noindex/SelectableText.build/Debug-watchos/SelectableText-t.build/Objects-normal/arm64_32/SelectableText-dependency-scan.dia -validate-clang-modules-once -clang-build-session-file /Users/admin/builder/spi-builder-workspace/.derivedData/ModuleCache.noindex/Session.modulevalidation -Xcc -fmodules-prune-interval\=86400 -Xcc -fmodules-prune-after\=345600 -package-name spi_builder_workspace -emit-const-values -const-gather-protocols-list /Users/admin/builder/spi-builder-workspace/.derivedData/Build/Intermediates.noindex/SelectableText.build/Debug-watchos/SelectableText-t.build/Objects-normal/arm64_32/SelectableText_const_extract_protocols.json -Xcc -I/Users/admin/builder/spi-builder-workspace/.derivedData/Build/Products/Debug-watchos/include -Xcc -I/Users/admin/builder/spi-builder-workspace/.derivedData/Build/Intermediates.noindex/SelectableText.build/Debug-watchos/SelectableText-t.build/DerivedSources-normal/arm64_32 -Xcc -I/Users/admin/builder/spi-builder-workspace/.derivedData/Build/Intermediates.noindex/SelectableText.build/Debug-watchos/SelectableText-t.build/DerivedSources/arm64_32 -Xcc -I/Users/admin/builder/spi-builder-workspace/.derivedData/Build/Intermediates.noindex/SelectableText.build/Debug-watchos/SelectableText-t.build/DerivedSources -Xcc -DSWIFT_PACKAGE -Xcc -DDEBUG\=1 -emit-objc-header -emit-objc-header-path /Users/admin/builder/spi-builder-workspace/.derivedData/Build/Intermediates.noindex/SelectableText.build/Debug-watchos/SelectableText-t.build/Objects-normal/arm64_32/SelectableText-Swift.h -working-directory /Users/admin/builder/spi-builder-workspace/.swiftpm/xcode -experimental-emit-module-separately -disable-cmo
SwiftExplicitDependencyGeneratePcm arm64 /Users/admin/builder/spi-builder-workspace/.derivedData/SDKExplicitPrecompiledModules/ptrauth-3TZ9WJCGLYD25HQPWH4968ONX.pcm
SwiftExplicitDependencyGeneratePcm arm64 /Users/admin/builder/spi-builder-workspace/.derivedData/SDKExplicitPrecompiledModules/SwiftShims-4MXFZPV6FEB0XBYXCGPWAMQGL.pcm
SwiftExplicitDependencyGeneratePcm arm64 /Users/admin/builder/spi-builder-workspace/.derivedData/SDKExplicitPrecompiledModules/_Builtin_stdbool-83J96QSOFE9VX04AAS6310UAE.pcm
SwiftExplicitDependencyGeneratePcm arm64 /Users/admin/builder/spi-builder-workspace/.derivedData/SDKExplicitPrecompiledModules/ptrcheck-AIF0NDOYZ8ORBNHQAQR5NNB8M.pcm
SwiftExplicitDependencyGeneratePcm arm64 /Users/admin/builder/spi-builder-workspace/.derivedData/SDKExplicitPrecompiledModules/_Builtin_stddef-1FU30Y8SWFB7OUUHMJQH5J6FM.pcm
SwiftExplicitDependencyGeneratePcm arm64 /Users/admin/builder/spi-builder-workspace/.derivedData/SDKExplicitPrecompiledModules/DeveloperToolsSupport-E7CNISCB36UE8XQ9IOHK9XDX1.pcm
SwiftExplicitDependencyGeneratePcm arm64 /Users/admin/builder/spi-builder-workspace/.derivedData/SDKExplicitPrecompiledModules/_Builtin_stdarg-A7UU8LE6MP85SM26YO7PBZNUQ.pcm
SwiftExplicitDependencyGeneratePcm arm64 /Users/admin/builder/spi-builder-workspace/.derivedData/SDKExplicitPrecompiledModules/_AvailabilityInternal-BUNV3UXM65NT37THI4W1AM0SF.pcm
SwiftExplicitDependencyGeneratePcm arm64 /Users/admin/builder/spi-builder-workspace/.derivedData/SDKExplicitPrecompiledModules/_SwiftConcurrencyShims-659N52XSKR5F0QSB880BH2FJR.pcm
SwiftExplicitDependencyGeneratePcm arm64 /Users/admin/builder/spi-builder-workspace/.derivedData/SDKExplicitPrecompiledModules/_Builtin_float-C0CW5Q4HGBQYKE77TC42IAFB5.pcm
SwiftExplicitDependencyGeneratePcm arm64_32 /Users/admin/builder/spi-builder-workspace/.derivedData/SDKExplicitPrecompiledModules/_Builtin_stdbool-A967K8W8YUYEC9SN52KJ7OO88.pcm
SwiftExplicitDependencyGeneratePcm arm64_32 /Users/admin/builder/spi-builder-workspace/.derivedData/SDKExplicitPrecompiledModules/ptrauth-BFXF358ME5AK535N5A9Z766WU.pcm
SwiftExplicitDependencyGeneratePcm arm64_32 /Users/admin/builder/spi-builder-workspace/.derivedData/SDKExplicitPrecompiledModules/SwiftShims-9CQQGWTSNTN9EB5NSHDWUJICH.pcm
SwiftExplicitDependencyGeneratePcm arm64_32 /Users/admin/builder/spi-builder-workspace/.derivedData/SDKExplicitPrecompiledModules/_AvailabilityInternal-244WAN3Z1QBT7PIA64EZEFY1R.pcm
SwiftExplicitDependencyGeneratePcm arm64_32 /Users/admin/builder/spi-builder-workspace/.derivedData/SDKExplicitPrecompiledModules/DeveloperToolsSupport-DZU5G1OCMNWU0AQRULIFHUJ1Z.pcm
SwiftExplicitDependencyGeneratePcm arm64_32 /Users/admin/builder/spi-builder-workspace/.derivedData/SDKExplicitPrecompiledModules/_Builtin_stddef-H44EFHQX6XSS5MZ7QP6YJZ76.pcm
SwiftExplicitDependencyGeneratePcm arm64_32 /Users/admin/builder/spi-builder-workspace/.derivedData/SDKExplicitPrecompiledModules/ptrcheck-7ELIH9BTIGVKX3UBITM9N72WD.pcm
SwiftExplicitDependencyGeneratePcm arm64_32 /Users/admin/builder/spi-builder-workspace/.derivedData/SDKExplicitPrecompiledModules/_Builtin_float-6KO8O3PEWRCA4WC6PPLOYO6WJ.pcm
SwiftExplicitDependencyGeneratePcm arm64_32 /Users/admin/builder/spi-builder-workspace/.derivedData/SDKExplicitPrecompiledModules/_SwiftConcurrencyShims-6RTBPQ03V7BM9SPRK8SUE055H.pcm
SwiftExplicitDependencyGeneratePcm arm64_32 /Users/admin/builder/spi-builder-workspace/.derivedData/SDKExplicitPrecompiledModules/_Builtin_stdarg-D305JG44A2WPI6CJY37X3QJE8.pcm
SwiftExplicitDependencyGeneratePcm arm64 /Users/admin/builder/spi-builder-workspace/.derivedData/SDKExplicitPrecompiledModules/_DarwinFoundation1-7SPX3MD0HMP55E4OLNCPNDQ53.pcm
SwiftExplicitDependencyGeneratePcm arm64_32 /Users/admin/builder/spi-builder-workspace/.derivedData/SDKExplicitPrecompiledModules/_DarwinFoundation1-2GWF9RFMPLQW4PDHS3NARVI3G.pcm
SwiftExplicitDependencyGeneratePcm arm64 /Users/admin/builder/spi-builder-workspace/.derivedData/SDKExplicitPrecompiledModules/_Builtin_limits-9GWPA2B0H20DYUNYHYCWKABJG.pcm
SwiftExplicitDependencyGeneratePcm arm64 /Users/admin/builder/spi-builder-workspace/.derivedData/SDKExplicitPrecompiledModules/_DarwinFoundation2-D0XAPJU49S5E9XMKYOFGSTB1Q.pcm
SwiftExplicitDependencyGeneratePcm arm64_32 /Users/admin/builder/spi-builder-workspace/.derivedData/SDKExplicitPrecompiledModules/_DarwinFoundation2-9MY8GOSYRO0M9MKNXF6D3MBNK.pcm
SwiftExplicitDependencyGeneratePcm arm64_32 /Users/admin/builder/spi-builder-workspace/.derivedData/SDKExplicitPrecompiledModules/_Builtin_limits-3VKBU2AFTD65PAJZ5CJ3LHFM2.pcm
SwiftExplicitDependencyGeneratePcm arm64 /Users/admin/builder/spi-builder-workspace/.derivedData/SDKExplicitPrecompiledModules/_Builtin_tgmath-8NQ96OZ0YHXEC24JI95P01UF8.pcm
SwiftExplicitDependencyGeneratePcm arm64 /Users/admin/builder/spi-builder-workspace/.derivedData/SDKExplicitPrecompiledModules/string_h-E6PRXK75PHIPCZFWOFCQ3QBMK.pcm
SwiftExplicitDependencyGeneratePcm arm64 /Users/admin/builder/spi-builder-workspace/.derivedData/SDKExplicitPrecompiledModules/sys_types-2KXQLI78OUCDP779AE68GZJ2.pcm
SwiftExplicitDependencyGeneratePcm arm64 /Users/admin/builder/spi-builder-workspace/.derivedData/SDKExplicitPrecompiledModules/_Builtin_stdint-8XMILLJZEGRN2XG7XZUXZ5RLX.pcm
SwiftExplicitDependencyGeneratePcm arm64_32 /Users/admin/builder/spi-builder-workspace/.derivedData/SDKExplicitPrecompiledModules/sys_types-8TLLMW08ZJWDGIIPKOYFGHHZW.pcm
SwiftExplicitDependencyGeneratePcm arm64_32 /Users/admin/builder/spi-builder-workspace/.derivedData/SDKExplicitPrecompiledModules/string_h-BFVLUQUSBZWYMLCU9QI7VZALW.pcm
SwiftExplicitDependencyGeneratePcm arm64_32 /Users/admin/builder/spi-builder-workspace/.derivedData/SDKExplicitPrecompiledModules/_Builtin_tgmath-23PGCKURCQILXMK0MYZRYDCOU.pcm
SwiftExplicitDependencyGeneratePcm arm64_32 /Users/admin/builder/spi-builder-workspace/.derivedData/SDKExplicitPrecompiledModules/_Builtin_stdint-1HMXWI3V0V4TXHRWZOMZGZ80Y.pcm
SwiftExplicitDependencyGeneratePcm arm64 /Users/admin/builder/spi-builder-workspace/.derivedData/SDKExplicitPrecompiledModules/_Builtin_stdatomic-7JEFA3KBJJJN6TKJWY3OG1VG5.pcm
SwiftExplicitDependencyGeneratePcm arm64 /Users/admin/builder/spi-builder-workspace/.derivedData/SDKExplicitPrecompiledModules/_DarwinFoundation3-B97LRG0E9GON2NUE65TVG81HU.pcm
SwiftExplicitDependencyGeneratePcm arm64 /Users/admin/builder/spi-builder-workspace/.derivedData/SDKExplicitPrecompiledModules/_Builtin_intrinsics-75960HIPCIYA06IUW8FIIPQT.pcm
SwiftExplicitDependencyGeneratePcm arm64_32 /Users/admin/builder/spi-builder-workspace/.derivedData/SDKExplicitPrecompiledModules/_DarwinFoundation3-3DUTYQDQSD9HUAAVY947NMWOI.pcm
SwiftExplicitDependencyGeneratePcm arm64_32 /Users/admin/builder/spi-builder-workspace/.derivedData/SDKExplicitPrecompiledModules/_Builtin_stdatomic-1TY035TURL76BF2U98PZPPZRX.pcm
SwiftExplicitDependencyGeneratePcm arm64_32 /Users/admin/builder/spi-builder-workspace/.derivedData/SDKExplicitPrecompiledModules/_Builtin_intrinsics-196IIAKDQVU42DLOZP9OQCV76.pcm
SwiftExplicitDependencyGeneratePcm arm64 /Users/admin/builder/spi-builder-workspace/.derivedData/SDKExplicitPrecompiledModules/_Builtin_inttypes-3UQSCM7WNM9EK4HZML8TY5J3D.pcm
SwiftExplicitDependencyGeneratePcm arm64_32 /Users/admin/builder/spi-builder-workspace/.derivedData/SDKExplicitPrecompiledModules/_Builtin_inttypes-D2KPCR4PEX9AQA33NGLUT5SBR.pcm
SwiftExplicitDependencyGeneratePcm arm64 /Users/admin/builder/spi-builder-workspace/.derivedData/SDKExplicitPrecompiledModules/Darwin-3984OXKFNSPE77NT743WK8SEX.pcm
SwiftExplicitDependencyGeneratePcm arm64_32 /Users/admin/builder/spi-builder-workspace/.derivedData/SDKExplicitPrecompiledModules/Darwin-3FVT1SKLN2ZQ5RVOABMTQBB34.pcm
SwiftExplicitDependencyGeneratePcm arm64_32 /Users/admin/builder/spi-builder-workspace/.derivedData/SDKExplicitPrecompiledModules/simd-21UNWYOBUZI1LVSQ99S1XBLMO.pcm
SwiftExplicitDependencyGeneratePcm arm64 /Users/admin/builder/spi-builder-workspace/.derivedData/SDKExplicitPrecompiledModules/simd-EH08NODU6574T74ZKU61VP9BW.pcm
SwiftExplicitDependencyGeneratePcm arm64 /Users/admin/builder/spi-builder-workspace/.derivedData/SDKExplicitPrecompiledModules/MachO-2U90NNSAQILBNBPS1SA4F8TYP.pcm
SwiftExplicitDependencyGeneratePcm arm64 /Users/admin/builder/spi-builder-workspace/.derivedData/SDKExplicitPrecompiledModules/ObjectiveC-72IVD3VS2RS8Q28D9PIMY0KQP.pcm
SwiftExplicitDependencyGeneratePcm arm64_32 /Users/admin/builder/spi-builder-workspace/.derivedData/SDKExplicitPrecompiledModules/MachO-56838ZJ0NC1EBAJ0O6O8QMPDX.pcm
SwiftExplicitDependencyGeneratePcm arm64_32 /Users/admin/builder/spi-builder-workspace/.derivedData/SDKExplicitPrecompiledModules/ObjectiveC-6IJNELR2E80E7LUKESVCP2KET.pcm
SwiftExplicitDependencyGeneratePcm arm64 /Users/admin/builder/spi-builder-workspace/.derivedData/SDKExplicitPrecompiledModules/os_object-3SDKD7F87FTZ26OON37DRYT6O.pcm
SwiftExplicitDependencyGeneratePcm arm64_32 /Users/admin/builder/spi-builder-workspace/.derivedData/SDKExplicitPrecompiledModules/os_object-5YWTC6L4756IWSTPGXS5NM0D0.pcm
SwiftExplicitDependencyGeneratePcm arm64_32 /Users/admin/builder/spi-builder-workspace/.derivedData/SDKExplicitPrecompiledModules/os_workgroup-5JHTPDMNBUNHLJI8LPHKQK1JK.pcm
SwiftExplicitDependencyGeneratePcm arm64 /Users/admin/builder/spi-builder-workspace/.derivedData/SDKExplicitPrecompiledModules/os_workgroup-89GG5G7YC2D0ZTK6AZXXQ20DH.pcm
SwiftExplicitDependencyGeneratePcm arm64 /Users/admin/builder/spi-builder-workspace/.derivedData/SDKExplicitPrecompiledModules/Spatial-44FJGYXFAT2AQAW9Z6T7YS02U.pcm
SwiftExplicitDependencyGeneratePcm arm64_32 /Users/admin/builder/spi-builder-workspace/.derivedData/SDKExplicitPrecompiledModules/Spatial-CWVWNML3T0NXVHZDKVLD3X1YZ.pcm
SwiftExplicitDependencyGeneratePcm arm64 /Users/admin/builder/spi-builder-workspace/.derivedData/SDKExplicitPrecompiledModules/Dispatch-1NLJOVAK60XP0DUB05XA59EIM.pcm
SwiftExplicitDependencyGeneratePcm arm64_32 /Users/admin/builder/spi-builder-workspace/.derivedData/SDKExplicitPrecompiledModules/Dispatch-2P62F1T4XV63S4P99TUDTOK2Q.pcm
SwiftExplicitDependencyGeneratePcm arm64 /Users/admin/builder/spi-builder-workspace/.derivedData/SDKExplicitPrecompiledModules/XPC-40DR0X1DHKGCV4J1IOLFS8MOU.pcm
SwiftExplicitDependencyGeneratePcm arm64 /Users/admin/builder/spi-builder-workspace/.derivedData/SDKExplicitPrecompiledModules/CoreFoundation-8T2L24YC5NU7WO6WQJWRY7W08.pcm
SwiftExplicitDependencyGeneratePcm arm64_32 /Users/admin/builder/spi-builder-workspace/.derivedData/SDKExplicitPrecompiledModules/CoreFoundation-8E6Y4BA3EXYKUGJ24GT9LGV3N.pcm
SwiftExplicitDependencyGeneratePcm arm64_32 /Users/admin/builder/spi-builder-workspace/.derivedData/SDKExplicitPrecompiledModules/XPC-81Y45QFY96XYYFCW2GT6FY8S4.pcm
SwiftExplicitDependencyGeneratePcm arm64 /Users/admin/builder/spi-builder-workspace/.derivedData/SDKExplicitPrecompiledModules/os-5DIL6Z9LFIGLMZAHM7X2T5435.pcm
SwiftExplicitDependencyGeneratePcm arm64_32 /Users/admin/builder/spi-builder-workspace/.derivedData/SDKExplicitPrecompiledModules/os-E5IGB442IA6SBB25TTCOLK2OC.pcm
SwiftExplicitDependencyGeneratePcm arm64 /Users/admin/builder/spi-builder-workspace/.derivedData/SDKExplicitPrecompiledModules/Security-6RZ6YBRU8WCUHRFFRVUK5WKMM.pcm
SwiftExplicitDependencyGeneratePcm arm64 /Users/admin/builder/spi-builder-workspace/.derivedData/SDKExplicitPrecompiledModules/CoreAudioTypes-A9MF7N5LT63G21HNFVM6BT14B.pcm
SwiftExplicitDependencyGeneratePcm arm64 /Users/admin/builder/spi-builder-workspace/.derivedData/SDKExplicitPrecompiledModules/CoreGraphics-DWNZ73GEH98SBJXZ7DEXB420K.pcm
SwiftExplicitDependencyGeneratePcm arm64_32 /Users/admin/builder/spi-builder-workspace/.derivedData/SDKExplicitPrecompiledModules/Security-D7TOWF88VWF67TB9HAFP5UWB1.pcm
SwiftExplicitDependencyGeneratePcm arm64_32 /Users/admin/builder/spi-builder-workspace/.derivedData/SDKExplicitPrecompiledModules/CoreAudioTypes-9GVB1DHA32M46R4A9NWSI3I2K.pcm
SwiftExplicitDependencyGeneratePcm arm64_32 /Users/admin/builder/spi-builder-workspace/.derivedData/SDKExplicitPrecompiledModules/CoreGraphics-9FDXYX6BKBUT6TJ2VF819E7T5.pcm
SwiftExplicitDependencyGeneratePcm arm64 /Users/admin/builder/spi-builder-workspace/.derivedData/SDKExplicitPrecompiledModules/CoreAudio-1B79RJJTP71GE6UY9WLESAN3C.pcm
SwiftExplicitDependencyGeneratePcm arm64_32 /Users/admin/builder/spi-builder-workspace/.derivedData/SDKExplicitPrecompiledModules/CoreAudio-5W6MX6OUPWBMUR8VD5LHT1PZF.pcm
SwiftExplicitDependencyGeneratePcm arm64_32 /Users/admin/builder/spi-builder-workspace/.derivedData/SDKExplicitPrecompiledModules/Foundation-BJ2VQGI3OGR34500MEQ1VKHPH.pcm
SwiftExplicitDependencyGeneratePcm arm64 /Users/admin/builder/spi-builder-workspace/.derivedData/SDKExplicitPrecompiledModules/Foundation-DLBKUSGXN8QHAT8W0OARR9S8A.pcm
SwiftExplicitDependencyGeneratePcm arm64 /Users/admin/builder/spi-builder-workspace/.derivedData/SDKExplicitPrecompiledModules/CoreText-970YJN6NIYGK1316L35Z0O8QT.pcm
SwiftExplicitDependencyGeneratePcm arm64 /Users/admin/builder/spi-builder-workspace/.derivedData/SDKExplicitPrecompiledModules/CoreVideo-8MRR5MNWUOAW2DBPGUQ8FKK4.pcm
SwiftExplicitDependencyGeneratePcm arm64_32 /Users/admin/builder/spi-builder-workspace/.derivedData/SDKExplicitPrecompiledModules/CoreVideo-2P8HI0403J99LBDPKNFJ5D4DL.pcm
SwiftExplicitDependencyGeneratePcm arm64_32 /Users/admin/builder/spi-builder-workspace/.derivedData/SDKExplicitPrecompiledModules/CoreText-C9X2REPZN2V5BSU4G80FCETDR.pcm
SwiftExplicitDependencyGeneratePcm arm64 /Users/admin/builder/spi-builder-workspace/.derivedData/SDKExplicitPrecompiledModules/CoreMedia-1AJVCUZNAO74KIKMFVFUUHWDI.pcm
SwiftExplicitDependencyGeneratePcm arm64_32 /Users/admin/builder/spi-builder-workspace/.derivedData/SDKExplicitPrecompiledModules/CoreMedia-AO387T8CHWTTZODD1DGT0UAFA.pcm
SwiftExplicitDependencyGeneratePcm arm64 /Users/admin/builder/spi-builder-workspace/.derivedData/SDKExplicitPrecompiledModules/Accessibility-27QMG6ZQ1NKYTNBYFPM1XKNFC.pcm
SwiftExplicitDependencyGeneratePcm arm64 /Users/admin/builder/spi-builder-workspace/.derivedData/SDKExplicitPrecompiledModules/UIUtilities-IR7RNW23VAUKYI9MLCS9NL9A.pcm
SwiftExplicitDependencyGeneratePcm arm64 /Users/admin/builder/spi-builder-workspace/.derivedData/SDKExplicitPrecompiledModules/OSLog-B7VGO357Y3GJG35TST7DKDSI3.pcm
SwiftExplicitDependencyGeneratePcm arm64 /Users/admin/builder/spi-builder-workspace/.derivedData/SDKExplicitPrecompiledModules/UniformTypeIdentifiers-8L08Q8DQJV8C4AW84YVGFGTRN.pcm
SwiftExplicitDependencyGeneratePcm arm64 /Users/admin/builder/spi-builder-workspace/.derivedData/SDKExplicitPrecompiledModules/_LocationEssentials-5ZZDGDXB6HLQUC72SJW7YJ7MK.pcm
SwiftExplicitDependencyGeneratePcm arm64 /Users/admin/builder/spi-builder-workspace/.derivedData/SDKExplicitPrecompiledModules/CoreData-9JFJC4UET8BAO5IPV2JU6W9V8.pcm
SwiftExplicitDependencyGeneratePcm arm64 /Users/admin/builder/spi-builder-workspace/.derivedData/SDKExplicitPrecompiledModules/SceneKit-5HZKIL7XETTTD8TOHYPN8JKRJ.pcm
SwiftExplicitDependencyGeneratePcm arm64 /Users/admin/builder/spi-builder-workspace/.derivedData/SDKExplicitPrecompiledModules/QuartzCore-94KFMWNOU7ZLUZNB4T5DLZC9D.pcm
SwiftExplicitDependencyGeneratePcm arm64 /Users/admin/builder/spi-builder-workspace/.derivedData/SDKExplicitPrecompiledModules/UserNotifications-ARAH8MEQ0C2L0FBO39HITJMAO.pcm
SwiftExplicitDependencyGeneratePcm arm64 /Users/admin/builder/spi-builder-workspace/.derivedData/SDKExplicitPrecompiledModules/DataDetection-7BNVI1SZW5ISQL5SX4WL2X7I5.pcm
SwiftExplicitDependencyGeneratePcm arm64_32 /Users/admin/builder/spi-builder-workspace/.derivedData/SDKExplicitPrecompiledModules/CoreData-7AU1AFQWUH88EAPDKVMLJPKVD.pcm
SwiftExplicitDependencyGeneratePcm arm64_32 /Users/admin/builder/spi-builder-workspace/.derivedData/SDKExplicitPrecompiledModules/UserNotifications-6TBN8TEAKO014N1T2QD926XED.pcm
SwiftExplicitDependencyGeneratePcm arm64 /Users/admin/builder/spi-builder-workspace/.derivedData/SDKExplicitPrecompiledModules/CoreLocation-ACKJ9K7ABI14F97Y46Y6SRR17.pcm
SwiftExplicitDependencyGeneratePcm arm64_32 /Users/admin/builder/spi-builder-workspace/.derivedData/SDKExplicitPrecompiledModules/Symbols-1H97WMG76HU94F5VGJR19PXFY.pcm
SwiftExplicitDependencyGeneratePcm arm64_32 /Users/admin/builder/spi-builder-workspace/.derivedData/SDKExplicitPrecompiledModules/SceneKit-DKNLHKM5FJBQ79LSNMSSMBUBR.pcm
SwiftExplicitDependencyGeneratePcm arm64_32 /Users/admin/builder/spi-builder-workspace/.derivedData/SDKExplicitPrecompiledModules/Accessibility-F385OMZ5GYBUY5O4QAJB4NRII.pcm
SwiftExplicitDependencyGeneratePcm arm64_32 /Users/admin/builder/spi-builder-workspace/.derivedData/SDKExplicitPrecompiledModules/QuartzCore-6375NPYACK5NYVHPMC1QQ8MC2.pcm
SwiftExplicitDependencyGeneratePcm arm64_32 /Users/admin/builder/spi-builder-workspace/.derivedData/SDKExplicitPrecompiledModules/UIUtilities-9YFVNIMRC5HRVOIARNWHP1E3H.pcm
SwiftExplicitDependencyGeneratePcm arm64 /Users/admin/builder/spi-builder-workspace/.derivedData/SDKExplicitPrecompiledModules/SwiftUICore-C1DST1IX2Z0PTH5SJJZ1IULRB.pcm
SwiftExplicitDependencyGeneratePcm arm64_32 /Users/admin/builder/spi-builder-workspace/.derivedData/SDKExplicitPrecompiledModules/DataDetection-U9BF7WHFVA6BZGFXXXP272PS.pcm
SwiftExplicitDependencyGeneratePcm arm64 /Users/admin/builder/spi-builder-workspace/.derivedData/SDKExplicitPrecompiledModules/CoreTransferable-9PPG3SLJ55T4LITIFYX2M0NOZ.pcm
SwiftExplicitDependencyGeneratePcm arm64 /Users/admin/builder/spi-builder-workspace/.derivedData/SDKExplicitPrecompiledModules/Symbols-3EFABTJ9L5PQDJ7RQCYQWEJMM.pcm
SwiftExplicitDependencyGeneratePcm arm64_32 /Users/admin/builder/spi-builder-workspace/.derivedData/SDKExplicitPrecompiledModules/OSLog-D9AVFY0KWO7RVBIQ73CBIJVCN.pcm
SwiftExplicitDependencyGeneratePcm arm64_32 /Users/admin/builder/spi-builder-workspace/.derivedData/SDKExplicitPrecompiledModules/CoreTransferable-5D4IR6X37682FPHJ5CBPTKQV6.pcm
SwiftExplicitDependencyGeneratePcm arm64 /Users/admin/builder/spi-builder-workspace/.derivedData/SDKExplicitPrecompiledModules/CoreMotion-6RD5K48QT1F4L9CATNFD2O7YB.pcm
SwiftExplicitDependencyGeneratePcm arm64_32 /Users/admin/builder/spi-builder-workspace/.derivedData/SDKExplicitPrecompiledModules/_LocationEssentials-AQ1OL9QKC3LQLY5CNSRM1HB53.pcm
SwiftExplicitDependencyGeneratePcm arm64_32 /Users/admin/builder/spi-builder-workspace/.derivedData/SDKExplicitPrecompiledModules/UniformTypeIdentifiers-CJZ3NTHPSBH4XWX5EVOG56UZS.pcm
SwiftExplicitDependencyGeneratePcm arm64_32 /Users/admin/builder/spi-builder-workspace/.derivedData/SDKExplicitPrecompiledModules/SwiftUICore-3Q7WLRD8MR9R3NGIPUBQCP6F6.pcm
SwiftExplicitDependencyGeneratePcm arm64_32 /Users/admin/builder/spi-builder-workspace/.derivedData/SDKExplicitPrecompiledModules/CoreLocation-8XU5YMYM4P11RQMYCQAG65ITK.pcm
SwiftExplicitDependencyGeneratePcm arm64 /Users/admin/builder/spi-builder-workspace/.derivedData/SDKExplicitPrecompiledModules/UIKit-27R3P1YMV4C6JLDT661G3MRIA.pcm
SwiftExplicitDependencyGeneratePcm arm64_32 /Users/admin/builder/spi-builder-workspace/.derivedData/SDKExplicitPrecompiledModules/CoreMotion-1XGTVTE5PP32UHME8AC63TL6.pcm
SwiftExplicitDependencyGeneratePcm arm64_32 /Users/admin/builder/spi-builder-workspace/.derivedData/SDKExplicitPrecompiledModules/UIKit-6PPV7YPZ89CZPHYAP072QH8B6.pcm
SwiftExplicitDependencyGeneratePcm arm64 /Users/admin/builder/spi-builder-workspace/.derivedData/SDKExplicitPrecompiledModules/MapKit-EJJWC7IL56MPLQMI93GJRE5OG.pcm
SwiftExplicitDependencyGeneratePcm arm64 /Users/admin/builder/spi-builder-workspace/.derivedData/SDKExplicitPrecompiledModules/HomeKit-DTS1N4AWILAL1URZ5IOXV5221.pcm
SwiftExplicitDependencyGeneratePcm arm64 /Users/admin/builder/spi-builder-workspace/.derivedData/SDKExplicitPrecompiledModules/WatchKit-3VT3K8YON6FJ6OWSUFJMFMP8J.pcm
SwiftExplicitDependencyGeneratePcm arm64_32 /Users/admin/builder/spi-builder-workspace/.derivedData/SDKExplicitPrecompiledModules/MapKit-CWGB4YMP1VX1NYQN5FULFD5DR.pcm
SwiftExplicitDependencyGeneratePcm arm64_32 /Users/admin/builder/spi-builder-workspace/.derivedData/SDKExplicitPrecompiledModules/HomeKit-DUDZOMSN3UK8GNTNBNMPIWJRN.pcm
SwiftExplicitDependencyGeneratePcm arm64 /Users/admin/builder/spi-builder-workspace/.derivedData/SDKExplicitPrecompiledModules/SwiftUI-APXDH8ULYLM6FD17YRA73TULO.pcm
SwiftExplicitDependencyGeneratePcm arm64_32 /Users/admin/builder/spi-builder-workspace/.derivedData/SDKExplicitPrecompiledModules/WatchKit-FHF6WTKLC2APGK3LA2XJ6516.pcm
SwiftEmitModule normal arm64 Emitting\ module\ for\ SelectableText (in target 'SelectableText' from project 'SelectableText')
/Users/admin/builder/spi-builder-workspace/Sources/SelectableText/Extensions/BaseTextView+UIKit.swift:11:21: error: 'UITextView' is unavailable in watchOS
 9 | import SwiftUI
10 |
11 | class BaseTextView: UITextView {
   |                     `- error: 'UITextView' is unavailable in watchOS
12 |     var maxLayoutWidth: CGFloat = 0 {
13 |         didSet {
/Applications/Xcode-27.0.0-Release.Candidate.app/Contents/Developer/Platforms/WatchOS.platform/Developer/SDKs/WatchOS27.0.sdk/System/Library/Frameworks/UIKit.framework/Headers/UITextView.h:223:12: note: 'UITextView' has been explicitly marked unavailable here
221 |
222 | UIKIT_EXTERN API_AVAILABLE(ios(2.0)) API_UNAVAILABLE(watchos) NS_SWIFT_UI_ACTOR
223 | @interface UITextView : UIScrollView <UITextInput, UIContentSizeCategoryAdjusting, UILetterformAwareAdjusting, NSTextViewportLayoutControllerDelegate>
    |            `- note: 'UITextView' has been explicitly marked unavailable here
224 |
225 | @property(nullable,nonatomic,weak) id<UITextViewDelegate> delegate;
/Users/admin/builder/spi-builder-workspace/Sources/SelectableText/Extensions/SelectableTextRepresentable+UIKit.swift:19:30: error: cannot find type 'Context' in scope
17 |     @Binding var layoutHeight: CGFloat
18 |
19 |     func makeUIView(context: Context) -> UITextView {
   |                              `- error: cannot find type 'Context' in scope
20 |         let textView = BaseTextView()
21 |         textView.isEditable = false
/Users/admin/builder/spi-builder-workspace/Sources/SelectableText/Extensions/SelectableTextRepresentable+UIKit.swift:19:42: error: 'UITextView' is unavailable in watchOS
17 |     @Binding var layoutHeight: CGFloat
18 |
19 |     func makeUIView(context: Context) -> UITextView {
   |                                          `- error: 'UITextView' is unavailable in watchOS
20 |         let textView = BaseTextView()
21 |         textView.isEditable = false
/Applications/Xcode-27.0.0-Release.Candidate.app/Contents/Developer/Platforms/WatchOS.platform/Developer/SDKs/WatchOS27.0.sdk/System/Library/Frameworks/UIKit.framework/Headers/UITextView.h:223:12: note: 'UITextView' has been explicitly marked unavailable here
221 |
222 | UIKIT_EXTERN API_AVAILABLE(ios(2.0)) API_UNAVAILABLE(watchos) NS_SWIFT_UI_ACTOR
223 | @interface UITextView : UIScrollView <UITextInput, UIContentSizeCategoryAdjusting, UILetterformAwareAdjusting, NSTextViewportLayoutControllerDelegate>
    |            `- note: 'UITextView' has been explicitly marked unavailable here
224 |
225 | @property(nullable,nonatomic,weak) id<UITextViewDelegate> delegate;
/Users/admin/builder/spi-builder-workspace/Sources/SelectableText/Extensions/SelectableTextRepresentable+UIKit.swift:43:54: error: cannot find type 'Context' in scope
41 |     }
42 |
43 |     func updateUIView(_ uiView: UITextView, context: Context) {
   |                                                      `- error: cannot find type 'Context' in scope
44 |         if let text {
45 |             uiView.text = text
/Users/admin/builder/spi-builder-workspace/Sources/SelectableText/Extensions/SelectableTextRepresentable+UIKit.swift:43:33: error: 'UITextView' is unavailable in watchOS
41 |     }
42 |
43 |     func updateUIView(_ uiView: UITextView, context: Context) {
   |                                 `- error: 'UITextView' is unavailable in watchOS
44 |         if let text {
45 |             uiView.text = text
/Applications/Xcode-27.0.0-Release.Candidate.app/Contents/Developer/Platforms/WatchOS.platform/Developer/SDKs/WatchOS27.0.sdk/System/Library/Frameworks/UIKit.framework/Headers/UITextView.h:223:12: note: 'UITextView' has been explicitly marked unavailable here
221 |
222 | UIKIT_EXTERN API_AVAILABLE(ios(2.0)) API_UNAVAILABLE(watchos) NS_SWIFT_UI_ACTOR
223 | @interface UITextView : UIScrollView <UITextInput, UIContentSizeCategoryAdjusting, UILetterformAwareAdjusting, NSTextViewportLayoutControllerDelegate>
    |            `- note: 'UITextView' has been explicitly marked unavailable here
224 |
225 | @property(nullable,nonatomic,weak) id<UITextViewDelegate> delegate;
/Users/admin/builder/spi-builder-workspace/Sources/SelectableText/Extensions/SelectableTextRepresentable+UIKit.swift:12:37: error: cannot find type 'UIViewRepresentable' in scope
10 | import SwiftUI
11 |
12 | struct SelectableTextRepresentable: UIViewRepresentable {
   |                                     `- error: cannot find type 'UIViewRepresentable' in scope
13 |     var text: String? = nil
14 |     var attributedText: NSAttributedString? = nil
/Users/admin/builder/spi-builder-workspace/Sources/SelectableText/SelectableText.swift:80:35: error: 'systemPink' is unavailable in watchOS
78 | #if canImport(UIKit)
79 |     let attributes: [NSAttributedString.Key : Any] = [
80 |         .foregroundColor: UIColor.systemPink,
   |                                   `- error: 'systemPink' is unavailable in watchOS
81 |         .font: UIFont.preferredFont(forTextStyle: .body)
82 |     ]
/Applications/Xcode-27.0.0-Release.Candidate.app/Contents/Developer/Platforms/WatchOS.platform/Developer/SDKs/WatchOS27.0.sdk/System/Library/Frameworks/UIKit.framework/Headers/UIInterface.h:126:49: note: 'systemPink' has been explicitly marked unavailable here
124 | @property (class, nonatomic, readonly) UIColor *systemOrangeColor       API_AVAILABLE(ios(7.0), tvos(9.0)) API_UNAVAILABLE(watchos);
125 | @property (class, nonatomic, readonly) UIColor *systemYellowColor       API_AVAILABLE(ios(7.0), tvos(9.0)) API_UNAVAILABLE(watchos);
126 | @property (class, nonatomic, readonly) UIColor *systemPinkColor         API_AVAILABLE(ios(7.0), tvos(9.0)) API_UNAVAILABLE(watchos);
    |                                                 `- note: 'systemPink' has been explicitly marked unavailable here
127 | @property (class, nonatomic, readonly) UIColor *systemPurpleColor       API_AVAILABLE(ios(9.0), tvos(9.0)) API_UNAVAILABLE(watchos);
128 | @property (class, nonatomic, readonly) UIColor *systemTealColor         API_AVAILABLE(ios(7.0), tvos(9.0)) API_UNAVAILABLE(watchos);
Failed frontend command:
SwiftCompile normal arm64 (in target 'SelectableText' from project 'SelectableText')
    cd /Users/admin/builder/spi-builder-workspace/.swiftpm/xcode

/Applications/Xcode-27.0.0-Release.Candidate.app/Contents/Developer/Toolchains/XcodeDefault.xctoolchain/usr/bin/swift-frontend -frontend -emit-module -experimental-skip-non-inlinable-function-bodies-without-types /Users/admin/builder/spi-builder-workspace/Sources/SelectableText/Extensions/BaseTextView+AppKit.swift /Users/admin/builder/spi-builder-workspace/Sources/SelectableText/Extensions/BaseTextView+UIKit.swift /Users/admin/builder/spi-builder-workspace/Sources/SelectableText/Extensions/GeometryProxy+MaxWidth.swift /Users/admin/builder/spi-builder-workspace/Sources/SelectableText/Extensions/SelectableTextRepresentable+AppKit.swift /Users/admin/builder/spi-builder-workspace/Sources/SelectableText/Extensions/SelectableTextRepresentable+UIKit.swift /Users/admin/builder/spi-builder-workspace/Sources/SelectableText/SelectableText.swift -target arm64-apple-watchos9.0 -module-can-import-version UIKit 9127.0.84.1 9127.0.84 -disable-cross-import-overlay-search -load-resolved-plugin /Applications/Xcode-27.0.0-Release.Candidate.app/Contents/Developer/Platforms/WatchOS.platform/Developer/usr/lib/swift/host/plugins/libFoundationMacros.dylib\#/Applications/Xcode-27.0.0-Release.Candidate.app/Contents/Developer/Platforms/WatchOS.platform/Developer/usr/bin/swift-plugin-server\#FoundationMacros -load-resolved-plugin /Applications/Xcode-27.0.0-Release.Candidate.app/Contents/Developer/Platforms/WatchOS.platform/Developer/usr/lib/swift/host/plugins/libObservationMacros.dylib\#/Applications/Xcode-27.0.0-Release.Candidate.app/Contents/Developer/Platforms/WatchOS.platform/Developer/usr/bin/swift-plugin-server\#ObservationMacros -load-resolved-plugin /Applications/Xcode-27.0.0-Release.Candidate.app/Contents/Developer/Platforms/WatchOS.platform/Developer/usr/lib/swift/host/plugins/libPreviewsMacros.dylib\#/Applications/Xcode-27.0.0-Release.Candidate.app/Contents/Developer/Platforms/WatchOS.platform/Developer/usr/bin/swift-plugin-server\#PreviewsMacros -load-resolved-plugin /Applications/Xcode-27.0.0-Release.Candidate.app/Contents/Developer/Platforms/WatchOS.platform/Developer/usr/lib/swift/host/plugins/libSwiftMacros.dylib\#/Applications/Xcode-27.0.0-Release.Candidate.app/Contents/Developer/Platforms/WatchOS.platform/Developer/usr/bin/swift-plugin-server\#SwiftMacros -load-resolved-plugin /Applications/Xcode-27.0.0-Release.Candidate.app/Contents/Developer/Platforms/WatchOS.platform/Developer/usr/lib/swift/host/plugins/libSwiftUIMacros.dylib\#/Applications/Xcode-27.0.0-Release.Candidate.app/Contents/Developer/Platforms/WatchOS.platform/Developer/usr/bin/swift-plugin-server\#SwiftUIMacros -disable-implicit-swift-modules -Xcc -fno-implicit-modules -Xcc -fno-implicit-module-maps -explicit-swift-module-map-file /Users/admin/builder/spi-builder-workspace/.derivedData/Build/Intermediates.noindex/SelectableText.build/Debug-watchos/SelectableText-t.build/Objects-normal/arm64/SelectableText-dependencies-2.json -Xllvm -aarch64-use-tbi -enable-objc-interop -stack-check -sdk /Applications/Xcode-27.0.0-Release.Candidate.app/Contents/Developer/Platforms/WatchOS.platform/Developer/SDKs/WatchOS27.0.sdk -I /Users/admin/builder/spi-builder-workspace/.derivedData/Build/Products/Debug-watchos -Isystem /Applications/Xcode-27.0.0-Release.Candidate.app/Contents/Developer/Platforms/WatchOS.platform/Developer/usr/lib -F /Users/admin/builder/spi-builder-workspace/.derivedData/Build/Products/Debug-watchos -F /Applications/Xcode-27.0.0-Release.Candidate.app/Contents/Developer/Platforms/WatchOS.platform/Developer/Library/Frameworks -F /Applications/Xcode-27.0.0-Release.Candidate.app/Contents/Developer/Platforms/WatchOS.platform/Developer/SDKs/WatchOS27.0.sdk/Developer/Library/Frameworks -module-cache-path /Users/admin/builder/spi-builder-workspace/.derivedData/Build/Intermediates.noindex/SwiftExplicitPrecompiledModules -no-color-diagnostics -Xcc -fno-color-diagnostics -enable-testing -g -debug-info-format\=dwarf -dwarf-version\=4 -profile-generate -profile-coverage-mapping -swift-version 5 -Onone -D SWIFT_PACKAGE -D DEBUG -D SWIFT_MODULE_RESOURCE_BUNDLE_UNAVAILABLE -D Xcode -serialize-debugging-options -enable-experimental-feature DebugDescriptionMacro -empty-abi-descriptor -validate-clang-modules-once -clang-build-session-file /Users/admin/builder/spi-builder-workspace/.derivedData/ModuleCache.noindex/Session.modulevalidation -Xcc -working-directory -Xcc /Users/admin/builder/spi-builder-workspace/.swiftpm/xcode -enable-anonymous-context-mangled-names -file-compilation-dir /Users/admin/builder/spi-builder-workspace/.swiftpm/xcode -Xcc -D_LIBCPP_HARDENING_MODE\=_LIBCPP_HARDENING_MODE_DEBUG -Xcc -ivfsstatcache -Xcc /Users/admin/builder/spi-builder-workspace/.derivedData/SDKStatCaches.noindex/watchos27.0-24R360-e829b21a6f8c9b70876ba0858053c04477534ef55a1706bf4c1112bbb242f0a2.sdkstatcache -Xcc -fmodules-prune-interval\=86400 -Xcc -fmodules-prune-after\=345600 -Xcc -I/Users/admin/builder/spi-builder-workspace/.derivedData/Build/Products/Debug-watchos/include -Xcc -I/Users/admin/builder/spi-builder-workspace/.derivedData/Build/Intermediates.noindex/SelectableText.build/Debug-watchos/SelectableText-t.build/DerivedSources-normal/arm64 -Xcc -I/Users/admin/builder/spi-builder-workspace/.derivedData/Build/Intermediates.noindex/SelectableText.build/Debug-watchos/SelectableText-t.build/DerivedSources/arm64 -Xcc -I/Users/admin/builder/spi-builder-workspace/.derivedData/Build/Intermediates.noindex/SelectableText.build/Debug-watchos/SelectableText-t.build/DerivedSources -Xcc -DSWIFT_PACKAGE -Xcc -DDEBUG\=1 -no-auto-bridging-header-chaining -module-name SelectableText -package-name spi_builder_workspace -const-gather-protocols-file /Users/admin/builder/spi-builder-workspace/.derivedData/Build/Intermediates.noindex/SelectableText.build/Debug-watchos/SelectableText-t.build/Objects-normal/arm64/SelectableText_const_extract_protocols.json -disable-clang-spi -clang-target arm64-apple-watchos27.0 -target-sdk-version 27.0 -target-sdk-name watchos27.0 -in-process-plugin-server-path /Applications/Xcode-27.0.0-Release.Candidate.app/Contents/Developer/Toolchains/XcodeDefault.xctoolchain/usr/lib/swift/host/libSwiftInProcPluginServer.dylib -emit-module-doc-path /Users/admin/builder/spi-builder-workspace/.derivedData/Build/Intermediates.noindex/SelectableText.build/Debug-watchos/SelectableText-t.build/Objects-normal/arm64/SelectableText.swiftdoc -emit-module-source-info-path /Users/admin/builder/spi-builder-workspace/.derivedData/Build/Intermediates.noindex/SelectableText.build/Debug-watchos/SelectableText-t.build/Objects-normal/arm64/SelectableText.swiftsourceinfo -emit-objc-header-path /Users/admin/builder/spi-builder-workspace/.derivedData/Build/Intermediates.noindex/SelectableText.build/Debug-watchos/SelectableText-t.build/Objects-normal/arm64/SelectableText-Swift.h -serialize-diagnostics-path /Users/admin/builder/spi-builder-workspace/.derivedData/Build/Intermediates.noindex/SelectableText.build/Debug-watchos/SelectableText-t.build/Objects-normal/arm64/SelectableText-primary-emit-module.dia -emit-dependencies-path /Users/admin/builder/spi-builder-workspace/.derivedData/Build/Intermediates.noindex/SelectableText.build/Debug-watchos/SelectableText-t.build/Objects-normal/arm64/SelectableText-primary-emit-module.d -parse-as-library -o /Users/admin/builder/spi-builder-workspace/.derivedData/Build/Intermediates.noindex/SelectableText.build/Debug-watchos/SelectableText-t.build/Objects-normal/arm64/SelectableText.swiftmodule -emit-abi-descriptor-path /Users/admin/builder/spi-builder-workspace/.derivedData/Build/Intermediates.noindex/SelectableText.build/Debug-watchos/SelectableText-t.build/Objects-normal/arm64/SelectableText.abi.json
SwiftCompile normal arm64 Compiling\ SelectableTextRepresentable+UIKit.swift /Users/admin/builder/spi-builder-workspace/Sources/SelectableText/Extensions/SelectableTextRepresentable+UIKit.swift (in target 'SelectableText' from project 'SelectableText')
SwiftCompile normal arm64 /Users/admin/builder/spi-builder-workspace/Sources/SelectableText/Extensions/SelectableTextRepresentable+UIKit.swift (in target 'SelectableText' from project 'SelectableText')
    cd /Users/admin/builder/spi-builder-workspace/.swiftpm/xcode
    builtin-SwiftPerFileCompile SelectableTextRepresentable+UIKit.swift
/Users/admin/builder/spi-builder-workspace/Sources/SelectableText/Extensions/SelectableTextRepresentable+UIKit.swift:19:30: error: cannot find type 'Context' in scope
17 |     @Binding var layoutHeight: CGFloat
18 |
19 |     func makeUIView(context: Context) -> UITextView {
   |                              `- error: cannot find type 'Context' in scope
20 |         let textView = BaseTextView()
21 |         textView.isEditable = false
/Users/admin/builder/spi-builder-workspace/Sources/SelectableText/Extensions/SelectableTextRepresentable+UIKit.swift:19:42: error: 'UITextView' is unavailable in watchOS
17 |     @Binding var layoutHeight: CGFloat
18 |
19 |     func makeUIView(context: Context) -> UITextView {
   |                                          `- error: 'UITextView' is unavailable in watchOS
20 |         let textView = BaseTextView()
21 |         textView.isEditable = false
/Applications/Xcode-27.0.0-Release.Candidate.app/Contents/Developer/Platforms/WatchOS.platform/Developer/SDKs/WatchOS27.0.sdk/System/Library/Frameworks/UIKit.framework/Headers/UITextView.h:223:12: note: 'UITextView' has been explicitly marked unavailable here
221 |
222 | UIKIT_EXTERN API_AVAILABLE(ios(2.0)) API_UNAVAILABLE(watchos) NS_SWIFT_UI_ACTOR
223 | @interface UITextView : UIScrollView <UITextInput, UIContentSizeCategoryAdjusting, UILetterformAwareAdjusting, NSTextViewportLayoutControllerDelegate>
    |            `- note: 'UITextView' has been explicitly marked unavailable here
224 |
225 | @property(nullable,nonatomic,weak) id<UITextViewDelegate> delegate;
/Users/admin/builder/spi-builder-workspace/Sources/SelectableText/Extensions/SelectableTextRepresentable+UIKit.swift:43:54: error: cannot find type 'Context' in scope
41 |     }
42 |
43 |     func updateUIView(_ uiView: UITextView, context: Context) {
   |                                                      `- error: cannot find type 'Context' in scope
44 |         if let text {
45 |             uiView.text = text
/Users/admin/builder/spi-builder-workspace/Sources/SelectableText/Extensions/SelectableTextRepresentable+UIKit.swift:43:33: error: 'UITextView' is unavailable in watchOS
41 |     }
42 |
43 |     func updateUIView(_ uiView: UITextView, context: Context) {
   |                                 `- error: 'UITextView' is unavailable in watchOS
44 |         if let text {
45 |             uiView.text = text
/Applications/Xcode-27.0.0-Release.Candidate.app/Contents/Developer/Platforms/WatchOS.platform/Developer/SDKs/WatchOS27.0.sdk/System/Library/Frameworks/UIKit.framework/Headers/UITextView.h:223:12: note: 'UITextView' has been explicitly marked unavailable here
221 |
222 | UIKIT_EXTERN API_AVAILABLE(ios(2.0)) API_UNAVAILABLE(watchos) NS_SWIFT_UI_ACTOR
223 | @interface UITextView : UIScrollView <UITextInput, UIContentSizeCategoryAdjusting, UILetterformAwareAdjusting, NSTextViewportLayoutControllerDelegate>
    |            `- note: 'UITextView' has been explicitly marked unavailable here
224 |
225 | @property(nullable,nonatomic,weak) id<UITextViewDelegate> delegate;
/Users/admin/builder/spi-builder-workspace/Sources/SelectableText/Extensions/SelectableTextRepresentable+UIKit.swift:12:37: error: cannot find type 'UIViewRepresentable' in scope
10 | import SwiftUI
11 |
12 | struct SelectableTextRepresentable: UIViewRepresentable {
   |                                     `- error: cannot find type 'UIViewRepresentable' in scope
13 |     var text: String? = nil
14 |     var attributedText: NSAttributedString? = nil
SwiftCompile normal arm64 Compiling\ SelectableTextRepresentable+AppKit.swift /Users/admin/builder/spi-builder-workspace/Sources/SelectableText/Extensions/SelectableTextRepresentable+AppKit.swift (in target 'SelectableText' from project 'SelectableText')
SwiftCompile normal arm64 /Users/admin/builder/spi-builder-workspace/Sources/SelectableText/Extensions/SelectableTextRepresentable+AppKit.swift (in target 'SelectableText' from project 'SelectableText')
    cd /Users/admin/builder/spi-builder-workspace/.swiftpm/xcode
    builtin-SwiftPerFileCompile SelectableTextRepresentable+AppKit.swift
SwiftCompile normal arm64 Compiling\ SelectableText.swift /Users/admin/builder/spi-builder-workspace/Sources/SelectableText/SelectableText.swift (in target 'SelectableText' from project 'SelectableText')
SwiftCompile normal arm64 /Users/admin/builder/spi-builder-workspace/Sources/SelectableText/SelectableText.swift (in target 'SelectableText' from project 'SelectableText')
    cd /Users/admin/builder/spi-builder-workspace/.swiftpm/xcode
    builtin-SwiftPerFileCompile SelectableText.swift
SwiftCompile normal arm64 Compiling\ BaseTextView+UIKit.swift /Users/admin/builder/spi-builder-workspace/Sources/SelectableText/Extensions/BaseTextView+UIKit.swift (in target 'SelectableText' from project 'SelectableText')
SwiftCompile normal arm64 /Users/admin/builder/spi-builder-workspace/Sources/SelectableText/Extensions/BaseTextView+UIKit.swift (in target 'SelectableText' from project 'SelectableText')
    cd /Users/admin/builder/spi-builder-workspace/.swiftpm/xcode
    builtin-SwiftPerFileCompile BaseTextView+UIKit.swift
SwiftCompile normal arm64 Compiling\ GeometryProxy+MaxWidth.swift /Users/admin/builder/spi-builder-workspace/Sources/SelectableText/Extensions/GeometryProxy+MaxWidth.swift (in target 'SelectableText' from project 'SelectableText')
SwiftCompile normal arm64 /Users/admin/builder/spi-builder-workspace/Sources/SelectableText/Extensions/GeometryProxy+MaxWidth.swift (in target 'SelectableText' from project 'SelectableText')
    cd /Users/admin/builder/spi-builder-workspace/.swiftpm/xcode
    builtin-SwiftPerFileCompile GeometryProxy+MaxWidth.swift
SwiftCompile normal arm64 Compiling\ BaseTextView+AppKit.swift /Users/admin/builder/spi-builder-workspace/Sources/SelectableText/Extensions/BaseTextView+AppKit.swift (in target 'SelectableText' from project 'SelectableText')
SwiftCompile normal arm64 /Users/admin/builder/spi-builder-workspace/Sources/SelectableText/Extensions/BaseTextView+AppKit.swift (in target 'SelectableText' from project 'SelectableText')
    cd /Users/admin/builder/spi-builder-workspace/.swiftpm/xcode
    builtin-SwiftPerFileCompile BaseTextView+AppKit.swift
SwiftExplicitDependencyGeneratePcm arm64_32 /Users/admin/builder/spi-builder-workspace/.derivedData/SDKExplicitPrecompiledModules/SwiftUI-9AYG9OCT5VOJK7V4MX1WYR86T.pcm
SwiftCompile normal arm64_32 Compiling\ SelectableText.swift /Users/admin/builder/spi-builder-workspace/Sources/SelectableText/SelectableText.swift (in target 'SelectableText' from project 'SelectableText')
SwiftCompile normal arm64_32 /Users/admin/builder/spi-builder-workspace/Sources/SelectableText/SelectableText.swift (in target 'SelectableText' from project 'SelectableText')
    cd /Users/admin/builder/spi-builder-workspace/.swiftpm/xcode
    builtin-SwiftPerFileCompile SelectableText.swift
SwiftEmitModule normal arm64_32 Emitting\ module\ for\ SelectableText (in target 'SelectableText' from project 'SelectableText')
SwiftCompile normal arm64_32 (in target 'SelectableText' from project 'SelectableText')
    cd /Users/admin/builder/spi-builder-workspace/.swiftpm/xcode

SwiftCompile normal arm64_32 Compiling\ SelectableTextRepresentable+UIKit.swift /Users/admin/builder/spi-builder-workspace/Sources/SelectableText/Extensions/SelectableTextRepresentable+UIKit.swift (in target 'SelectableText' from project 'SelectableText')
/Users/admin/builder/spi-builder-workspace/Sources/SelectableText/Extensions/SelectableTextRepresentable+UIKit.swift:19:30: error: cannot find type 'Context' in scope
17 |     @Binding var layoutHeight: CGFloat
18 |
19 |     func makeUIView(context: Context) -> UITextView {
   |                              `- error: cannot find type 'Context' in scope
20 |         let textView = BaseTextView()
21 |         textView.isEditable = false
/Users/admin/builder/spi-builder-workspace/Sources/SelectableText/Extensions/SelectableTextRepresentable+UIKit.swift:19:42: error: 'UITextView' is unavailable in watchOS
17 |     @Binding var layoutHeight: CGFloat
18 |
19 |     func makeUIView(context: Context) -> UITextView {
   |                                          `- error: 'UITextView' is unavailable in watchOS
20 |         let textView = BaseTextView()
21 |         textView.isEditable = false
/Applications/Xcode-27.0.0-Release.Candidate.app/Contents/Developer/Platforms/WatchOS.platform/Developer/SDKs/WatchOS27.0.sdk/System/Library/Frameworks/UIKit.framework/Headers/UITextView.h:223:12: note: 'UITextView' has been explicitly marked unavailable here
221 |
222 | UIKIT_EXTERN API_AVAILABLE(ios(2.0)) API_UNAVAILABLE(watchos) NS_SWIFT_UI_ACTOR
223 | @interface UITextView : UIScrollView <UITextInput, UIContentSizeCategoryAdjusting, UILetterformAwareAdjusting, NSTextViewportLayoutControllerDelegate>
    |            `- note: 'UITextView' has been explicitly marked unavailable here
224 |
225 | @property(nullable,nonatomic,weak) id<UITextViewDelegate> delegate;
/Users/admin/builder/spi-builder-workspace/Sources/SelectableText/Extensions/SelectableTextRepresentable+UIKit.swift:43:54: error: cannot find type 'Context' in scope
41 |     }
42 |
43 |     func updateUIView(_ uiView: UITextView, context: Context) {
   |                                                      `- error: cannot find type 'Context' in scope
44 |         if let text {
45 |             uiView.text = text
/Users/admin/builder/spi-builder-workspace/Sources/SelectableText/Extensions/SelectableTextRepresentable+UIKit.swift:43:33: error: 'UITextView' is unavailable in watchOS
41 |     }
42 |
43 |     func updateUIView(_ uiView: UITextView, context: Context) {
   |                                 `- error: 'UITextView' is unavailable in watchOS
44 |         if let text {
45 |             uiView.text = text
/Applications/Xcode-27.0.0-Release.Candidate.app/Contents/Developer/Platforms/WatchOS.platform/Developer/SDKs/WatchOS27.0.sdk/System/Library/Frameworks/UIKit.framework/Headers/UITextView.h:223:12: note: 'UITextView' has been explicitly marked unavailable here
221 |
222 | UIKIT_EXTERN API_AVAILABLE(ios(2.0)) API_UNAVAILABLE(watchos) NS_SWIFT_UI_ACTOR
223 | @interface UITextView : UIScrollView <UITextInput, UIContentSizeCategoryAdjusting, UILetterformAwareAdjusting, NSTextViewportLayoutControllerDelegate>
    |            `- note: 'UITextView' has been explicitly marked unavailable here
224 |
225 | @property(nullable,nonatomic,weak) id<UITextViewDelegate> delegate;
SwiftCompile normal arm64_32 /Users/admin/builder/spi-builder-workspace/Sources/SelectableText/Extensions/SelectableTextRepresentable+UIKit.swift (in target 'SelectableText' from project 'SelectableText')
    cd /Users/admin/builder/spi-builder-workspace/.swiftpm/xcode
    builtin-SwiftPerFileCompile SelectableTextRepresentable+UIKit.swift
SwiftCompile normal arm64_32 Compiling\ GeometryProxy+MaxWidth.swift /Users/admin/builder/spi-builder-workspace/Sources/SelectableText/Extensions/GeometryProxy+MaxWidth.swift (in target 'SelectableText' from project 'SelectableText')
SwiftCompile normal arm64_32 /Users/admin/builder/spi-builder-workspace/Sources/SelectableText/Extensions/GeometryProxy+MaxWidth.swift (in target 'SelectableText' from project 'SelectableText')
    cd /Users/admin/builder/spi-builder-workspace/.swiftpm/xcode
    builtin-SwiftPerFileCompile GeometryProxy+MaxWidth.swift
PruneExplicitPrecompiledModules /Users/admin/builder/spi-builder-workspace/.derivedData/Build/Intermediates.noindex/ExplicitPrecompiledModules
PruneExplicitPrecompiledModules /Users/admin/builder/spi-builder-workspace/.derivedData/Build/Intermediates.noindex/SwiftExplicitPrecompiledModules
PruneExplicitPrecompiledModules /Users/admin/builder/spi-builder-workspace/.derivedData/SDKExplicitPrecompiledModules
2026-09-20 04:18:52.869 xcodebuild[873:5354] [MT] IDERunDestination: Supported platforms for the buildables in the current scheme is empty.
** BUILD FAILED **
The following build commands failed:
	SwiftCompile normal arm64 (in target 'SelectableText' from project 'SelectableText')
	SwiftEmitModule normal arm64 Emitting\ module\ for\ SelectableText (in target 'SelectableText' from project 'SelectableText')
	Building workspace SelectableText with scheme SelectableText
(3 failures)
Command line invocation:
    /Applications/Xcode-27.0.0-Release.Candidate.app/Contents/Developer/usr/bin/xcodebuild -IDEClonedSourcePackagesDirPathOverride=/Users/admin/builder/spi-builder-workspace/.dependencies -resolvePackageDependencies
Resolve Package Graph
Resolved source packages:
  SelectableText: /Users/admin/builder/spi-builder-workspace
  SwiftDocCPlugin: https://github.com/apple/swift-docc-plugin.git @ 1.5.0
  SymbolKit: https://github.com/swiftlang/swift-docc-symbolkit @ 1.0.0
resolved source packages: SelectableText, SwiftDocCPlugin, SymbolKit
2026-09-20 04:19:11.629 xcodebuild[1137:6644] [MT] IDERunDestination: Supported platforms for the buildables in the current scheme is empty.
{
  "dependencies" : [
    {
      "identity" : "swift-docc-plugin",
      "requirement" : {
        "range" : [
          {
            "lower_bound" : "1.3.0",
            "upper_bound" : "2.0.0"
          }
        ]
      },
      "type" : "sourceControl",
      "url" : "https://github.com/apple/swift-docc-plugin.git"
    }
  ],
  "manifest_display_name" : "SelectableText",
  "name" : "SelectableText",
  "path" : "/Users/admin/builder/spi-builder-workspace",
  "platforms" : [
    {
      "name" : "ios",
      "version" : "15.0"
    },
    {
      "name" : "macos",
      "version" : "12.0"
    },
    {
      "name" : "visionos",
      "version" : "1.0"
    }
  ],
  "products" : [
    {
      "name" : "SelectableText",
      "targets" : [
        "SelectableText"
      ],
      "type" : {
        "library" : [
          "automatic"
        ]
      }
    }
  ],
  "targets" : [
    {
      "c99name" : "SelectableTextTests",
      "module_type" : "SwiftTarget",
      "name" : "SelectableTextTests",
      "path" : "Tests/SelectableTextTests",
      "sources" : [
        "SelectableTextTests.swift"
      ],
      "target_dependencies" : [
        "SelectableText"
      ],
      "type" : "test"
    },
    {
      "c99name" : "SelectableText",
      "module_type" : "SwiftTarget",
      "name" : "SelectableText",
      "path" : "Sources/SelectableText",
      "product_memberships" : [
        "SelectableText"
      ],
      "sources" : [
        "Extensions/BaseTextView+AppKit.swift",
        "Extensions/BaseTextView+UIKit.swift",
        "Extensions/GeometryProxy+MaxWidth.swift",
        "Extensions/SelectableTextRepresentable+AppKit.swift",
        "Extensions/SelectableTextRepresentable+UIKit.swift",
        "SelectableText.swift"
      ],
      "type" : "library"
    }
  ],
  "tools_version" : "5.9"
}
{
  "workspace" : {
    "name" : "SelectableText",
    "schemes" : [
      "SelectableText"
    ]
  }
}
2026-09-20 04:19:18.792 xcodebuild[1195:7044] [MT] IDERunDestination: Supported platforms for the buildables in the current scheme is empty.
Running build ...
env DEVELOPER_DIR=/Applications/Xcode-27.0.0-Release.Candidate.app xcrun xcodebuild -IDEClonedSourcePackagesDirPathOverride=$PWD/.dependencies -skipMacroValidation -skipPackagePluginValidation -derivedDataPath $PWD/.derivedData build -scheme SelectableText -destination generic/platform=watchOS
Command line invocation:
    /Applications/Xcode-27.0.0-Release.Candidate.app/Contents/Developer/usr/bin/xcodebuild -IDEClonedSourcePackagesDirPathOverride=/Users/admin/builder/spi-builder-workspace/.dependencies -skipMacroValidation -skipPackagePluginValidation -derivedDataPath /Users/admin/builder/spi-builder-workspace/.derivedData build -scheme SelectableText -destination generic/platform=watchOS
Resolve Package Graph
Resolved source packages:
  SymbolKit: https://github.com/swiftlang/swift-docc-symbolkit @ 1.0.0
  SwiftDocCPlugin: https://github.com/apple/swift-docc-plugin.git @ 1.5.0
  SelectableText: /Users/admin/builder/spi-builder-workspace
ComputePackagePrebuildTargetDependencyGraph
Prepare packages
CreateBuildRequest
SendProjectDescription
CreateBuildOperation
ComputeTargetDependencyGraph
note: Building targets in dependency order
note: Target dependency graph (2 targets)
    Target 'SelectableText-product' in project 'SelectableText'
        ➜ Explicit dependency on target 'SelectableText' in project 'SelectableText'
    Target 'SelectableText' in project 'SelectableText' (no dependencies)
GatherProvisioningInputs
CreateBuildDescription
ClangStatCache /Applications/Xcode-27.0.0-Release.Candidate.app/Contents/Developer/Toolchains/XcodeDefault.xctoolchain/usr/bin/clang-stat-cache /Applications/Xcode-27.0.0-Release.Candidate.app/Contents/Developer/Platforms/WatchOS.platform/Developer/SDKs/WatchOS27.0.sdk /Users/admin/builder/spi-builder-workspace/.derivedData/SDKStatCaches.noindex/watchos27.0-24R360-e829b21a6f8c9b70876ba0858053c04477534ef55a1706bf4c1112bbb242f0a2.sdkstatcache
    cd /Users/admin/builder/spi-builder-workspace/.swiftpm/xcode
    /Applications/Xcode-27.0.0-Release.Candidate.app/Contents/Developer/Toolchains/XcodeDefault.xctoolchain/usr/bin/clang-stat-cache /Applications/Xcode-27.0.0-Release.Candidate.app/Contents/Developer/Platforms/WatchOS.platform/Developer/SDKs/WatchOS27.0.sdk -o /Users/admin/builder/spi-builder-workspace/.derivedData/SDKStatCaches.noindex/watchos27.0-24R360-e829b21a6f8c9b70876ba0858053c04477534ef55a1706bf4c1112bbb242f0a2.sdkstatcache
SwiftDriver SelectableText normal arm64_32 com.apple.xcode.tools.swift.compiler (in target 'SelectableText' from project 'SelectableText')
    cd /Users/admin/builder/spi-builder-workspace/.swiftpm/xcode
    builtin-SwiftDriver -- /Applications/Xcode-27.0.0-Release.Candidate.app/Contents/Developer/Toolchains/XcodeDefault.xctoolchain/usr/bin/swiftc -parse-as-library -module-name SelectableText -Onone @/Users/admin/builder/spi-builder-workspace/.derivedData/Build/Intermediates.noindex/SelectableText.build/Debug-watchos/SelectableText-t.build/Objects-normal/arm64_32/SelectableText.SwiftFileList -DSWIFT_PACKAGE -DDEBUG -DSWIFT_MODULE_RESOURCE_BUNDLE_UNAVAILABLE -DXcode -plugin-path /Applications/Xcode-27.0.0-Release.Candidate.app/Contents/Developer/Toolchains/XcodeDefault.xctoolchain/usr/lib/swift/host/plugins/testing -enable-experimental-feature DebugDescriptionMacro -sdk /Applications/Xcode-27.0.0-Release.Candidate.app/Contents/Developer/Platforms/WatchOS.platform/Developer/SDKs/WatchOS27.0.sdk -target arm64_32-apple-watchos9.0 -g -module-cache-path /Users/admin/builder/spi-builder-workspace/.derivedData/ModuleCache.noindex -Xfrontend -serialize-debugging-options -profile-coverage-mapping -profile-generate -enable-testing -index-store-path /Users/admin/builder/spi-builder-workspace/.derivedData/Index.noindex/DataStore -Xcc -D_LIBCPP_HARDENING_MODE\=_LIBCPP_HARDENING_MODE_DEBUG -swift-version 5 -I /Users/admin/builder/spi-builder-workspace/.derivedData/Build/Products/Debug-watchos -Isystem /Applications/Xcode-27.0.0-Release.Candidate.app/Contents/Developer/Platforms/WatchOS.platform/Developer/usr/lib -F /Users/admin/builder/spi-builder-workspace/.derivedData/Build/Products/Debug-watchos -F /Applications/Xcode-27.0.0-Release.Candidate.app/Contents/Developer/Platforms/WatchOS.platform/Developer/Library/Frameworks -F /Applications/Xcode-27.0.0-Release.Candidate.app/Contents/Developer/Platforms/WatchOS.platform/Developer/SDKs/WatchOS27.0.sdk/Developer/Library/Frameworks -c -j10 -enable-batch-mode -incremental -Xcc -ivfsstatcache -Xcc /Users/admin/builder/spi-builder-workspace/.derivedData/SDKStatCaches.noindex/watchos27.0-24R360-e829b21a6f8c9b70876ba0858053c04477534ef55a1706bf4c1112bbb242f0a2.sdkstatcache -output-file-map /Users/admin/builder/spi-builder-workspace/.derivedData/Build/Intermediates.noindex/SelectableText.build/Debug-watchos/SelectableText-t.build/Objects-normal/arm64_32/SelectableText-OutputFileMap.json -save-temps -no-color-diagnostics -explicit-module-build -module-cache-path /Users/admin/builder/spi-builder-workspace/.derivedData/Build/Intermediates.noindex/SwiftExplicitPrecompiledModules -clang-scanner-module-cache-path /Users/admin/builder/spi-builder-workspace/.derivedData/ModuleCache.noindex -sdk-module-cache-path /Users/admin/builder/spi-builder-workspace/.derivedData/SDKExplicitPrecompiledModules -emit-dependencies -emit-module -emit-module-path /Users/admin/builder/spi-builder-workspace/.derivedData/Build/Intermediates.noindex/SelectableText.build/Debug-watchos/SelectableText-t.build/Objects-normal/arm64_32/SelectableText.swiftmodule -serialize-diagnostics -dependency-scan-serialize-diagnostics-path /Users/admin/builder/spi-builder-workspace/.derivedData/Build/Intermediates.noindex/SelectableText.build/Debug-watchos/SelectableText-t.build/Objects-normal/arm64_32/SelectableText-dependency-scan.dia -validate-clang-modules-once -clang-build-session-file /Users/admin/builder/spi-builder-workspace/.derivedData/ModuleCache.noindex/Session.modulevalidation -Xcc -fmodules-prune-interval\=86400 -Xcc -fmodules-prune-after\=345600 -package-name spi_builder_workspace -emit-const-values -const-gather-protocols-list /Users/admin/builder/spi-builder-workspace/.derivedData/Build/Intermediates.noindex/SelectableText.build/Debug-watchos/SelectableText-t.build/Objects-normal/arm64_32/SelectableText_const_extract_protocols.json -Xcc -I/Users/admin/builder/spi-builder-workspace/.derivedData/Build/Products/Debug-watchos/include -Xcc -I/Users/admin/builder/spi-builder-workspace/.derivedData/Build/Intermediates.noindex/SelectableText.build/Debug-watchos/SelectableText-t.build/DerivedSources-normal/arm64_32 -Xcc -I/Users/admin/builder/spi-builder-workspace/.derivedData/Build/Intermediates.noindex/SelectableText.build/Debug-watchos/SelectableText-t.build/DerivedSources/arm64_32 -Xcc -I/Users/admin/builder/spi-builder-workspace/.derivedData/Build/Intermediates.noindex/SelectableText.build/Debug-watchos/SelectableText-t.build/DerivedSources -Xcc -DSWIFT_PACKAGE -Xcc -DDEBUG\=1 -emit-objc-header -emit-objc-header-path /Users/admin/builder/spi-builder-workspace/.derivedData/Build/Intermediates.noindex/SelectableText.build/Debug-watchos/SelectableText-t.build/Objects-normal/arm64_32/SelectableText-Swift.h -working-directory /Users/admin/builder/spi-builder-workspace/.swiftpm/xcode -experimental-emit-module-separately -disable-cmo
SwiftDriver SelectableText normal arm64 com.apple.xcode.tools.swift.compiler (in target 'SelectableText' from project 'SelectableText')
    cd /Users/admin/builder/spi-builder-workspace/.swiftpm/xcode
    builtin-SwiftDriver -- /Applications/Xcode-27.0.0-Release.Candidate.app/Contents/Developer/Toolchains/XcodeDefault.xctoolchain/usr/bin/swiftc -parse-as-library -module-name SelectableText -Onone @/Users/admin/builder/spi-builder-workspace/.derivedData/Build/Intermediates.noindex/SelectableText.build/Debug-watchos/SelectableText-t.build/Objects-normal/arm64/SelectableText.SwiftFileList -DSWIFT_PACKAGE -DDEBUG -DSWIFT_MODULE_RESOURCE_BUNDLE_UNAVAILABLE -DXcode -plugin-path /Applications/Xcode-27.0.0-Release.Candidate.app/Contents/Developer/Toolchains/XcodeDefault.xctoolchain/usr/lib/swift/host/plugins/testing -enable-experimental-feature DebugDescriptionMacro -sdk /Applications/Xcode-27.0.0-Release.Candidate.app/Contents/Developer/Platforms/WatchOS.platform/Developer/SDKs/WatchOS27.0.sdk -target arm64-apple-watchos9.0 -g -module-cache-path /Users/admin/builder/spi-builder-workspace/.derivedData/ModuleCache.noindex -Xfrontend -serialize-debugging-options -profile-coverage-mapping -profile-generate -enable-testing -index-store-path /Users/admin/builder/spi-builder-workspace/.derivedData/Index.noindex/DataStore -Xcc -D_LIBCPP_HARDENING_MODE\=_LIBCPP_HARDENING_MODE_DEBUG -swift-version 5 -I /Users/admin/builder/spi-builder-workspace/.derivedData/Build/Products/Debug-watchos -Isystem /Applications/Xcode-27.0.0-Release.Candidate.app/Contents/Developer/Platforms/WatchOS.platform/Developer/usr/lib -F /Users/admin/builder/spi-builder-workspace/.derivedData/Build/Products/Debug-watchos -F /Applications/Xcode-27.0.0-Release.Candidate.app/Contents/Developer/Platforms/WatchOS.platform/Developer/Library/Frameworks -F /Applications/Xcode-27.0.0-Release.Candidate.app/Contents/Developer/Platforms/WatchOS.platform/Developer/SDKs/WatchOS27.0.sdk/Developer/Library/Frameworks -c -j10 -enable-batch-mode -incremental -Xcc -ivfsstatcache -Xcc /Users/admin/builder/spi-builder-workspace/.derivedData/SDKStatCaches.noindex/watchos27.0-24R360-e829b21a6f8c9b70876ba0858053c04477534ef55a1706bf4c1112bbb242f0a2.sdkstatcache -output-file-map /Users/admin/builder/spi-builder-workspace/.derivedData/Build/Intermediates.noindex/SelectableText.build/Debug-watchos/SelectableText-t.build/Objects-normal/arm64/SelectableText-OutputFileMap.json -save-temps -no-color-diagnostics -explicit-module-build -module-cache-path /Users/admin/builder/spi-builder-workspace/.derivedData/Build/Intermediates.noindex/SwiftExplicitPrecompiledModules -clang-scanner-module-cache-path /Users/admin/builder/spi-builder-workspace/.derivedData/ModuleCache.noindex -sdk-module-cache-path /Users/admin/builder/spi-builder-workspace/.derivedData/SDKExplicitPrecompiledModules -emit-dependencies -emit-module -emit-module-path /Users/admin/builder/spi-builder-workspace/.derivedData/Build/Intermediates.noindex/SelectableText.build/Debug-watchos/SelectableText-t.build/Objects-normal/arm64/SelectableText.swiftmodule -serialize-diagnostics -dependency-scan-serialize-diagnostics-path /Users/admin/builder/spi-builder-workspace/.derivedData/Build/Intermediates.noindex/SelectableText.build/Debug-watchos/SelectableText-t.build/Objects-normal/arm64/SelectableText-dependency-scan.dia -validate-clang-modules-once -clang-build-session-file /Users/admin/builder/spi-builder-workspace/.derivedData/ModuleCache.noindex/Session.modulevalidation -Xcc -fmodules-prune-interval\=86400 -Xcc -fmodules-prune-after\=345600 -package-name spi_builder_workspace -emit-const-values -const-gather-protocols-list /Users/admin/builder/spi-builder-workspace/.derivedData/Build/Intermediates.noindex/SelectableText.build/Debug-watchos/SelectableText-t.build/Objects-normal/arm64/SelectableText_const_extract_protocols.json -Xcc -I/Users/admin/builder/spi-builder-workspace/.derivedData/Build/Products/Debug-watchos/include -Xcc -I/Users/admin/builder/spi-builder-workspace/.derivedData/Build/Intermediates.noindex/SelectableText.build/Debug-watchos/SelectableText-t.build/DerivedSources-normal/arm64 -Xcc -I/Users/admin/builder/spi-builder-workspace/.derivedData/Build/Intermediates.noindex/SelectableText.build/Debug-watchos/SelectableText-t.build/DerivedSources/arm64 -Xcc -I/Users/admin/builder/spi-builder-workspace/.derivedData/Build/Intermediates.noindex/SelectableText.build/Debug-watchos/SelectableText-t.build/DerivedSources -Xcc -DSWIFT_PACKAGE -Xcc -DDEBUG\=1 -emit-objc-header -emit-objc-header-path /Users/admin/builder/spi-builder-workspace/.derivedData/Build/Intermediates.noindex/SelectableText.build/Debug-watchos/SelectableText-t.build/Objects-normal/arm64/SelectableText-Swift.h -working-directory /Users/admin/builder/spi-builder-workspace/.swiftpm/xcode -experimental-emit-module-separately -disable-cmo
SwiftCompile normal arm64 Compiling\ SelectableTextRepresentable+UIKit.swift /Users/admin/builder/spi-builder-workspace/Sources/SelectableText/Extensions/SelectableTextRepresentable+UIKit.swift (in target 'SelectableText' from project 'SelectableText')
SwiftCompile normal arm64 /Users/admin/builder/spi-builder-workspace/Sources/SelectableText/Extensions/SelectableTextRepresentable+UIKit.swift (in target 'SelectableText' from project 'SelectableText')
    cd /Users/admin/builder/spi-builder-workspace/.swiftpm/xcode
    builtin-SwiftPerFileCompile SelectableTextRepresentable+UIKit.swift
/Users/admin/builder/spi-builder-workspace/Sources/SelectableText/Extensions/SelectableTextRepresentable+UIKit.swift:19:30: error: cannot find type 'Context' in scope
17 |     @Binding var layoutHeight: CGFloat
18 |
19 |     func makeUIView(context: Context) -> UITextView {
   |                              `- error: cannot find type 'Context' in scope
20 |         let textView = BaseTextView()
21 |         textView.isEditable = false
/Users/admin/builder/spi-builder-workspace/Sources/SelectableText/Extensions/SelectableTextRepresentable+UIKit.swift:19:42: error: 'UITextView' is unavailable in watchOS
17 |     @Binding var layoutHeight: CGFloat
18 |
19 |     func makeUIView(context: Context) -> UITextView {
   |                                          `- error: 'UITextView' is unavailable in watchOS
20 |         let textView = BaseTextView()
21 |         textView.isEditable = false
/Applications/Xcode-27.0.0-Release.Candidate.app/Contents/Developer/Platforms/WatchOS.platform/Developer/SDKs/WatchOS27.0.sdk/System/Library/Frameworks/UIKit.framework/Headers/UITextView.h:223:12: note: 'UITextView' has been explicitly marked unavailable here
221 |
222 | UIKIT_EXTERN API_AVAILABLE(ios(2.0)) API_UNAVAILABLE(watchos) NS_SWIFT_UI_ACTOR
223 | @interface UITextView : UIScrollView <UITextInput, UIContentSizeCategoryAdjusting, UILetterformAwareAdjusting, NSTextViewportLayoutControllerDelegate>
    |            `- note: 'UITextView' has been explicitly marked unavailable here
224 |
225 | @property(nullable,nonatomic,weak) id<UITextViewDelegate> delegate;
/Users/admin/builder/spi-builder-workspace/Sources/SelectableText/Extensions/SelectableTextRepresentable+UIKit.swift:43:54: error: cannot find type 'Context' in scope
41 |     }
42 |
43 |     func updateUIView(_ uiView: UITextView, context: Context) {
   |                                                      `- error: cannot find type 'Context' in scope
44 |         if let text {
45 |             uiView.text = text
/Users/admin/builder/spi-builder-workspace/Sources/SelectableText/Extensions/SelectableTextRepresentable+UIKit.swift:43:33: error: 'UITextView' is unavailable in watchOS
41 |     }
42 |
43 |     func updateUIView(_ uiView: UITextView, context: Context) {
   |                                 `- error: 'UITextView' is unavailable in watchOS
44 |         if let text {
45 |             uiView.text = text
/Applications/Xcode-27.0.0-Release.Candidate.app/Contents/Developer/Platforms/WatchOS.platform/Developer/SDKs/WatchOS27.0.sdk/System/Library/Frameworks/UIKit.framework/Headers/UITextView.h:223:12: note: 'UITextView' has been explicitly marked unavailable here
221 |
222 | UIKIT_EXTERN API_AVAILABLE(ios(2.0)) API_UNAVAILABLE(watchos) NS_SWIFT_UI_ACTOR
223 | @interface UITextView : UIScrollView <UITextInput, UIContentSizeCategoryAdjusting, UILetterformAwareAdjusting, NSTextViewportLayoutControllerDelegate>
    |            `- note: 'UITextView' has been explicitly marked unavailable here
224 |
225 | @property(nullable,nonatomic,weak) id<UITextViewDelegate> delegate;
/Users/admin/builder/spi-builder-workspace/Sources/SelectableText/Extensions/SelectableTextRepresentable+UIKit.swift:12:37: error: cannot find type 'UIViewRepresentable' in scope
10 | import SwiftUI
11 |
12 | struct SelectableTextRepresentable: UIViewRepresentable {
   |                                     `- error: cannot find type 'UIViewRepresentable' in scope
13 |     var text: String? = nil
14 |     var attributedText: NSAttributedString? = nil
SwiftCompile normal arm64 Compiling\ SelectableTextRepresentable+AppKit.swift /Users/admin/builder/spi-builder-workspace/Sources/SelectableText/Extensions/SelectableTextRepresentable+AppKit.swift (in target 'SelectableText' from project 'SelectableText')
SwiftCompile normal arm64 /Users/admin/builder/spi-builder-workspace/Sources/SelectableText/Extensions/SelectableTextRepresentable+AppKit.swift (in target 'SelectableText' from project 'SelectableText')
    cd /Users/admin/builder/spi-builder-workspace/.swiftpm/xcode
    builtin-SwiftPerFileCompile SelectableTextRepresentable+AppKit.swift
SwiftCompile normal arm64 Compiling\ BaseTextView+UIKit.swift /Users/admin/builder/spi-builder-workspace/Sources/SelectableText/Extensions/BaseTextView+UIKit.swift (in target 'SelectableText' from project 'SelectableText')
SwiftCompile normal arm64 /Users/admin/builder/spi-builder-workspace/Sources/SelectableText/Extensions/BaseTextView+UIKit.swift (in target 'SelectableText' from project 'SelectableText')
    cd /Users/admin/builder/spi-builder-workspace/.swiftpm/xcode
    builtin-SwiftPerFileCompile BaseTextView+UIKit.swift
SwiftCompile normal arm64 Compiling\ SelectableText.swift /Users/admin/builder/spi-builder-workspace/Sources/SelectableText/SelectableText.swift (in target 'SelectableText' from project 'SelectableText')
SwiftCompile normal arm64 /Users/admin/builder/spi-builder-workspace/Sources/SelectableText/SelectableText.swift (in target 'SelectableText' from project 'SelectableText')
    cd /Users/admin/builder/spi-builder-workspace/.swiftpm/xcode
    builtin-SwiftPerFileCompile SelectableText.swift
/Users/admin/builder/spi-builder-workspace/Sources/SelectableText/SelectableText.swift:80:35: error: 'systemPink' is unavailable in watchOS
78 | #if canImport(UIKit)
79 |     let attributes: [NSAttributedString.Key : Any] = [
80 |         .foregroundColor: UIColor.systemPink,
   |                                   `- error: 'systemPink' is unavailable in watchOS
81 |         .font: UIFont.preferredFont(forTextStyle: .body)
82 |     ]
/Applications/Xcode-27.0.0-Release.Candidate.app/Contents/Developer/Platforms/WatchOS.platform/Developer/SDKs/WatchOS27.0.sdk/System/Library/Frameworks/UIKit.framework/Headers/UIInterface.h:126:49: note: 'systemPink' has been explicitly marked unavailable here
124 | @property (class, nonatomic, readonly) UIColor *systemOrangeColor       API_AVAILABLE(ios(7.0), tvos(9.0)) API_UNAVAILABLE(watchos);
125 | @property (class, nonatomic, readonly) UIColor *systemYellowColor       API_AVAILABLE(ios(7.0), tvos(9.0)) API_UNAVAILABLE(watchos);
126 | @property (class, nonatomic, readonly) UIColor *systemPinkColor         API_AVAILABLE(ios(7.0), tvos(9.0)) API_UNAVAILABLE(watchos);
    |                                                 `- note: 'systemPink' has been explicitly marked unavailable here
127 | @property (class, nonatomic, readonly) UIColor *systemPurpleColor       API_AVAILABLE(ios(9.0), tvos(9.0)) API_UNAVAILABLE(watchos);
128 | @property (class, nonatomic, readonly) UIColor *systemTealColor         API_AVAILABLE(ios(7.0), tvos(9.0)) API_UNAVAILABLE(watchos);
/Users/admin/builder/spi-builder-workspace/Sources/SelectableText/SelectableText.swift:64:13: error: generic struct 'GeometryReader' requires that 'SelectableTextRepresentable' conform to 'View'
62 |     public var body: some View {
63 |         GeometryReader { proxy in
64 |             SelectableTextRepresentable(
   |             `- error: generic struct 'GeometryReader' requires that 'SelectableTextRepresentable' conform to 'View'
65 |                 text: text,
66 |                 attributedText: attributedText,
SwiftUI.GeometryReader:2:35: note: where 'Content' = 'SelectableTextRepresentable'
1 | @available(iOS 13.0, macOS 10.15, tvOS 13.0, watchOS 6.0, *)
2 | @frozen nonisolated public struct GeometryReader<Content> : View, ~Sendable where Content : View {
  |                                   `- note: where 'Content' = 'SelectableTextRepresentable'
3 |     public var content: (GeometryProxy) -> Content
4 |     @inlinable nonisolated public init(@ContentBuilder content: @escaping (GeometryProxy) -> Content)
SwiftEmitModule normal arm64 Emitting\ module\ for\ SelectableText (in target 'SelectableText' from project 'SelectableText')
/Users/admin/builder/spi-builder-workspace/Sources/SelectableText/Extensions/BaseTextView+UIKit.swift:11:21: error: 'UITextView' is unavailable in watchOS
 9 | import SwiftUI
10 |
11 | class BaseTextView: UITextView {
   |                     `- error: 'UITextView' is unavailable in watchOS
12 |     var maxLayoutWidth: CGFloat = 0 {
13 |         didSet {
/Applications/Xcode-27.0.0-Release.Candidate.app/Contents/Developer/Platforms/WatchOS.platform/Developer/SDKs/WatchOS27.0.sdk/System/Library/Frameworks/UIKit.framework/Headers/UITextView.h:223:12: note: 'UITextView' has been explicitly marked unavailable here
221 |
222 | UIKIT_EXTERN API_AVAILABLE(ios(2.0)) API_UNAVAILABLE(watchos) NS_SWIFT_UI_ACTOR
223 | @interface UITextView : UIScrollView <UITextInput, UIContentSizeCategoryAdjusting, UILetterformAwareAdjusting, NSTextViewportLayoutControllerDelegate>
    |            `- note: 'UITextView' has been explicitly marked unavailable here
224 |
225 | @property(nullable,nonatomic,weak) id<UITextViewDelegate> delegate;
/Users/admin/builder/spi-builder-workspace/Sources/SelectableText/Extensions/SelectableTextRepresentable+UIKit.swift:19:30: error: cannot find type 'Context' in scope
17 |     @Binding var layoutHeight: CGFloat
18 |
19 |     func makeUIView(context: Context) -> UITextView {
   |                              `- error: cannot find type 'Context' in scope
20 |         let textView = BaseTextView()
21 |         textView.isEditable = false
/Users/admin/builder/spi-builder-workspace/Sources/SelectableText/Extensions/SelectableTextRepresentable+UIKit.swift:19:42: error: 'UITextView' is unavailable in watchOS
17 |     @Binding var layoutHeight: CGFloat
18 |
19 |     func makeUIView(context: Context) -> UITextView {
   |                                          `- error: 'UITextView' is unavailable in watchOS
20 |         let textView = BaseTextView()
21 |         textView.isEditable = false
/Applications/Xcode-27.0.0-Release.Candidate.app/Contents/Developer/Platforms/WatchOS.platform/Developer/SDKs/WatchOS27.0.sdk/System/Library/Frameworks/UIKit.framework/Headers/UITextView.h:223:12: note: 'UITextView' has been explicitly marked unavailable here
221 |
222 | UIKIT_EXTERN API_AVAILABLE(ios(2.0)) API_UNAVAILABLE(watchos) NS_SWIFT_UI_ACTOR
223 | @interface UITextView : UIScrollView <UITextInput, UIContentSizeCategoryAdjusting, UILetterformAwareAdjusting, NSTextViewportLayoutControllerDelegate>
    |            `- note: 'UITextView' has been explicitly marked unavailable here
224 |
225 | @property(nullable,nonatomic,weak) id<UITextViewDelegate> delegate;
/Users/admin/builder/spi-builder-workspace/Sources/SelectableText/Extensions/SelectableTextRepresentable+UIKit.swift:43:54: error: cannot find type 'Context' in scope
41 |     }
42 |
43 |     func updateUIView(_ uiView: UITextView, context: Context) {
   |                                                      `- error: cannot find type 'Context' in scope
44 |         if let text {
45 |             uiView.text = text
/Users/admin/builder/spi-builder-workspace/Sources/SelectableText/Extensions/SelectableTextRepresentable+UIKit.swift:43:33: error: 'UITextView' is unavailable in watchOS
41 |     }
42 |
43 |     func updateUIView(_ uiView: UITextView, context: Context) {
   |                                 `- error: 'UITextView' is unavailable in watchOS
44 |         if let text {
45 |             uiView.text = text
/Applications/Xcode-27.0.0-Release.Candidate.app/Contents/Developer/Platforms/WatchOS.platform/Developer/SDKs/WatchOS27.0.sdk/System/Library/Frameworks/UIKit.framework/Headers/UITextView.h:223:12: note: 'UITextView' has been explicitly marked unavailable here
221 |
222 | UIKIT_EXTERN API_AVAILABLE(ios(2.0)) API_UNAVAILABLE(watchos) NS_SWIFT_UI_ACTOR
223 | @interface UITextView : UIScrollView <UITextInput, UIContentSizeCategoryAdjusting, UILetterformAwareAdjusting, NSTextViewportLayoutControllerDelegate>
    |            `- note: 'UITextView' has been explicitly marked unavailable here
224 |
225 | @property(nullable,nonatomic,weak) id<UITextViewDelegate> delegate;
/Users/admin/builder/spi-builder-workspace/Sources/SelectableText/Extensions/SelectableTextRepresentable+UIKit.swift:12:37: error: cannot find type 'UIViewRepresentable' in scope
10 | import SwiftUI
11 |
12 | struct SelectableTextRepresentable: UIViewRepresentable {
   |                                     `- error: cannot find type 'UIViewRepresentable' in scope
13 |     var text: String? = nil
14 |     var attributedText: NSAttributedString? = nil
/Users/admin/builder/spi-builder-workspace/Sources/SelectableText/SelectableText.swift:80:35: error: 'systemPink' is unavailable in watchOS
78 | #if canImport(UIKit)
79 |     let attributes: [NSAttributedString.Key : Any] = [
80 |         .foregroundColor: UIColor.systemPink,
   |                                   `- error: 'systemPink' is unavailable in watchOS
81 |         .font: UIFont.preferredFont(forTextStyle: .body)
82 |     ]
/Applications/Xcode-27.0.0-Release.Candidate.app/Contents/Developer/Platforms/WatchOS.platform/Developer/SDKs/WatchOS27.0.sdk/System/Library/Frameworks/UIKit.framework/Headers/UIInterface.h:126:49: note: 'systemPink' has been explicitly marked unavailable here
124 | @property (class, nonatomic, readonly) UIColor *systemOrangeColor       API_AVAILABLE(ios(7.0), tvos(9.0)) API_UNAVAILABLE(watchos);
125 | @property (class, nonatomic, readonly) UIColor *systemYellowColor       API_AVAILABLE(ios(7.0), tvos(9.0)) API_UNAVAILABLE(watchos);
126 | @property (class, nonatomic, readonly) UIColor *systemPinkColor         API_AVAILABLE(ios(7.0), tvos(9.0)) API_UNAVAILABLE(watchos);
    |                                                 `- note: 'systemPink' has been explicitly marked unavailable here
127 | @property (class, nonatomic, readonly) UIColor *systemPurpleColor       API_AVAILABLE(ios(9.0), tvos(9.0)) API_UNAVAILABLE(watchos);
128 | @property (class, nonatomic, readonly) UIColor *systemTealColor         API_AVAILABLE(ios(7.0), tvos(9.0)) API_UNAVAILABLE(watchos);
Failed frontend command:
/Applications/Xcode-27.0.0-Release.Candidate.app/Contents/Developer/Toolchains/XcodeDefault.xctoolchain/usr/bin/swift-frontend -frontend -emit-module -experimental-skip-non-inlinable-function-bodies-without-types /Users/admin/builder/spi-builder-workspace/Sources/SelectableText/Extensions/BaseTextView+AppKit.swift /Users/admin/builder/spi-builder-workspace/Sources/SelectableText/Extensions/BaseTextView+UIKit.swift /Users/admin/builder/spi-builder-workspace/Sources/SelectableText/Extensions/GeometryProxy+MaxWidth.swift /Users/admin/builder/spi-builder-workspace/Sources/SelectableText/Extensions/SelectableTextRepresentable+AppKit.swift /Users/admin/builder/spi-builder-workspace/Sources/SelectableText/Extensions/SelectableTextRepresentable+UIKit.swift /Users/admin/builder/spi-builder-workspace/Sources/SelectableText/SelectableText.swift -target arm64-apple-watchos9.0 -module-can-import-version UIKit 9127.0.84.1 9127.0.84 -disable-cross-import-overlay-search -load-resolved-plugin /Applications/Xcode-27.0.0-Release.Candidate.app/Contents/Developer/Platforms/WatchOS.platform/Developer/usr/lib/swift/host/plugins/libFoundationMacros.dylib\#/Applications/Xcode-27.0.0-Release.Candidate.app/Contents/Developer/Platforms/WatchOS.platform/Developer/usr/bin/swift-plugin-server\#FoundationMacros -load-resolved-plugin /Applications/Xcode-27.0.0-Release.Candidate.app/Contents/Developer/Platforms/WatchOS.platform/Developer/usr/lib/swift/host/plugins/libObservationMacros.dylib\#/Applications/Xcode-27.0.0-Release.Candidate.app/Contents/Developer/Platforms/WatchOS.platform/Developer/usr/bin/swift-plugin-server\#ObservationMacros -load-resolved-plugin /Applications/Xcode-27.0.0-Release.Candidate.app/Contents/Developer/Platforms/WatchOS.platform/Developer/usr/lib/swift/host/plugins/libPreviewsMacros.dylib\#/Applications/Xcode-27.0.0-Release.Candidate.app/Contents/Developer/Platforms/WatchOS.platform/Developer/usr/bin/swift-plugin-server\#PreviewsMacros -load-resolved-plugin /Applications/Xcode-27.0.0-Release.Candidate.app/Contents/Developer/Platforms/WatchOS.platform/Developer/usr/lib/swift/host/plugins/libSwiftMacros.dylib\#/Applications/Xcode-27.0.0-Release.Candidate.app/Contents/Developer/Platforms/WatchOS.platform/Developer/usr/bin/swift-plugin-server\#SwiftMacros -load-resolved-plugin /Applications/Xcode-27.0.0-Release.Candidate.app/Contents/Developer/Platforms/WatchOS.platform/Developer/usr/lib/swift/host/plugins/libSwiftUIMacros.dylib\#/Applications/Xcode-27.0.0-Release.Candidate.app/Contents/Developer/Platforms/WatchOS.platform/Developer/usr/bin/swift-plugin-server\#SwiftUIMacros -disable-implicit-swift-modules -Xcc -fno-implicit-modules -Xcc -fno-implicit-module-maps -explicit-swift-module-map-file /Users/admin/builder/spi-builder-workspace/.derivedData/Build/Intermediates.noindex/SelectableText.build/Debug-watchos/SelectableText-t.build/Objects-normal/arm64/SelectableText-dependencies-1.json -Xllvm -aarch64-use-tbi -enable-objc-interop -stack-check -sdk /Applications/Xcode-27.0.0-Release.Candidate.app/Contents/Developer/Platforms/WatchOS.platform/Developer/SDKs/WatchOS27.0.sdk -I /Users/admin/builder/spi-builder-workspace/.derivedData/Build/Products/Debug-watchos -Isystem /Applications/Xcode-27.0.0-Release.Candidate.app/Contents/Developer/Platforms/WatchOS.platform/Developer/usr/lib -F /Users/admin/builder/spi-builder-workspace/.derivedData/Build/Products/Debug-watchos -F /Applications/Xcode-27.0.0-Release.Candidate.app/Contents/Developer/Platforms/WatchOS.platform/Developer/Library/Frameworks -F /Applications/Xcode-27.0.0-Release.Candidate.app/Contents/Developer/Platforms/WatchOS.platform/Developer/SDKs/WatchOS27.0.sdk/Developer/Library/Frameworks -module-cache-path /Users/admin/builder/spi-builder-workspace/.derivedData/Build/Intermediates.noindex/SwiftExplicitPrecompiledModules -no-color-diagnostics -Xcc -fno-color-diagnostics -enable-testing -g -debug-info-format\=dwarf -dwarf-version\=4 -profile-generate -profile-coverage-mapping -swift-version 5 -Onone -D SWIFT_PACKAGE -D DEBUG -D SWIFT_MODULE_RESOURCE_BUNDLE_UNAVAILABLE -D Xcode -serialize-debugging-options -enable-experimental-feature DebugDescriptionMacro -empty-abi-descriptor -validate-clang-modules-once -clang-build-session-file /Users/admin/builder/spi-builder-workspace/.derivedData/ModuleCache.noindex/Session.modulevalidation -Xcc -working-directory -Xcc /Users/admin/builder/spi-builder-workspace/.swiftpm/xcode -enable-anonymous-context-mangled-names -file-compilation-dir /Users/admin/builder/spi-builder-workspace/.swiftpm/xcode -Xcc -D_LIBCPP_HARDENING_MODE\=_LIBCPP_HARDENING_MODE_DEBUG -Xcc -ivfsstatcache -Xcc /Users/admin/builder/spi-builder-workspace/.derivedData/SDKStatCaches.noindex/watchos27.0-24R360-e829b21a6f8c9b70876ba0858053c04477534ef55a1706bf4c1112bbb242f0a2.sdkstatcache -Xcc -fmodules-prune-interval\=86400 -Xcc -fmodules-prune-after\=345600 -Xcc -I/Users/admin/builder/spi-builder-workspace/.derivedData/Build/Products/Debug-watchos/include -Xcc -I/Users/admin/builder/spi-builder-workspace/.derivedData/Build/Intermediates.noindex/SelectableText.build/Debug-watchos/SelectableText-t.build/DerivedSources-normal/arm64 -Xcc -I/Users/admin/builder/spi-builder-workspace/.derivedData/Build/Intermediates.noindex/SelectableText.build/Debug-watchos/SelectableText-t.build/DerivedSources/arm64 -Xcc -I/Users/admin/builder/spi-builder-workspace/.derivedData/Build/Intermediates.noindex/SelectableText.build/Debug-watchos/SelectableText-t.build/DerivedSources -Xcc -DSWIFT_PACKAGE -Xcc -DDEBUG\=1 -no-auto-bridging-header-chaining -module-name SelectableText -package-name spi_builder_workspace -const-gather-protocols-file /Users/admin/builder/spi-builder-workspace/.derivedData/Build/Intermediates.noindex/SelectableText.build/Debug-watchos/SelectableText-t.build/Objects-normal/arm64/SelectableText_const_extract_protocols.json -disable-clang-spi -clang-target arm64-apple-watchos27.0 -target-sdk-version 27.0 -target-sdk-name watchos27.0 -in-process-plugin-server-path /Applications/Xcode-27.0.0-Release.Candidate.app/Contents/Developer/Toolchains/XcodeDefault.xctoolchain/usr/lib/swift/host/libSwiftInProcPluginServer.dylib -emit-module-doc-path /Users/admin/builder/spi-builder-workspace/.derivedData/Build/Intermediates.noindex/SelectableText.build/Debug-watchos/SelectableText-t.build/Objects-normal/arm64/SelectableText.swiftdoc -emit-module-source-info-path /Users/admin/builder/spi-builder-workspace/.derivedData/Build/Intermediates.noindex/SelectableText.build/Debug-watchos/SelectableText-t.build/Objects-normal/arm64/SelectableText.swiftsourceinfo -emit-objc-header-path /Users/admin/builder/spi-builder-workspace/.derivedData/Build/Intermediates.noindex/SelectableText.build/Debug-watchos/SelectableText-t.build/Objects-normal/arm64/SelectableText-Swift.h -serialize-diagnostics-path /Users/admin/builder/spi-builder-workspace/.derivedData/Build/Intermediates.noindex/SelectableText.build/Debug-watchos/SelectableText-t.build/Objects-normal/arm64/SelectableText-primary-emit-module.dia -emit-dependencies-path /Users/admin/builder/spi-builder-workspace/.derivedData/Build/Intermediates.noindex/SelectableText.build/Debug-watchos/SelectableText-t.build/Objects-normal/arm64/SelectableText-primary-emit-module.d -parse-as-library -o /Users/admin/builder/spi-builder-workspace/.derivedData/Build/Intermediates.noindex/SelectableText.build/Debug-watchos/SelectableText-t.build/Objects-normal/arm64/SelectableText.swiftmodule -emit-abi-descriptor-path /Users/admin/builder/spi-builder-workspace/.derivedData/Build/Intermediates.noindex/SelectableText.build/Debug-watchos/SelectableText-t.build/Objects-normal/arm64/SelectableText.abi.json
SwiftCompile normal arm64 (in target 'SelectableText' from project 'SelectableText')
    cd /Users/admin/builder/spi-builder-workspace/.swiftpm/xcode

SwiftCompile normal arm64 Compiling\ BaseTextView+AppKit.swift /Users/admin/builder/spi-builder-workspace/Sources/SelectableText/Extensions/BaseTextView+AppKit.swift (in target 'SelectableText' from project 'SelectableText')
SwiftCompile normal arm64 /Users/admin/builder/spi-builder-workspace/Sources/SelectableText/Extensions/BaseTextView+AppKit.swift (in target 'SelectableText' from project 'SelectableText')
    cd /Users/admin/builder/spi-builder-workspace/.swiftpm/xcode
    builtin-SwiftPerFileCompile BaseTextView+AppKit.swift
SwiftCompile normal arm64 Compiling\ GeometryProxy+MaxWidth.swift /Users/admin/builder/spi-builder-workspace/Sources/SelectableText/Extensions/GeometryProxy+MaxWidth.swift (in target 'SelectableText' from project 'SelectableText')
SwiftCompile normal arm64 /Users/admin/builder/spi-builder-workspace/Sources/SelectableText/Extensions/GeometryProxy+MaxWidth.swift (in target 'SelectableText' from project 'SelectableText')
    cd /Users/admin/builder/spi-builder-workspace/.swiftpm/xcode
    builtin-SwiftPerFileCompile GeometryProxy+MaxWidth.swift
SwiftEmitModule normal arm64_32 Emitting\ module\ for\ SelectableText (in target 'SelectableText' from project 'SelectableText')
/Users/admin/builder/spi-builder-workspace/Sources/SelectableText/Extensions/BaseTextView+UIKit.swift:11:21: error: 'UITextView' is unavailable in watchOS
 9 | import SwiftUI
10 |
11 | class BaseTextView: UITextView {
   |                     `- error: 'UITextView' is unavailable in watchOS
12 |     var maxLayoutWidth: CGFloat = 0 {
13 |         didSet {
/Applications/Xcode-27.0.0-Release.Candidate.app/Contents/Developer/Platforms/WatchOS.platform/Developer/SDKs/WatchOS27.0.sdk/System/Library/Frameworks/UIKit.framework/Headers/UITextView.h:223:12: note: 'UITextView' has been explicitly marked unavailable here
221 |
222 | UIKIT_EXTERN API_AVAILABLE(ios(2.0)) API_UNAVAILABLE(watchos) NS_SWIFT_UI_ACTOR
223 | @interface UITextView : UIScrollView <UITextInput, UIContentSizeCategoryAdjusting, UILetterformAwareAdjusting, NSTextViewportLayoutControllerDelegate>
    |            `- note: 'UITextView' has been explicitly marked unavailable here
224 |
225 | @property(nullable,nonatomic,weak) id<UITextViewDelegate> delegate;
/Users/admin/builder/spi-builder-workspace/Sources/SelectableText/Extensions/SelectableTextRepresentable+UIKit.swift:19:30: error: cannot find type 'Context' in scope
17 |     @Binding var layoutHeight: CGFloat
18 |
19 |     func makeUIView(context: Context) -> UITextView {
   |                              `- error: cannot find type 'Context' in scope
20 |         let textView = BaseTextView()
21 |         textView.isEditable = false
/Users/admin/builder/spi-builder-workspace/Sources/SelectableText/Extensions/SelectableTextRepresentable+UIKit.swift:19:42: error: 'UITextView' is unavailable in watchOS
17 |     @Binding var layoutHeight: CGFloat
18 |
19 |     func makeUIView(context: Context) -> UITextView {
   |                                          `- error: 'UITextView' is unavailable in watchOS
20 |         let textView = BaseTextView()
21 |         textView.isEditable = false
/Applications/Xcode-27.0.0-Release.Candidate.app/Contents/Developer/Platforms/WatchOS.platform/Developer/SDKs/WatchOS27.0.sdk/System/Library/Frameworks/UIKit.framework/Headers/UITextView.h:223:12: note: 'UITextView' has been explicitly marked unavailable here
221 |
222 | UIKIT_EXTERN API_AVAILABLE(ios(2.0)) API_UNAVAILABLE(watchos) NS_SWIFT_UI_ACTOR
223 | @interface UITextView : UIScrollView <UITextInput, UIContentSizeCategoryAdjusting, UILetterformAwareAdjusting, NSTextViewportLayoutControllerDelegate>
    |            `- note: 'UITextView' has been explicitly marked unavailable here
224 |
225 | @property(nullable,nonatomic,weak) id<UITextViewDelegate> delegate;
/Users/admin/builder/spi-builder-workspace/Sources/SelectableText/Extensions/SelectableTextRepresentable+UIKit.swift:43:54: error: cannot find type 'Context' in scope
41 |     }
42 |
43 |     func updateUIView(_ uiView: UITextView, context: Context) {
   |                                                      `- error: cannot find type 'Context' in scope
44 |         if let text {
45 |             uiView.text = text
/Users/admin/builder/spi-builder-workspace/Sources/SelectableText/Extensions/SelectableTextRepresentable+UIKit.swift:43:33: error: 'UITextView' is unavailable in watchOS
41 |     }
42 |
43 |     func updateUIView(_ uiView: UITextView, context: Context) {
   |                                 `- error: 'UITextView' is unavailable in watchOS
44 |         if let text {
45 |             uiView.text = text
/Applications/Xcode-27.0.0-Release.Candidate.app/Contents/Developer/Platforms/WatchOS.platform/Developer/SDKs/WatchOS27.0.sdk/System/Library/Frameworks/UIKit.framework/Headers/UITextView.h:223:12: note: 'UITextView' has been explicitly marked unavailable here
221 |
222 | UIKIT_EXTERN API_AVAILABLE(ios(2.0)) API_UNAVAILABLE(watchos) NS_SWIFT_UI_ACTOR
223 | @interface UITextView : UIScrollView <UITextInput, UIContentSizeCategoryAdjusting, UILetterformAwareAdjusting, NSTextViewportLayoutControllerDelegate>
    |            `- note: 'UITextView' has been explicitly marked unavailable here
224 |
225 | @property(nullable,nonatomic,weak) id<UITextViewDelegate> delegate;
/Users/admin/builder/spi-builder-workspace/Sources/SelectableText/Extensions/SelectableTextRepresentable+UIKit.swift:12:37: error: cannot find type 'UIViewRepresentable' in scope
10 | import SwiftUI
11 |
12 | struct SelectableTextRepresentable: UIViewRepresentable {
   |                                     `- error: cannot find type 'UIViewRepresentable' in scope
13 |     var text: String? = nil
14 |     var attributedText: NSAttributedString? = nil
/Users/admin/builder/spi-builder-workspace/Sources/SelectableText/SelectableText.swift:80:35: error: 'systemPink' is unavailable in watchOS
78 | #if canImport(UIKit)
79 |     let attributes: [NSAttributedString.Key : Any] = [
80 |         .foregroundColor: UIColor.systemPink,
   |                                   `- error: 'systemPink' is unavailable in watchOS
81 |         .font: UIFont.preferredFont(forTextStyle: .body)
82 |     ]
/Applications/Xcode-27.0.0-Release.Candidate.app/Contents/Developer/Platforms/WatchOS.platform/Developer/SDKs/WatchOS27.0.sdk/System/Library/Frameworks/UIKit.framework/Headers/UIInterface.h:126:49: note: 'systemPink' has been explicitly marked unavailable here
124 | @property (class, nonatomic, readonly) UIColor *systemOrangeColor       API_AVAILABLE(ios(7.0), tvos(9.0)) API_UNAVAILABLE(watchos);
125 | @property (class, nonatomic, readonly) UIColor *systemYellowColor       API_AVAILABLE(ios(7.0), tvos(9.0)) API_UNAVAILABLE(watchos);
126 | @property (class, nonatomic, readonly) UIColor *systemPinkColor         API_AVAILABLE(ios(7.0), tvos(9.0)) API_UNAVAILABLE(watchos);
    |                                                 `- note: 'systemPink' has been explicitly marked unavailable here
127 | @property (class, nonatomic, readonly) UIColor *systemPurpleColor       API_AVAILABLE(ios(9.0), tvos(9.0)) API_UNAVAILABLE(watchos);
128 | @property (class, nonatomic, readonly) UIColor *systemTealColor         API_AVAILABLE(ios(7.0), tvos(9.0)) API_UNAVAILABLE(watchos);
Failed frontend command:
/Applications/Xcode-27.0.0-Release.Candidate.app/Contents/Developer/Toolchains/XcodeDefault.xctoolchain/usr/bin/swift-frontend -frontend -emit-module -experimental-skip-non-inlinable-function-bodies-without-types /Users/admin/builder/spi-builder-workspace/Sources/SelectableText/Extensions/BaseTextView+AppKit.swift /Users/admin/builder/spi-builder-workspace/Sources/SelectableText/Extensions/BaseTextView+UIKit.swift /Users/admin/builder/spi-builder-workspace/Sources/SelectableText/Extensions/GeometryProxy+MaxWidth.swift /Users/admin/builder/spi-builder-workspace/Sources/SelectableText/Extensions/SelectableTextRepresentable+AppKit.swift /Users/admin/builder/spi-builder-workspace/Sources/SelectableText/Extensions/SelectableTextRepresentable+UIKit.swift /Users/admin/builder/spi-builder-workspace/Sources/SelectableText/SelectableText.swift -target arm64_32-apple-watchos9.0 -module-can-import-version UIKit 9127.0.84.1 9127.0.84 -disable-cross-import-overlay-search -load-resolved-plugin /Applications/Xcode-27.0.0-Release.Candidate.app/Contents/Developer/Platforms/WatchOS.platform/Developer/usr/lib/swift/host/plugins/libFoundationMacros.dylib\#/Applications/Xcode-27.0.0-Release.Candidate.app/Contents/Developer/Platforms/WatchOS.platform/Developer/usr/bin/swift-plugin-server\#FoundationMacros -load-resolved-plugin /Applications/Xcode-27.0.0-Release.Candidate.app/Contents/Developer/Platforms/WatchOS.platform/Developer/usr/lib/swift/host/plugins/libObservationMacros.dylib\#/Applications/Xcode-27.0.0-Release.Candidate.app/Contents/Developer/Platforms/WatchOS.platform/Developer/usr/bin/swift-plugin-server\#ObservationMacros -load-resolved-plugin /Applications/Xcode-27.0.0-Release.Candidate.app/Contents/Developer/Platforms/WatchOS.platform/Developer/usr/lib/swift/host/plugins/libPreviewsMacros.dylib\#/Applications/Xcode-27.0.0-Release.Candidate.app/Contents/Developer/Platforms/WatchOS.platform/Developer/usr/bin/swift-plugin-server\#PreviewsMacros -load-resolved-plugin /Applications/Xcode-27.0.0-Release.Candidate.app/Contents/Developer/Platforms/WatchOS.platform/Developer/usr/lib/swift/host/plugins/libSwiftMacros.dylib\#/Applications/Xcode-27.0.0-Release.Candidate.app/Contents/Developer/Platforms/WatchOS.platform/Developer/usr/bin/swift-plugin-server\#SwiftMacros -load-resolved-plugin /Applications/Xcode-27.0.0-Release.Candidate.app/Contents/Developer/Platforms/WatchOS.platform/Developer/usr/lib/swift/host/plugins/libSwiftUIMacros.dylib\#/Applications/Xcode-27.0.0-Release.Candidate.app/Contents/Developer/Platforms/WatchOS.platform/Developer/usr/bin/swift-plugin-server\#SwiftUIMacros -disable-implicit-swift-modules -Xcc -fno-implicit-modules -Xcc -fno-implicit-module-maps -explicit-swift-module-map-file /Users/admin/builder/spi-builder-workspace/.derivedData/Build/Intermediates.noindex/SelectableText.build/Debug-watchos/SelectableText-t.build/Objects-normal/arm64_32/SelectableText-dependencies-2.json -enable-objc-interop -sdk /Applications/Xcode-27.0.0-Release.Candidate.app/Contents/Developer/Platforms/WatchOS.platform/Developer/SDKs/WatchOS27.0.sdk -I /Users/admin/builder/spi-builder-workspace/.derivedData/Build/Products/Debug-watchos -Isystem /Applications/Xcode-27.0.0-Release.Candidate.app/Contents/Developer/Platforms/WatchOS.platform/Developer/usr/lib -F /Users/admin/builder/spi-builder-workspace/.derivedData/Build/Products/Debug-watchos -F /Applications/Xcode-27.0.0-Release.Candidate.app/Contents/Developer/Platforms/WatchOS.platform/Developer/Library/Frameworks -F /Applications/Xcode-27.0.0-Release.Candidate.app/Contents/Developer/Platforms/WatchOS.platform/Developer/SDKs/WatchOS27.0.sdk/Developer/Library/Frameworks -module-cache-path /Users/admin/builder/spi-builder-workspace/.derivedData/Build/Intermediates.noindex/SwiftExplicitPrecompiledModules -no-color-diagnostics -Xcc -fno-color-diagnostics -enable-testing -g -debug-info-format\=dwarf -dwarf-version\=4 -profile-generate -profile-coverage-mapping -swift-version 5 -Onone -D SWIFT_PACKAGE -D DEBUG -D SWIFT_MODULE_RESOURCE_BUNDLE_UNAVAILABLE -D Xcode -serialize-debugging-options -enable-experimental-feature DebugDescriptionMacro -empty-abi-descriptor -validate-clang-modules-once -clang-build-session-file /Users/admin/builder/spi-builder-workspace/.derivedData/ModuleCache.noindex/Session.modulevalidation -Xcc -working-directory -Xcc /Users/admin/builder/spi-builder-workspace/.swiftpm/xcode -enable-anonymous-context-mangled-names -file-compilation-dir /Users/admin/builder/spi-builder-workspace/.swiftpm/xcode -Xcc -D_LIBCPP_HARDENING_MODE\=_LIBCPP_HARDENING_MODE_DEBUG -Xcc -ivfsstatcache -Xcc /Users/admin/builder/spi-builder-workspace/.derivedData/SDKStatCaches.noindex/watchos27.0-24R360-e829b21a6f8c9b70876ba0858053c04477534ef55a1706bf4c1112bbb242f0a2.sdkstatcache -Xcc -fmodules-prune-interval\=86400 -Xcc -fmodules-prune-after\=345600 -Xcc -I/Users/admin/builder/spi-builder-workspace/.derivedData/Build/Products/Debug-watchos/include -Xcc -I/Users/admin/builder/spi-builder-workspace/.derivedData/Build/Intermediates.noindex/SelectableText.build/Debug-watchos/SelectableText-t.build/DerivedSources-normal/arm64_32 -Xcc -I/Users/admin/builder/spi-builder-workspace/.derivedData/Build/Intermediates.noindex/SelectableText.build/Debug-watchos/SelectableText-t.build/DerivedSources/arm64_32 -Xcc -I/Users/admin/builder/spi-builder-workspace/.derivedData/Build/Intermediates.noindex/SelectableText.build/Debug-watchos/SelectableText-t.build/DerivedSources -Xcc -DSWIFT_PACKAGE -Xcc -DDEBUG\=1 -no-auto-bridging-header-chaining -module-name SelectableText -package-name spi_builder_workspace -const-gather-protocols-file /Users/admin/builder/spi-builder-workspace/.derivedData/Build/Intermediates.noindex/SelectableText.build/Debug-watchos/SelectableText-t.build/Objects-normal/arm64_32/SelectableText_const_extract_protocols.json -disable-clang-spi -clang-target arm64_32-apple-watchos27.0 -target-sdk-version 27.0 -target-sdk-name watchos27.0 -in-process-plugin-server-path /Applications/Xcode-27.0.0-Release.Candidate.app/Contents/Developer/Toolchains/XcodeDefault.xctoolchain/usr/lib/swift/host/libSwiftInProcPluginServer.dylib -emit-module-doc-path /Users/admin/builder/spi-builder-workspace/.derivedData/Build/Intermediates.noindex/SelectableText.build/Debug-watchos/SelectableText-t.build/Objects-normal/arm64_32/SelectableText.swiftdoc -emit-module-source-info-path /Users/admin/builder/spi-builder-workspace/.derivedData/Build/Intermediates.noindex/SelectableText.build/Debug-watchos/SelectableText-t.build/Objects-normal/arm64_32/SelectableText.swiftsourceinfo -emit-objc-header-path /Users/admin/builder/spi-builder-workspace/.derivedData/Build/Intermediates.noindex/SelectableText.build/Debug-watchos/SelectableText-t.build/Objects-normal/arm64_32/SelectableText-Swift.h -serialize-diagnostics-path /Users/admin/builder/spi-builder-workspace/.derivedData/Build/Intermediates.noindex/SelectableText.build/Debug-watchos/SelectableText-t.build/Objects-normal/arm64_32/SelectableText-primary-emit-module.dia -emit-dependencies-path /Users/admin/builder/spi-builder-workspace/.derivedData/Build/Intermediates.noindex/SelectableText.build/Debug-watchos/SelectableText-t.build/Objects-normal/arm64_32/SelectableText-primary-emit-module.d -parse-as-library -o /Users/admin/builder/spi-builder-workspace/.derivedData/Build/Intermediates.noindex/SelectableText.build/Debug-watchos/SelectableText-t.build/Objects-normal/arm64_32/SelectableText.swiftmodule -emit-abi-descriptor-path /Users/admin/builder/spi-builder-workspace/.derivedData/Build/Intermediates.noindex/SelectableText.build/Debug-watchos/SelectableText-t.build/Objects-normal/arm64_32/SelectableText.abi.json
SwiftCompile normal arm64_32 (in target 'SelectableText' from project 'SelectableText')
    cd /Users/admin/builder/spi-builder-workspace/.swiftpm/xcode

SwiftCompile normal arm64_32 Compiling\ GeometryProxy+MaxWidth.swift /Users/admin/builder/spi-builder-workspace/Sources/SelectableText/Extensions/GeometryProxy+MaxWidth.swift (in target 'SelectableText' from project 'SelectableText')
SwiftCompile normal arm64_32 /Users/admin/builder/spi-builder-workspace/Sources/SelectableText/Extensions/GeometryProxy+MaxWidth.swift (in target 'SelectableText' from project 'SelectableText')
    cd /Users/admin/builder/spi-builder-workspace/.swiftpm/xcode
    builtin-SwiftPerFileCompile GeometryProxy+MaxWidth.swift
SwiftCompile normal arm64_32 Compiling\ SelectableTextRepresentable+AppKit.swift /Users/admin/builder/spi-builder-workspace/Sources/SelectableText/Extensions/SelectableTextRepresentable+AppKit.swift (in target 'SelectableText' from project 'SelectableText')
SwiftCompile normal arm64_32 /Users/admin/builder/spi-builder-workspace/Sources/SelectableText/Extensions/SelectableTextRepresentable+AppKit.swift (in target 'SelectableText' from project 'SelectableText')
    cd /Users/admin/builder/spi-builder-workspace/.swiftpm/xcode
    builtin-SwiftPerFileCompile SelectableTextRepresentable+AppKit.swift
SwiftCompile normal arm64_32 Compiling\ BaseTextView+AppKit.swift /Users/admin/builder/spi-builder-workspace/Sources/SelectableText/Extensions/BaseTextView+AppKit.swift (in target 'SelectableText' from project 'SelectableText')
SwiftCompile normal arm64_32 /Users/admin/builder/spi-builder-workspace/Sources/SelectableText/Extensions/BaseTextView+AppKit.swift (in target 'SelectableText' from project 'SelectableText')
    cd /Users/admin/builder/spi-builder-workspace/.swiftpm/xcode
    builtin-SwiftPerFileCompile BaseTextView+AppKit.swift
PruneExplicitPrecompiledModules /Users/admin/builder/spi-builder-workspace/.derivedData/Build/Intermediates.noindex/ExplicitPrecompiledModules
PruneExplicitPrecompiledModules /Users/admin/builder/spi-builder-workspace/.derivedData/SDKExplicitPrecompiledModules
PruneExplicitPrecompiledModules /Users/admin/builder/spi-builder-workspace/.derivedData/Build/Intermediates.noindex/SwiftExplicitPrecompiledModules
2026-09-20 04:19:25.671 xcodebuild[1246:7395] [MT] IDERunDestination: Supported platforms for the buildables in the current scheme is empty.
** BUILD FAILED **
The following build commands failed:
	SwiftEmitModule normal arm64 Emitting\ module\ for\ SelectableText (in target 'SelectableText' from project 'SelectableText')
	SwiftCompile normal arm64 (in target 'SelectableText' from project 'SelectableText')
	SwiftEmitModule normal arm64_32 Emitting\ module\ for\ SelectableText (in target 'SelectableText' from project 'SelectableText')
	SwiftCompile normal arm64_32 (in target 'SelectableText' from project 'SelectableText')
	Building workspace SelectableText with scheme SelectableText
(5 failures)
BUILD FAILURE 6.4 watchOS