The Swift Package Index logo.Swift Package Index

Build Information

Failed to build ContactFieldKit, reference main (b3ef8f), with Swift 6.2 for watchOS using Xcode 26.3 on 20 Jul 2026 22:14:54 UTC.

Build Command

env DEVELOPER_DIR=/Applications/Xcode-26.3.0.app xcrun xcodebuild -IDEClonedSourcePackagesDirPathOverride=$PWD/.dependencies -skipMacroValidation -skipPackagePluginValidation -derivedDataPath $PWD/.derivedData build -scheme ContactFieldKit -destination generic/platform=watchOS

Build Log

    cd /Users/admin/builder/spi-builder-workspace
    /Applications/Xcode-26.3.0.app/Contents/Developer/usr/bin/xcstringstool compile --output-directory /Users/admin/builder/spi-builder-workspace/.derivedData/Build/Intermediates.noindex/ContactFieldKit.build/Debug-watchos/ContactFieldKit_ContactFieldKit.build /Users/admin/builder/spi-builder-workspace/Sources/ContactFieldKit/Resources/Localizable.xcstrings
CopyStringsFile /Users/admin/builder/spi-builder-workspace/.derivedData/Build/Products/Debug-watchos/ContactFieldKit_ContactFieldKit.bundle/pl.lproj/Localizable.strings /Users/admin/builder/spi-builder-workspace/.derivedData/Build/Intermediates.noindex/ContactFieldKit.build/Debug-watchos/ContactFieldKit_ContactFieldKit.build/pl.lproj/Localizable.strings (in target 'ContactFieldKit_ContactFieldKit' from project 'ContactFieldKit')
    cd /Users/admin/builder/spi-builder-workspace
    builtin-copyStrings --validate --outputencoding binary --outfilename Localizable.strings --outdir /Users/admin/builder/spi-builder-workspace/.derivedData/Build/Products/Debug-watchos/ContactFieldKit_ContactFieldKit.bundle/pl.lproj -- /Users/admin/builder/spi-builder-workspace/.derivedData/Build/Intermediates.noindex/ContactFieldKit.build/Debug-watchos/ContactFieldKit_ContactFieldKit.build/pl.lproj/Localizable.strings
/Users/admin/builder/spi-builder-workspace/.derivedData/Build/Intermediates.noindex/ContactFieldKit.build/Debug-watchos/ContactFieldKit_ContactFieldKit.build/pl.lproj/Localizable.strings:1:1: note: detected encoding of input file as Unicode (UTF-8) (in target 'ContactFieldKit_ContactFieldKit' from project 'ContactFieldKit')
CopyStringsFile /Users/admin/builder/spi-builder-workspace/.derivedData/Build/Products/Debug-watchos/ContactFieldKit_ContactFieldKit.bundle/pt.lproj/Localizable.strings /Users/admin/builder/spi-builder-workspace/.derivedData/Build/Intermediates.noindex/ContactFieldKit.build/Debug-watchos/ContactFieldKit_ContactFieldKit.build/pt.lproj/Localizable.strings (in target 'ContactFieldKit_ContactFieldKit' from project 'ContactFieldKit')
    cd /Users/admin/builder/spi-builder-workspace
    builtin-copyStrings --validate --outputencoding binary --outfilename Localizable.strings --outdir /Users/admin/builder/spi-builder-workspace/.derivedData/Build/Products/Debug-watchos/ContactFieldKit_ContactFieldKit.bundle/pt.lproj -- /Users/admin/builder/spi-builder-workspace/.derivedData/Build/Intermediates.noindex/ContactFieldKit.build/Debug-watchos/ContactFieldKit_ContactFieldKit.build/pt.lproj/Localizable.strings
/Users/admin/builder/spi-builder-workspace/.derivedData/Build/Intermediates.noindex/ContactFieldKit.build/Debug-watchos/ContactFieldKit_ContactFieldKit.build/pt.lproj/Localizable.strings:1:1: note: detected encoding of input file as Unicode (UTF-8) (in target 'ContactFieldKit_ContactFieldKit' from project 'ContactFieldKit')
CopyStringsFile /Users/admin/builder/spi-builder-workspace/.derivedData/Build/Products/Debug-watchos/ContactFieldKit_ContactFieldKit.bundle/it.lproj/Localizable.strings /Users/admin/builder/spi-builder-workspace/.derivedData/Build/Intermediates.noindex/ContactFieldKit.build/Debug-watchos/ContactFieldKit_ContactFieldKit.build/it.lproj/Localizable.strings (in target 'ContactFieldKit_ContactFieldKit' from project 'ContactFieldKit')
    cd /Users/admin/builder/spi-builder-workspace
    builtin-copyStrings --validate --outputencoding binary --outfilename Localizable.strings --outdir /Users/admin/builder/spi-builder-workspace/.derivedData/Build/Products/Debug-watchos/ContactFieldKit_ContactFieldKit.bundle/it.lproj -- /Users/admin/builder/spi-builder-workspace/.derivedData/Build/Intermediates.noindex/ContactFieldKit.build/Debug-watchos/ContactFieldKit_ContactFieldKit.build/it.lproj/Localizable.strings
/Users/admin/builder/spi-builder-workspace/.derivedData/Build/Intermediates.noindex/ContactFieldKit.build/Debug-watchos/ContactFieldKit_ContactFieldKit.build/it.lproj/Localizable.strings:1:1: note: detected encoding of input file as Unicode (UTF-8) (in target 'ContactFieldKit_ContactFieldKit' from project 'ContactFieldKit')
CopyStringsFile /Users/admin/builder/spi-builder-workspace/.derivedData/Build/Products/Debug-watchos/ContactFieldKit_ContactFieldKit.bundle/hi.lproj/Localizable.strings /Users/admin/builder/spi-builder-workspace/.derivedData/Build/Intermediates.noindex/ContactFieldKit.build/Debug-watchos/ContactFieldKit_ContactFieldKit.build/hi.lproj/Localizable.strings (in target 'ContactFieldKit_ContactFieldKit' from project 'ContactFieldKit')
    cd /Users/admin/builder/spi-builder-workspace
    builtin-copyStrings --validate --outputencoding binary --outfilename Localizable.strings --outdir /Users/admin/builder/spi-builder-workspace/.derivedData/Build/Products/Debug-watchos/ContactFieldKit_ContactFieldKit.bundle/hi.lproj -- /Users/admin/builder/spi-builder-workspace/.derivedData/Build/Intermediates.noindex/ContactFieldKit.build/Debug-watchos/ContactFieldKit_ContactFieldKit.build/hi.lproj/Localizable.strings
/Users/admin/builder/spi-builder-workspace/.derivedData/Build/Intermediates.noindex/ContactFieldKit.build/Debug-watchos/ContactFieldKit_ContactFieldKit.build/hi.lproj/Localizable.strings:1:1: note: detected encoding of input file as Unicode (UTF-8) (in target 'ContactFieldKit_ContactFieldKit' from project 'ContactFieldKit')
CopyStringsFile /Users/admin/builder/spi-builder-workspace/.derivedData/Build/Products/Debug-watchos/ContactFieldKit_ContactFieldKit.bundle/nl.lproj/Localizable.strings /Users/admin/builder/spi-builder-workspace/.derivedData/Build/Intermediates.noindex/ContactFieldKit.build/Debug-watchos/ContactFieldKit_ContactFieldKit.build/nl.lproj/Localizable.strings (in target 'ContactFieldKit_ContactFieldKit' from project 'ContactFieldKit')
    cd /Users/admin/builder/spi-builder-workspace
    builtin-copyStrings --validate --outputencoding binary --outfilename Localizable.strings --outdir /Users/admin/builder/spi-builder-workspace/.derivedData/Build/Products/Debug-watchos/ContactFieldKit_ContactFieldKit.bundle/nl.lproj -- /Users/admin/builder/spi-builder-workspace/.derivedData/Build/Intermediates.noindex/ContactFieldKit.build/Debug-watchos/ContactFieldKit_ContactFieldKit.build/nl.lproj/Localizable.strings
/Users/admin/builder/spi-builder-workspace/.derivedData/Build/Intermediates.noindex/ContactFieldKit.build/Debug-watchos/ContactFieldKit_ContactFieldKit.build/nl.lproj/Localizable.strings:1:1: note: detected encoding of input file as Unicode (UTF-8) (in target 'ContactFieldKit_ContactFieldKit' from project 'ContactFieldKit')
CopyStringsFile /Users/admin/builder/spi-builder-workspace/.derivedData/Build/Products/Debug-watchos/ContactFieldKit_ContactFieldKit.bundle/es.lproj/Localizable.strings /Users/admin/builder/spi-builder-workspace/.derivedData/Build/Intermediates.noindex/ContactFieldKit.build/Debug-watchos/ContactFieldKit_ContactFieldKit.build/es.lproj/Localizable.strings (in target 'ContactFieldKit_ContactFieldKit' from project 'ContactFieldKit')
    cd /Users/admin/builder/spi-builder-workspace
    builtin-copyStrings --validate --outputencoding binary --outfilename Localizable.strings --outdir /Users/admin/builder/spi-builder-workspace/.derivedData/Build/Products/Debug-watchos/ContactFieldKit_ContactFieldKit.bundle/es.lproj -- /Users/admin/builder/spi-builder-workspace/.derivedData/Build/Intermediates.noindex/ContactFieldKit.build/Debug-watchos/ContactFieldKit_ContactFieldKit.build/es.lproj/Localizable.strings
/Users/admin/builder/spi-builder-workspace/.derivedData/Build/Intermediates.noindex/ContactFieldKit.build/Debug-watchos/ContactFieldKit_ContactFieldKit.build/es.lproj/Localizable.strings:1:1: note: detected encoding of input file as Unicode (UTF-8) (in target 'ContactFieldKit_ContactFieldKit' from project 'ContactFieldKit')
CopyStringsFile /Users/admin/builder/spi-builder-workspace/.derivedData/Build/Products/Debug-watchos/ContactFieldKit_ContactFieldKit.bundle/fr.lproj/Localizable.strings /Users/admin/builder/spi-builder-workspace/.derivedData/Build/Intermediates.noindex/ContactFieldKit.build/Debug-watchos/ContactFieldKit_ContactFieldKit.build/fr.lproj/Localizable.strings (in target 'ContactFieldKit_ContactFieldKit' from project 'ContactFieldKit')
    cd /Users/admin/builder/spi-builder-workspace
    builtin-copyStrings --validate --outputencoding binary --outfilename Localizable.strings --outdir /Users/admin/builder/spi-builder-workspace/.derivedData/Build/Products/Debug-watchos/ContactFieldKit_ContactFieldKit.bundle/fr.lproj -- /Users/admin/builder/spi-builder-workspace/.derivedData/Build/Intermediates.noindex/ContactFieldKit.build/Debug-watchos/ContactFieldKit_ContactFieldKit.build/fr.lproj/Localizable.strings
/Users/admin/builder/spi-builder-workspace/.derivedData/Build/Intermediates.noindex/ContactFieldKit.build/Debug-watchos/ContactFieldKit_ContactFieldKit.build/fr.lproj/Localizable.strings:1:1: note: detected encoding of input file as Unicode (UTF-8) (in target 'ContactFieldKit_ContactFieldKit' from project 'ContactFieldKit')
CopyStringsFile /Users/admin/builder/spi-builder-workspace/.derivedData/Build/Products/Debug-watchos/ContactFieldKit_ContactFieldKit.bundle/en.lproj/Localizable.strings /Users/admin/builder/spi-builder-workspace/.derivedData/Build/Intermediates.noindex/ContactFieldKit.build/Debug-watchos/ContactFieldKit_ContactFieldKit.build/en.lproj/Localizable.strings (in target 'ContactFieldKit_ContactFieldKit' from project 'ContactFieldKit')
    cd /Users/admin/builder/spi-builder-workspace
    builtin-copyStrings --validate --outputencoding binary --outfilename Localizable.strings --outdir /Users/admin/builder/spi-builder-workspace/.derivedData/Build/Products/Debug-watchos/ContactFieldKit_ContactFieldKit.bundle/en.lproj -- /Users/admin/builder/spi-builder-workspace/.derivedData/Build/Intermediates.noindex/ContactFieldKit.build/Debug-watchos/ContactFieldKit_ContactFieldKit.build/en.lproj/Localizable.strings
/Users/admin/builder/spi-builder-workspace/.derivedData/Build/Intermediates.noindex/ContactFieldKit.build/Debug-watchos/ContactFieldKit_ContactFieldKit.build/en.lproj/Localizable.strings:1:1: note: detected encoding of input file as Unicode (UTF-8) (in target 'ContactFieldKit_ContactFieldKit' from project 'ContactFieldKit')
CopyStringsFile /Users/admin/builder/spi-builder-workspace/.derivedData/Build/Products/Debug-watchos/ContactFieldKit_ContactFieldKit.bundle/zh-Hans.lproj/Localizable.strings /Users/admin/builder/spi-builder-workspace/.derivedData/Build/Intermediates.noindex/ContactFieldKit.build/Debug-watchos/ContactFieldKit_ContactFieldKit.build/zh-Hans.lproj/Localizable.strings (in target 'ContactFieldKit_ContactFieldKit' from project 'ContactFieldKit')
    cd /Users/admin/builder/spi-builder-workspace
    builtin-copyStrings --validate --outputencoding binary --outfilename Localizable.strings --outdir /Users/admin/builder/spi-builder-workspace/.derivedData/Build/Products/Debug-watchos/ContactFieldKit_ContactFieldKit.bundle/zh-Hans.lproj -- /Users/admin/builder/spi-builder-workspace/.derivedData/Build/Intermediates.noindex/ContactFieldKit.build/Debug-watchos/ContactFieldKit_ContactFieldKit.build/zh-Hans.lproj/Localizable.strings
/Users/admin/builder/spi-builder-workspace/.derivedData/Build/Intermediates.noindex/ContactFieldKit.build/Debug-watchos/ContactFieldKit_ContactFieldKit.build/zh-Hans.lproj/Localizable.strings:1:1: note: detected encoding of input file as Unicode (UTF-8) (in target 'ContactFieldKit_ContactFieldKit' from project 'ContactFieldKit')
CopyStringsFile /Users/admin/builder/spi-builder-workspace/.derivedData/Build/Products/Debug-watchos/ContactFieldKit_ContactFieldKit.bundle/sv.lproj/Localizable.strings /Users/admin/builder/spi-builder-workspace/.derivedData/Build/Intermediates.noindex/ContactFieldKit.build/Debug-watchos/ContactFieldKit_ContactFieldKit.build/sv.lproj/Localizable.strings (in target 'ContactFieldKit_ContactFieldKit' from project 'ContactFieldKit')
    cd /Users/admin/builder/spi-builder-workspace
    builtin-copyStrings --validate --outputencoding binary --outfilename Localizable.strings --outdir /Users/admin/builder/spi-builder-workspace/.derivedData/Build/Products/Debug-watchos/ContactFieldKit_ContactFieldKit.bundle/sv.lproj -- /Users/admin/builder/spi-builder-workspace/.derivedData/Build/Intermediates.noindex/ContactFieldKit.build/Debug-watchos/ContactFieldKit_ContactFieldKit.build/sv.lproj/Localizable.strings
/Users/admin/builder/spi-builder-workspace/.derivedData/Build/Intermediates.noindex/ContactFieldKit.build/Debug-watchos/ContactFieldKit_ContactFieldKit.build/sv.lproj/Localizable.strings:1:1: note: detected encoding of input file as Unicode (UTF-8) (in target 'ContactFieldKit_ContactFieldKit' from project 'ContactFieldKit')
CopyStringsFile /Users/admin/builder/spi-builder-workspace/.derivedData/Build/Products/Debug-watchos/ContactFieldKit_ContactFieldKit.bundle/pt-BR.lproj/Localizable.strings /Users/admin/builder/spi-builder-workspace/.derivedData/Build/Intermediates.noindex/ContactFieldKit.build/Debug-watchos/ContactFieldKit_ContactFieldKit.build/pt-BR.lproj/Localizable.strings (in target 'ContactFieldKit_ContactFieldKit' from project 'ContactFieldKit')
    cd /Users/admin/builder/spi-builder-workspace
    builtin-copyStrings --validate --outputencoding binary --outfilename Localizable.strings --outdir /Users/admin/builder/spi-builder-workspace/.derivedData/Build/Products/Debug-watchos/ContactFieldKit_ContactFieldKit.bundle/pt-BR.lproj -- /Users/admin/builder/spi-builder-workspace/.derivedData/Build/Intermediates.noindex/ContactFieldKit.build/Debug-watchos/ContactFieldKit_ContactFieldKit.build/pt-BR.lproj/Localizable.strings
/Users/admin/builder/spi-builder-workspace/.derivedData/Build/Intermediates.noindex/ContactFieldKit.build/Debug-watchos/ContactFieldKit_ContactFieldKit.build/pt-BR.lproj/Localizable.strings:1:1: note: detected encoding of input file as Unicode (UTF-8) (in target 'ContactFieldKit_ContactFieldKit' from project 'ContactFieldKit')
CopyStringsFile /Users/admin/builder/spi-builder-workspace/.derivedData/Build/Products/Debug-watchos/ContactFieldKit_ContactFieldKit.bundle/ja.lproj/Localizable.strings /Users/admin/builder/spi-builder-workspace/.derivedData/Build/Intermediates.noindex/ContactFieldKit.build/Debug-watchos/ContactFieldKit_ContactFieldKit.build/ja.lproj/Localizable.strings (in target 'ContactFieldKit_ContactFieldKit' from project 'ContactFieldKit')
    cd /Users/admin/builder/spi-builder-workspace
    builtin-copyStrings --validate --outputencoding binary --outfilename Localizable.strings --outdir /Users/admin/builder/spi-builder-workspace/.derivedData/Build/Products/Debug-watchos/ContactFieldKit_ContactFieldKit.bundle/ja.lproj -- /Users/admin/builder/spi-builder-workspace/.derivedData/Build/Intermediates.noindex/ContactFieldKit.build/Debug-watchos/ContactFieldKit_ContactFieldKit.build/ja.lproj/Localizable.strings
/Users/admin/builder/spi-builder-workspace/.derivedData/Build/Intermediates.noindex/ContactFieldKit.build/Debug-watchos/ContactFieldKit_ContactFieldKit.build/ja.lproj/Localizable.strings:1:1: note: detected encoding of input file as Unicode (UTF-8) (in target 'ContactFieldKit_ContactFieldKit' from project 'ContactFieldKit')
CopyStringsFile /Users/admin/builder/spi-builder-workspace/.derivedData/Build/Products/Debug-watchos/ContactFieldKit_ContactFieldKit.bundle/ar.lproj/Localizable.strings /Users/admin/builder/spi-builder-workspace/.derivedData/Build/Intermediates.noindex/ContactFieldKit.build/Debug-watchos/ContactFieldKit_ContactFieldKit.build/ar.lproj/Localizable.strings (in target 'ContactFieldKit_ContactFieldKit' from project 'ContactFieldKit')
    cd /Users/admin/builder/spi-builder-workspace
    builtin-copyStrings --validate --outputencoding binary --outfilename Localizable.strings --outdir /Users/admin/builder/spi-builder-workspace/.derivedData/Build/Products/Debug-watchos/ContactFieldKit_ContactFieldKit.bundle/ar.lproj -- /Users/admin/builder/spi-builder-workspace/.derivedData/Build/Intermediates.noindex/ContactFieldKit.build/Debug-watchos/ContactFieldKit_ContactFieldKit.build/ar.lproj/Localizable.strings
/Users/admin/builder/spi-builder-workspace/.derivedData/Build/Intermediates.noindex/ContactFieldKit.build/Debug-watchos/ContactFieldKit_ContactFieldKit.build/ar.lproj/Localizable.strings:1:1: note: detected encoding of input file as Unicode (UTF-8) (in target 'ContactFieldKit_ContactFieldKit' from project 'ContactFieldKit')
CopyStringsFile /Users/admin/builder/spi-builder-workspace/.derivedData/Build/Products/Debug-watchos/ContactFieldKit_ContactFieldKit.bundle/de.lproj/Localizable.strings /Users/admin/builder/spi-builder-workspace/.derivedData/Build/Intermediates.noindex/ContactFieldKit.build/Debug-watchos/ContactFieldKit_ContactFieldKit.build/de.lproj/Localizable.strings (in target 'ContactFieldKit_ContactFieldKit' from project 'ContactFieldKit')
    cd /Users/admin/builder/spi-builder-workspace
    builtin-copyStrings --validate --outputencoding binary --outfilename Localizable.strings --outdir /Users/admin/builder/spi-builder-workspace/.derivedData/Build/Products/Debug-watchos/ContactFieldKit_ContactFieldKit.bundle/de.lproj -- /Users/admin/builder/spi-builder-workspace/.derivedData/Build/Intermediates.noindex/ContactFieldKit.build/Debug-watchos/ContactFieldKit_ContactFieldKit.build/de.lproj/Localizable.strings
/Users/admin/builder/spi-builder-workspace/.derivedData/Build/Intermediates.noindex/ContactFieldKit.build/Debug-watchos/ContactFieldKit_ContactFieldKit.build/de.lproj/Localizable.strings:1:1: note: detected encoding of input file as Unicode (UTF-8) (in target 'ContactFieldKit_ContactFieldKit' from project 'ContactFieldKit')
RegisterExecutionPolicyException /Users/admin/builder/spi-builder-workspace/.derivedData/Build/Products/Debug-watchos/ContactFieldKit_ContactFieldKit.bundle (in target 'ContactFieldKit_ContactFieldKit' from project 'ContactFieldKit')
    cd /Users/admin/builder/spi-builder-workspace
    builtin-RegisterExecutionPolicyException /Users/admin/builder/spi-builder-workspace/.derivedData/Build/Products/Debug-watchos/ContactFieldKit_ContactFieldKit.bundle
Touch /Users/admin/builder/spi-builder-workspace/.derivedData/Build/Products/Debug-watchos/ContactFieldKit_ContactFieldKit.bundle (in target 'ContactFieldKit_ContactFieldKit' from project 'ContactFieldKit')
    cd /Users/admin/builder/spi-builder-workspace
    /usr/bin/touch -c /Users/admin/builder/spi-builder-workspace/.derivedData/Build/Products/Debug-watchos/ContactFieldKit_ContactFieldKit.bundle
SwiftDriver NoFlyZone normal arm64_32 com.apple.xcode.tools.swift.compiler (in target 'NoFlyZone' from project 'NoFlyZone')
    cd /Users/admin/builder/spi-builder-workspace/.swiftpm/xcode
    builtin-SwiftDriver -- /Applications/Xcode-26.3.0.app/Contents/Developer/Toolchains/XcodeDefault.xctoolchain/usr/bin/swiftc -module-name NoFlyZone -Onone -enforce-exclusivity\=checked @/Users/admin/builder/spi-builder-workspace/.derivedData/Build/Intermediates.noindex/NoFlyZone.build/Debug-watchos/NoFlyZone.build/Objects-normal/arm64_32/NoFlyZone.SwiftFileList -DSWIFT_PACKAGE -DDEBUG -DSWIFT_MODULE_RESOURCE_BUNDLE_UNAVAILABLE -DXcode -plugin-path /Applications/Xcode-26.3.0.app/Contents/Developer/Toolchains/XcodeDefault.xctoolchain/usr/lib/swift/host/plugins/testing -enable-experimental-feature DebugDescriptionMacro -sdk /Applications/Xcode-26.3.0.app/Contents/Developer/Platforms/WatchOS.platform/Developer/SDKs/WatchOS26.2.sdk -target arm64_32-apple-watchos10.0 -g -module-cache-path /Users/admin/builder/spi-builder-workspace/.derivedData/ModuleCache.noindex -Xfrontend -serialize-debugging-options -enable-testing -suppress-warnings -index-store-path /Users/admin/builder/spi-builder-workspace/.derivedData/Index.noindex/DataStore -Xcc -D_LIBCPP_HARDENING_MODE\=_LIBCPP_HARDENING_MODE_DEBUG -swift-version 6 -I /Users/admin/builder/spi-builder-workspace/.derivedData/Build/Products/Debug-watchos -Isystem /Applications/Xcode-26.3.0.app/Contents/Developer/Platforms/WatchOS.platform/Developer/usr/lib -F /Users/admin/builder/spi-builder-workspace/.derivedData/Build/Products/Debug-watchos -F /Applications/Xcode-26.3.0.app/Contents/Developer/Platforms/WatchOS.platform/Developer/Library/Frameworks -F /Applications/Xcode-26.3.0.app/Contents/Developer/Platforms/WatchOS.platform/Developer/SDKs/WatchOS26.2.sdk/Developer/Library/Frameworks -c -j10 -enable-batch-mode -incremental -Xcc -ivfsstatcache -Xcc /Users/admin/builder/spi-builder-workspace/.derivedData/SDKStatCaches.noindex/watchos26.2-23S303-dc75598d0054f22ec865fa860f139d721753b489057de6bda919edfa1c59a62b.sdkstatcache -output-file-map /Users/admin/builder/spi-builder-workspace/.derivedData/Build/Intermediates.noindex/NoFlyZone.build/Debug-watchos/NoFlyZone.build/Objects-normal/arm64_32/NoFlyZone-OutputFileMap.json -use-frontend-parseable-output -save-temps -no-color-diagnostics -explicit-module-build -module-cache-path /Users/admin/builder/spi-builder-workspace/.derivedData/Build/Intermediates.noindex/SwiftExplicitPrecompiledModules -clang-scanner-module-cache-path /Users/admin/builder/spi-builder-workspace/.derivedData/ModuleCache.noindex -sdk-module-cache-path /Users/admin/builder/spi-builder-workspace/.derivedData/ModuleCache.noindex -serialize-diagnostics -emit-dependencies -emit-module -emit-module-path /Users/admin/builder/spi-builder-workspace/.derivedData/Build/Intermediates.noindex/NoFlyZone.build/Debug-watchos/NoFlyZone.build/Objects-normal/arm64_32/NoFlyZone.swiftmodule -user-module-version 1.0.4 -validate-clang-modules-once -clang-build-session-file /Users/admin/builder/spi-builder-workspace/.derivedData/ModuleCache.noindex/Session.modulevalidation -package-name noflyzone -Xcc -I/Users/admin/builder/spi-builder-workspace/.derivedData/Build/Intermediates.noindex/NoFlyZone.build/Debug-watchos/NoFlyZone.build/swift-overrides.hmap -emit-const-values -Xfrontend -const-gather-protocols-file -Xfrontend /Users/admin/builder/spi-builder-workspace/.derivedData/Build/Intermediates.noindex/NoFlyZone.build/Debug-watchos/NoFlyZone.build/Objects-normal/arm64_32/NoFlyZone_const_extract_protocols.json -Xcc -I/Users/admin/builder/spi-builder-workspace/.derivedData/Build/Products/Debug-watchos/include -Xcc -I/Users/admin/builder/spi-builder-workspace/.derivedData/Build/Intermediates.noindex/NoFlyZone.build/Debug-watchos/NoFlyZone.build/DerivedSources-normal/arm64_32 -Xcc -I/Users/admin/builder/spi-builder-workspace/.derivedData/Build/Intermediates.noindex/NoFlyZone.build/Debug-watchos/NoFlyZone.build/DerivedSources/arm64_32 -Xcc -I/Users/admin/builder/spi-builder-workspace/.derivedData/Build/Intermediates.noindex/NoFlyZone.build/Debug-watchos/NoFlyZone.build/DerivedSources -Xcc -DSWIFT_PACKAGE -Xcc -DDEBUG\=1 -emit-objc-header -emit-objc-header-path /Users/admin/builder/spi-builder-workspace/.derivedData/Build/Intermediates.noindex/NoFlyZone.build/Debug-watchos/NoFlyZone.build/Objects-normal/arm64_32/NoFlyZone-Swift.h -working-directory /Users/admin/builder/spi-builder-workspace/.swiftpm/xcode -experimental-emit-module-separately -disable-cmo
SwiftDriver NoFlyZone normal arm64 com.apple.xcode.tools.swift.compiler (in target 'NoFlyZone' from project 'NoFlyZone')
    cd /Users/admin/builder/spi-builder-workspace/.swiftpm/xcode
    builtin-SwiftDriver -- /Applications/Xcode-26.3.0.app/Contents/Developer/Toolchains/XcodeDefault.xctoolchain/usr/bin/swiftc -module-name NoFlyZone -Onone -enforce-exclusivity\=checked @/Users/admin/builder/spi-builder-workspace/.derivedData/Build/Intermediates.noindex/NoFlyZone.build/Debug-watchos/NoFlyZone.build/Objects-normal/arm64/NoFlyZone.SwiftFileList -DSWIFT_PACKAGE -DDEBUG -DSWIFT_MODULE_RESOURCE_BUNDLE_UNAVAILABLE -DXcode -plugin-path /Applications/Xcode-26.3.0.app/Contents/Developer/Toolchains/XcodeDefault.xctoolchain/usr/lib/swift/host/plugins/testing -enable-experimental-feature DebugDescriptionMacro -sdk /Applications/Xcode-26.3.0.app/Contents/Developer/Platforms/WatchOS.platform/Developer/SDKs/WatchOS26.2.sdk -target arm64-apple-watchos10.0 -g -module-cache-path /Users/admin/builder/spi-builder-workspace/.derivedData/ModuleCache.noindex -Xfrontend -serialize-debugging-options -enable-testing -suppress-warnings -index-store-path /Users/admin/builder/spi-builder-workspace/.derivedData/Index.noindex/DataStore -Xcc -D_LIBCPP_HARDENING_MODE\=_LIBCPP_HARDENING_MODE_DEBUG -swift-version 6 -I /Users/admin/builder/spi-builder-workspace/.derivedData/Build/Products/Debug-watchos -Isystem /Applications/Xcode-26.3.0.app/Contents/Developer/Platforms/WatchOS.platform/Developer/usr/lib -F /Users/admin/builder/spi-builder-workspace/.derivedData/Build/Products/Debug-watchos -F /Applications/Xcode-26.3.0.app/Contents/Developer/Platforms/WatchOS.platform/Developer/Library/Frameworks -F /Applications/Xcode-26.3.0.app/Contents/Developer/Platforms/WatchOS.platform/Developer/SDKs/WatchOS26.2.sdk/Developer/Library/Frameworks -c -j10 -enable-batch-mode -incremental -Xcc -ivfsstatcache -Xcc /Users/admin/builder/spi-builder-workspace/.derivedData/SDKStatCaches.noindex/watchos26.2-23S303-dc75598d0054f22ec865fa860f139d721753b489057de6bda919edfa1c59a62b.sdkstatcache -output-file-map /Users/admin/builder/spi-builder-workspace/.derivedData/Build/Intermediates.noindex/NoFlyZone.build/Debug-watchos/NoFlyZone.build/Objects-normal/arm64/NoFlyZone-OutputFileMap.json -use-frontend-parseable-output -save-temps -no-color-diagnostics -explicit-module-build -module-cache-path /Users/admin/builder/spi-builder-workspace/.derivedData/Build/Intermediates.noindex/SwiftExplicitPrecompiledModules -clang-scanner-module-cache-path /Users/admin/builder/spi-builder-workspace/.derivedData/ModuleCache.noindex -sdk-module-cache-path /Users/admin/builder/spi-builder-workspace/.derivedData/ModuleCache.noindex -serialize-diagnostics -emit-dependencies -emit-module -emit-module-path /Users/admin/builder/spi-builder-workspace/.derivedData/Build/Intermediates.noindex/NoFlyZone.build/Debug-watchos/NoFlyZone.build/Objects-normal/arm64/NoFlyZone.swiftmodule -user-module-version 1.0.4 -validate-clang-modules-once -clang-build-session-file /Users/admin/builder/spi-builder-workspace/.derivedData/ModuleCache.noindex/Session.modulevalidation -package-name noflyzone -Xcc -I/Users/admin/builder/spi-builder-workspace/.derivedData/Build/Intermediates.noindex/NoFlyZone.build/Debug-watchos/NoFlyZone.build/swift-overrides.hmap -emit-const-values -Xfrontend -const-gather-protocols-file -Xfrontend /Users/admin/builder/spi-builder-workspace/.derivedData/Build/Intermediates.noindex/NoFlyZone.build/Debug-watchos/NoFlyZone.build/Objects-normal/arm64/NoFlyZone_const_extract_protocols.json -Xcc -I/Users/admin/builder/spi-builder-workspace/.derivedData/Build/Products/Debug-watchos/include -Xcc -I/Users/admin/builder/spi-builder-workspace/.derivedData/Build/Intermediates.noindex/NoFlyZone.build/Debug-watchos/NoFlyZone.build/DerivedSources-normal/arm64 -Xcc -I/Users/admin/builder/spi-builder-workspace/.derivedData/Build/Intermediates.noindex/NoFlyZone.build/Debug-watchos/NoFlyZone.build/DerivedSources/arm64 -Xcc -I/Users/admin/builder/spi-builder-workspace/.derivedData/Build/Intermediates.noindex/NoFlyZone.build/Debug-watchos/NoFlyZone.build/DerivedSources -Xcc -DSWIFT_PACKAGE -Xcc -DDEBUG\=1 -emit-objc-header -emit-objc-header-path /Users/admin/builder/spi-builder-workspace/.derivedData/Build/Intermediates.noindex/NoFlyZone.build/Debug-watchos/NoFlyZone.build/Objects-normal/arm64/NoFlyZone-Swift.h -working-directory /Users/admin/builder/spi-builder-workspace/.swiftpm/xcode -experimental-emit-module-separately -disable-cmo
SwiftExplicitDependencyGeneratePcm arm64 /Users/admin/builder/spi-builder-workspace/.derivedData/ModuleCache.noindex/_Builtin_stddef-85JH2ZGWLM4WGGJWD7P19JNV6.pcm
SwiftExplicitDependencyGeneratePcm arm64 /Users/admin/builder/spi-builder-workspace/.derivedData/ModuleCache.noindex/_Builtin_stdarg-RZPX1L7HC0FE24QDJB88HMGH.pcm
SwiftExplicitDependencyGeneratePcm arm64 /Users/admin/builder/spi-builder-workspace/.derivedData/ModuleCache.noindex/_Builtin_float-5QRDZB35Y522CLCFL7NT2LPUF.pcm
SwiftExplicitDependencyGeneratePcm arm64 /Users/admin/builder/spi-builder-workspace/.derivedData/ModuleCache.noindex/SwiftShims-7I20DMCTK17Q8T32LA04FWAMX.pcm
SwiftExplicitDependencyGeneratePcm arm64 /Users/admin/builder/spi-builder-workspace/.derivedData/ModuleCache.noindex/ptrcheck-4YU0IIP3FXMEGKRFTVKLD8FLA.pcm
SwiftExplicitDependencyGeneratePcm arm64 /Users/admin/builder/spi-builder-workspace/.derivedData/ModuleCache.noindex/ptrauth-23V973HP08H1G8HHZ6OAJWG6Z.pcm
SwiftExplicitDependencyGeneratePcm arm64 /Users/admin/builder/spi-builder-workspace/.derivedData/ModuleCache.noindex/DeveloperToolsSupport-4T92GXF0UX8LAOR19MDAZQ5FJ.pcm
SwiftExplicitDependencyGeneratePcm arm64 /Users/admin/builder/spi-builder-workspace/.derivedData/ModuleCache.noindex/_Builtin_stdbool-6XT6P5XUZWCFLZBIHXXS8S9EV.pcm
SwiftExplicitDependencyGeneratePcm arm64 /Users/admin/builder/spi-builder-workspace/.derivedData/ModuleCache.noindex/_AvailabilityInternal-2O3RFBUGA1RPVNII2XIZ3QNC3.pcm
SwiftExplicitDependencyGeneratePcm arm64 /Users/admin/builder/spi-builder-workspace/.derivedData/ModuleCache.noindex/_SwiftConcurrencyShims-6I3LH2ITNOZQ7GZSIWV3YFHI2.pcm
SwiftExplicitDependencyGeneratePcm arm64_32 /Users/admin/builder/spi-builder-workspace/.derivedData/ModuleCache.noindex/_Builtin_float-57NF6Z0LMY2BSAMQJ9NJ49CVA.pcm
SwiftExplicitDependencyGeneratePcm arm64_32 /Users/admin/builder/spi-builder-workspace/.derivedData/ModuleCache.noindex/_Builtin_stdarg-D40VS4Q2KALO38V4FLA1GBDYO.pcm
SwiftExplicitDependencyGeneratePcm arm64_32 /Users/admin/builder/spi-builder-workspace/.derivedData/ModuleCache.noindex/DeveloperToolsSupport-5Q1NLQJRRPLABYGN6NVKFXWY0.pcm
SwiftExplicitDependencyGeneratePcm arm64_32 /Users/admin/builder/spi-builder-workspace/.derivedData/ModuleCache.noindex/ptrauth-625I4K1NIQYS1FZEGD4TBZD97.pcm
SwiftExplicitDependencyGeneratePcm arm64_32 /Users/admin/builder/spi-builder-workspace/.derivedData/ModuleCache.noindex/ptrcheck-9AZUY5IS5PCZJH0IGF6KZ1CS4.pcm
SwiftExplicitDependencyGeneratePcm arm64_32 /Users/admin/builder/spi-builder-workspace/.derivedData/ModuleCache.noindex/_SwiftConcurrencyShims-BE6OCM46C4HZFNWL8BR101QWH.pcm
SwiftExplicitDependencyGeneratePcm arm64_32 /Users/admin/builder/spi-builder-workspace/.derivedData/ModuleCache.noindex/_AvailabilityInternal-2P7I2A0IHHWZTWSQ7YWZKAXBX.pcm
SwiftExplicitDependencyGeneratePcm arm64_32 /Users/admin/builder/spi-builder-workspace/.derivedData/ModuleCache.noindex/_Builtin_stddef-CVMDFD2LRC6J8Y1G2VDJIK5XT.pcm
SwiftExplicitDependencyGeneratePcm arm64_32 /Users/admin/builder/spi-builder-workspace/.derivedData/ModuleCache.noindex/_Builtin_stdbool-5P7XRQ5AQ02CJZQOFJGPCI3TD.pcm
SwiftExplicitDependencyGeneratePcm arm64_32 /Users/admin/builder/spi-builder-workspace/.derivedData/ModuleCache.noindex/SwiftShims-1KDDRF0T4GF3KEVBC8BQQ0CZ5.pcm
SwiftExplicitDependencyGeneratePcm arm64 /Users/admin/builder/spi-builder-workspace/.derivedData/ModuleCache.noindex/_DarwinFoundation1-9CHGZVG6Q11ZVI9VKIOS0DH8R.pcm
SwiftExplicitDependencyGeneratePcm arm64_32 /Users/admin/builder/spi-builder-workspace/.derivedData/ModuleCache.noindex/_DarwinFoundation1-B5IP3NLVAB98PUH6026E7IU3Z.pcm
SwiftExplicitDependencyGeneratePcm arm64 /Users/admin/builder/spi-builder-workspace/.derivedData/ModuleCache.noindex/_Builtin_limits-DDBVG65V69EW9COVSML9AW08G.pcm
SwiftExplicitDependencyGeneratePcm arm64 /Users/admin/builder/spi-builder-workspace/.derivedData/ModuleCache.noindex/_DarwinFoundation2-91AUNY1B00JVZZS04EHZ5P78E.pcm
SwiftExplicitDependencyGeneratePcm arm64_32 /Users/admin/builder/spi-builder-workspace/.derivedData/ModuleCache.noindex/_DarwinFoundation2-BE53KZ13PGS3ADMTR162NWOT8.pcm
SwiftExplicitDependencyGeneratePcm arm64_32 /Users/admin/builder/spi-builder-workspace/.derivedData/ModuleCache.noindex/_Builtin_limits-85C3GEXRWK1KZJSJYR1SLAHJZ.pcm
SwiftExplicitDependencyGeneratePcm arm64 /Users/admin/builder/spi-builder-workspace/.derivedData/ModuleCache.noindex/_Builtin_tgmath-DI47CTKNA1DVO6XMQAP3NHIQ0.pcm
SwiftExplicitDependencyGeneratePcm arm64 /Users/admin/builder/spi-builder-workspace/.derivedData/ModuleCache.noindex/sys_types-3UK4M66LJG7B93KMPGCYXJLGJ.pcm
SwiftExplicitDependencyGeneratePcm arm64 /Users/admin/builder/spi-builder-workspace/.derivedData/ModuleCache.noindex/_Builtin_stdint-BFTPAV7DTJR0UZMVITWJ89G3Z.pcm
SwiftExplicitDependencyGeneratePcm arm64_32 /Users/admin/builder/spi-builder-workspace/.derivedData/ModuleCache.noindex/_Builtin_tgmath-9MAKYXN5PH90P2SVS3Q0JFOEL.pcm
SwiftExplicitDependencyGeneratePcm arm64_32 /Users/admin/builder/spi-builder-workspace/.derivedData/ModuleCache.noindex/_Builtin_stdint-DHK9W4154W1VADFICW26EF51A.pcm
SwiftExplicitDependencyGeneratePcm arm64_32 /Users/admin/builder/spi-builder-workspace/.derivedData/ModuleCache.noindex/sys_types-5220JAOP6QAKP1ZZSQXQIGT3N.pcm
SwiftExplicitDependencyGeneratePcm arm64 /Users/admin/builder/spi-builder-workspace/.derivedData/ModuleCache.noindex/_Builtin_intrinsics-58ND084GSLXVJ19XXOLY3EGKI.pcm
SwiftExplicitDependencyGeneratePcm arm64 /Users/admin/builder/spi-builder-workspace/.derivedData/ModuleCache.noindex/_DarwinFoundation3-5VMZVD9RI030DGKFFW74MIHMQ.pcm
SwiftExplicitDependencyGeneratePcm arm64 /Users/admin/builder/spi-builder-workspace/.derivedData/ModuleCache.noindex/_Builtin_stdatomic-54VXVKINWJDUKUF1QQV7ZSY2R.pcm
SwiftExplicitDependencyGeneratePcm arm64_32 /Users/admin/builder/spi-builder-workspace/.derivedData/ModuleCache.noindex/_DarwinFoundation3-ECPZQXPEKKE17FVBYD1POXRMU.pcm
SwiftExplicitDependencyGeneratePcm arm64_32 /Users/admin/builder/spi-builder-workspace/.derivedData/ModuleCache.noindex/_Builtin_intrinsics-8BDARAQ01UZD6W014LHVKHINQ.pcm
SwiftExplicitDependencyGeneratePcm arm64_32 /Users/admin/builder/spi-builder-workspace/.derivedData/ModuleCache.noindex/_Builtin_stdatomic-PGCTE6MX7UMTDPK5E7L1WO9G.pcm
SwiftExplicitDependencyGeneratePcm arm64_32 /Users/admin/builder/spi-builder-workspace/.derivedData/ModuleCache.noindex/_Builtin_inttypes-DVW4DAGN9X56OUK4E1BD9DBZ7.pcm
SwiftExplicitDependencyGeneratePcm arm64 /Users/admin/builder/spi-builder-workspace/.derivedData/ModuleCache.noindex/_Builtin_inttypes-EAYG1OYRDQ7HO6J9WI6WA5Y2M.pcm
SwiftExplicitDependencyGeneratePcm arm64_32 /Users/admin/builder/spi-builder-workspace/.derivedData/ModuleCache.noindex/Darwin-C8WYVRDE1BASWGOHXGC15GM9F.pcm
SwiftExplicitDependencyGeneratePcm arm64 /Users/admin/builder/spi-builder-workspace/.derivedData/ModuleCache.noindex/Darwin-E1ZCMHXYOAUQKSA4QO0SMGPXA.pcm
SwiftExplicitDependencyGeneratePcm arm64 /Users/admin/builder/spi-builder-workspace/.derivedData/ModuleCache.noindex/simd-6UCUA2BKEI2K1ED9QH6DE7VZF.pcm
SwiftExplicitDependencyGeneratePcm arm64_32 /Users/admin/builder/spi-builder-workspace/.derivedData/ModuleCache.noindex/simd-9BYVQEJ0MLQ40IRA0VT385G31.pcm
SwiftExplicitDependencyGeneratePcm arm64 /Users/admin/builder/spi-builder-workspace/.derivedData/ModuleCache.noindex/ObjectiveC-2PU9OT47G6RBOHSXQR2STMWWR.pcm
SwiftExplicitDependencyGeneratePcm arm64 /Users/admin/builder/spi-builder-workspace/.derivedData/ModuleCache.noindex/MachO-CBB7CDJCGLJ1KAOBMESQJ6HN0.pcm
SwiftExplicitDependencyGeneratePcm arm64_32 /Users/admin/builder/spi-builder-workspace/.derivedData/ModuleCache.noindex/ObjectiveC-AVYBQYXS0QCLOEQGWXNFUFJ0V.pcm
SwiftExplicitDependencyGeneratePcm arm64_32 /Users/admin/builder/spi-builder-workspace/.derivedData/ModuleCache.noindex/MachO-7QHSINQMXX9UYJSOISDF3NS24.pcm
SwiftExplicitDependencyGeneratePcm arm64 /Users/admin/builder/spi-builder-workspace/.derivedData/ModuleCache.noindex/os_object-CIUJ5N1V1HWSGEK024IV96R1M.pcm
SwiftExplicitDependencyGeneratePcm arm64_32 /Users/admin/builder/spi-builder-workspace/.derivedData/ModuleCache.noindex/os_object-8N6RR4J5VVS62U9VXHR1297AW.pcm
SwiftExplicitDependencyGeneratePcm arm64 /Users/admin/builder/spi-builder-workspace/.derivedData/ModuleCache.noindex/os_workgroup-5S02ISLSMHO6BA5HLY5UNJ6A3.pcm
SwiftExplicitDependencyGeneratePcm arm64_32 /Users/admin/builder/spi-builder-workspace/.derivedData/ModuleCache.noindex/os_workgroup-EGGSTWNSSUGG124AQRBUF2J85.pcm
SwiftExplicitDependencyGeneratePcm arm64 /Users/admin/builder/spi-builder-workspace/.derivedData/ModuleCache.noindex/Spatial-P3M6DE6INE5TFFPGQXB74VLJ.pcm
SwiftExplicitDependencyGeneratePcm arm64_32 /Users/admin/builder/spi-builder-workspace/.derivedData/ModuleCache.noindex/Spatial-DGQ1Z61Q5HV0ERQQK6QDL9GGR.pcm
SwiftExplicitDependencyGeneratePcm arm64 /Users/admin/builder/spi-builder-workspace/.derivedData/ModuleCache.noindex/Dispatch-4KQN7RRX0L9C07MGTWHYRJGYM.pcm
SwiftExplicitDependencyGeneratePcm arm64 /Users/admin/builder/spi-builder-workspace/.derivedData/ModuleCache.noindex/os-AOK4LQ23MW2NBBUH2N8QOP52R.pcm
SwiftExplicitDependencyGeneratePcm arm64_32 /Users/admin/builder/spi-builder-workspace/.derivedData/ModuleCache.noindex/os-1GWCV6O27DHF8WQFPLJNCFKK4.pcm
SwiftExplicitDependencyGeneratePcm arm64_32 /Users/admin/builder/spi-builder-workspace/.derivedData/ModuleCache.noindex/Dispatch-DV1SP0JEXVJ6MTIWZ3XCJTXSW.pcm
SwiftExplicitDependencyGeneratePcm arm64 /Users/admin/builder/spi-builder-workspace/.derivedData/ModuleCache.noindex/CoreFoundation-C0JIKJUNM7J0IFUIZ8S5RWP5A.pcm
SwiftExplicitDependencyGeneratePcm arm64_32 /Users/admin/builder/spi-builder-workspace/.derivedData/ModuleCache.noindex/CoreFoundation-EN8GNA4ERP0UOK1XPZ1YRZKGF.pcm
SwiftExplicitDependencyGeneratePcm arm64_32 /Users/admin/builder/spi-builder-workspace/.derivedData/ModuleCache.noindex/Security-8KJEGVX0ECINJU374GLCNITFA.pcm
SwiftExplicitDependencyGeneratePcm arm64_32 /Users/admin/builder/spi-builder-workspace/.derivedData/ModuleCache.noindex/CoreGraphics-54WAF0IQ8H82D87XJZCFRIVTY.pcm
SwiftExplicitDependencyGeneratePcm arm64 /Users/admin/builder/spi-builder-workspace/.derivedData/ModuleCache.noindex/Security-8WXKZYCC8N3IYZ7GEEYK1LTTC.pcm
SwiftExplicitDependencyGeneratePcm arm64 /Users/admin/builder/spi-builder-workspace/.derivedData/ModuleCache.noindex/CoreGraphics-2FMIK8L6NJMCE0PUQH3KNMGI3.pcm
SwiftExplicitDependencyGeneratePcm arm64 /Users/admin/builder/spi-builder-workspace/.derivedData/ModuleCache.noindex/Foundation-188QGUU7PNEMS0JL2JNA4L9D.pcm
SwiftExplicitDependencyGeneratePcm arm64_32 /Users/admin/builder/spi-builder-workspace/.derivedData/ModuleCache.noindex/Foundation-1ZQJQ54U4TUPUQFY2U9YK0983.pcm
SwiftExplicitDependencyGeneratePcm arm64 /Users/admin/builder/spi-builder-workspace/.derivedData/ModuleCache.noindex/CoreVideo-15AO69LNM8QYOGDN9W7HMBMTS.pcm
SwiftExplicitDependencyGeneratePcm arm64 /Users/admin/builder/spi-builder-workspace/.derivedData/ModuleCache.noindex/CoreText-2GN9EZ4ZQV3RJTZAUM2RAP0C5.pcm
SwiftExplicitDependencyGeneratePcm arm64_32 /Users/admin/builder/spi-builder-workspace/.derivedData/ModuleCache.noindex/CoreVideo-DAFM97GFIP18A85P7GYKWGVKF.pcm
SwiftExplicitDependencyGeneratePcm arm64_32 /Users/admin/builder/spi-builder-workspace/.derivedData/ModuleCache.noindex/CoreText-69WFEC62YDTCXQEGLBFA7KKF1.pcm
SwiftExplicitDependencyGeneratePcm arm64_32 /Users/admin/builder/spi-builder-workspace/.derivedData/ModuleCache.noindex/UIUtilities-CPB7RV7T2CQM4IT41KNK8WEPF.pcm
SwiftExplicitDependencyGeneratePcm arm64_32 /Users/admin/builder/spi-builder-workspace/.derivedData/ModuleCache.noindex/UniformTypeIdentifiers-6VZH7JUQRBGXCIXRY267O4LKC.pcm
SwiftExplicitDependencyGeneratePcm arm64_32 /Users/admin/builder/spi-builder-workspace/.derivedData/ModuleCache.noindex/DataDetection-9RZALVH3Q8QWPGVOXLJMRIMNJ.pcm
SwiftExplicitDependencyGeneratePcm arm64_32 /Users/admin/builder/spi-builder-workspace/.derivedData/ModuleCache.noindex/CoreTransferable-2CVORFL3L1ZOPK3KZBFUQTSQZ.pcm
SwiftExplicitDependencyGeneratePcm arm64_32 /Users/admin/builder/spi-builder-workspace/.derivedData/ModuleCache.noindex/QuartzCore-5EU9GG539SM7NV65MHB043EPG.pcm
SwiftExplicitDependencyGeneratePcm arm64_32 /Users/admin/builder/spi-builder-workspace/.derivedData/ModuleCache.noindex/Accessibility-869BJBZ6Y0GHCSU4LZ2MMOG62.pcm
SwiftExplicitDependencyGeneratePcm arm64_32 /Users/admin/builder/spi-builder-workspace/.derivedData/ModuleCache.noindex/SceneKit-6MBHR3E1L3RXHLA4E857VB005.pcm
SwiftExplicitDependencyGeneratePcm arm64_32 /Users/admin/builder/spi-builder-workspace/.derivedData/ModuleCache.noindex/OSLog-BBMJB65CZBEAD54GKEVKN32T5.pcm
SwiftExplicitDependencyGeneratePcm arm64_32 /Users/admin/builder/spi-builder-workspace/.derivedData/ModuleCache.noindex/CoreData-F2DL2NECK2F0P1OBHCU46MF3Q.pcm
SwiftExplicitDependencyGeneratePcm arm64_32 /Users/admin/builder/spi-builder-workspace/.derivedData/ModuleCache.noindex/Symbols-A1BAQZRA0IPQ1BAQPBXB0XLK.pcm
SwiftExplicitDependencyGeneratePcm arm64 /Users/admin/builder/spi-builder-workspace/.derivedData/ModuleCache.noindex/_LocationEssentials-89SR6PJ8VGRNDNOJCJUJKQDF.pcm
SwiftExplicitDependencyGeneratePcm arm64 /Users/admin/builder/spi-builder-workspace/.derivedData/ModuleCache.noindex/SceneKit-3DCFJMYMG1AW8U9GLQQCC1TM9.pcm
SwiftExplicitDependencyGeneratePcm arm64 /Users/admin/builder/spi-builder-workspace/.derivedData/ModuleCache.noindex/Accessibility-4HTSNVYGF3VC9YDCPC2MNOPN4.pcm
SwiftExplicitDependencyGeneratePcm arm64 /Users/admin/builder/spi-builder-workspace/.derivedData/ModuleCache.noindex/OSLog-15I59UMBV6CMH7II4GT8R5JED.pcm
SwiftExplicitDependencyGeneratePcm arm64 /Users/admin/builder/spi-builder-workspace/.derivedData/ModuleCache.noindex/QuartzCore-4KHS4Y6YPAFSDDCY9RNZPJHA3.pcm
SwiftExplicitDependencyGeneratePcm arm64 /Users/admin/builder/spi-builder-workspace/.derivedData/ModuleCache.noindex/DataDetection-DGEIPFEY2NNDNAFGCE7B6ZZG5.pcm
SwiftExplicitDependencyGeneratePcm arm64 /Users/admin/builder/spi-builder-workspace/.derivedData/ModuleCache.noindex/UIUtilities-2AT70EV9YA6Z5O1GGD8GO52CG.pcm
SwiftExplicitDependencyGeneratePcm arm64 /Users/admin/builder/spi-builder-workspace/.derivedData/ModuleCache.noindex/CoreTransferable-8REPBA8E7O6DTYSXERNLF5EVF.pcm
SwiftExplicitDependencyGeneratePcm arm64_32 /Users/admin/builder/spi-builder-workspace/.derivedData/ModuleCache.noindex/SwiftUICore-8ANRRAIL34VOSEU0OQX19CRW1.pcm
SwiftExplicitDependencyGeneratePcm arm64 /Users/admin/builder/spi-builder-workspace/.derivedData/ModuleCache.noindex/UniformTypeIdentifiers-458KAXK374TXBBN52PBPJYRSJ.pcm
SwiftExplicitDependencyGeneratePcm arm64 /Users/admin/builder/spi-builder-workspace/.derivedData/ModuleCache.noindex/CoreLocation-BOG5PV0G1GSHHPJXU4ZBJCZRH.pcm
SwiftExplicitDependencyGeneratePcm arm64 /Users/admin/builder/spi-builder-workspace/.derivedData/ModuleCache.noindex/UserNotifications-57VYXICVMN3EV36XAB1WHJZ2C.pcm
SwiftExplicitDependencyGeneratePcm arm64 /Users/admin/builder/spi-builder-workspace/.derivedData/ModuleCache.noindex/Symbols-2U9Y3ZW48EA4WDS5V00VYWP77.pcm
SwiftExplicitDependencyGeneratePcm arm64_32 /Users/admin/builder/spi-builder-workspace/.derivedData/ModuleCache.noindex/UserNotifications-CY8CZNOA4HZ4NXF0NT757OY1I.pcm
SwiftExplicitDependencyGeneratePcm arm64 /Users/admin/builder/spi-builder-workspace/.derivedData/ModuleCache.noindex/CoreData-2R09KN2ITB4YCFZYE0RKJ42SX.pcm
SwiftExplicitDependencyGeneratePcm arm64_32 /Users/admin/builder/spi-builder-workspace/.derivedData/ModuleCache.noindex/_LocationEssentials-4AVGDYZWJ1Z1EFYUB10MHWTSY.pcm
SwiftExplicitDependencyGeneratePcm arm64 /Users/admin/builder/spi-builder-workspace/.derivedData/ModuleCache.noindex/SwiftUICore-21H2UE8E2AZCB7ZNBBCK88V6B.pcm
SwiftExplicitDependencyGeneratePcm arm64_32 /Users/admin/builder/spi-builder-workspace/.derivedData/ModuleCache.noindex/CoreLocation-9RQ68E4O3PRRR7M1U83RT5KKA.pcm
SwiftExplicitDependencyGeneratePcm arm64 /Users/admin/builder/spi-builder-workspace/.derivedData/ModuleCache.noindex/UIKit-8SKRF6O0G9HZH553M3C9EWWAU.pcm
SwiftExplicitDependencyGeneratePcm arm64_32 /Users/admin/builder/spi-builder-workspace/.derivedData/ModuleCache.noindex/UIKit-1I38H26G25LVQJZB353WOWH6.pcm
SwiftExplicitDependencyGeneratePcm arm64 /Users/admin/builder/spi-builder-workspace/.derivedData/ModuleCache.noindex/HomeKit-4C69268JUH909JW8MKMI4ZHZD.pcm
SwiftExplicitDependencyGeneratePcm arm64 /Users/admin/builder/spi-builder-workspace/.derivedData/ModuleCache.noindex/MapKit-6Q8OOAF8BXB6AQCDERMACVNOQ.pcm
SwiftExplicitDependencyGeneratePcm arm64_32 /Users/admin/builder/spi-builder-workspace/.derivedData/ModuleCache.noindex/MapKit-61MX8NTUJI5M2YAB13WWU24YK.pcm
SwiftExplicitDependencyGeneratePcm arm64_32 /Users/admin/builder/spi-builder-workspace/.derivedData/ModuleCache.noindex/HomeKit-AHC3ILHKUO82Z75TFKF5V50CX.pcm
SwiftExplicitDependencyGeneratePcm arm64 /Users/admin/builder/spi-builder-workspace/.derivedData/ModuleCache.noindex/WatchKit-5T2K1B24G8E6J6KMDU2M6UZPN.pcm
SwiftExplicitDependencyGeneratePcm arm64_32 /Users/admin/builder/spi-builder-workspace/.derivedData/ModuleCache.noindex/WatchKit-CAD4AK8HX5FUC7GD3OEVCTMHI.pcm
SwiftExplicitDependencyGeneratePcm arm64_32 /Users/admin/builder/spi-builder-workspace/.derivedData/ModuleCache.noindex/SwiftUI-CTJZPDH0D73K21479D8OGT6Y3.pcm
SwiftExplicitDependencyGeneratePcm arm64 /Users/admin/builder/spi-builder-workspace/.derivedData/ModuleCache.noindex/SwiftUI-4OC0A8HWPDEBIVB0BVWDDC788.pcm
SwiftCompile normal arm64_32 Compiling\ NoFlyZoneModifier.swift /Users/admin/builder/spi-builder-workspace/.dependencies/checkouts/NoFlyZone/Sources/NoFlyZone/NoFlyZoneModifier.swift (in target 'NoFlyZone' from project 'NoFlyZone')
SwiftCompile normal arm64_32 /Users/admin/builder/spi-builder-workspace/.dependencies/checkouts/NoFlyZone/Sources/NoFlyZone/NoFlyZoneModifier.swift (in target 'NoFlyZone' from project 'NoFlyZone')
    cd /Users/admin/builder/spi-builder-workspace/.swiftpm/xcode

SwiftCompile normal arm64_32 Compiling\ NoFlyZoneCompletionStatus.swift /Users/admin/builder/spi-builder-workspace/.dependencies/checkouts/NoFlyZone/Sources/NoFlyZone/NoFlyZoneCompletionStatus.swift (in target 'NoFlyZone' from project 'NoFlyZone')
SwiftCompile normal arm64_32 /Users/admin/builder/spi-builder-workspace/.dependencies/checkouts/NoFlyZone/Sources/NoFlyZone/NoFlyZoneCompletionStatus.swift (in target 'NoFlyZone' from project 'NoFlyZone')
    cd /Users/admin/builder/spi-builder-workspace/.swiftpm/xcode

SwiftEmitModule normal arm64_32 Emitting\ module\ for\ NoFlyZone (in target 'NoFlyZone' from project 'NoFlyZone')
EmitSwiftModule normal arm64_32 (in target 'NoFlyZone' from project 'NoFlyZone')
    cd /Users/admin/builder/spi-builder-workspace/.swiftpm/xcode

SwiftCompile normal arm64_32 Compiling\ View+NoFlyZone.swift /Users/admin/builder/spi-builder-workspace/.dependencies/checkouts/NoFlyZone/Sources/NoFlyZone/View+NoFlyZone.swift (in target 'NoFlyZone' from project 'NoFlyZone')
SwiftCompile normal arm64_32 /Users/admin/builder/spi-builder-workspace/.dependencies/checkouts/NoFlyZone/Sources/NoFlyZone/View+NoFlyZone.swift (in target 'NoFlyZone' from project 'NoFlyZone')
    cd /Users/admin/builder/spi-builder-workspace/.swiftpm/xcode

SwiftCompile normal arm64_32 Compiling\ NoFlyZoneView.swift /Users/admin/builder/spi-builder-workspace/.dependencies/checkouts/NoFlyZone/Sources/NoFlyZone/NoFlyZoneView.swift (in target 'NoFlyZone' from project 'NoFlyZone')
SwiftCompile normal arm64_32 /Users/admin/builder/spi-builder-workspace/.dependencies/checkouts/NoFlyZone/Sources/NoFlyZone/NoFlyZoneView.swift (in target 'NoFlyZone' from project 'NoFlyZone')
    cd /Users/admin/builder/spi-builder-workspace/.swiftpm/xcode

SwiftCompile normal arm64_32 Compiling\ NoFlyZoneData.swift /Users/admin/builder/spi-builder-workspace/.dependencies/checkouts/NoFlyZone/Sources/NoFlyZone/NoFlyZoneData.swift (in target 'NoFlyZone' from project 'NoFlyZone')
SwiftCompile normal arm64_32 /Users/admin/builder/spi-builder-workspace/.dependencies/checkouts/NoFlyZone/Sources/NoFlyZone/NoFlyZoneData.swift (in target 'NoFlyZone' from project 'NoFlyZone')
    cd /Users/admin/builder/spi-builder-workspace/.swiftpm/xcode

SwiftEmitModule normal arm64 Emitting\ module\ for\ NoFlyZone (in target 'NoFlyZone' from project 'NoFlyZone')
EmitSwiftModule normal arm64 (in target 'NoFlyZone' from project 'NoFlyZone')
    cd /Users/admin/builder/spi-builder-workspace/.swiftpm/xcode

SwiftCompile normal arm64 Compiling\ NoFlyZoneView.swift /Users/admin/builder/spi-builder-workspace/.dependencies/checkouts/NoFlyZone/Sources/NoFlyZone/NoFlyZoneView.swift (in target 'NoFlyZone' from project 'NoFlyZone')
SwiftCompile normal arm64 /Users/admin/builder/spi-builder-workspace/.dependencies/checkouts/NoFlyZone/Sources/NoFlyZone/NoFlyZoneView.swift (in target 'NoFlyZone' from project 'NoFlyZone')
    cd /Users/admin/builder/spi-builder-workspace/.swiftpm/xcode

SwiftCompile normal arm64 Compiling\ View+NoFlyZone.swift /Users/admin/builder/spi-builder-workspace/.dependencies/checkouts/NoFlyZone/Sources/NoFlyZone/View+NoFlyZone.swift (in target 'NoFlyZone' from project 'NoFlyZone')
SwiftCompile normal arm64 /Users/admin/builder/spi-builder-workspace/.dependencies/checkouts/NoFlyZone/Sources/NoFlyZone/View+NoFlyZone.swift (in target 'NoFlyZone' from project 'NoFlyZone')
    cd /Users/admin/builder/spi-builder-workspace/.swiftpm/xcode

SwiftCompile normal arm64 Compiling\ NoFlyZoneCompletionStatus.swift /Users/admin/builder/spi-builder-workspace/.dependencies/checkouts/NoFlyZone/Sources/NoFlyZone/NoFlyZoneCompletionStatus.swift (in target 'NoFlyZone' from project 'NoFlyZone')
SwiftCompile normal arm64 /Users/admin/builder/spi-builder-workspace/.dependencies/checkouts/NoFlyZone/Sources/NoFlyZone/NoFlyZoneCompletionStatus.swift (in target 'NoFlyZone' from project 'NoFlyZone')
    cd /Users/admin/builder/spi-builder-workspace/.swiftpm/xcode

SwiftCompile normal arm64 Compiling\ NoFlyZoneData.swift /Users/admin/builder/spi-builder-workspace/.dependencies/checkouts/NoFlyZone/Sources/NoFlyZone/NoFlyZoneData.swift (in target 'NoFlyZone' from project 'NoFlyZone')
SwiftCompile normal arm64 /Users/admin/builder/spi-builder-workspace/.dependencies/checkouts/NoFlyZone/Sources/NoFlyZone/NoFlyZoneData.swift (in target 'NoFlyZone' from project 'NoFlyZone')
    cd /Users/admin/builder/spi-builder-workspace/.swiftpm/xcode

SwiftDriverJobDiscovery normal arm64_32 Emitting module for NoFlyZone (in target 'NoFlyZone' from project 'NoFlyZone')
SwiftDriver\ Compilation\ Requirements NoFlyZone normal arm64_32 com.apple.xcode.tools.swift.compiler (in target 'NoFlyZone' from project 'NoFlyZone')
    cd /Users/admin/builder/spi-builder-workspace/.swiftpm/xcode
    builtin-Swift-Compilation-Requirements -- /Applications/Xcode-26.3.0.app/Contents/Developer/Toolchains/XcodeDefault.xctoolchain/usr/bin/swiftc -module-name NoFlyZone -Onone -enforce-exclusivity\=checked @/Users/admin/builder/spi-builder-workspace/.derivedData/Build/Intermediates.noindex/NoFlyZone.build/Debug-watchos/NoFlyZone.build/Objects-normal/arm64_32/NoFlyZone.SwiftFileList -DSWIFT_PACKAGE -DDEBUG -DSWIFT_MODULE_RESOURCE_BUNDLE_UNAVAILABLE -DXcode -plugin-path /Applications/Xcode-26.3.0.app/Contents/Developer/Toolchains/XcodeDefault.xctoolchain/usr/lib/swift/host/plugins/testing -enable-experimental-feature DebugDescriptionMacro -sdk /Applications/Xcode-26.3.0.app/Contents/Developer/Platforms/WatchOS.platform/Developer/SDKs/WatchOS26.2.sdk -target arm64_32-apple-watchos10.0 -g -module-cache-path /Users/admin/builder/spi-builder-workspace/.derivedData/ModuleCache.noindex -Xfrontend -serialize-debugging-options -enable-testing -suppress-warnings -index-store-path /Users/admin/builder/spi-builder-workspace/.derivedData/Index.noindex/DataStore -Xcc -D_LIBCPP_HARDENING_MODE\=_LIBCPP_HARDENING_MODE_DEBUG -swift-version 6 -I /Users/admin/builder/spi-builder-workspace/.derivedData/Build/Products/Debug-watchos -Isystem /Applications/Xcode-26.3.0.app/Contents/Developer/Platforms/WatchOS.platform/Developer/usr/lib -F /Users/admin/builder/spi-builder-workspace/.derivedData/Build/Products/Debug-watchos -F /Applications/Xcode-26.3.0.app/Contents/Developer/Platforms/WatchOS.platform/Developer/Library/Frameworks -F /Applications/Xcode-26.3.0.app/Contents/Developer/Platforms/WatchOS.platform/Developer/SDKs/WatchOS26.2.sdk/Developer/Library/Frameworks -c -j10 -enable-batch-mode -incremental -Xcc -ivfsstatcache -Xcc /Users/admin/builder/spi-builder-workspace/.derivedData/SDKStatCaches.noindex/watchos26.2-23S303-dc75598d0054f22ec865fa860f139d721753b489057de6bda919edfa1c59a62b.sdkstatcache -output-file-map /Users/admin/builder/spi-builder-workspace/.derivedData/Build/Intermediates.noindex/NoFlyZone.build/Debug-watchos/NoFlyZone.build/Objects-normal/arm64_32/NoFlyZone-OutputFileMap.json -use-frontend-parseable-output -save-temps -no-color-diagnostics -explicit-module-build -module-cache-path /Users/admin/builder/spi-builder-workspace/.derivedData/Build/Intermediates.noindex/SwiftExplicitPrecompiledModules -clang-scanner-module-cache-path /Users/admin/builder/spi-builder-workspace/.derivedData/ModuleCache.noindex -sdk-module-cache-path /Users/admin/builder/spi-builder-workspace/.derivedData/ModuleCache.noindex -serialize-diagnostics -emit-dependencies -emit-module -emit-module-path /Users/admin/builder/spi-builder-workspace/.derivedData/Build/Intermediates.noindex/NoFlyZone.build/Debug-watchos/NoFlyZone.build/Objects-normal/arm64_32/NoFlyZone.swiftmodule -user-module-version 1.0.4 -validate-clang-modules-once -clang-build-session-file /Users/admin/builder/spi-builder-workspace/.derivedData/ModuleCache.noindex/Session.modulevalidation -package-name noflyzone -Xcc -I/Users/admin/builder/spi-builder-workspace/.derivedData/Build/Intermediates.noindex/NoFlyZone.build/Debug-watchos/NoFlyZone.build/swift-overrides.hmap -emit-const-values -Xfrontend -const-gather-protocols-file -Xfrontend /Users/admin/builder/spi-builder-workspace/.derivedData/Build/Intermediates.noindex/NoFlyZone.build/Debug-watchos/NoFlyZone.build/Objects-normal/arm64_32/NoFlyZone_const_extract_protocols.json -Xcc -I/Users/admin/builder/spi-builder-workspace/.derivedData/Build/Products/Debug-watchos/include -Xcc -I/Users/admin/builder/spi-builder-workspace/.derivedData/Build/Intermediates.noindex/NoFlyZone.build/Debug-watchos/NoFlyZone.build/DerivedSources-normal/arm64_32 -Xcc -I/Users/admin/builder/spi-builder-workspace/.derivedData/Build/Intermediates.noindex/NoFlyZone.build/Debug-watchos/NoFlyZone.build/DerivedSources/arm64_32 -Xcc -I/Users/admin/builder/spi-builder-workspace/.derivedData/Build/Intermediates.noindex/NoFlyZone.build/Debug-watchos/NoFlyZone.build/DerivedSources -Xcc -DSWIFT_PACKAGE -Xcc -DDEBUG\=1 -emit-objc-header -emit-objc-header-path /Users/admin/builder/spi-builder-workspace/.derivedData/Build/Intermediates.noindex/NoFlyZone.build/Debug-watchos/NoFlyZone.build/Objects-normal/arm64_32/NoFlyZone-Swift.h -working-directory /Users/admin/builder/spi-builder-workspace/.swiftpm/xcode -experimental-emit-module-separately -disable-cmo
SwiftDriverJobDiscovery normal arm64 Emitting module for NoFlyZone (in target 'NoFlyZone' from project 'NoFlyZone')
SwiftDriver\ Compilation\ Requirements NoFlyZone normal arm64 com.apple.xcode.tools.swift.compiler (in target 'NoFlyZone' from project 'NoFlyZone')
    cd /Users/admin/builder/spi-builder-workspace/.swiftpm/xcode
    builtin-Swift-Compilation-Requirements -- /Applications/Xcode-26.3.0.app/Contents/Developer/Toolchains/XcodeDefault.xctoolchain/usr/bin/swiftc -module-name NoFlyZone -Onone -enforce-exclusivity\=checked @/Users/admin/builder/spi-builder-workspace/.derivedData/Build/Intermediates.noindex/NoFlyZone.build/Debug-watchos/NoFlyZone.build/Objects-normal/arm64/NoFlyZone.SwiftFileList -DSWIFT_PACKAGE -DDEBUG -DSWIFT_MODULE_RESOURCE_BUNDLE_UNAVAILABLE -DXcode -plugin-path /Applications/Xcode-26.3.0.app/Contents/Developer/Toolchains/XcodeDefault.xctoolchain/usr/lib/swift/host/plugins/testing -enable-experimental-feature DebugDescriptionMacro -sdk /Applications/Xcode-26.3.0.app/Contents/Developer/Platforms/WatchOS.platform/Developer/SDKs/WatchOS26.2.sdk -target arm64-apple-watchos10.0 -g -module-cache-path /Users/admin/builder/spi-builder-workspace/.derivedData/ModuleCache.noindex -Xfrontend -serialize-debugging-options -enable-testing -suppress-warnings -index-store-path /Users/admin/builder/spi-builder-workspace/.derivedData/Index.noindex/DataStore -Xcc -D_LIBCPP_HARDENING_MODE\=_LIBCPP_HARDENING_MODE_DEBUG -swift-version 6 -I /Users/admin/builder/spi-builder-workspace/.derivedData/Build/Products/Debug-watchos -Isystem /Applications/Xcode-26.3.0.app/Contents/Developer/Platforms/WatchOS.platform/Developer/usr/lib -F /Users/admin/builder/spi-builder-workspace/.derivedData/Build/Products/Debug-watchos -F /Applications/Xcode-26.3.0.app/Contents/Developer/Platforms/WatchOS.platform/Developer/Library/Frameworks -F /Applications/Xcode-26.3.0.app/Contents/Developer/Platforms/WatchOS.platform/Developer/SDKs/WatchOS26.2.sdk/Developer/Library/Frameworks -c -j10 -enable-batch-mode -incremental -Xcc -ivfsstatcache -Xcc /Users/admin/builder/spi-builder-workspace/.derivedData/SDKStatCaches.noindex/watchos26.2-23S303-dc75598d0054f22ec865fa860f139d721753b489057de6bda919edfa1c59a62b.sdkstatcache -output-file-map /Users/admin/builder/spi-builder-workspace/.derivedData/Build/Intermediates.noindex/NoFlyZone.build/Debug-watchos/NoFlyZone.build/Objects-normal/arm64/NoFlyZone-OutputFileMap.json -use-frontend-parseable-output -save-temps -no-color-diagnostics -explicit-module-build -module-cache-path /Users/admin/builder/spi-builder-workspace/.derivedData/Build/Intermediates.noindex/SwiftExplicitPrecompiledModules -clang-scanner-module-cache-path /Users/admin/builder/spi-builder-workspace/.derivedData/ModuleCache.noindex -sdk-module-cache-path /Users/admin/builder/spi-builder-workspace/.derivedData/ModuleCache.noindex -serialize-diagnostics -emit-dependencies -emit-module -emit-module-path /Users/admin/builder/spi-builder-workspace/.derivedData/Build/Intermediates.noindex/NoFlyZone.build/Debug-watchos/NoFlyZone.build/Objects-normal/arm64/NoFlyZone.swiftmodule -user-module-version 1.0.4 -validate-clang-modules-once -clang-build-session-file /Users/admin/builder/spi-builder-workspace/.derivedData/ModuleCache.noindex/Session.modulevalidation -package-name noflyzone -Xcc -I/Users/admin/builder/spi-builder-workspace/.derivedData/Build/Intermediates.noindex/NoFlyZone.build/Debug-watchos/NoFlyZone.build/swift-overrides.hmap -emit-const-values -Xfrontend -const-gather-protocols-file -Xfrontend /Users/admin/builder/spi-builder-workspace/.derivedData/Build/Intermediates.noindex/NoFlyZone.build/Debug-watchos/NoFlyZone.build/Objects-normal/arm64/NoFlyZone_const_extract_protocols.json -Xcc -I/Users/admin/builder/spi-builder-workspace/.derivedData/Build/Products/Debug-watchos/include -Xcc -I/Users/admin/builder/spi-builder-workspace/.derivedData/Build/Intermediates.noindex/NoFlyZone.build/Debug-watchos/NoFlyZone.build/DerivedSources-normal/arm64 -Xcc -I/Users/admin/builder/spi-builder-workspace/.derivedData/Build/Intermediates.noindex/NoFlyZone.build/Debug-watchos/NoFlyZone.build/DerivedSources/arm64 -Xcc -I/Users/admin/builder/spi-builder-workspace/.derivedData/Build/Intermediates.noindex/NoFlyZone.build/Debug-watchos/NoFlyZone.build/DerivedSources -Xcc -DSWIFT_PACKAGE -Xcc -DDEBUG\=1 -emit-objc-header -emit-objc-header-path /Users/admin/builder/spi-builder-workspace/.derivedData/Build/Intermediates.noindex/NoFlyZone.build/Debug-watchos/NoFlyZone.build/Objects-normal/arm64/NoFlyZone-Swift.h -working-directory /Users/admin/builder/spi-builder-workspace/.swiftpm/xcode -experimental-emit-module-separately -disable-cmo
SwiftCompile normal arm64 Compiling\ NoFlyZoneModifier.swift /Users/admin/builder/spi-builder-workspace/.dependencies/checkouts/NoFlyZone/Sources/NoFlyZone/NoFlyZoneModifier.swift (in target 'NoFlyZone' from project 'NoFlyZone')
SwiftCompile normal arm64 /Users/admin/builder/spi-builder-workspace/.dependencies/checkouts/NoFlyZone/Sources/NoFlyZone/NoFlyZoneModifier.swift (in target 'NoFlyZone' from project 'NoFlyZone')
    cd /Users/admin/builder/spi-builder-workspace/.swiftpm/xcode

SwiftMergeGeneratedHeaders /Users/admin/builder/spi-builder-workspace/.derivedData/Build/Intermediates.noindex/GeneratedModuleMaps-watchos/NoFlyZone-Swift.h /Users/admin/builder/spi-builder-workspace/.derivedData/Build/Intermediates.noindex/NoFlyZone.build/Debug-watchos/NoFlyZone.build/Objects-normal/arm64/NoFlyZone-Swift.h /Users/admin/builder/spi-builder-workspace/.derivedData/Build/Intermediates.noindex/NoFlyZone.build/Debug-watchos/NoFlyZone.build/Objects-normal/arm64_32/NoFlyZone-Swift.h (in target 'NoFlyZone' from project 'NoFlyZone')
    cd /Users/admin/builder/spi-builder-workspace/.dependencies/checkouts/NoFlyZone
    builtin-swiftHeaderTool -arch arm64 /Users/admin/builder/spi-builder-workspace/.derivedData/Build/Intermediates.noindex/NoFlyZone.build/Debug-watchos/NoFlyZone.build/Objects-normal/arm64/NoFlyZone-Swift.h -arch arm64_32 /Users/admin/builder/spi-builder-workspace/.derivedData/Build/Intermediates.noindex/NoFlyZone.build/Debug-watchos/NoFlyZone.build/Objects-normal/arm64_32/NoFlyZone-Swift.h -o /Users/admin/builder/spi-builder-workspace/.derivedData/Build/Intermediates.noindex/GeneratedModuleMaps-watchos/NoFlyZone-Swift.h
SwiftDriverJobDiscovery normal arm64_32 Compiling NoFlyZoneCompletionStatus.swift (in target 'NoFlyZone' from project 'NoFlyZone')
Copy /Users/admin/builder/spi-builder-workspace/.derivedData/Build/Products/Debug-watchos/NoFlyZone.swiftmodule/arm64_32-apple-watchos.swiftmodule /Users/admin/builder/spi-builder-workspace/.derivedData/Build/Intermediates.noindex/NoFlyZone.build/Debug-watchos/NoFlyZone.build/Objects-normal/arm64_32/NoFlyZone.swiftmodule (in target 'NoFlyZone' from project 'NoFlyZone')
    cd /Users/admin/builder/spi-builder-workspace/.dependencies/checkouts/NoFlyZone
    builtin-copy -exclude .DS_Store -exclude CVS -exclude .svn -exclude .git -exclude .hg -resolve-src-symlinks -rename /Users/admin/builder/spi-builder-workspace/.derivedData/Build/Intermediates.noindex/NoFlyZone.build/Debug-watchos/NoFlyZone.build/Objects-normal/arm64_32/NoFlyZone.swiftmodule /Users/admin/builder/spi-builder-workspace/.derivedData/Build/Products/Debug-watchos/NoFlyZone.swiftmodule/arm64_32-apple-watchos.swiftmodule
Copy /Users/admin/builder/spi-builder-workspace/.derivedData/Build/Products/Debug-watchos/NoFlyZone.swiftmodule/arm64_32-apple-watchos.swiftdoc /Users/admin/builder/spi-builder-workspace/.derivedData/Build/Intermediates.noindex/NoFlyZone.build/Debug-watchos/NoFlyZone.build/Objects-normal/arm64_32/NoFlyZone.swiftdoc (in target 'NoFlyZone' from project 'NoFlyZone')
    cd /Users/admin/builder/spi-builder-workspace/.dependencies/checkouts/NoFlyZone
    builtin-copy -exclude .DS_Store -exclude CVS -exclude .svn -exclude .git -exclude .hg -resolve-src-symlinks -rename /Users/admin/builder/spi-builder-workspace/.derivedData/Build/Intermediates.noindex/NoFlyZone.build/Debug-watchos/NoFlyZone.build/Objects-normal/arm64_32/NoFlyZone.swiftdoc /Users/admin/builder/spi-builder-workspace/.derivedData/Build/Products/Debug-watchos/NoFlyZone.swiftmodule/arm64_32-apple-watchos.swiftdoc
Copy /Users/admin/builder/spi-builder-workspace/.derivedData/Build/Products/Debug-watchos/NoFlyZone.swiftmodule/arm64_32-apple-watchos.abi.json /Users/admin/builder/spi-builder-workspace/.derivedData/Build/Intermediates.noindex/NoFlyZone.build/Debug-watchos/NoFlyZone.build/Objects-normal/arm64_32/NoFlyZone.abi.json (in target 'NoFlyZone' from project 'NoFlyZone')
    cd /Users/admin/builder/spi-builder-workspace/.dependencies/checkouts/NoFlyZone
    builtin-copy -exclude .DS_Store -exclude CVS -exclude .svn -exclude .git -exclude .hg -resolve-src-symlinks -rename /Users/admin/builder/spi-builder-workspace/.derivedData/Build/Intermediates.noindex/NoFlyZone.build/Debug-watchos/NoFlyZone.build/Objects-normal/arm64_32/NoFlyZone.abi.json /Users/admin/builder/spi-builder-workspace/.derivedData/Build/Products/Debug-watchos/NoFlyZone.swiftmodule/arm64_32-apple-watchos.abi.json
SwiftDriverJobDiscovery normal arm64 Compiling NoFlyZoneCompletionStatus.swift (in target 'NoFlyZone' from project 'NoFlyZone')
Copy /Users/admin/builder/spi-builder-workspace/.derivedData/Build/Products/Debug-watchos/NoFlyZone.swiftmodule/arm64-apple-watchos.swiftmodule /Users/admin/builder/spi-builder-workspace/.derivedData/Build/Intermediates.noindex/NoFlyZone.build/Debug-watchos/NoFlyZone.build/Objects-normal/arm64/NoFlyZone.swiftmodule (in target 'NoFlyZone' from project 'NoFlyZone')
    cd /Users/admin/builder/spi-builder-workspace/.dependencies/checkouts/NoFlyZone
    builtin-copy -exclude .DS_Store -exclude CVS -exclude .svn -exclude .git -exclude .hg -resolve-src-symlinks -rename /Users/admin/builder/spi-builder-workspace/.derivedData/Build/Intermediates.noindex/NoFlyZone.build/Debug-watchos/NoFlyZone.build/Objects-normal/arm64/NoFlyZone.swiftmodule /Users/admin/builder/spi-builder-workspace/.derivedData/Build/Products/Debug-watchos/NoFlyZone.swiftmodule/arm64-apple-watchos.swiftmodule
Copy /Users/admin/builder/spi-builder-workspace/.derivedData/Build/Products/Debug-watchos/NoFlyZone.swiftmodule/arm64-apple-watchos.swiftdoc /Users/admin/builder/spi-builder-workspace/.derivedData/Build/Intermediates.noindex/NoFlyZone.build/Debug-watchos/NoFlyZone.build/Objects-normal/arm64/NoFlyZone.swiftdoc (in target 'NoFlyZone' from project 'NoFlyZone')
    cd /Users/admin/builder/spi-builder-workspace/.dependencies/checkouts/NoFlyZone
    builtin-copy -exclude .DS_Store -exclude CVS -exclude .svn -exclude .git -exclude .hg -resolve-src-symlinks -rename /Users/admin/builder/spi-builder-workspace/.derivedData/Build/Intermediates.noindex/NoFlyZone.build/Debug-watchos/NoFlyZone.build/Objects-normal/arm64/NoFlyZone.swiftdoc /Users/admin/builder/spi-builder-workspace/.derivedData/Build/Products/Debug-watchos/NoFlyZone.swiftmodule/arm64-apple-watchos.swiftdoc
Copy /Users/admin/builder/spi-builder-workspace/.derivedData/Build/Products/Debug-watchos/NoFlyZone.swiftmodule/arm64-apple-watchos.abi.json /Users/admin/builder/spi-builder-workspace/.derivedData/Build/Intermediates.noindex/NoFlyZone.build/Debug-watchos/NoFlyZone.build/Objects-normal/arm64/NoFlyZone.abi.json (in target 'NoFlyZone' from project 'NoFlyZone')
    cd /Users/admin/builder/spi-builder-workspace/.dependencies/checkouts/NoFlyZone
    builtin-copy -exclude .DS_Store -exclude CVS -exclude .svn -exclude .git -exclude .hg -resolve-src-symlinks -rename /Users/admin/builder/spi-builder-workspace/.derivedData/Build/Intermediates.noindex/NoFlyZone.build/Debug-watchos/NoFlyZone.build/Objects-normal/arm64/NoFlyZone.abi.json /Users/admin/builder/spi-builder-workspace/.derivedData/Build/Products/Debug-watchos/NoFlyZone.swiftmodule/arm64-apple-watchos.abi.json
Copy /Users/admin/builder/spi-builder-workspace/.derivedData/Build/Products/Debug-watchos/NoFlyZone.swiftmodule/Project/arm64_32-apple-watchos.swiftsourceinfo /Users/admin/builder/spi-builder-workspace/.derivedData/Build/Intermediates.noindex/NoFlyZone.build/Debug-watchos/NoFlyZone.build/Objects-normal/arm64_32/NoFlyZone.swiftsourceinfo (in target 'NoFlyZone' from project 'NoFlyZone')
    cd /Users/admin/builder/spi-builder-workspace/.dependencies/checkouts/NoFlyZone
    builtin-copy -exclude .DS_Store -exclude CVS -exclude .svn -exclude .git -exclude .hg -resolve-src-symlinks -rename /Users/admin/builder/spi-builder-workspace/.derivedData/Build/Intermediates.noindex/NoFlyZone.build/Debug-watchos/NoFlyZone.build/Objects-normal/arm64_32/NoFlyZone.swiftsourceinfo /Users/admin/builder/spi-builder-workspace/.derivedData/Build/Products/Debug-watchos/NoFlyZone.swiftmodule/Project/arm64_32-apple-watchos.swiftsourceinfo
Copy /Users/admin/builder/spi-builder-workspace/.derivedData/Build/Products/Debug-watchos/NoFlyZone.swiftmodule/Project/arm64-apple-watchos.swiftsourceinfo /Users/admin/builder/spi-builder-workspace/.derivedData/Build/Intermediates.noindex/NoFlyZone.build/Debug-watchos/NoFlyZone.build/Objects-normal/arm64/NoFlyZone.swiftsourceinfo (in target 'NoFlyZone' from project 'NoFlyZone')
    cd /Users/admin/builder/spi-builder-workspace/.dependencies/checkouts/NoFlyZone
    builtin-copy -exclude .DS_Store -exclude CVS -exclude .svn -exclude .git -exclude .hg -resolve-src-symlinks -rename /Users/admin/builder/spi-builder-workspace/.derivedData/Build/Intermediates.noindex/NoFlyZone.build/Debug-watchos/NoFlyZone.build/Objects-normal/arm64/NoFlyZone.swiftsourceinfo /Users/admin/builder/spi-builder-workspace/.derivedData/Build/Products/Debug-watchos/NoFlyZone.swiftmodule/Project/arm64-apple-watchos.swiftsourceinfo
SwiftDriver ContactFieldKit normal arm64 com.apple.xcode.tools.swift.compiler (in target 'ContactFieldKit' from project 'ContactFieldKit')
    cd /Users/admin/builder/spi-builder-workspace/.swiftpm/xcode
    builtin-SwiftDriver -- /Applications/Xcode-26.3.0.app/Contents/Developer/Toolchains/XcodeDefault.xctoolchain/usr/bin/swiftc -module-name ContactFieldKit -Onone -enforce-exclusivity\=checked @/Users/admin/builder/spi-builder-workspace/.derivedData/Build/Intermediates.noindex/ContactFieldKit.build/Debug-watchos/ContactFieldKit.build/Objects-normal/arm64/ContactFieldKit.SwiftFileList -DSWIFT_PACKAGE -DDEBUG -DSWIFT_MODULE_RESOURCE_BUNDLE_AVAILABLE -DXcode -plugin-path /Applications/Xcode-26.3.0.app/Contents/Developer/Toolchains/XcodeDefault.xctoolchain/usr/lib/swift/host/plugins/testing -enable-experimental-feature DebugDescriptionMacro -sdk /Applications/Xcode-26.3.0.app/Contents/Developer/Platforms/WatchOS.platform/Developer/SDKs/WatchOS26.2.sdk -target arm64-apple-watchos10.0 -g -module-cache-path /Users/admin/builder/spi-builder-workspace/.derivedData/ModuleCache.noindex -Xfrontend -serialize-debugging-options -enable-testing -index-store-path /Users/admin/builder/spi-builder-workspace/.derivedData/Index.noindex/DataStore -Xcc -D_LIBCPP_HARDENING_MODE\=_LIBCPP_HARDENING_MODE_DEBUG -swift-version 6 -I /Users/admin/builder/spi-builder-workspace/.derivedData/Build/Products/Debug-watchos -Isystem /Applications/Xcode-26.3.0.app/Contents/Developer/Platforms/WatchOS.platform/Developer/usr/lib -F /Users/admin/builder/spi-builder-workspace/.derivedData/Build/Products/Debug-watchos/PackageFrameworks -F /Users/admin/builder/spi-builder-workspace/.derivedData/Build/Products/Debug-watchos -F /Applications/Xcode-26.3.0.app/Contents/Developer/Platforms/WatchOS.platform/Developer/Library/Frameworks -F /Applications/Xcode-26.3.0.app/Contents/Developer/Platforms/WatchOS.platform/Developer/SDKs/WatchOS26.2.sdk/Developer/Library/Frameworks -c -j10 -enable-batch-mode -incremental -Xcc -ivfsstatcache -Xcc /Users/admin/builder/spi-builder-workspace/.derivedData/SDKStatCaches.noindex/watchos26.2-23S303-dc75598d0054f22ec865fa860f139d721753b489057de6bda919edfa1c59a62b.sdkstatcache -output-file-map /Users/admin/builder/spi-builder-workspace/.derivedData/Build/Intermediates.noindex/ContactFieldKit.build/Debug-watchos/ContactFieldKit.build/Objects-normal/arm64/ContactFieldKit-OutputFileMap.json -use-frontend-parseable-output -save-temps -no-color-diagnostics -explicit-module-build -module-cache-path /Users/admin/builder/spi-builder-workspace/.derivedData/Build/Intermediates.noindex/SwiftExplicitPrecompiledModules -clang-scanner-module-cache-path /Users/admin/builder/spi-builder-workspace/.derivedData/ModuleCache.noindex -sdk-module-cache-path /Users/admin/builder/spi-builder-workspace/.derivedData/ModuleCache.noindex -serialize-diagnostics -emit-dependencies -emit-module -emit-module-path /Users/admin/builder/spi-builder-workspace/.derivedData/Build/Intermediates.noindex/ContactFieldKit.build/Debug-watchos/ContactFieldKit.build/Objects-normal/arm64/ContactFieldKit.swiftmodule -validate-clang-modules-once -clang-build-session-file /Users/admin/builder/spi-builder-workspace/.derivedData/ModuleCache.noindex/Session.modulevalidation -package-name spi_builder_workspace -Xcc -I/Users/admin/builder/spi-builder-workspace/.derivedData/Build/Intermediates.noindex/ContactFieldKit.build/Debug-watchos/ContactFieldKit.build/swift-overrides.hmap -emit-const-values -Xfrontend -const-gather-protocols-file -Xfrontend /Users/admin/builder/spi-builder-workspace/.derivedData/Build/Intermediates.noindex/ContactFieldKit.build/Debug-watchos/ContactFieldKit.build/Objects-normal/arm64/ContactFieldKit_const_extract_protocols.json -Xcc -I/Users/admin/builder/spi-builder-workspace/.derivedData/Build/Products/Debug-watchos/include -Xcc -I/Users/admin/builder/spi-builder-workspace/.derivedData/Build/Intermediates.noindex/ContactFieldKit.build/Debug-watchos/ContactFieldKit.build/DerivedSources-normal/arm64 -Xcc -I/Users/admin/builder/spi-builder-workspace/.derivedData/Build/Intermediates.noindex/ContactFieldKit.build/Debug-watchos/ContactFieldKit.build/DerivedSources/arm64 -Xcc -I/Users/admin/builder/spi-builder-workspace/.derivedData/Build/Intermediates.noindex/ContactFieldKit.build/Debug-watchos/ContactFieldKit.build/DerivedSources -Xcc -DSWIFT_PACKAGE -Xcc -DDEBUG\=1 -emit-objc-header -emit-objc-header-path /Users/admin/builder/spi-builder-workspace/.derivedData/Build/Intermediates.noindex/ContactFieldKit.build/Debug-watchos/ContactFieldKit.build/Objects-normal/arm64/ContactFieldKit-Swift.h -working-directory /Users/admin/builder/spi-builder-workspace/.swiftpm/xcode -experimental-emit-module-separately -disable-cmo
SwiftDriver ContactFieldKit normal arm64_32 com.apple.xcode.tools.swift.compiler (in target 'ContactFieldKit' from project 'ContactFieldKit')
    cd /Users/admin/builder/spi-builder-workspace/.swiftpm/xcode
    builtin-SwiftDriver -- /Applications/Xcode-26.3.0.app/Contents/Developer/Toolchains/XcodeDefault.xctoolchain/usr/bin/swiftc -module-name ContactFieldKit -Onone -enforce-exclusivity\=checked @/Users/admin/builder/spi-builder-workspace/.derivedData/Build/Intermediates.noindex/ContactFieldKit.build/Debug-watchos/ContactFieldKit.build/Objects-normal/arm64_32/ContactFieldKit.SwiftFileList -DSWIFT_PACKAGE -DDEBUG -DSWIFT_MODULE_RESOURCE_BUNDLE_AVAILABLE -DXcode -plugin-path /Applications/Xcode-26.3.0.app/Contents/Developer/Toolchains/XcodeDefault.xctoolchain/usr/lib/swift/host/plugins/testing -enable-experimental-feature DebugDescriptionMacro -sdk /Applications/Xcode-26.3.0.app/Contents/Developer/Platforms/WatchOS.platform/Developer/SDKs/WatchOS26.2.sdk -target arm64_32-apple-watchos10.0 -g -module-cache-path /Users/admin/builder/spi-builder-workspace/.derivedData/ModuleCache.noindex -Xfrontend -serialize-debugging-options -enable-testing -index-store-path /Users/admin/builder/spi-builder-workspace/.derivedData/Index.noindex/DataStore -Xcc -D_LIBCPP_HARDENING_MODE\=_LIBCPP_HARDENING_MODE_DEBUG -swift-version 6 -I /Users/admin/builder/spi-builder-workspace/.derivedData/Build/Products/Debug-watchos -Isystem /Applications/Xcode-26.3.0.app/Contents/Developer/Platforms/WatchOS.platform/Developer/usr/lib -F /Users/admin/builder/spi-builder-workspace/.derivedData/Build/Products/Debug-watchos/PackageFrameworks -F /Users/admin/builder/spi-builder-workspace/.derivedData/Build/Products/Debug-watchos -F /Applications/Xcode-26.3.0.app/Contents/Developer/Platforms/WatchOS.platform/Developer/Library/Frameworks -F /Applications/Xcode-26.3.0.app/Contents/Developer/Platforms/WatchOS.platform/Developer/SDKs/WatchOS26.2.sdk/Developer/Library/Frameworks -c -j10 -enable-batch-mode -incremental -Xcc -ivfsstatcache -Xcc /Users/admin/builder/spi-builder-workspace/.derivedData/SDKStatCaches.noindex/watchos26.2-23S303-dc75598d0054f22ec865fa860f139d721753b489057de6bda919edfa1c59a62b.sdkstatcache -output-file-map /Users/admin/builder/spi-builder-workspace/.derivedData/Build/Intermediates.noindex/ContactFieldKit.build/Debug-watchos/ContactFieldKit.build/Objects-normal/arm64_32/ContactFieldKit-OutputFileMap.json -use-frontend-parseable-output -save-temps -no-color-diagnostics -explicit-module-build -module-cache-path /Users/admin/builder/spi-builder-workspace/.derivedData/Build/Intermediates.noindex/SwiftExplicitPrecompiledModules -clang-scanner-module-cache-path /Users/admin/builder/spi-builder-workspace/.derivedData/ModuleCache.noindex -sdk-module-cache-path /Users/admin/builder/spi-builder-workspace/.derivedData/ModuleCache.noindex -serialize-diagnostics -emit-dependencies -emit-module -emit-module-path /Users/admin/builder/spi-builder-workspace/.derivedData/Build/Intermediates.noindex/ContactFieldKit.build/Debug-watchos/ContactFieldKit.build/Objects-normal/arm64_32/ContactFieldKit.swiftmodule -validate-clang-modules-once -clang-build-session-file /Users/admin/builder/spi-builder-workspace/.derivedData/ModuleCache.noindex/Session.modulevalidation -package-name spi_builder_workspace -Xcc -I/Users/admin/builder/spi-builder-workspace/.derivedData/Build/Intermediates.noindex/ContactFieldKit.build/Debug-watchos/ContactFieldKit.build/swift-overrides.hmap -emit-const-values -Xfrontend -const-gather-protocols-file -Xfrontend /Users/admin/builder/spi-builder-workspace/.derivedData/Build/Intermediates.noindex/ContactFieldKit.build/Debug-watchos/ContactFieldKit.build/Objects-normal/arm64_32/ContactFieldKit_const_extract_protocols.json -Xcc -I/Users/admin/builder/spi-builder-workspace/.derivedData/Build/Products/Debug-watchos/include -Xcc -I/Users/admin/builder/spi-builder-workspace/.derivedData/Build/Intermediates.noindex/ContactFieldKit.build/Debug-watchos/ContactFieldKit.build/DerivedSources-normal/arm64_32 -Xcc -I/Users/admin/builder/spi-builder-workspace/.derivedData/Build/Intermediates.noindex/ContactFieldKit.build/Debug-watchos/ContactFieldKit.build/DerivedSources/arm64_32 -Xcc -I/Users/admin/builder/spi-builder-workspace/.derivedData/Build/Intermediates.noindex/ContactFieldKit.build/Debug-watchos/ContactFieldKit.build/DerivedSources -Xcc -DSWIFT_PACKAGE -Xcc -DDEBUG\=1 -emit-objc-header -emit-objc-header-path /Users/admin/builder/spi-builder-workspace/.derivedData/Build/Intermediates.noindex/ContactFieldKit.build/Debug-watchos/ContactFieldKit.build/Objects-normal/arm64_32/ContactFieldKit-Swift.h -working-directory /Users/admin/builder/spi-builder-workspace/.swiftpm/xcode -experimental-emit-module-separately -disable-cmo
SwiftEmitModule normal arm64 Emitting\ module\ for\ ContactFieldKit (in target 'ContactFieldKit' from project 'ContactFieldKit')
Failed frontend command:
/Applications/Xcode-26.3.0.app/Contents/Developer/Toolchains/XcodeDefault.xctoolchain/usr/bin/swift-frontend -frontend -emit-module -experimental-skip-non-inlinable-function-bodies-without-types /Users/admin/builder/spi-builder-workspace/.derivedData/Build/Intermediates.noindex/ContactFieldKit.build/Debug-watchos/ContactFieldKit.build/DerivedSources/resource_bundle_accessor.swift /Users/admin/builder/spi-builder-workspace/Sources/ContactFieldKit/ContactFieldKit.swift /Users/admin/builder/spi-builder-workspace/Sources/ContactFieldKit/Domain/ContactItem.swift /Users/admin/builder/spi-builder-workspace/Sources/ContactFieldKit/Domain/ContactLabel.swift /Users/admin/builder/spi-builder-workspace/Sources/ContactFieldKit/Domain/Extensions/Array+ContactFieldKit.swift /Users/admin/builder/spi-builder-workspace/Sources/ContactFieldKit/Domain/Extensions/String+ContactFieldKit.swift /Users/admin/builder/spi-builder-workspace/Sources/ContactFieldKit/Presentation/ContactFieldUIConfig.swift /Users/admin/builder/spi-builder-workspace/Sources/ContactFieldKit/Presentation/Extensions/Color+ContactFieldKit.swift /Users/admin/builder/spi-builder-workspace/Sources/ContactFieldKit/Presentation/Extensions/View+ContactFieldKit.swift /Users/admin/builder/spi-builder-workspace/Sources/ContactFieldKit/Presentation/Model/ContactItemUI.swift /Users/admin/builder/spi-builder-workspace/Sources/ContactFieldKit/Presentation/Modifiers/ContextMenuModifier.swift /Users/admin/builder/spi-builder-workspace/Sources/ContactFieldKit/Presentation/Modifiers/IfModifier.swift /Users/admin/builder/spi-builder-workspace/Sources/ContactFieldKit/Presentation/View/ContactItemEditView.swift /Users/admin/builder/spi-builder-workspace/Sources/ContactFieldKit/Presentation/View/ContactItemView.swift /Users/admin/builder/spi-builder-workspace/Sources/ContactFieldKit/Presentation/View/ContextMenuInteractionView.swift /Users/admin/builder/spi-builder-workspace/Sources/ContactFieldKit/Presentation/View/LabelPickerView.swift /Users/admin/builder/spi-builder-workspace/Sources/ContactFieldKit/Services/CustomLabelStorage.swift /Users/admin/builder/spi-builder-workspace/Sources/ContactFieldKit/Services/URLOpener.swift -target arm64-apple-watchos10.0 -load-resolved-plugin /Applications/Xcode-26.3.0.app/Contents/Developer/Platforms/WatchOS.platform/Developer/usr/lib/swift/host/plugins/libFoundationMacros.dylib\#/Applications/Xcode-26.3.0.app/Contents/Developer/Platforms/WatchOS.platform/Developer/usr/bin/swift-plugin-server\#FoundationMacros -load-resolved-plugin /Applications/Xcode-26.3.0.app/Contents/Developer/Platforms/WatchOS.platform/Developer/usr/lib/swift/host/plugins/libObservationMacros.dylib\#/Applications/Xcode-26.3.0.app/Contents/Developer/Platforms/WatchOS.platform/Developer/usr/bin/swift-plugin-server\#ObservationMacros -load-resolved-plugin /Applications/Xcode-26.3.0.app/Contents/Developer/Platforms/WatchOS.platform/Developer/usr/lib/swift/host/plugins/libPreviewsMacros.dylib\#/Applications/Xcode-26.3.0.app/Contents/Developer/Platforms/WatchOS.platform/Developer/usr/bin/swift-plugin-server\#PreviewsMacros -load-resolved-plugin /Applications/Xcode-26.3.0.app/Contents/Developer/Platforms/WatchOS.platform/Developer/usr/lib/swift/host/plugins/libSwiftMacros.dylib\#/Applications/Xcode-26.3.0.app/Contents/Developer/Platforms/WatchOS.platform/Developer/usr/bin/swift-plugin-server\#SwiftMacros -load-resolved-plugin /Applications/Xcode-26.3.0.app/Contents/Developer/Platforms/WatchOS.platform/Developer/usr/lib/swift/host/plugins/libSwiftUIMacros.dylib\#/Applications/Xcode-26.3.0.app/Contents/Developer/Platforms/WatchOS.platform/Developer/usr/bin/swift-plugin-server\#SwiftUIMacros -disable-implicit-swift-modules -Xcc -fno-implicit-modules -Xcc -fno-implicit-module-maps -explicit-swift-module-map-file /Users/admin/builder/spi-builder-workspace/.derivedData/Build/Intermediates.noindex/ContactFieldKit.build/Debug-watchos/ContactFieldKit.build/Objects-normal/arm64/ContactFieldKit-dependencies-1.json -Xllvm -aarch64-use-tbi -enable-objc-interop -stack-check -sdk /Applications/Xcode-26.3.0.app/Contents/Developer/Platforms/WatchOS.platform/Developer/SDKs/WatchOS26.2.sdk -I /Users/admin/builder/spi-builder-workspace/.derivedData/Build/Products/Debug-watchos -Isystem /Applications/Xcode-26.3.0.app/Contents/Developer/Platforms/WatchOS.platform/Developer/usr/lib -F /Users/admin/builder/spi-builder-workspace/.derivedData/Build/Products/Debug-watchos/PackageFrameworks -F /Users/admin/builder/spi-builder-workspace/.derivedData/Build/Products/Debug-watchos -F /Applications/Xcode-26.3.0.app/Contents/Developer/Platforms/WatchOS.platform/Developer/Library/Frameworks -F /Applications/Xcode-26.3.0.app/Contents/Developer/Platforms/WatchOS.platform/Developer/SDKs/WatchOS26.2.sdk/Developer/Library/Frameworks -no-color-diagnostics -Xcc -fno-color-diagnostics -enable-testing -g -debug-info-format\=dwarf -dwarf-version\=4 -module-cache-path /Users/admin/builder/spi-builder-workspace/.derivedData/Build/Intermediates.noindex/SwiftExplicitPrecompiledModules -swift-version 6 -enforce-exclusivity\=checked -Onone -D SWIFT_PACKAGE -D DEBUG -D SWIFT_MODULE_RESOURCE_BUNDLE_AVAILABLE -D Xcode -serialize-debugging-options -const-gather-protocols-file /Users/admin/builder/spi-builder-workspace/.derivedData/Build/Intermediates.noindex/ContactFieldKit.build/Debug-watchos/ContactFieldKit.build/Objects-normal/arm64/ContactFieldKit_const_extract_protocols.json -enable-experimental-feature DebugDescriptionMacro -empty-abi-descriptor -validate-clang-modules-once -clang-build-session-file /Users/admin/builder/spi-builder-workspace/.derivedData/ModuleCache.noindex/Session.modulevalidation -Xcc -working-directory -Xcc /Users/admin/builder/spi-builder-workspace/.swiftpm/xcode -enable-anonymous-context-mangled-names -file-compilation-dir /Users/admin/builder/spi-builder-workspace/.swiftpm/xcode -Xcc -D_LIBCPP_HARDENING_MODE\=_LIBCPP_HARDENING_MODE_DEBUG -Xcc -ivfsstatcache -Xcc /Users/admin/builder/spi-builder-workspace/.derivedData/SDKStatCaches.noindex/watchos26.2-23S303-dc75598d0054f22ec865fa860f139d721753b489057de6bda919edfa1c59a62b.sdkstatcache -Xcc -I/Users/admin/builder/spi-builder-workspace/.derivedData/Build/Intermediates.noindex/ContactFieldKit.build/Debug-watchos/ContactFieldKit.build/swift-overrides.hmap -Xcc -I/Users/admin/builder/spi-builder-workspace/.derivedData/Build/Products/Debug-watchos/include -Xcc -I/Users/admin/builder/spi-builder-workspace/.derivedData/Build/Intermediates.noindex/ContactFieldKit.build/Debug-watchos/ContactFieldKit.build/DerivedSources-normal/arm64 -Xcc -I/Users/admin/builder/spi-builder-workspace/.derivedData/Build/Intermediates.noindex/ContactFieldKit.build/Debug-watchos/ContactFieldKit.build/DerivedSources/arm64 -Xcc -I/Users/admin/builder/spi-builder-workspace/.derivedData/Build/Intermediates.noindex/ContactFieldKit.build/Debug-watchos/ContactFieldKit.build/DerivedSources -Xcc -DSWIFT_PACKAGE -Xcc -DDEBUG\=1 -no-auto-bridging-header-chaining -module-name ContactFieldKit -package-name spi_builder_workspace -frontend-parseable-output -disable-clang-spi -target-sdk-version 26.2 -target-sdk-name watchos26.2 -clang-target arm64-apple-watchos26.2 -in-process-plugin-server-path /Applications/Xcode-26.3.0.app/Contents/Developer/Toolchains/XcodeDefault.xctoolchain/usr/lib/swift/host/libSwiftInProcPluginServer.dylib -emit-module-doc-path /Users/admin/builder/spi-builder-workspace/.derivedData/Build/Intermediates.noindex/ContactFieldKit.build/Debug-watchos/ContactFieldKit.build/Objects-normal/arm64/ContactFieldKit.swiftdoc -emit-module-source-info-path /Users/admin/builder/spi-builder-workspace/.derivedData/Build/Intermediates.noindex/ContactFieldKit.build/Debug-watchos/ContactFieldKit.build/Objects-normal/arm64/ContactFieldKit.swiftsourceinfo -emit-objc-header-path /Users/admin/builder/spi-builder-workspace/.derivedData/Build/Intermediates.noindex/ContactFieldKit.build/Debug-watchos/ContactFieldKit.build/Objects-normal/arm64/ContactFieldKit-Swift.h -serialize-diagnostics-path /Users/admin/builder/spi-builder-workspace/.derivedData/Build/Intermediates.noindex/ContactFieldKit.build/Debug-watchos/ContactFieldKit.build/Objects-normal/arm64/ContactFieldKit-primary-emit-module.dia -emit-dependencies-path /Users/admin/builder/spi-builder-workspace/.derivedData/Build/Intermediates.noindex/ContactFieldKit.build/Debug-watchos/ContactFieldKit.build/Objects-normal/arm64/ContactFieldKit-primary-emit-module.d -o /Users/admin/builder/spi-builder-workspace/.derivedData/Build/Intermediates.noindex/ContactFieldKit.build/Debug-watchos/ContactFieldKit.build/Objects-normal/arm64/ContactFieldKit.swiftmodule -emit-abi-descriptor-path /Users/admin/builder/spi-builder-workspace/.derivedData/Build/Intermediates.noindex/ContactFieldKit.build/Debug-watchos/ContactFieldKit.build/Objects-normal/arm64/ContactFieldKit.abi.json
EmitSwiftModule normal arm64 (in target 'ContactFieldKit' from project 'ContactFieldKit')
    cd /Users/admin/builder/spi-builder-workspace/.swiftpm/xcode

/Users/admin/builder/spi-builder-workspace/Sources/ContactFieldKit/Presentation/ContactFieldUIConfig.swift:19:73: error: 'systemBackground' is unavailable in watchOS
    public static var backgroundPrimary: Color = Color(uiColor: UIColor.systemBackground)
                                                                        ^~~~~~~~~~~~~~~~
/Applications/Xcode-26.3.0.app/Contents/Developer/Platforms/WatchOS.platform/Developer/SDKs/WatchOS26.2.sdk/System/Library/Frameworks/UIKit.framework/Headers/UIInterface.h:208:49: note: 'systemBackground' has been explicitly marked unavailable here
@property (class, nonatomic, readonly) UIColor *systemBackgroundColor                   API_AVAILABLE(ios(13.0)) API_UNAVAILABLE(tvos, watchos);
                                                ^
/Users/admin/builder/spi-builder-workspace/Sources/ContactFieldKit/Presentation/ContactFieldUIConfig.swift:20:75: error: 'secondarySystemBackground' is unavailable in watchOS
    public static var backgroundSecondary: Color = Color(uiColor: UIColor.secondarySystemBackground)
                                                                          ^~~~~~~~~~~~~~~~~~~~~~~~~
/Applications/Xcode-26.3.0.app/Contents/Developer/Platforms/WatchOS.platform/Developer/SDKs/WatchOS26.2.sdk/System/Library/Frameworks/UIKit.framework/Headers/UIInterface.h:209:49: note: 'secondarySystemBackground' has been explicitly marked unavailable here
@property (class, nonatomic, readonly) UIColor *secondarySystemBackgroundColor          API_AVAILABLE(ios(13.0)) API_UNAVAILABLE(tvos, watchos);
                                                ^
/Users/admin/builder/spi-builder-workspace/Sources/ContactFieldKit/Presentation/ContactFieldUIConfig.swift:21:74: error: 'tertiarySystemBackground' is unavailable in watchOS
    public static var backgroundTertiary: Color = Color(uiColor: UIColor.tertiarySystemBackground)
                                                                         ^~~~~~~~~~~~~~~~~~~~~~~~
/Applications/Xcode-26.3.0.app/Contents/Developer/Platforms/WatchOS.platform/Developer/SDKs/WatchOS26.2.sdk/System/Library/Frameworks/UIKit.framework/Headers/UIInterface.h:210:49: note: 'tertiarySystemBackground' has been explicitly marked unavailable here
@property (class, nonatomic, readonly) UIColor *tertiarySystemBackgroundColor           API_AVAILABLE(ios(13.0)) API_UNAVAILABLE(tvos, watchos);
                                                ^
/Users/admin/builder/spi-builder-workspace/Sources/ContactFieldKit/Presentation/ContactFieldUIConfig.swift:23:72: error: 'label' is unavailable in watchOS
    public static var textPrimaryColor: Color = Color(uiColor: UIColor.label)
                                                                       ^~~~~
/Applications/Xcode-26.3.0.app/Contents/Developer/Platforms/WatchOS.platform/Developer/SDKs/WatchOS26.2.sdk/System/Library/Frameworks/UIKit.framework/Headers/UIInterface.h:171:49: note: 'label' has been explicitly marked unavailable here
@property (class, nonatomic, readonly) UIColor *labelColor              API_AVAILABLE(ios(13.0), tvos(13.0)) API_UNAVAILABLE(watchos);
                                                ^
/Users/admin/builder/spi-builder-workspace/Sources/ContactFieldKit/Presentation/ContactFieldUIConfig.swift:24:74: error: 'secondaryLabel' is unavailable in watchOS
    public static var textSecondaryColor: Color = Color(uiColor: UIColor.secondaryLabel)
                                                                         ^~~~~~~~~~~~~~
/Applications/Xcode-26.3.0.app/Contents/Developer/Platforms/WatchOS.platform/Developer/SDKs/WatchOS26.2.sdk/System/Library/Frameworks/UIKit.framework/Headers/UIInterface.h:172:49: note: 'secondaryLabel' has been explicitly marked unavailable here
@property (class, nonatomic, readonly) UIColor *secondaryLabelColor     API_AVAILABLE(ios(13.0), tvos(13.0)) API_UNAVAILABLE(watchos);
                                                ^
/Users/admin/builder/spi-builder-workspace/Sources/ContactFieldKit/Presentation/ContactFieldUIConfig.swift:30:66: error: 'separator' is unavailable in watchOS
    public static var topDivider: Color = Color(uiColor: UIColor.separator)
                                                                 ^~~~~~~~~
/Applications/Xcode-26.3.0.app/Contents/Developer/Platforms/WatchOS.platform/Developer/SDKs/WatchOS26.2.sdk/System/Library/Frameworks/UIKit.framework/Headers/UIInterface.h:189:49: note: 'separator' has been explicitly marked unavailable here
@property (class, nonatomic, readonly) UIColor *separatorColor          API_AVAILABLE(ios(13.0), tvos(13.0)) API_UNAVAILABLE(watchos);
                                                ^
/Users/admin/builder/spi-builder-workspace/Sources/ContactFieldKit/Presentation/ContactFieldUIConfig.swift:31:69: error: 'separator' is unavailable in watchOS
    public static var bottomDivider: Color = Color(uiColor: UIColor.separator)
                                                                    ^~~~~~~~~
/Applications/Xcode-26.3.0.app/Contents/Developer/Platforms/WatchOS.platform/Developer/SDKs/WatchOS26.2.sdk/System/Library/Frameworks/UIKit.framework/Headers/UIInterface.h:189:49: note: 'separator' has been explicitly marked unavailable here
@property (class, nonatomic, readonly) UIColor *separatorColor          API_AVAILABLE(ios(13.0), tvos(13.0)) API_UNAVAILABLE(watchos);
                                                ^
/Users/admin/builder/spi-builder-workspace/Sources/ContactFieldKit/Presentation/Extensions/Color+ContactFieldKit.swift:13:5: warning: 'internal' modifier is redundant for initializer declared in an internal extension
    internal init(light: Color, dark: Color) {
    ^~~~~~~~~

/Users/admin/builder/spi-builder-workspace/Sources/ContactFieldKit/Presentation/Extensions/Color+ContactFieldKit.swift:24:5: warning: 'internal' modifier is redundant for initializer declared in an internal extension
    internal init(rgba: String) {
    ^~~~~~~~~

/Users/admin/builder/spi-builder-workspace/Sources/ContactFieldKit/Presentation/Extensions/View+ContactFieldKit.swift:17:32: error: 'UIAction' is unavailable in watchOS
                     actions: [UIAction],
                               ^~~~~~~~
/Applications/Xcode-26.3.0.app/Contents/Developer/Platforms/WatchOS.platform/Developer/SDKs/WatchOS26.2.sdk/System/Library/Frameworks/UIKit.framework/Headers/UIAction.h:29:12: note: 'UIAction' has been explicitly marked unavailable here
@interface UIAction : UIMenuElement <UIMenuLeaf>
           ^
/Users/admin/builder/spi-builder-workspace/Sources/ContactFieldKit/Presentation/Modifiers/ContextMenuModifier.swift:12:19: error: 'UIAction' is unavailable in watchOS
    let actions: [UIAction]
                  ^~~~~~~~
/Applications/Xcode-26.3.0.app/Contents/Developer/Platforms/WatchOS.platform/Developer/SDKs/WatchOS26.2.sdk/System/Library/Frameworks/UIKit.framework/Headers/UIAction.h:29:12: note: 'UIAction' has been explicitly marked unavailable here
@interface UIAction : UIMenuElement <UIMenuLeaf>
           ^
/Users/admin/builder/spi-builder-workspace/Sources/ContactFieldKit/Presentation/View/ContextMenuInteractionView.swift:13:19: error: 'UIAction' is unavailable in watchOS
    let actions: [UIAction]
                  ^~~~~~~~
/Applications/Xcode-26.3.0.app/Contents/Developer/Platforms/WatchOS.platform/Developer/SDKs/WatchOS26.2.sdk/System/Library/Frameworks/UIKit.framework/Headers/UIAction.h:29:12: note: 'UIAction' has been explicitly marked unavailable here
@interface UIAction : UIMenuElement <UIMenuLeaf>
           ^
/Users/admin/builder/spi-builder-workspace/Sources/ContactFieldKit/Presentation/View/ContextMenuInteractionView.swift:22:30: error: cannot find type 'Context' in scope
    func makeUIView(context: Context) -> some UIView {
                             ^~~~~~~
/Users/admin/builder/spi-builder-workspace/Sources/ContactFieldKit/Presentation/View/ContextMenuInteractionView.swift:22:47: error: 'UIView' is unavailable in watchOS
    func makeUIView(context: Context) -> some UIView {
                                              ^~~~~~
/Applications/Xcode-26.3.0.app/Contents/Developer/Platforms/WatchOS.platform/Developer/SDKs/WatchOS26.2.sdk/System/Library/Frameworks/UIKit.framework/Headers/UIView.h:148:12: note: 'UIView' has been explicitly marked unavailable here
@interface UIView : UIResponder <NSCoding, UIAppearance, UIAppearanceContainer, UIDynamicItem, UITraitEnvironment, UICoordinateSpace, UIFocusItem, UIFocusItemContainer, CALayerDelegate>
           ^
/Users/admin/builder/spi-builder-workspace/Sources/ContactFieldKit/Presentation/View/ContextMenuInteractionView.swift:43:33: error: cannot find type 'UIViewType' in scope
    func updateUIView(_ uiView: UIViewType, context: Context) {
                                ^~~~~~~~~~
/Users/admin/builder/spi-builder-workspace/Sources/ContactFieldKit/Presentation/View/ContextMenuInteractionView.swift:43:54: error: cannot find type 'Context' in scope
    func updateUIView(_ uiView: UIViewType, context: Context) {
                                                     ^~~~~~~
/Users/admin/builder/spi-builder-workspace/Sources/ContactFieldKit/Presentation/View/ContextMenuInteractionView.swift:55:26: error: 'UIContextMenuInteraction' is unavailable in watchOS
        var contextMenu: UIContextMenuInteraction!
                         ^~~~~~~~~~~~~~~~~~~~~~~~
/Applications/Xcode-26.3.0.app/Contents/Developer/Platforms/WatchOS.platform/Developer/SDKs/WatchOS26.2.sdk/System/Library/Frameworks/UIKit.framework/Headers/UIContextMenuInteraction.h:32:12: note: 'UIContextMenuInteraction' has been explicitly marked unavailable here
@interface UIContextMenuInteraction : NSObject <UIInteraction>
           ^
/Users/admin/builder/spi-builder-workspace/Sources/ContactFieldKit/Presentation/View/ContextMenuInteractionView.swift:63:52: error: 'UIContextMenuInteraction' is unavailable in watchOS
        func contextMenuInteraction(_ interaction: UIContextMenuInteraction,
                                                   ^~~~~~~~~~~~~~~~~~~~~~~~
/Applications/Xcode-26.3.0.app/Contents/Developer/Platforms/WatchOS.platform/Developer/SDKs/WatchOS26.2.sdk/System/Library/Frameworks/UIKit.framework/Headers/UIContextMenuInteraction.h:32:12: note: 'UIContextMenuInteraction' has been explicitly marked unavailable here
@interface UIContextMenuInteraction : NSObject <UIInteraction>
           ^
/Users/admin/builder/spi-builder-workspace/Sources/ContactFieldKit/Presentation/View/ContextMenuInteractionView.swift:65:12: error: 'UIContextMenuConfiguration' is unavailable in watchOS
        -> UIContextMenuConfiguration? {
           ^~~~~~~~~~~~~~~~~~~~~~~~~~
/Applications/Xcode-26.3.0.app/Contents/Developer/Platforms/WatchOS.platform/Developer/SDKs/WatchOS26.2.sdk/System/Library/Frameworks/UIKit.framework/Headers/UIContextMenuConfiguration.h:39:12: note: 'UIContextMenuConfiguration' has been explicitly marked unavailable here
@interface UIContextMenuConfiguration : NSObject
           ^
/Users/admin/builder/spi-builder-workspace/Sources/ContactFieldKit/Presentation/View/ContextMenuInteractionView.swift:74:52: error: 'UIContextMenuInteraction' is unavailable in watchOS
        func contextMenuInteraction(_ interaction: UIContextMenuInteraction,
                                                   ^~~~~~~~~~~~~~~~~~~~~~~~
/Applications/Xcode-26.3.0.app/Contents/Developer/Platforms/WatchOS.platform/Developer/SDKs/WatchOS26.2.sdk/System/Library/Frameworks/UIKit.framework/Headers/UIContextMenuInteraction.h:32:12: note: 'UIContextMenuInteraction' has been explicitly marked unavailable here
@interface UIContextMenuInteraction : NSObject <UIInteraction>
           ^
/Users/admin/builder/spi-builder-workspace/Sources/ContactFieldKit/Presentation/View/ContextMenuInteractionView.swift:75:71: error: 'UIContextMenuConfiguration' is unavailable in watchOS
                                    willDisplayMenuFor configuration: UIContextMenuConfiguration,
                                                                      ^~~~~~~~~~~~~~~~~~~~~~~~~~
/Applications/Xcode-26.3.0.app/Contents/Developer/Platforms/WatchOS.platform/Developer/SDKs/WatchOS26.2.sdk/System/Library/Frameworks/UIKit.framework/Headers/UIContextMenuConfiguration.h:39:12: note: 'UIContextMenuConfiguration' has been explicitly marked unavailable here
@interface UIContextMenuConfiguration : NSObject
           ^
/Users/admin/builder/spi-builder-workspace/Sources/ContactFieldKit/Presentation/View/ContextMenuInteractionView.swift:76:47: error: 'UIContextMenuInteractionAnimating' is unavailable in watchOS
                                    animator: UIContextMenuInteractionAnimating?) {
                                              ^~~~~~~~~~~~~~~~~~~~~~~~~~~~~~~~~
/Applications/Xcode-26.3.0.app/Contents/Developer/Platforms/WatchOS.platform/Developer/SDKs/WatchOS26.2.sdk/System/Library/Frameworks/UIKit.framework/Headers/UIContextMenuInteraction.h:79:11: note: 'UIContextMenuInteractionAnimating' has been explicitly marked unavailable here
@protocol UIContextMenuInteractionAnimating <NSObject>
          ^
/Users/admin/builder/spi-builder-workspace/Sources/ContactFieldKit/Presentation/View/ContextMenuInteractionView.swift:80:52: error: 'UIContextMenuInteraction' is unavailable in watchOS
        func contextMenuInteraction(_ interaction: UIContextMenuInteraction,
                                                   ^~~~~~~~~~~~~~~~~~~~~~~~
/Applications/Xcode-26.3.0.app/Contents/Developer/Platforms/WatchOS.platform/Developer/SDKs/WatchOS26.2.sdk/System/Library/Frameworks/UIKit.framework/Headers/UIContextMenuInteraction.h:32:12: note: 'UIContextMenuInteraction' has been explicitly marked unavailable here
@interface UIContextMenuInteraction : NSObject <UIInteraction>
           ^
/Users/admin/builder/spi-builder-workspace/Sources/ContactFieldKit/Presentation/View/ContextMenuInteractionView.swift:81:63: error: 'UIContextMenuConfiguration' is unavailable in watchOS
                                    willEndFor configuration: UIContextMenuConfiguration,
                                                              ^~~~~~~~~~~~~~~~~~~~~~~~~~
/Applications/Xcode-26.3.0.app/Contents/Developer/Platforms/WatchOS.platform/Developer/SDKs/WatchOS26.2.sdk/System/Library/Frameworks/UIKit.framework/Headers/UIContextMenuConfiguration.h:39:12: note: 'UIContextMenuConfiguration' has been explicitly marked unavailable here
@interface UIContextMenuConfiguration : NSObject
           ^
/Users/admin/builder/spi-builder-workspace/Sources/ContactFieldKit/Presentation/View/ContextMenuInteractionView.swift:82:47: error: 'UIContextMenuInteractionAnimating' is unavailable in watchOS
                                    animator: UIContextMenuInteractionAnimating?) {
                                              ^~~~~~~~~~~~~~~~~~~~~~~~~~~~~~~~~
/Applications/Xcode-26.3.0.app/Contents/Developer/Platforms/WatchOS.platform/Developer/SDKs/WatchOS26.2.sdk/System/Library/Frameworks/UIKit.framework/Headers/UIContextMenuInteraction.h:79:11: note: 'UIContextMenuInteractionAnimating' has been explicitly marked unavailable here
@protocol UIContextMenuInteractionAnimating <NSObject>
          ^
/Users/admin/builder/spi-builder-workspace/Sources/ContactFieldKit/Presentation/View/ContextMenuInteractionView.swift:86:52: error: 'UIContextMenuInteraction' is unavailable in watchOS
        func contextMenuInteraction(_ interaction: UIContextMenuInteraction,
                                                   ^~~~~~~~~~~~~~~~~~~~~~~~
/Applications/Xcode-26.3.0.app/Contents/Developer/Platforms/WatchOS.platform/Developer/SDKs/WatchOS26.2.sdk/System/Library/Frameworks/UIKit.framework/Headers/UIContextMenuInteraction.h:32:12: note: 'UIContextMenuInteraction' has been explicitly marked unavailable here
@interface UIContextMenuInteraction : NSObject <UIInteraction>
           ^
/Users/admin/builder/spi-builder-workspace/Sources/ContactFieldKit/Presentation/View/ContextMenuInteractionView.swift:87:96: error: 'UIContextMenuConfiguration' is unavailable in watchOS
                                    previewForHighlightingMenuWithConfiguration configuration: UIContextMenuConfiguration)
                                                                                               ^~~~~~~~~~~~~~~~~~~~~~~~~~
/Applications/Xcode-26.3.0.app/Contents/Developer/Platforms/WatchOS.platform/Developer/SDKs/WatchOS26.2.sdk/System/Library/Frameworks/UIKit.framework/Headers/UIContextMenuConfiguration.h:39:12: note: 'UIContextMenuConfiguration' has been explicitly marked unavailable here
@interface UIContextMenuConfiguration : NSObject
           ^
/Users/admin/builder/spi-builder-workspace/Sources/ContactFieldKit/Presentation/View/ContextMenuInteractionView.swift:88:12: error: 'UITargetedPreview' is unavailable in watchOS
        -> UITargetedPreview? {
           ^~~~~~~~~~~~~~~~~
/Applications/Xcode-26.3.0.app/Contents/Developer/Platforms/WatchOS.platform/Developer/SDKs/WatchOS26.2.sdk/System/Library/Frameworks/UIKit.framework/Headers/UITargetedPreview.h:45:12: note: 'UITargetedPreview' has been explicitly marked unavailable here
@interface UITargetedPreview : NSObject <NSCopying>
           ^
/Users/admin/builder/spi-builder-workspace/Sources/ContactFieldKit/Presentation/View/ContextMenuInteractionView.swift:100:52: error: 'UIContextMenuInteraction' is unavailable in watchOS
        func contextMenuInteraction(_ interaction: UIContextMenuInteraction,
                                                   ^~~~~~~~~~~~~~~~~~~~~~~~
/Applications/Xcode-26.3.0.app/Contents/Developer/Platforms/WatchOS.platform/Developer/SDKs/WatchOS26.2.sdk/System/Library/Frameworks/UIKit.framework/Headers/UIContextMenuInteraction.h:32:12: note: 'UIContextMenuInteraction' has been explicitly marked unavailable here
@interface UIContextMenuInteraction : NSObject <UIInteraction>
           ^
/Users/admin/builder/spi-builder-workspace/Sources/ContactFieldKit/Presentation/View/ContextMenuInteractionView.swift:101:94: error: 'UIContextMenuConfiguration' is unavailable in watchOS
                                    previewForDismissingMenuWithConfiguration configuration: UIContextMenuConfiguration)
                                                                                             ^~~~~~~~~~~~~~~~~~~~~~~~~~
/Applications/Xcode-26.3.0.app/Contents/Developer/Platforms/WatchOS.platform/Developer/SDKs/WatchOS26.2.sdk/System/Library/Frameworks/UIKit.framework/Headers/UIContextMenuConfiguration.h:39:12: note: 'UIContextMenuConfiguration' has been explicitly marked unavailable here
@interface UIContextMenuConfiguration : NSObject
           ^
/Users/admin/builder/spi-builder-workspace/Sources/ContactFieldKit/Presentation/View/ContextMenuInteractionView.swift:102:12: error: 'UITargetedPreview' is unavailable in watchOS
        -> UITargetedPreview? {
           ^~~~~~~~~~~~~~~~~
/Applications/Xcode-26.3.0.app/Contents/Developer/Platforms/WatchOS.platform/Developer/SDKs/WatchOS26.2.sdk/System/Library/Frameworks/UIKit.framework/Headers/UITargetedPreview.h:45:12: note: 'UITargetedPreview' has been explicitly marked unavailable here
@interface UITargetedPreview : NSObject <NSCopying>
           ^
/Users/admin/builder/spi-builder-workspace/Sources/ContactFieldKit/Presentation/View/ContextMenuInteractionView.swift:53:35: error: 'UIContextMenuInteractionDelegate' is unavailable in watchOS
    class Coordinator: NSObject,  UIContextMenuInteractionDelegate{
                                  ^~~~~~~~~~~~~~~~~~~~~~~~~~~~~~~~
/Applications/Xcode-26.3.0.app/Contents/Developer/Platforms/WatchOS.platform/Developer/SDKs/WatchOS26.2.sdk/System/Library/Frameworks/UIKit.framework/Headers/UIContextMenuInteraction.h:99:11: note: 'UIContextMenuInteractionDelegate' has been explicitly marked unavailable here
@protocol UIContextMenuInteractionDelegate <NSObject>
          ^
/Users/admin/builder/spi-builder-workspace/Sources/ContactFieldKit/Presentation/View/ContextMenuInteractionView.swift:10:51: error: cannot find type 'UIViewRepresentable' in scope
struct ContextMenuInteractionView<Content: View>: UIViewRepresentable {
                                                  ^~~~~~~~~~~~~~~~~~~
SwiftCompile normal arm64 Compiling\ View+ContactFieldKit.swift,\ ContactItemUI.swift /Users/admin/builder/spi-builder-workspace/Sources/ContactFieldKit/Presentation/Extensions/View+ContactFieldKit.swift /Users/admin/builder/spi-builder-workspace/Sources/ContactFieldKit/Presentation/Model/ContactItemUI.swift (in target 'ContactFieldKit' from project 'ContactFieldKit')
SwiftCompile normal arm64 /Users/admin/builder/spi-builder-workspace/Sources/ContactFieldKit/Presentation/Extensions/View+ContactFieldKit.swift (in target 'ContactFieldKit' from project 'ContactFieldKit')
    cd /Users/admin/builder/spi-builder-workspace/.swiftpm/xcode

SwiftCompile normal arm64 /Users/admin/builder/spi-builder-workspace/Sources/ContactFieldKit/Presentation/Model/ContactItemUI.swift (in target 'ContactFieldKit' from project 'ContactFieldKit')
    cd /Users/admin/builder/spi-builder-workspace/.swiftpm/xcode

SwiftEmitModule normal arm64_32 Emitting\ module\ for\ ContactFieldKit (in target 'ContactFieldKit' from project 'ContactFieldKit')
Failed frontend command:
/Applications/Xcode-26.3.0.app/Contents/Developer/Toolchains/XcodeDefault.xctoolchain/usr/bin/swift-frontend -frontend -emit-module -experimental-skip-non-inlinable-function-bodies-without-types /Users/admin/builder/spi-builder-workspace/.derivedData/Build/Intermediates.noindex/ContactFieldKit.build/Debug-watchos/ContactFieldKit.build/DerivedSources/resource_bundle_accessor.swift /Users/admin/builder/spi-builder-workspace/Sources/ContactFieldKit/ContactFieldKit.swift /Users/admin/builder/spi-builder-workspace/Sources/ContactFieldKit/Domain/ContactItem.swift /Users/admin/builder/spi-builder-workspace/Sources/ContactFieldKit/Domain/ContactLabel.swift /Users/admin/builder/spi-builder-workspace/Sources/ContactFieldKit/Domain/Extensions/Array+ContactFieldKit.swift /Users/admin/builder/spi-builder-workspace/Sources/ContactFieldKit/Domain/Extensions/String+ContactFieldKit.swift /Users/admin/builder/spi-builder-workspace/Sources/ContactFieldKit/Presentation/ContactFieldUIConfig.swift /Users/admin/builder/spi-builder-workspace/Sources/ContactFieldKit/Presentation/Extensions/Color+ContactFieldKit.swift /Users/admin/builder/spi-builder-workspace/Sources/ContactFieldKit/Presentation/Extensions/View+ContactFieldKit.swift /Users/admin/builder/spi-builder-workspace/Sources/ContactFieldKit/Presentation/Model/ContactItemUI.swift /Users/admin/builder/spi-builder-workspace/Sources/ContactFieldKit/Presentation/Modifiers/ContextMenuModifier.swift /Users/admin/builder/spi-builder-workspace/Sources/ContactFieldKit/Presentation/Modifiers/IfModifier.swift /Users/admin/builder/spi-builder-workspace/Sources/ContactFieldKit/Presentation/View/ContactItemEditView.swift /Users/admin/builder/spi-builder-workspace/Sources/ContactFieldKit/Presentation/View/ContactItemView.swift /Users/admin/builder/spi-builder-workspace/Sources/ContactFieldKit/Presentation/View/ContextMenuInteractionView.swift /Users/admin/builder/spi-builder-workspace/Sources/ContactFieldKit/Presentation/View/LabelPickerView.swift /Users/admin/builder/spi-builder-workspace/Sources/ContactFieldKit/Services/CustomLabelStorage.swift /Users/admin/builder/spi-builder-workspace/Sources/ContactFieldKit/Services/URLOpener.swift -target arm64_32-apple-watchos10.0 -load-resolved-plugin /Applications/Xcode-26.3.0.app/Contents/Developer/Platforms/WatchOS.platform/Developer/usr/lib/swift/host/plugins/libFoundationMacros.dylib\#/Applications/Xcode-26.3.0.app/Contents/Developer/Platforms/WatchOS.platform/Developer/usr/bin/swift-plugin-server\#FoundationMacros -load-resolved-plugin /Applications/Xcode-26.3.0.app/Contents/Developer/Platforms/WatchOS.platform/Developer/usr/lib/swift/host/plugins/libObservationMacros.dylib\#/Applications/Xcode-26.3.0.app/Contents/Developer/Platforms/WatchOS.platform/Developer/usr/bin/swift-plugin-server\#ObservationMacros -load-resolved-plugin /Applications/Xcode-26.3.0.app/Contents/Developer/Platforms/WatchOS.platform/Developer/usr/lib/swift/host/plugins/libPreviewsMacros.dylib\#/Applications/Xcode-26.3.0.app/Contents/Developer/Platforms/WatchOS.platform/Developer/usr/bin/swift-plugin-server\#PreviewsMacros -load-resolved-plugin /Applications/Xcode-26.3.0.app/Contents/Developer/Platforms/WatchOS.platform/Developer/usr/lib/swift/host/plugins/libSwiftMacros.dylib\#/Applications/Xcode-26.3.0.app/Contents/Developer/Platforms/WatchOS.platform/Developer/usr/bin/swift-plugin-server\#SwiftMacros -load-resolved-plugin /Applications/Xcode-26.3.0.app/Contents/Developer/Platforms/WatchOS.platform/Developer/usr/lib/swift/host/plugins/libSwiftUIMacros.dylib\#/Applications/Xcode-26.3.0.app/Contents/Developer/Platforms/WatchOS.platform/Developer/usr/bin/swift-plugin-server\#SwiftUIMacros -disable-implicit-swift-modules -Xcc -fno-implicit-modules -Xcc -fno-implicit-module-maps -explicit-swift-module-map-file /Users/admin/builder/spi-builder-workspace/.derivedData/Build/Intermediates.noindex/ContactFieldKit.build/Debug-watchos/ContactFieldKit.build/Objects-normal/arm64_32/ContactFieldKit-dependencies-2.json -enable-objc-interop -sdk /Applications/Xcode-26.3.0.app/Contents/Developer/Platforms/WatchOS.platform/Developer/SDKs/WatchOS26.2.sdk -I /Users/admin/builder/spi-builder-workspace/.derivedData/Build/Products/Debug-watchos -Isystem /Applications/Xcode-26.3.0.app/Contents/Developer/Platforms/WatchOS.platform/Developer/usr/lib -F /Users/admin/builder/spi-builder-workspace/.derivedData/Build/Products/Debug-watchos/PackageFrameworks -F /Users/admin/builder/spi-builder-workspace/.derivedData/Build/Products/Debug-watchos -F /Applications/Xcode-26.3.0.app/Contents/Developer/Platforms/WatchOS.platform/Developer/Library/Frameworks -F /Applications/Xcode-26.3.0.app/Contents/Developer/Platforms/WatchOS.platform/Developer/SDKs/WatchOS26.2.sdk/Developer/Library/Frameworks -no-color-diagnostics -Xcc -fno-color-diagnostics -enable-testing -g -debug-info-format\=dwarf -dwarf-version\=4 -module-cache-path /Users/admin/builder/spi-builder-workspace/.derivedData/Build/Intermediates.noindex/SwiftExplicitPrecompiledModules -swift-version 6 -enforce-exclusivity\=checked -Onone -D SWIFT_PACKAGE -D DEBUG -D SWIFT_MODULE_RESOURCE_BUNDLE_AVAILABLE -D Xcode -serialize-debugging-options -const-gather-protocols-file /Users/admin/builder/spi-builder-workspace/.derivedData/Build/Intermediates.noindex/ContactFieldKit.build/Debug-watchos/ContactFieldKit.build/Objects-normal/arm64_32/ContactFieldKit_const_extract_protocols.json -enable-experimental-feature DebugDescriptionMacro -empty-abi-descriptor -validate-clang-modules-once -clang-build-session-file /Users/admin/builder/spi-builder-workspace/.derivedData/ModuleCache.noindex/Session.modulevalidation -Xcc -working-directory -Xcc /Users/admin/builder/spi-builder-workspace/.swiftpm/xcode -enable-anonymous-context-mangled-names -file-compilation-dir /Users/admin/builder/spi-builder-workspace/.swiftpm/xcode -Xcc -D_LIBCPP_HARDENING_MODE\=_LIBCPP_HARDENING_MODE_DEBUG -Xcc -ivfsstatcache -Xcc /Users/admin/builder/spi-builder-workspace/.derivedData/SDKStatCaches.noindex/watchos26.2-23S303-dc75598d0054f22ec865fa860f139d721753b489057de6bda919edfa1c59a62b.sdkstatcache -Xcc -I/Users/admin/builder/spi-builder-workspace/.derivedData/Build/Intermediates.noindex/ContactFieldKit.build/Debug-watchos/ContactFieldKit.build/swift-overrides.hmap -Xcc -I/Users/admin/builder/spi-builder-workspace/.derivedData/Build/Products/Debug-watchos/include -Xcc -I/Users/admin/builder/spi-builder-workspace/.derivedData/Build/Intermediates.noindex/ContactFieldKit.build/Debug-watchos/ContactFieldKit.build/DerivedSources-normal/arm64_32 -Xcc -I/Users/admin/builder/spi-builder-workspace/.derivedData/Build/Intermediates.noindex/ContactFieldKit.build/Debug-watchos/ContactFieldKit.build/DerivedSources/arm64_32 -Xcc -I/Users/admin/builder/spi-builder-workspace/.derivedData/Build/Intermediates.noindex/ContactFieldKit.build/Debug-watchos/ContactFieldKit.build/DerivedSources -Xcc -DSWIFT_PACKAGE -Xcc -DDEBUG\=1 -no-auto-bridging-header-chaining -module-name ContactFieldKit -package-name spi_builder_workspace -frontend-parseable-output -disable-clang-spi -target-sdk-version 26.2 -target-sdk-name watchos26.2 -clang-target arm64_32-apple-watchos26.2 -in-process-plugin-server-path /Applications/Xcode-26.3.0.app/Contents/Developer/Toolchains/XcodeDefault.xctoolchain/usr/lib/swift/host/libSwiftInProcPluginServer.dylib -emit-module-doc-path /Users/admin/builder/spi-builder-workspace/.derivedData/Build/Intermediates.noindex/ContactFieldKit.build/Debug-watchos/ContactFieldKit.build/Objects-normal/arm64_32/ContactFieldKit.swiftdoc -emit-module-source-info-path /Users/admin/builder/spi-builder-workspace/.derivedData/Build/Intermediates.noindex/ContactFieldKit.build/Debug-watchos/ContactFieldKit.build/Objects-normal/arm64_32/ContactFieldKit.swiftsourceinfo -emit-objc-header-path /Users/admin/builder/spi-builder-workspace/.derivedData/Build/Intermediates.noindex/ContactFieldKit.build/Debug-watchos/ContactFieldKit.build/Objects-normal/arm64_32/ContactFieldKit-Swift.h -serialize-diagnostics-path /Users/admin/builder/spi-builder-workspace/.derivedData/Build/Intermediates.noindex/ContactFieldKit.build/Debug-watchos/ContactFieldKit.build/Objects-normal/arm64_32/ContactFieldKit-primary-emit-module.dia -emit-dependencies-path /Users/admin/builder/spi-builder-workspace/.derivedData/Build/Intermediates.noindex/ContactFieldKit.build/Debug-watchos/ContactFieldKit.build/Objects-normal/arm64_32/ContactFieldKit-primary-emit-module.d -o /Users/admin/builder/spi-builder-workspace/.derivedData/Build/Intermediates.noindex/ContactFieldKit.build/Debug-watchos/ContactFieldKit.build/Objects-normal/arm64_32/ContactFieldKit.swiftmodule -emit-abi-descriptor-path /Users/admin/builder/spi-builder-workspace/.derivedData/Build/Intermediates.noindex/ContactFieldKit.build/Debug-watchos/ContactFieldKit.build/Objects-normal/arm64_32/ContactFieldKit.abi.json
EmitSwiftModule normal arm64_32 (in target 'ContactFieldKit' from project 'ContactFieldKit')
    cd /Users/admin/builder/spi-builder-workspace/.swiftpm/xcode

/Users/admin/builder/spi-builder-workspace/Sources/ContactFieldKit/Presentation/ContactFieldUIConfig.swift:19:73: error: 'systemBackground' is unavailable in watchOS
    public static var backgroundPrimary: Color = Color(uiColor: UIColor.systemBackground)
                                                                        ^~~~~~~~~~~~~~~~
/Applications/Xcode-26.3.0.app/Contents/Developer/Platforms/WatchOS.platform/Developer/SDKs/WatchOS26.2.sdk/System/Library/Frameworks/UIKit.framework/Headers/UIInterface.h:208:49: note: 'systemBackground' has been explicitly marked unavailable here
@property (class, nonatomic, readonly) UIColor *systemBackgroundColor                   API_AVAILABLE(ios(13.0)) API_UNAVAILABLE(tvos, watchos);
                                                ^
/Users/admin/builder/spi-builder-workspace/Sources/ContactFieldKit/Presentation/ContactFieldUIConfig.swift:20:75: error: 'secondarySystemBackground' is unavailable in watchOS
    public static var backgroundSecondary: Color = Color(uiColor: UIColor.secondarySystemBackground)
                                                                          ^~~~~~~~~~~~~~~~~~~~~~~~~
/Applications/Xcode-26.3.0.app/Contents/Developer/Platforms/WatchOS.platform/Developer/SDKs/WatchOS26.2.sdk/System/Library/Frameworks/UIKit.framework/Headers/UIInterface.h:209:49: note: 'secondarySystemBackground' has been explicitly marked unavailable here
@property (class, nonatomic, readonly) UIColor *secondarySystemBackgroundColor          API_AVAILABLE(ios(13.0)) API_UNAVAILABLE(tvos, watchos);
                                                ^
/Users/admin/builder/spi-builder-workspace/Sources/ContactFieldKit/Presentation/ContactFieldUIConfig.swift:21:74: error: 'tertiarySystemBackground' is unavailable in watchOS
    public static var backgroundTertiary: Color = Color(uiColor: UIColor.tertiarySystemBackground)
                                                                         ^~~~~~~~~~~~~~~~~~~~~~~~
/Applications/Xcode-26.3.0.app/Contents/Developer/Platforms/WatchOS.platform/Developer/SDKs/WatchOS26.2.sdk/System/Library/Frameworks/UIKit.framework/Headers/UIInterface.h:210:49: note: 'tertiarySystemBackground' has been explicitly marked unavailable here
@property (class, nonatomic, readonly) UIColor *tertiarySystemBackgroundColor           API_AVAILABLE(ios(13.0)) API_UNAVAILABLE(tvos, watchos);
                                                ^
/Users/admin/builder/spi-builder-workspace/Sources/ContactFieldKit/Presentation/ContactFieldUIConfig.swift:23:72: error: 'label' is unavailable in watchOS
    public static var textPrimaryColor: Color = Color(uiColor: UIColor.label)
                                                                       ^~~~~
/Applications/Xcode-26.3.0.app/Contents/Developer/Platforms/WatchOS.platform/Developer/SDKs/WatchOS26.2.sdk/System/Library/Frameworks/UIKit.framework/Headers/UIInterface.h:171:49: note: 'label' has been explicitly marked unavailable here
@property (class, nonatomic, readonly) UIColor *labelColor              API_AVAILABLE(ios(13.0), tvos(13.0)) API_UNAVAILABLE(watchos);
                                                ^
/Users/admin/builder/spi-builder-workspace/Sources/ContactFieldKit/Presentation/ContactFieldUIConfig.swift:24:74: error: 'secondaryLabel' is unavailable in watchOS
    public static var textSecondaryColor: Color = Color(uiColor: UIColor.secondaryLabel)
                                                                         ^~~~~~~~~~~~~~
/Applications/Xcode-26.3.0.app/Contents/Developer/Platforms/WatchOS.platform/Developer/SDKs/WatchOS26.2.sdk/System/Library/Frameworks/UIKit.framework/Headers/UIInterface.h:172:49: note: 'secondaryLabel' has been explicitly marked unavailable here
@property (class, nonatomic, readonly) UIColor *secondaryLabelColor     API_AVAILABLE(ios(13.0), tvos(13.0)) API_UNAVAILABLE(watchos);
                                                ^
/Users/admin/builder/spi-builder-workspace/Sources/ContactFieldKit/Presentation/ContactFieldUIConfig.swift:30:66: error: 'separator' is unavailable in watchOS
    public static var topDivider: Color = Color(uiColor: UIColor.separator)
                                                                 ^~~~~~~~~
/Applications/Xcode-26.3.0.app/Contents/Developer/Platforms/WatchOS.platform/Developer/SDKs/WatchOS26.2.sdk/System/Library/Frameworks/UIKit.framework/Headers/UIInterface.h:189:49: note: 'separator' has been explicitly marked unavailable here
@property (class, nonatomic, readonly) UIColor *separatorColor          API_AVAILABLE(ios(13.0), tvos(13.0)) API_UNAVAILABLE(watchos);
                                                ^
/Users/admin/builder/spi-builder-workspace/Sources/ContactFieldKit/Presentation/ContactFieldUIConfig.swift:31:69: error: 'separator' is unavailable in watchOS
    public static var bottomDivider: Color = Color(uiColor: UIColor.separator)
                                                                    ^~~~~~~~~
/Applications/Xcode-26.3.0.app/Contents/Developer/Platforms/WatchOS.platform/Developer/SDKs/WatchOS26.2.sdk/System/Library/Frameworks/UIKit.framework/Headers/UIInterface.h:189:49: note: 'separator' has been explicitly marked unavailable here
@property (class, nonatomic, readonly) UIColor *separatorColor          API_AVAILABLE(ios(13.0), tvos(13.0)) API_UNAVAILABLE(watchos);
                                                ^
/Users/admin/builder/spi-builder-workspace/Sources/ContactFieldKit/Presentation/Extensions/Color+ContactFieldKit.swift:13:5: warning: 'internal' modifier is redundant for initializer declared in an internal extension
    internal init(light: Color, dark: Color) {
    ^~~~~~~~~

/Users/admin/builder/spi-builder-workspace/Sources/ContactFieldKit/Presentation/Extensions/Color+ContactFieldKit.swift:24:5: warning: 'internal' modifier is redundant for initializer declared in an internal extension
    internal init(rgba: String) {
    ^~~~~~~~~

/Users/admin/builder/spi-builder-workspace/Sources/ContactFieldKit/Presentation/Extensions/View+ContactFieldKit.swift:17:32: error: 'UIAction' is unavailable in watchOS
                     actions: [UIAction],
                               ^~~~~~~~
/Applications/Xcode-26.3.0.app/Contents/Developer/Platforms/WatchOS.platform/Developer/SDKs/WatchOS26.2.sdk/System/Library/Frameworks/UIKit.framework/Headers/UIAction.h:29:12: note: 'UIAction' has been explicitly marked unavailable here
@interface UIAction : UIMenuElement <UIMenuLeaf>
           ^
/Users/admin/builder/spi-builder-workspace/Sources/ContactFieldKit/Presentation/Modifiers/ContextMenuModifier.swift:12:19: error: 'UIAction' is unavailable in watchOS
    let actions: [UIAction]
                  ^~~~~~~~
/Applications/Xcode-26.3.0.app/Contents/Developer/Platforms/WatchOS.platform/Developer/SDKs/WatchOS26.2.sdk/System/Library/Frameworks/UIKit.framework/Headers/UIAction.h:29:12: note: 'UIAction' has been explicitly marked unavailable here
@interface UIAction : UIMenuElement <UIMenuLeaf>
           ^
/Users/admin/builder/spi-builder-workspace/Sources/ContactFieldKit/Presentation/View/ContextMenuInteractionView.swift:13:19: error: 'UIAction' is unavailable in watchOS
    let actions: [UIAction]
                  ^~~~~~~~
/Applications/Xcode-26.3.0.app/Contents/Developer/Platforms/WatchOS.platform/Developer/SDKs/WatchOS26.2.sdk/System/Library/Frameworks/UIKit.framework/Headers/UIAction.h:29:12: note: 'UIAction' has been explicitly marked unavailable here
@interface UIAction : UIMenuElement <UIMenuLeaf>
           ^
/Users/admin/builder/spi-builder-workspace/Sources/ContactFieldKit/Presentation/View/ContextMenuInteractionView.swift:22:30: error: cannot find type 'Context' in scope
    func makeUIView(context: Context) -> some UIView {
                             ^~~~~~~
/Users/admin/builder/spi-builder-workspace/Sources/ContactFieldKit/Presentation/View/ContextMenuInteractionView.swift:22:47: error: 'UIView' is unavailable in watchOS
    func makeUIView(context: Context) -> some UIView {
                                              ^~~~~~
/Applications/Xcode-26.3.0.app/Contents/Developer/Platforms/WatchOS.platform/Developer/SDKs/WatchOS26.2.sdk/System/Library/Frameworks/UIKit.framework/Headers/UIView.h:148:12: note: 'UIView' has been explicitly marked unavailable here
@interface UIView : UIResponder <NSCoding, UIAppearance, UIAppearanceContainer, UIDynamicItem, UITraitEnvironment, UICoordinateSpace, UIFocusItem, UIFocusItemContainer, CALayerDelegate>
           ^
/Users/admin/builder/spi-builder-workspace/Sources/ContactFieldKit/Presentation/View/ContextMenuInteractionView.swift:43:33: error: cannot find type 'UIViewType' in scope
    func updateUIView(_ uiView: UIViewType, context: Context) {
                                ^~~~~~~~~~
/Users/admin/builder/spi-builder-workspace/Sources/ContactFieldKit/Presentation/View/ContextMenuInteractionView.swift:43:54: error: cannot find type 'Context' in scope
    func updateUIView(_ uiView: UIViewType, context: Context) {
                                                     ^~~~~~~
/Users/admin/builder/spi-builder-workspace/Sources/ContactFieldKit/Presentation/View/ContextMenuInteractionView.swift:55:26: error: 'UIContextMenuInteraction' is unavailable in watchOS
        var contextMenu: UIContextMenuInteraction!
                         ^~~~~~~~~~~~~~~~~~~~~~~~
/Applications/Xcode-26.3.0.app/Contents/Developer/Platforms/WatchOS.platform/Developer/SDKs/WatchOS26.2.sdk/System/Library/Frameworks/UIKit.framework/Headers/UIContextMenuInteraction.h:32:12: note: 'UIContextMenuInteraction' has been explicitly marked unavailable here
@interface UIContextMenuInteraction : NSObject <UIInteraction>
           ^
/Users/admin/builder/spi-builder-workspace/Sources/ContactFieldKit/Presentation/View/ContextMenuInteractionView.swift:63:52: error: 'UIContextMenuInteraction' is unavailable in watchOS
        func contextMenuInteraction(_ interaction: UIContextMenuInteraction,
                                                   ^~~~~~~~~~~~~~~~~~~~~~~~
/Applications/Xcode-26.3.0.app/Contents/Developer/Platforms/WatchOS.platform/Developer/SDKs/WatchOS26.2.sdk/System/Library/Frameworks/UIKit.framework/Headers/UIContextMenuInteraction.h:32:12: note: 'UIContextMenuInteraction' has been explicitly marked unavailable here
@interface UIContextMenuInteraction : NSObject <UIInteraction>
           ^
/Users/admin/builder/spi-builder-workspace/Sources/ContactFieldKit/Presentation/View/ContextMenuInteractionView.swift:65:12: error: 'UIContextMenuConfiguration' is unavailable in watchOS
        -> UIContextMenuConfiguration? {
           ^~~~~~~~~~~~~~~~~~~~~~~~~~
/Applications/Xcode-26.3.0.app/Contents/Developer/Platforms/WatchOS.platform/Developer/SDKs/WatchOS26.2.sdk/System/Library/Frameworks/UIKit.framework/Headers/UIContextMenuConfiguration.h:39:12: note: 'UIContextMenuConfiguration' has been explicitly marked unavailable here
@interface UIContextMenuConfiguration : NSObject
           ^
/Users/admin/builder/spi-builder-workspace/Sources/ContactFieldKit/Presentation/View/ContextMenuInteractionView.swift:74:52: error: 'UIContextMenuInteraction' is unavailable in watchOS
        func contextMenuInteraction(_ interaction: UIContextMenuInteraction,
                                                   ^~~~~~~~~~~~~~~~~~~~~~~~
/Applications/Xcode-26.3.0.app/Contents/Developer/Platforms/WatchOS.platform/Developer/SDKs/WatchOS26.2.sdk/System/Library/Frameworks/UIKit.framework/Headers/UIContextMenuInteraction.h:32:12: note: 'UIContextMenuInteraction' has been explicitly marked unavailable here
@interface UIContextMenuInteraction : NSObject <UIInteraction>
           ^
/Users/admin/builder/spi-builder-workspace/Sources/ContactFieldKit/Presentation/View/ContextMenuInteractionView.swift:75:71: error: 'UIContextMenuConfiguration' is unavailable in watchOS
                                    willDisplayMenuFor configuration: UIContextMenuConfiguration,
                                                                      ^~~~~~~~~~~~~~~~~~~~~~~~~~
/Applications/Xcode-26.3.0.app/Contents/Developer/Platforms/WatchOS.platform/Developer/SDKs/WatchOS26.2.sdk/System/Library/Frameworks/UIKit.framework/Headers/UIContextMenuConfiguration.h:39:12: note: 'UIContextMenuConfiguration' has been explicitly marked unavailable here
@interface UIContextMenuConfiguration : NSObject
           ^
/Users/admin/builder/spi-builder-workspace/Sources/ContactFieldKit/Presentation/View/ContextMenuInteractionView.swift:76:47: error: 'UIContextMenuInteractionAnimating' is unavailable in watchOS
                                    animator: UIContextMenuInteractionAnimating?) {
                                              ^~~~~~~~~~~~~~~~~~~~~~~~~~~~~~~~~
/Applications/Xcode-26.3.0.app/Contents/Developer/Platforms/WatchOS.platform/Developer/SDKs/WatchOS26.2.sdk/System/Library/Frameworks/UIKit.framework/Headers/UIContextMenuInteraction.h:79:11: note: 'UIContextMenuInteractionAnimating' has been explicitly marked unavailable here
@protocol UIContextMenuInteractionAnimating <NSObject>
          ^
/Users/admin/builder/spi-builder-workspace/Sources/ContactFieldKit/Presentation/View/ContextMenuInteractionView.swift:80:52: error: 'UIContextMenuInteraction' is unavailable in watchOS
        func contextMenuInteraction(_ interaction: UIContextMenuInteraction,
                                                   ^~~~~~~~~~~~~~~~~~~~~~~~
/Applications/Xcode-26.3.0.app/Contents/Developer/Platforms/WatchOS.platform/Developer/SDKs/WatchOS26.2.sdk/System/Library/Frameworks/UIKit.framework/Headers/UIContextMenuInteraction.h:32:12: note: 'UIContextMenuInteraction' has been explicitly marked unavailable here
@interface UIContextMenuInteraction : NSObject <UIInteraction>
           ^
/Users/admin/builder/spi-builder-workspace/Sources/ContactFieldKit/Presentation/View/ContextMenuInteractionView.swift:81:63: error: 'UIContextMenuConfiguration' is unavailable in watchOS
                                    willEndFor configuration: UIContextMenuConfiguration,
                                                              ^~~~~~~~~~~~~~~~~~~~~~~~~~
/Applications/Xcode-26.3.0.app/Contents/Developer/Platforms/WatchOS.platform/Developer/SDKs/WatchOS26.2.sdk/System/Library/Frameworks/UIKit.framework/Headers/UIContextMenuConfiguration.h:39:12: note: 'UIContextMenuConfiguration' has been explicitly marked unavailable here
@interface UIContextMenuConfiguration : NSObject
           ^
/Users/admin/builder/spi-builder-workspace/Sources/ContactFieldKit/Presentation/View/ContextMenuInteractionView.swift:82:47: error: 'UIContextMenuInteractionAnimating' is unavailable in watchOS
                                    animator: UIContextMenuInteractionAnimating?) {
                                              ^~~~~~~~~~~~~~~~~~~~~~~~~~~~~~~~~
/Applications/Xcode-26.3.0.app/Contents/Developer/Platforms/WatchOS.platform/Developer/SDKs/WatchOS26.2.sdk/System/Library/Frameworks/UIKit.framework/Headers/UIContextMenuInteraction.h:79:11: note: 'UIContextMenuInteractionAnimating' has been explicitly marked unavailable here
@protocol UIContextMenuInteractionAnimating <NSObject>
          ^
/Users/admin/builder/spi-builder-workspace/Sources/ContactFieldKit/Presentation/View/ContextMenuInteractionView.swift:86:52: error: 'UIContextMenuInteraction' is unavailable in watchOS
        func contextMenuInteraction(_ interaction: UIContextMenuInteraction,
                                                   ^~~~~~~~~~~~~~~~~~~~~~~~
/Applications/Xcode-26.3.0.app/Contents/Developer/Platforms/WatchOS.platform/Developer/SDKs/WatchOS26.2.sdk/System/Library/Frameworks/UIKit.framework/Headers/UIContextMenuInteraction.h:32:12: note: 'UIContextMenuInteraction' has been explicitly marked unavailable here
@interface UIContextMenuInteraction : NSObject <UIInteraction>
           ^
/Users/admin/builder/spi-builder-workspace/Sources/ContactFieldKit/Presentation/View/ContextMenuInteractionView.swift:87:96: error: 'UIContextMenuConfiguration' is unavailable in watchOS
                                    previewForHighlightingMenuWithConfiguration configuration: UIContextMenuConfiguration)
                                                                                               ^~~~~~~~~~~~~~~~~~~~~~~~~~
/Applications/Xcode-26.3.0.app/Contents/Developer/Platforms/WatchOS.platform/Developer/SDKs/WatchOS26.2.sdk/System/Library/Frameworks/UIKit.framework/Headers/UIContextMenuConfiguration.h:39:12: note: 'UIContextMenuConfiguration' has been explicitly marked unavailable here
@interface UIContextMenuConfiguration : NSObject
           ^
/Users/admin/builder/spi-builder-workspace/Sources/ContactFieldKit/Presentation/View/ContextMenuInteractionView.swift:88:12: error: 'UITargetedPreview' is unavailable in watchOS
        -> UITargetedPreview? {
           ^~~~~~~~~~~~~~~~~
/Applications/Xcode-26.3.0.app/Contents/Developer/Platforms/WatchOS.platform/Developer/SDKs/WatchOS26.2.sdk/System/Library/Frameworks/UIKit.framework/Headers/UITargetedPreview.h:45:12: note: 'UITargetedPreview' has been explicitly marked unavailable here
@interface UITargetedPreview : NSObject <NSCopying>
           ^
/Users/admin/builder/spi-builder-workspace/Sources/ContactFieldKit/Presentation/View/ContextMenuInteractionView.swift:100:52: error: 'UIContextMenuInteraction' is unavailable in watchOS
        func contextMenuInteraction(_ interaction: UIContextMenuInteraction,
                                                   ^~~~~~~~~~~~~~~~~~~~~~~~
/Applications/Xcode-26.3.0.app/Contents/Developer/Platforms/WatchOS.platform/Developer/SDKs/WatchOS26.2.sdk/System/Library/Frameworks/UIKit.framework/Headers/UIContextMenuInteraction.h:32:12: note: 'UIContextMenuInteraction' has been explicitly marked unavailable here
@interface UIContextMenuInteraction : NSObject <UIInteraction>
           ^
/Users/admin/builder/spi-builder-workspace/Sources/ContactFieldKit/Presentation/View/ContextMenuInteractionView.swift:101:94: error: 'UIContextMenuConfiguration' is unavailable in watchOS
                                    previewForDismissingMenuWithConfiguration configuration: UIContextMenuConfiguration)
                                                                                             ^~~~~~~~~~~~~~~~~~~~~~~~~~
/Applications/Xcode-26.3.0.app/Contents/Developer/Platforms/WatchOS.platform/Developer/SDKs/WatchOS26.2.sdk/System/Library/Frameworks/UIKit.framework/Headers/UIContextMenuConfiguration.h:39:12: note: 'UIContextMenuConfiguration' has been explicitly marked unavailable here
@interface UIContextMenuConfiguration : NSObject
           ^
/Users/admin/builder/spi-builder-workspace/Sources/ContactFieldKit/Presentation/View/ContextMenuInteractionView.swift:102:12: error: 'UITargetedPreview' is unavailable in watchOS
        -> UITargetedPreview? {
           ^~~~~~~~~~~~~~~~~
/Applications/Xcode-26.3.0.app/Contents/Developer/Platforms/WatchOS.platform/Developer/SDKs/WatchOS26.2.sdk/System/Library/Frameworks/UIKit.framework/Headers/UITargetedPreview.h:45:12: note: 'UITargetedPreview' has been explicitly marked unavailable here
@interface UITargetedPreview : NSObject <NSCopying>
           ^
/Users/admin/builder/spi-builder-workspace/Sources/ContactFieldKit/Presentation/View/ContextMenuInteractionView.swift:53:35: error: 'UIContextMenuInteractionDelegate' is unavailable in watchOS
    class Coordinator: NSObject,  UIContextMenuInteractionDelegate{
                                  ^~~~~~~~~~~~~~~~~~~~~~~~~~~~~~~~
/Applications/Xcode-26.3.0.app/Contents/Developer/Platforms/WatchOS.platform/Developer/SDKs/WatchOS26.2.sdk/System/Library/Frameworks/UIKit.framework/Headers/UIContextMenuInteraction.h:99:11: note: 'UIContextMenuInteractionDelegate' has been explicitly marked unavailable here
@protocol UIContextMenuInteractionDelegate <NSObject>
          ^
/Users/admin/builder/spi-builder-workspace/Sources/ContactFieldKit/Presentation/View/ContextMenuInteractionView.swift:10:51: error: cannot find type 'UIViewRepresentable' in scope
struct ContextMenuInteractionView<Content: View>: UIViewRepresentable {
                                                  ^~~~~~~~~~~~~~~~~~~
SwiftDriverJobDiscovery normal arm64_32 Compiling NoFlyZoneData.swift (in target 'NoFlyZone' from project 'NoFlyZone')
SwiftCompile normal arm64_32 Compiling\ ContactItemEditView.swift,\ ContactItemView.swift /Users/admin/builder/spi-builder-workspace/Sources/ContactFieldKit/Presentation/View/ContactItemEditView.swift /Users/admin/builder/spi-builder-workspace/Sources/ContactFieldKit/Presentation/View/ContactItemView.swift (in target 'ContactFieldKit' from project 'ContactFieldKit')
SwiftCompile normal arm64_32 /Users/admin/builder/spi-builder-workspace/Sources/ContactFieldKit/Presentation/View/ContactItemEditView.swift (in target 'ContactFieldKit' from project 'ContactFieldKit')
    cd /Users/admin/builder/spi-builder-workspace/.swiftpm/xcode

SwiftCompile normal arm64_32 /Users/admin/builder/spi-builder-workspace/Sources/ContactFieldKit/Presentation/View/ContactItemView.swift (in target 'ContactFieldKit' from project 'ContactFieldKit')
    cd /Users/admin/builder/spi-builder-workspace/.swiftpm/xcode

SwiftDriverJobDiscovery normal arm64 Compiling NoFlyZoneData.swift (in target 'NoFlyZone' from project 'NoFlyZone')
SwiftCompile normal arm64 Compiling\ ContactFieldUIConfig.swift,\ Color+ContactFieldKit.swift /Users/admin/builder/spi-builder-workspace/Sources/ContactFieldKit/Presentation/ContactFieldUIConfig.swift /Users/admin/builder/spi-builder-workspace/Sources/ContactFieldKit/Presentation/Extensions/Color+ContactFieldKit.swift (in target 'ContactFieldKit' from project 'ContactFieldKit')
2026-07-20 18:14:40.786 xcodebuild[723:4473] [MT] IDERunDestination: Supported platforms for the buildables in the current scheme is empty.
** BUILD FAILED **
The following build commands failed:
	SwiftEmitModule normal arm64 Emitting\ module\ for\ ContactFieldKit (in target 'ContactFieldKit' from project 'ContactFieldKit')
	EmitSwiftModule normal arm64 (in target 'ContactFieldKit' from project 'ContactFieldKit')
	SwiftEmitModule normal arm64_32 Emitting\ module\ for\ ContactFieldKit (in target 'ContactFieldKit' from project 'ContactFieldKit')
	EmitSwiftModule normal arm64_32 (in target 'ContactFieldKit' from project 'ContactFieldKit')
	Building workspace spi-builder-workspace with scheme ContactFieldKit
(5 failures)
Command line invocation:
    /Applications/Xcode-26.3.0.app/Contents/Developer/usr/bin/xcodebuild -IDEClonedSourcePackagesDirPathOverride=/Users/admin/builder/spi-builder-workspace/.dependencies -resolvePackageDependencies
Resolve Package Graph
Resolved source packages:
  ContactFieldKit: /Users/admin/builder/spi-builder-workspace
  NoFlyZone: https://github.com/BaptisteSansierra/NoFlyZone.git @ 1.0.4
resolved source packages: ContactFieldKit, NoFlyZone
2026-07-20 18:14:50.536 xcodebuild[883:5200] [MT] IDERunDestination: Supported platforms for the buildables in the current scheme is empty.
{
  "dependencies" : [
    {
      "identity" : "noflyzone",
      "requirement" : {
        "range" : [
          {
            "lower_bound" : "1.0.4",
            "upper_bound" : "2.0.0"
          }
        ]
      },
      "type" : "sourceControl",
      "url" : "https://github.com/BaptisteSansierra/NoFlyZone.git"
    }
  ],
  "manifest_display_name" : "ContactFieldKit",
  "name" : "ContactFieldKit",
  "path" : "/Users/admin/builder/spi-builder-workspace",
  "platforms" : [
    {
      "name" : "ios",
      "version" : "17.0"
    }
  ],
  "products" : [
    {
      "name" : "ContactFieldKit",
      "targets" : [
        "ContactFieldKit"
      ],
      "type" : {
        "library" : [
          "automatic"
        ]
      }
    }
  ],
  "targets" : [
    {
      "c99name" : "ContactFieldKit",
      "module_type" : "SwiftTarget",
      "name" : "ContactFieldKit",
      "path" : "Sources/ContactFieldKit",
      "product_dependencies" : [
        "NoFlyZone"
      ],
      "product_memberships" : [
        "ContactFieldKit"
      ],
      "sources" : [
        "ContactFieldKit.swift",
        "Domain/ContactItem.swift",
        "Domain/ContactLabel.swift",
        "Domain/Extensions/Array+ContactFieldKit.swift",
        "Domain/Extensions/String+ContactFieldKit.swift",
        "Presentation/ContactFieldUIConfig.swift",
        "Presentation/Extensions/Color+ContactFieldKit.swift",
        "Presentation/Extensions/View+ContactFieldKit.swift",
        "Presentation/Model/ContactItemUI.swift",
        "Presentation/Modifiers/ContextMenuModifier.swift",
        "Presentation/Modifiers/IfModifier.swift",
        "Presentation/View/ContactItemEditView.swift",
        "Presentation/View/ContactItemView.swift",
        "Presentation/View/ContextMenuInteractionView.swift",
        "Presentation/View/LabelPickerView.swift",
        "Services/CustomLabelStorage.swift",
        "Services/URLOpener.swift"
      ],
      "type" : "library"
    }
  ],
  "tools_version" : "6.2"
}
{
  "workspace" : {
    "name" : "spi-builder-workspace",
    "schemes" : [
      "ContactFieldKit"
    ]
  }
}
2026-07-20 18:14:51.656 xcodebuild[894:5292] [MT] IDERunDestination: Supported platforms for the buildables in the current scheme is empty.
Running build ...
env DEVELOPER_DIR=/Applications/Xcode-26.3.0.app xcrun xcodebuild -IDEClonedSourcePackagesDirPathOverride=$PWD/.dependencies -skipMacroValidation -skipPackagePluginValidation -derivedDataPath $PWD/.derivedData build -scheme ContactFieldKit -destination generic/platform=watchOS
Command line invocation:
    /Applications/Xcode-26.3.0.app/Contents/Developer/usr/bin/xcodebuild -IDEClonedSourcePackagesDirPathOverride=/Users/admin/builder/spi-builder-workspace/.dependencies -skipMacroValidation -skipPackagePluginValidation -derivedDataPath /Users/admin/builder/spi-builder-workspace/.derivedData build -scheme ContactFieldKit -destination generic/platform=watchOS
Resolve Package Graph
Resolved source packages:
  NoFlyZone: https://github.com/BaptisteSansierra/NoFlyZone.git @ 1.0.4
  ContactFieldKit: /Users/admin/builder/spi-builder-workspace
ComputePackagePrebuildTargetDependencyGraph
Prepare packages
CreateBuildRequest
SendProjectDescription
CreateBuildOperation
ComputeTargetDependencyGraph
note: Building targets in dependency order
note: Target dependency graph (5 targets)
    Target 'ContactFieldKit' in project 'ContactFieldKit'
        ➜ Explicit dependency on target 'ContactFieldKit' in project 'ContactFieldKit'
        ➜ Explicit dependency on target 'ContactFieldKit_ContactFieldKit' in project 'ContactFieldKit'
        ➜ Explicit dependency on target 'NoFlyZone' in project 'NoFlyZone'
    Target 'ContactFieldKit' in project 'ContactFieldKit'
        ➜ Explicit dependency on target 'ContactFieldKit_ContactFieldKit' in project 'ContactFieldKit'
        ➜ Explicit dependency on target 'NoFlyZone' in project 'NoFlyZone'
    Target 'NoFlyZone' in project 'NoFlyZone'
        ➜ Explicit dependency on target 'NoFlyZone' in project 'NoFlyZone'
    Target 'NoFlyZone' in project 'NoFlyZone' (no dependencies)
    Target 'ContactFieldKit_ContactFieldKit' in project 'ContactFieldKit' (no dependencies)
GatherProvisioningInputs
CreateBuildDescription
ClangStatCache /Applications/Xcode-26.3.0.app/Contents/Developer/Toolchains/XcodeDefault.xctoolchain/usr/bin/clang-stat-cache /Applications/Xcode-26.3.0.app/Contents/Developer/Platforms/WatchOS.platform/Developer/SDKs/WatchOS26.2.sdk /Users/admin/builder/spi-builder-workspace/.derivedData/SDKStatCaches.noindex/watchos26.2-23S303-dc75598d0054f22ec865fa860f139d721753b489057de6bda919edfa1c59a62b.sdkstatcache
    cd /Users/admin/builder/spi-builder-workspace/.swiftpm/xcode
    /Applications/Xcode-26.3.0.app/Contents/Developer/Toolchains/XcodeDefault.xctoolchain/usr/bin/clang-stat-cache /Applications/Xcode-26.3.0.app/Contents/Developer/Platforms/WatchOS.platform/Developer/SDKs/WatchOS26.2.sdk -o /Users/admin/builder/spi-builder-workspace/.derivedData/SDKStatCaches.noindex/watchos26.2-23S303-dc75598d0054f22ec865fa860f139d721753b489057de6bda919edfa1c59a62b.sdkstatcache
SwiftDriver NoFlyZone normal arm64_32 com.apple.xcode.tools.swift.compiler (in target 'NoFlyZone' from project 'NoFlyZone')
    cd /Users/admin/builder/spi-builder-workspace/.swiftpm/xcode
    builtin-SwiftDriver -- /Applications/Xcode-26.3.0.app/Contents/Developer/Toolchains/XcodeDefault.xctoolchain/usr/bin/swiftc -module-name NoFlyZone -Onone -enforce-exclusivity\=checked @/Users/admin/builder/spi-builder-workspace/.derivedData/Build/Intermediates.noindex/NoFlyZone.build/Debug-watchos/NoFlyZone.build/Objects-normal/arm64_32/NoFlyZone.SwiftFileList -DSWIFT_PACKAGE -DDEBUG -DSWIFT_MODULE_RESOURCE_BUNDLE_UNAVAILABLE -DXcode -plugin-path /Applications/Xcode-26.3.0.app/Contents/Developer/Toolchains/XcodeDefault.xctoolchain/usr/lib/swift/host/plugins/testing -enable-experimental-feature DebugDescriptionMacro -sdk /Applications/Xcode-26.3.0.app/Contents/Developer/Platforms/WatchOS.platform/Developer/SDKs/WatchOS26.2.sdk -target arm64_32-apple-watchos10.0 -g -module-cache-path /Users/admin/builder/spi-builder-workspace/.derivedData/ModuleCache.noindex -Xfrontend -serialize-debugging-options -enable-testing -suppress-warnings -index-store-path /Users/admin/builder/spi-builder-workspace/.derivedData/Index.noindex/DataStore -Xcc -D_LIBCPP_HARDENING_MODE\=_LIBCPP_HARDENING_MODE_DEBUG -swift-version 6 -I /Users/admin/builder/spi-builder-workspace/.derivedData/Build/Products/Debug-watchos -Isystem /Applications/Xcode-26.3.0.app/Contents/Developer/Platforms/WatchOS.platform/Developer/usr/lib -F /Users/admin/builder/spi-builder-workspace/.derivedData/Build/Products/Debug-watchos -F /Applications/Xcode-26.3.0.app/Contents/Developer/Platforms/WatchOS.platform/Developer/Library/Frameworks -F /Applications/Xcode-26.3.0.app/Contents/Developer/Platforms/WatchOS.platform/Developer/SDKs/WatchOS26.2.sdk/Developer/Library/Frameworks -c -j10 -enable-batch-mode -incremental -Xcc -ivfsstatcache -Xcc /Users/admin/builder/spi-builder-workspace/.derivedData/SDKStatCaches.noindex/watchos26.2-23S303-dc75598d0054f22ec865fa860f139d721753b489057de6bda919edfa1c59a62b.sdkstatcache -output-file-map /Users/admin/builder/spi-builder-workspace/.derivedData/Build/Intermediates.noindex/NoFlyZone.build/Debug-watchos/NoFlyZone.build/Objects-normal/arm64_32/NoFlyZone-OutputFileMap.json -use-frontend-parseable-output -save-temps -no-color-diagnostics -explicit-module-build -module-cache-path /Users/admin/builder/spi-builder-workspace/.derivedData/Build/Intermediates.noindex/SwiftExplicitPrecompiledModules -clang-scanner-module-cache-path /Users/admin/builder/spi-builder-workspace/.derivedData/ModuleCache.noindex -sdk-module-cache-path /Users/admin/builder/spi-builder-workspace/.derivedData/ModuleCache.noindex -serialize-diagnostics -emit-dependencies -emit-module -emit-module-path /Users/admin/builder/spi-builder-workspace/.derivedData/Build/Intermediates.noindex/NoFlyZone.build/Debug-watchos/NoFlyZone.build/Objects-normal/arm64_32/NoFlyZone.swiftmodule -user-module-version 1.0.4 -validate-clang-modules-once -clang-build-session-file /Users/admin/builder/spi-builder-workspace/.derivedData/ModuleCache.noindex/Session.modulevalidation -package-name noflyzone -Xcc -I/Users/admin/builder/spi-builder-workspace/.derivedData/Build/Intermediates.noindex/NoFlyZone.build/Debug-watchos/NoFlyZone.build/swift-overrides.hmap -emit-const-values -Xfrontend -const-gather-protocols-file -Xfrontend /Users/admin/builder/spi-builder-workspace/.derivedData/Build/Intermediates.noindex/NoFlyZone.build/Debug-watchos/NoFlyZone.build/Objects-normal/arm64_32/NoFlyZone_const_extract_protocols.json -Xcc -I/Users/admin/builder/spi-builder-workspace/.derivedData/Build/Products/Debug-watchos/include -Xcc -I/Users/admin/builder/spi-builder-workspace/.derivedData/Build/Intermediates.noindex/NoFlyZone.build/Debug-watchos/NoFlyZone.build/DerivedSources-normal/arm64_32 -Xcc -I/Users/admin/builder/spi-builder-workspace/.derivedData/Build/Intermediates.noindex/NoFlyZone.build/Debug-watchos/NoFlyZone.build/DerivedSources/arm64_32 -Xcc -I/Users/admin/builder/spi-builder-workspace/.derivedData/Build/Intermediates.noindex/NoFlyZone.build/Debug-watchos/NoFlyZone.build/DerivedSources -Xcc -DSWIFT_PACKAGE -Xcc -DDEBUG\=1 -emit-objc-header -emit-objc-header-path /Users/admin/builder/spi-builder-workspace/.derivedData/Build/Intermediates.noindex/NoFlyZone.build/Debug-watchos/NoFlyZone.build/Objects-normal/arm64_32/NoFlyZone-Swift.h -working-directory /Users/admin/builder/spi-builder-workspace/.swiftpm/xcode -experimental-emit-module-separately -disable-cmo
SwiftDriver NoFlyZone normal arm64 com.apple.xcode.tools.swift.compiler (in target 'NoFlyZone' from project 'NoFlyZone')
    cd /Users/admin/builder/spi-builder-workspace/.swiftpm/xcode
    builtin-SwiftDriver -- /Applications/Xcode-26.3.0.app/Contents/Developer/Toolchains/XcodeDefault.xctoolchain/usr/bin/swiftc -module-name NoFlyZone -Onone -enforce-exclusivity\=checked @/Users/admin/builder/spi-builder-workspace/.derivedData/Build/Intermediates.noindex/NoFlyZone.build/Debug-watchos/NoFlyZone.build/Objects-normal/arm64/NoFlyZone.SwiftFileList -DSWIFT_PACKAGE -DDEBUG -DSWIFT_MODULE_RESOURCE_BUNDLE_UNAVAILABLE -DXcode -plugin-path /Applications/Xcode-26.3.0.app/Contents/Developer/Toolchains/XcodeDefault.xctoolchain/usr/lib/swift/host/plugins/testing -enable-experimental-feature DebugDescriptionMacro -sdk /Applications/Xcode-26.3.0.app/Contents/Developer/Platforms/WatchOS.platform/Developer/SDKs/WatchOS26.2.sdk -target arm64-apple-watchos10.0 -g -module-cache-path /Users/admin/builder/spi-builder-workspace/.derivedData/ModuleCache.noindex -Xfrontend -serialize-debugging-options -enable-testing -suppress-warnings -index-store-path /Users/admin/builder/spi-builder-workspace/.derivedData/Index.noindex/DataStore -Xcc -D_LIBCPP_HARDENING_MODE\=_LIBCPP_HARDENING_MODE_DEBUG -swift-version 6 -I /Users/admin/builder/spi-builder-workspace/.derivedData/Build/Products/Debug-watchos -Isystem /Applications/Xcode-26.3.0.app/Contents/Developer/Platforms/WatchOS.platform/Developer/usr/lib -F /Users/admin/builder/spi-builder-workspace/.derivedData/Build/Products/Debug-watchos -F /Applications/Xcode-26.3.0.app/Contents/Developer/Platforms/WatchOS.platform/Developer/Library/Frameworks -F /Applications/Xcode-26.3.0.app/Contents/Developer/Platforms/WatchOS.platform/Developer/SDKs/WatchOS26.2.sdk/Developer/Library/Frameworks -c -j10 -enable-batch-mode -incremental -Xcc -ivfsstatcache -Xcc /Users/admin/builder/spi-builder-workspace/.derivedData/SDKStatCaches.noindex/watchos26.2-23S303-dc75598d0054f22ec865fa860f139d721753b489057de6bda919edfa1c59a62b.sdkstatcache -output-file-map /Users/admin/builder/spi-builder-workspace/.derivedData/Build/Intermediates.noindex/NoFlyZone.build/Debug-watchos/NoFlyZone.build/Objects-normal/arm64/NoFlyZone-OutputFileMap.json -use-frontend-parseable-output -save-temps -no-color-diagnostics -explicit-module-build -module-cache-path /Users/admin/builder/spi-builder-workspace/.derivedData/Build/Intermediates.noindex/SwiftExplicitPrecompiledModules -clang-scanner-module-cache-path /Users/admin/builder/spi-builder-workspace/.derivedData/ModuleCache.noindex -sdk-module-cache-path /Users/admin/builder/spi-builder-workspace/.derivedData/ModuleCache.noindex -serialize-diagnostics -emit-dependencies -emit-module -emit-module-path /Users/admin/builder/spi-builder-workspace/.derivedData/Build/Intermediates.noindex/NoFlyZone.build/Debug-watchos/NoFlyZone.build/Objects-normal/arm64/NoFlyZone.swiftmodule -user-module-version 1.0.4 -validate-clang-modules-once -clang-build-session-file /Users/admin/builder/spi-builder-workspace/.derivedData/ModuleCache.noindex/Session.modulevalidation -package-name noflyzone -Xcc -I/Users/admin/builder/spi-builder-workspace/.derivedData/Build/Intermediates.noindex/NoFlyZone.build/Debug-watchos/NoFlyZone.build/swift-overrides.hmap -emit-const-values -Xfrontend -const-gather-protocols-file -Xfrontend /Users/admin/builder/spi-builder-workspace/.derivedData/Build/Intermediates.noindex/NoFlyZone.build/Debug-watchos/NoFlyZone.build/Objects-normal/arm64/NoFlyZone_const_extract_protocols.json -Xcc -I/Users/admin/builder/spi-builder-workspace/.derivedData/Build/Products/Debug-watchos/include -Xcc -I/Users/admin/builder/spi-builder-workspace/.derivedData/Build/Intermediates.noindex/NoFlyZone.build/Debug-watchos/NoFlyZone.build/DerivedSources-normal/arm64 -Xcc -I/Users/admin/builder/spi-builder-workspace/.derivedData/Build/Intermediates.noindex/NoFlyZone.build/Debug-watchos/NoFlyZone.build/DerivedSources/arm64 -Xcc -I/Users/admin/builder/spi-builder-workspace/.derivedData/Build/Intermediates.noindex/NoFlyZone.build/Debug-watchos/NoFlyZone.build/DerivedSources -Xcc -DSWIFT_PACKAGE -Xcc -DDEBUG\=1 -emit-objc-header -emit-objc-header-path /Users/admin/builder/spi-builder-workspace/.derivedData/Build/Intermediates.noindex/NoFlyZone.build/Debug-watchos/NoFlyZone.build/Objects-normal/arm64/NoFlyZone-Swift.h -working-directory /Users/admin/builder/spi-builder-workspace/.swiftpm/xcode -experimental-emit-module-separately -disable-cmo
SwiftDriver ContactFieldKit normal arm64_32 com.apple.xcode.tools.swift.compiler (in target 'ContactFieldKit' from project 'ContactFieldKit')
    cd /Users/admin/builder/spi-builder-workspace/.swiftpm/xcode
    builtin-SwiftDriver -- /Applications/Xcode-26.3.0.app/Contents/Developer/Toolchains/XcodeDefault.xctoolchain/usr/bin/swiftc -module-name ContactFieldKit -Onone -enforce-exclusivity\=checked @/Users/admin/builder/spi-builder-workspace/.derivedData/Build/Intermediates.noindex/ContactFieldKit.build/Debug-watchos/ContactFieldKit.build/Objects-normal/arm64_32/ContactFieldKit.SwiftFileList -DSWIFT_PACKAGE -DDEBUG -DSWIFT_MODULE_RESOURCE_BUNDLE_AVAILABLE -DXcode -plugin-path /Applications/Xcode-26.3.0.app/Contents/Developer/Toolchains/XcodeDefault.xctoolchain/usr/lib/swift/host/plugins/testing -enable-experimental-feature DebugDescriptionMacro -sdk /Applications/Xcode-26.3.0.app/Contents/Developer/Platforms/WatchOS.platform/Developer/SDKs/WatchOS26.2.sdk -target arm64_32-apple-watchos10.0 -g -module-cache-path /Users/admin/builder/spi-builder-workspace/.derivedData/ModuleCache.noindex -Xfrontend -serialize-debugging-options -enable-testing -index-store-path /Users/admin/builder/spi-builder-workspace/.derivedData/Index.noindex/DataStore -Xcc -D_LIBCPP_HARDENING_MODE\=_LIBCPP_HARDENING_MODE_DEBUG -swift-version 6 -I /Users/admin/builder/spi-builder-workspace/.derivedData/Build/Products/Debug-watchos -Isystem /Applications/Xcode-26.3.0.app/Contents/Developer/Platforms/WatchOS.platform/Developer/usr/lib -F /Users/admin/builder/spi-builder-workspace/.derivedData/Build/Products/Debug-watchos/PackageFrameworks -F /Users/admin/builder/spi-builder-workspace/.derivedData/Build/Products/Debug-watchos -F /Applications/Xcode-26.3.0.app/Contents/Developer/Platforms/WatchOS.platform/Developer/Library/Frameworks -F /Applications/Xcode-26.3.0.app/Contents/Developer/Platforms/WatchOS.platform/Developer/SDKs/WatchOS26.2.sdk/Developer/Library/Frameworks -c -j10 -enable-batch-mode -incremental -Xcc -ivfsstatcache -Xcc /Users/admin/builder/spi-builder-workspace/.derivedData/SDKStatCaches.noindex/watchos26.2-23S303-dc75598d0054f22ec865fa860f139d721753b489057de6bda919edfa1c59a62b.sdkstatcache -output-file-map /Users/admin/builder/spi-builder-workspace/.derivedData/Build/Intermediates.noindex/ContactFieldKit.build/Debug-watchos/ContactFieldKit.build/Objects-normal/arm64_32/ContactFieldKit-OutputFileMap.json -use-frontend-parseable-output -save-temps -no-color-diagnostics -explicit-module-build -module-cache-path /Users/admin/builder/spi-builder-workspace/.derivedData/Build/Intermediates.noindex/SwiftExplicitPrecompiledModules -clang-scanner-module-cache-path /Users/admin/builder/spi-builder-workspace/.derivedData/ModuleCache.noindex -sdk-module-cache-path /Users/admin/builder/spi-builder-workspace/.derivedData/ModuleCache.noindex -serialize-diagnostics -emit-dependencies -emit-module -emit-module-path /Users/admin/builder/spi-builder-workspace/.derivedData/Build/Intermediates.noindex/ContactFieldKit.build/Debug-watchos/ContactFieldKit.build/Objects-normal/arm64_32/ContactFieldKit.swiftmodule -validate-clang-modules-once -clang-build-session-file /Users/admin/builder/spi-builder-workspace/.derivedData/ModuleCache.noindex/Session.modulevalidation -package-name spi_builder_workspace -Xcc -I/Users/admin/builder/spi-builder-workspace/.derivedData/Build/Intermediates.noindex/ContactFieldKit.build/Debug-watchos/ContactFieldKit.build/swift-overrides.hmap -emit-const-values -Xfrontend -const-gather-protocols-file -Xfrontend /Users/admin/builder/spi-builder-workspace/.derivedData/Build/Intermediates.noindex/ContactFieldKit.build/Debug-watchos/ContactFieldKit.build/Objects-normal/arm64_32/ContactFieldKit_const_extract_protocols.json -Xcc -I/Users/admin/builder/spi-builder-workspace/.derivedData/Build/Products/Debug-watchos/include -Xcc -I/Users/admin/builder/spi-builder-workspace/.derivedData/Build/Intermediates.noindex/ContactFieldKit.build/Debug-watchos/ContactFieldKit.build/DerivedSources-normal/arm64_32 -Xcc -I/Users/admin/builder/spi-builder-workspace/.derivedData/Build/Intermediates.noindex/ContactFieldKit.build/Debug-watchos/ContactFieldKit.build/DerivedSources/arm64_32 -Xcc -I/Users/admin/builder/spi-builder-workspace/.derivedData/Build/Intermediates.noindex/ContactFieldKit.build/Debug-watchos/ContactFieldKit.build/DerivedSources -Xcc -DSWIFT_PACKAGE -Xcc -DDEBUG\=1 -emit-objc-header -emit-objc-header-path /Users/admin/builder/spi-builder-workspace/.derivedData/Build/Intermediates.noindex/ContactFieldKit.build/Debug-watchos/ContactFieldKit.build/Objects-normal/arm64_32/ContactFieldKit-Swift.h -working-directory /Users/admin/builder/spi-builder-workspace/.swiftpm/xcode -experimental-emit-module-separately -disable-cmo
SwiftDriver ContactFieldKit normal arm64 com.apple.xcode.tools.swift.compiler (in target 'ContactFieldKit' from project 'ContactFieldKit')
    cd /Users/admin/builder/spi-builder-workspace/.swiftpm/xcode
    builtin-SwiftDriver -- /Applications/Xcode-26.3.0.app/Contents/Developer/Toolchains/XcodeDefault.xctoolchain/usr/bin/swiftc -module-name ContactFieldKit -Onone -enforce-exclusivity\=checked @/Users/admin/builder/spi-builder-workspace/.derivedData/Build/Intermediates.noindex/ContactFieldKit.build/Debug-watchos/ContactFieldKit.build/Objects-normal/arm64/ContactFieldKit.SwiftFileList -DSWIFT_PACKAGE -DDEBUG -DSWIFT_MODULE_RESOURCE_BUNDLE_AVAILABLE -DXcode -plugin-path /Applications/Xcode-26.3.0.app/Contents/Developer/Toolchains/XcodeDefault.xctoolchain/usr/lib/swift/host/plugins/testing -enable-experimental-feature DebugDescriptionMacro -sdk /Applications/Xcode-26.3.0.app/Contents/Developer/Platforms/WatchOS.platform/Developer/SDKs/WatchOS26.2.sdk -target arm64-apple-watchos10.0 -g -module-cache-path /Users/admin/builder/spi-builder-workspace/.derivedData/ModuleCache.noindex -Xfrontend -serialize-debugging-options -enable-testing -index-store-path /Users/admin/builder/spi-builder-workspace/.derivedData/Index.noindex/DataStore -Xcc -D_LIBCPP_HARDENING_MODE\=_LIBCPP_HARDENING_MODE_DEBUG -swift-version 6 -I /Users/admin/builder/spi-builder-workspace/.derivedData/Build/Products/Debug-watchos -Isystem /Applications/Xcode-26.3.0.app/Contents/Developer/Platforms/WatchOS.platform/Developer/usr/lib -F /Users/admin/builder/spi-builder-workspace/.derivedData/Build/Products/Debug-watchos/PackageFrameworks -F /Users/admin/builder/spi-builder-workspace/.derivedData/Build/Products/Debug-watchos -F /Applications/Xcode-26.3.0.app/Contents/Developer/Platforms/WatchOS.platform/Developer/Library/Frameworks -F /Applications/Xcode-26.3.0.app/Contents/Developer/Platforms/WatchOS.platform/Developer/SDKs/WatchOS26.2.sdk/Developer/Library/Frameworks -c -j10 -enable-batch-mode -incremental -Xcc -ivfsstatcache -Xcc /Users/admin/builder/spi-builder-workspace/.derivedData/SDKStatCaches.noindex/watchos26.2-23S303-dc75598d0054f22ec865fa860f139d721753b489057de6bda919edfa1c59a62b.sdkstatcache -output-file-map /Users/admin/builder/spi-builder-workspace/.derivedData/Build/Intermediates.noindex/ContactFieldKit.build/Debug-watchos/ContactFieldKit.build/Objects-normal/arm64/ContactFieldKit-OutputFileMap.json -use-frontend-parseable-output -save-temps -no-color-diagnostics -explicit-module-build -module-cache-path /Users/admin/builder/spi-builder-workspace/.derivedData/Build/Intermediates.noindex/SwiftExplicitPrecompiledModules -clang-scanner-module-cache-path /Users/admin/builder/spi-builder-workspace/.derivedData/ModuleCache.noindex -sdk-module-cache-path /Users/admin/builder/spi-builder-workspace/.derivedData/ModuleCache.noindex -serialize-diagnostics -emit-dependencies -emit-module -emit-module-path /Users/admin/builder/spi-builder-workspace/.derivedData/Build/Intermediates.noindex/ContactFieldKit.build/Debug-watchos/ContactFieldKit.build/Objects-normal/arm64/ContactFieldKit.swiftmodule -validate-clang-modules-once -clang-build-session-file /Users/admin/builder/spi-builder-workspace/.derivedData/ModuleCache.noindex/Session.modulevalidation -package-name spi_builder_workspace -Xcc -I/Users/admin/builder/spi-builder-workspace/.derivedData/Build/Intermediates.noindex/ContactFieldKit.build/Debug-watchos/ContactFieldKit.build/swift-overrides.hmap -emit-const-values -Xfrontend -const-gather-protocols-file -Xfrontend /Users/admin/builder/spi-builder-workspace/.derivedData/Build/Intermediates.noindex/ContactFieldKit.build/Debug-watchos/ContactFieldKit.build/Objects-normal/arm64/ContactFieldKit_const_extract_protocols.json -Xcc -I/Users/admin/builder/spi-builder-workspace/.derivedData/Build/Products/Debug-watchos/include -Xcc -I/Users/admin/builder/spi-builder-workspace/.derivedData/Build/Intermediates.noindex/ContactFieldKit.build/Debug-watchos/ContactFieldKit.build/DerivedSources-normal/arm64 -Xcc -I/Users/admin/builder/spi-builder-workspace/.derivedData/Build/Intermediates.noindex/ContactFieldKit.build/Debug-watchos/ContactFieldKit.build/DerivedSources/arm64 -Xcc -I/Users/admin/builder/spi-builder-workspace/.derivedData/Build/Intermediates.noindex/ContactFieldKit.build/Debug-watchos/ContactFieldKit.build/DerivedSources -Xcc -DSWIFT_PACKAGE -Xcc -DDEBUG\=1 -emit-objc-header -emit-objc-header-path /Users/admin/builder/spi-builder-workspace/.derivedData/Build/Intermediates.noindex/ContactFieldKit.build/Debug-watchos/ContactFieldKit.build/Objects-normal/arm64/ContactFieldKit-Swift.h -working-directory /Users/admin/builder/spi-builder-workspace/.swiftpm/xcode -experimental-emit-module-separately -disable-cmo
SwiftEmitModule normal arm64_32 Emitting\ module\ for\ NoFlyZone (in target 'NoFlyZone' from project 'NoFlyZone')
EmitSwiftModule normal arm64_32 (in target 'NoFlyZone' from project 'NoFlyZone')
    cd /Users/admin/builder/spi-builder-workspace/.swiftpm/xcode

SwiftCompile normal arm64_32 Compiling\ NoFlyZoneView.swift /Users/admin/builder/spi-builder-workspace/.dependencies/checkouts/NoFlyZone/Sources/NoFlyZone/NoFlyZoneView.swift (in target 'NoFlyZone' from project 'NoFlyZone')
SwiftCompile normal arm64_32 /Users/admin/builder/spi-builder-workspace/.dependencies/checkouts/NoFlyZone/Sources/NoFlyZone/NoFlyZoneView.swift (in target 'NoFlyZone' from project 'NoFlyZone')
    cd /Users/admin/builder/spi-builder-workspace/.swiftpm/xcode

SwiftCompile normal arm64_32 Compiling\ NoFlyZoneModifier.swift /Users/admin/builder/spi-builder-workspace/.dependencies/checkouts/NoFlyZone/Sources/NoFlyZone/NoFlyZoneModifier.swift (in target 'NoFlyZone' from project 'NoFlyZone')
SwiftCompile normal arm64_32 /Users/admin/builder/spi-builder-workspace/.dependencies/checkouts/NoFlyZone/Sources/NoFlyZone/NoFlyZoneModifier.swift (in target 'NoFlyZone' from project 'NoFlyZone')
    cd /Users/admin/builder/spi-builder-workspace/.swiftpm/xcode

SwiftCompile normal arm64_32 Compiling\ View+NoFlyZone.swift /Users/admin/builder/spi-builder-workspace/.dependencies/checkouts/NoFlyZone/Sources/NoFlyZone/View+NoFlyZone.swift (in target 'NoFlyZone' from project 'NoFlyZone')
SwiftCompile normal arm64_32 /Users/admin/builder/spi-builder-workspace/.dependencies/checkouts/NoFlyZone/Sources/NoFlyZone/View+NoFlyZone.swift (in target 'NoFlyZone' from project 'NoFlyZone')
    cd /Users/admin/builder/spi-builder-workspace/.swiftpm/xcode

SwiftCompile normal arm64 Compiling\ NoFlyZoneView.swift /Users/admin/builder/spi-builder-workspace/.dependencies/checkouts/NoFlyZone/Sources/NoFlyZone/NoFlyZoneView.swift (in target 'NoFlyZone' from project 'NoFlyZone')
SwiftCompile normal arm64 /Users/admin/builder/spi-builder-workspace/.dependencies/checkouts/NoFlyZone/Sources/NoFlyZone/NoFlyZoneView.swift (in target 'NoFlyZone' from project 'NoFlyZone')
    cd /Users/admin/builder/spi-builder-workspace/.swiftpm/xcode

SwiftCompile normal arm64 Compiling\ View+NoFlyZone.swift /Users/admin/builder/spi-builder-workspace/.dependencies/checkouts/NoFlyZone/Sources/NoFlyZone/View+NoFlyZone.swift (in target 'NoFlyZone' from project 'NoFlyZone')
SwiftCompile normal arm64 /Users/admin/builder/spi-builder-workspace/.dependencies/checkouts/NoFlyZone/Sources/NoFlyZone/View+NoFlyZone.swift (in target 'NoFlyZone' from project 'NoFlyZone')
    cd /Users/admin/builder/spi-builder-workspace/.swiftpm/xcode

SwiftCompile normal arm64 Compiling\ NoFlyZoneModifier.swift /Users/admin/builder/spi-builder-workspace/.dependencies/checkouts/NoFlyZone/Sources/NoFlyZone/NoFlyZoneModifier.swift (in target 'NoFlyZone' from project 'NoFlyZone')
SwiftCompile normal arm64 /Users/admin/builder/spi-builder-workspace/.dependencies/checkouts/NoFlyZone/Sources/NoFlyZone/NoFlyZoneModifier.swift (in target 'NoFlyZone' from project 'NoFlyZone')
    cd /Users/admin/builder/spi-builder-workspace/.swiftpm/xcode

SwiftEmitModule normal arm64 Emitting\ module\ for\ NoFlyZone (in target 'NoFlyZone' from project 'NoFlyZone')
EmitSwiftModule normal arm64 (in target 'NoFlyZone' from project 'NoFlyZone')
    cd /Users/admin/builder/spi-builder-workspace/.swiftpm/xcode

SwiftEmitModule normal arm64_32 Emitting\ module\ for\ ContactFieldKit (in target 'ContactFieldKit' from project 'ContactFieldKit')
Failed frontend command:
/Applications/Xcode-26.3.0.app/Contents/Developer/Toolchains/XcodeDefault.xctoolchain/usr/bin/swift-frontend -frontend -emit-module -experimental-skip-non-inlinable-function-bodies-without-types /Users/admin/builder/spi-builder-workspace/.derivedData/Build/Intermediates.noindex/ContactFieldKit.build/Debug-watchos/ContactFieldKit.build/DerivedSources/resource_bundle_accessor.swift /Users/admin/builder/spi-builder-workspace/Sources/ContactFieldKit/ContactFieldKit.swift /Users/admin/builder/spi-builder-workspace/Sources/ContactFieldKit/Domain/ContactItem.swift /Users/admin/builder/spi-builder-workspace/Sources/ContactFieldKit/Domain/ContactLabel.swift /Users/admin/builder/spi-builder-workspace/Sources/ContactFieldKit/Domain/Extensions/Array+ContactFieldKit.swift /Users/admin/builder/spi-builder-workspace/Sources/ContactFieldKit/Domain/Extensions/String+ContactFieldKit.swift /Users/admin/builder/spi-builder-workspace/Sources/ContactFieldKit/Presentation/ContactFieldUIConfig.swift /Users/admin/builder/spi-builder-workspace/Sources/ContactFieldKit/Presentation/Extensions/Color+ContactFieldKit.swift /Users/admin/builder/spi-builder-workspace/Sources/ContactFieldKit/Presentation/Extensions/View+ContactFieldKit.swift /Users/admin/builder/spi-builder-workspace/Sources/ContactFieldKit/Presentation/Model/ContactItemUI.swift /Users/admin/builder/spi-builder-workspace/Sources/ContactFieldKit/Presentation/Modifiers/ContextMenuModifier.swift /Users/admin/builder/spi-builder-workspace/Sources/ContactFieldKit/Presentation/Modifiers/IfModifier.swift /Users/admin/builder/spi-builder-workspace/Sources/ContactFieldKit/Presentation/View/ContactItemEditView.swift /Users/admin/builder/spi-builder-workspace/Sources/ContactFieldKit/Presentation/View/ContactItemView.swift /Users/admin/builder/spi-builder-workspace/Sources/ContactFieldKit/Presentation/View/ContextMenuInteractionView.swift /Users/admin/builder/spi-builder-workspace/Sources/ContactFieldKit/Presentation/View/LabelPickerView.swift /Users/admin/builder/spi-builder-workspace/Sources/ContactFieldKit/Services/CustomLabelStorage.swift /Users/admin/builder/spi-builder-workspace/Sources/ContactFieldKit/Services/URLOpener.swift -target arm64_32-apple-watchos10.0 -load-resolved-plugin /Applications/Xcode-26.3.0.app/Contents/Developer/Platforms/WatchOS.platform/Developer/usr/lib/swift/host/plugins/libFoundationMacros.dylib\#/Applications/Xcode-26.3.0.app/Contents/Developer/Platforms/WatchOS.platform/Developer/usr/bin/swift-plugin-server\#FoundationMacros -load-resolved-plugin /Applications/Xcode-26.3.0.app/Contents/Developer/Platforms/WatchOS.platform/Developer/usr/lib/swift/host/plugins/libObservationMacros.dylib\#/Applications/Xcode-26.3.0.app/Contents/Developer/Platforms/WatchOS.platform/Developer/usr/bin/swift-plugin-server\#ObservationMacros -load-resolved-plugin /Applications/Xcode-26.3.0.app/Contents/Developer/Platforms/WatchOS.platform/Developer/usr/lib/swift/host/plugins/libPreviewsMacros.dylib\#/Applications/Xcode-26.3.0.app/Contents/Developer/Platforms/WatchOS.platform/Developer/usr/bin/swift-plugin-server\#PreviewsMacros -load-resolved-plugin /Applications/Xcode-26.3.0.app/Contents/Developer/Platforms/WatchOS.platform/Developer/usr/lib/swift/host/plugins/libSwiftMacros.dylib\#/Applications/Xcode-26.3.0.app/Contents/Developer/Platforms/WatchOS.platform/Developer/usr/bin/swift-plugin-server\#SwiftMacros -load-resolved-plugin /Applications/Xcode-26.3.0.app/Contents/Developer/Platforms/WatchOS.platform/Developer/usr/lib/swift/host/plugins/libSwiftUIMacros.dylib\#/Applications/Xcode-26.3.0.app/Contents/Developer/Platforms/WatchOS.platform/Developer/usr/bin/swift-plugin-server\#SwiftUIMacros -disable-implicit-swift-modules -Xcc -fno-implicit-modules -Xcc -fno-implicit-module-maps -explicit-swift-module-map-file /Users/admin/builder/spi-builder-workspace/.derivedData/Build/Intermediates.noindex/ContactFieldKit.build/Debug-watchos/ContactFieldKit.build/Objects-normal/arm64_32/ContactFieldKit-dependencies-1.json -enable-objc-interop -sdk /Applications/Xcode-26.3.0.app/Contents/Developer/Platforms/WatchOS.platform/Developer/SDKs/WatchOS26.2.sdk -I /Users/admin/builder/spi-builder-workspace/.derivedData/Build/Products/Debug-watchos -Isystem /Applications/Xcode-26.3.0.app/Contents/Developer/Platforms/WatchOS.platform/Developer/usr/lib -F /Users/admin/builder/spi-builder-workspace/.derivedData/Build/Products/Debug-watchos/PackageFrameworks -F /Users/admin/builder/spi-builder-workspace/.derivedData/Build/Products/Debug-watchos -F /Applications/Xcode-26.3.0.app/Contents/Developer/Platforms/WatchOS.platform/Developer/Library/Frameworks -F /Applications/Xcode-26.3.0.app/Contents/Developer/Platforms/WatchOS.platform/Developer/SDKs/WatchOS26.2.sdk/Developer/Library/Frameworks -no-color-diagnostics -Xcc -fno-color-diagnostics -enable-testing -g -debug-info-format\=dwarf -dwarf-version\=4 -module-cache-path /Users/admin/builder/spi-builder-workspace/.derivedData/Build/Intermediates.noindex/SwiftExplicitPrecompiledModules -swift-version 6 -enforce-exclusivity\=checked -Onone -D SWIFT_PACKAGE -D DEBUG -D SWIFT_MODULE_RESOURCE_BUNDLE_AVAILABLE -D Xcode -serialize-debugging-options -const-gather-protocols-file /Users/admin/builder/spi-builder-workspace/.derivedData/Build/Intermediates.noindex/ContactFieldKit.build/Debug-watchos/ContactFieldKit.build/Objects-normal/arm64_32/ContactFieldKit_const_extract_protocols.json -enable-experimental-feature DebugDescriptionMacro -empty-abi-descriptor -validate-clang-modules-once -clang-build-session-file /Users/admin/builder/spi-builder-workspace/.derivedData/ModuleCache.noindex/Session.modulevalidation -Xcc -working-directory -Xcc /Users/admin/builder/spi-builder-workspace/.swiftpm/xcode -enable-anonymous-context-mangled-names -file-compilation-dir /Users/admin/builder/spi-builder-workspace/.swiftpm/xcode -Xcc -D_LIBCPP_HARDENING_MODE\=_LIBCPP_HARDENING_MODE_DEBUG -Xcc -ivfsstatcache -Xcc /Users/admin/builder/spi-builder-workspace/.derivedData/SDKStatCaches.noindex/watchos26.2-23S303-dc75598d0054f22ec865fa860f139d721753b489057de6bda919edfa1c59a62b.sdkstatcache -Xcc -I/Users/admin/builder/spi-builder-workspace/.derivedData/Build/Intermediates.noindex/ContactFieldKit.build/Debug-watchos/ContactFieldKit.build/swift-overrides.hmap -Xcc -I/Users/admin/builder/spi-builder-workspace/.derivedData/Build/Products/Debug-watchos/include -Xcc -I/Users/admin/builder/spi-builder-workspace/.derivedData/Build/Intermediates.noindex/ContactFieldKit.build/Debug-watchos/ContactFieldKit.build/DerivedSources-normal/arm64_32 -Xcc -I/Users/admin/builder/spi-builder-workspace/.derivedData/Build/Intermediates.noindex/ContactFieldKit.build/Debug-watchos/ContactFieldKit.build/DerivedSources/arm64_32 -Xcc -I/Users/admin/builder/spi-builder-workspace/.derivedData/Build/Intermediates.noindex/ContactFieldKit.build/Debug-watchos/ContactFieldKit.build/DerivedSources -Xcc -DSWIFT_PACKAGE -Xcc -DDEBUG\=1 -no-auto-bridging-header-chaining -module-name ContactFieldKit -package-name spi_builder_workspace -frontend-parseable-output -disable-clang-spi -target-sdk-version 26.2 -target-sdk-name watchos26.2 -clang-target arm64_32-apple-watchos26.2 -in-process-plugin-server-path /Applications/Xcode-26.3.0.app/Contents/Developer/Toolchains/XcodeDefault.xctoolchain/usr/lib/swift/host/libSwiftInProcPluginServer.dylib -emit-module-doc-path /Users/admin/builder/spi-builder-workspace/.derivedData/Build/Intermediates.noindex/ContactFieldKit.build/Debug-watchos/ContactFieldKit.build/Objects-normal/arm64_32/ContactFieldKit.swiftdoc -emit-module-source-info-path /Users/admin/builder/spi-builder-workspace/.derivedData/Build/Intermediates.noindex/ContactFieldKit.build/Debug-watchos/ContactFieldKit.build/Objects-normal/arm64_32/ContactFieldKit.swiftsourceinfo -emit-objc-header-path /Users/admin/builder/spi-builder-workspace/.derivedData/Build/Intermediates.noindex/ContactFieldKit.build/Debug-watchos/ContactFieldKit.build/Objects-normal/arm64_32/ContactFieldKit-Swift.h -serialize-diagnostics-path /Users/admin/builder/spi-builder-workspace/.derivedData/Build/Intermediates.noindex/ContactFieldKit.build/Debug-watchos/ContactFieldKit.build/Objects-normal/arm64_32/ContactFieldKit-primary-emit-module.dia -emit-dependencies-path /Users/admin/builder/spi-builder-workspace/.derivedData/Build/Intermediates.noindex/ContactFieldKit.build/Debug-watchos/ContactFieldKit.build/Objects-normal/arm64_32/ContactFieldKit-primary-emit-module.d -o /Users/admin/builder/spi-builder-workspace/.derivedData/Build/Intermediates.noindex/ContactFieldKit.build/Debug-watchos/ContactFieldKit.build/Objects-normal/arm64_32/ContactFieldKit.swiftmodule -emit-abi-descriptor-path /Users/admin/builder/spi-builder-workspace/.derivedData/Build/Intermediates.noindex/ContactFieldKit.build/Debug-watchos/ContactFieldKit.build/Objects-normal/arm64_32/ContactFieldKit.abi.json
EmitSwiftModule normal arm64_32 (in target 'ContactFieldKit' from project 'ContactFieldKit')
    cd /Users/admin/builder/spi-builder-workspace/.swiftpm/xcode

/Users/admin/builder/spi-builder-workspace/Sources/ContactFieldKit/Presentation/ContactFieldUIConfig.swift:19:73: error: 'systemBackground' is unavailable in watchOS
    public static var backgroundPrimary: Color = Color(uiColor: UIColor.systemBackground)
                                                                        ^~~~~~~~~~~~~~~~
/Applications/Xcode-26.3.0.app/Contents/Developer/Platforms/WatchOS.platform/Developer/SDKs/WatchOS26.2.sdk/System/Library/Frameworks/UIKit.framework/Headers/UIInterface.h:208:49: note: 'systemBackground' has been explicitly marked unavailable here
@property (class, nonatomic, readonly) UIColor *systemBackgroundColor                   API_AVAILABLE(ios(13.0)) API_UNAVAILABLE(tvos, watchos);
                                                ^
/Users/admin/builder/spi-builder-workspace/Sources/ContactFieldKit/Presentation/ContactFieldUIConfig.swift:20:75: error: 'secondarySystemBackground' is unavailable in watchOS
    public static var backgroundSecondary: Color = Color(uiColor: UIColor.secondarySystemBackground)
                                                                          ^~~~~~~~~~~~~~~~~~~~~~~~~
/Applications/Xcode-26.3.0.app/Contents/Developer/Platforms/WatchOS.platform/Developer/SDKs/WatchOS26.2.sdk/System/Library/Frameworks/UIKit.framework/Headers/UIInterface.h:209:49: note: 'secondarySystemBackground' has been explicitly marked unavailable here
@property (class, nonatomic, readonly) UIColor *secondarySystemBackgroundColor          API_AVAILABLE(ios(13.0)) API_UNAVAILABLE(tvos, watchos);
                                                ^
/Users/admin/builder/spi-builder-workspace/Sources/ContactFieldKit/Presentation/ContactFieldUIConfig.swift:21:74: error: 'tertiarySystemBackground' is unavailable in watchOS
    public static var backgroundTertiary: Color = Color(uiColor: UIColor.tertiarySystemBackground)
                                                                         ^~~~~~~~~~~~~~~~~~~~~~~~
/Applications/Xcode-26.3.0.app/Contents/Developer/Platforms/WatchOS.platform/Developer/SDKs/WatchOS26.2.sdk/System/Library/Frameworks/UIKit.framework/Headers/UIInterface.h:210:49: note: 'tertiarySystemBackground' has been explicitly marked unavailable here
@property (class, nonatomic, readonly) UIColor *tertiarySystemBackgroundColor           API_AVAILABLE(ios(13.0)) API_UNAVAILABLE(tvos, watchos);
                                                ^
/Users/admin/builder/spi-builder-workspace/Sources/ContactFieldKit/Presentation/ContactFieldUIConfig.swift:23:72: error: 'label' is unavailable in watchOS
    public static var textPrimaryColor: Color = Color(uiColor: UIColor.label)
                                                                       ^~~~~
/Applications/Xcode-26.3.0.app/Contents/Developer/Platforms/WatchOS.platform/Developer/SDKs/WatchOS26.2.sdk/System/Library/Frameworks/UIKit.framework/Headers/UIInterface.h:171:49: note: 'label' has been explicitly marked unavailable here
@property (class, nonatomic, readonly) UIColor *labelColor              API_AVAILABLE(ios(13.0), tvos(13.0)) API_UNAVAILABLE(watchos);
                                                ^
/Users/admin/builder/spi-builder-workspace/Sources/ContactFieldKit/Presentation/ContactFieldUIConfig.swift:24:74: error: 'secondaryLabel' is unavailable in watchOS
    public static var textSecondaryColor: Color = Color(uiColor: UIColor.secondaryLabel)
                                                                         ^~~~~~~~~~~~~~
/Applications/Xcode-26.3.0.app/Contents/Developer/Platforms/WatchOS.platform/Developer/SDKs/WatchOS26.2.sdk/System/Library/Frameworks/UIKit.framework/Headers/UIInterface.h:172:49: note: 'secondaryLabel' has been explicitly marked unavailable here
@property (class, nonatomic, readonly) UIColor *secondaryLabelColor     API_AVAILABLE(ios(13.0), tvos(13.0)) API_UNAVAILABLE(watchos);
                                                ^
/Users/admin/builder/spi-builder-workspace/Sources/ContactFieldKit/Presentation/ContactFieldUIConfig.swift:30:66: error: 'separator' is unavailable in watchOS
    public static var topDivider: Color = Color(uiColor: UIColor.separator)
                                                                 ^~~~~~~~~
/Applications/Xcode-26.3.0.app/Contents/Developer/Platforms/WatchOS.platform/Developer/SDKs/WatchOS26.2.sdk/System/Library/Frameworks/UIKit.framework/Headers/UIInterface.h:189:49: note: 'separator' has been explicitly marked unavailable here
@property (class, nonatomic, readonly) UIColor *separatorColor          API_AVAILABLE(ios(13.0), tvos(13.0)) API_UNAVAILABLE(watchos);
                                                ^
/Users/admin/builder/spi-builder-workspace/Sources/ContactFieldKit/Presentation/ContactFieldUIConfig.swift:31:69: error: 'separator' is unavailable in watchOS
    public static var bottomDivider: Color = Color(uiColor: UIColor.separator)
                                                                    ^~~~~~~~~
/Applications/Xcode-26.3.0.app/Contents/Developer/Platforms/WatchOS.platform/Developer/SDKs/WatchOS26.2.sdk/System/Library/Frameworks/UIKit.framework/Headers/UIInterface.h:189:49: note: 'separator' has been explicitly marked unavailable here
@property (class, nonatomic, readonly) UIColor *separatorColor          API_AVAILABLE(ios(13.0), tvos(13.0)) API_UNAVAILABLE(watchos);
                                                ^
/Users/admin/builder/spi-builder-workspace/Sources/ContactFieldKit/Presentation/Extensions/Color+ContactFieldKit.swift:13:5: warning: 'internal' modifier is redundant for initializer declared in an internal extension
    internal init(light: Color, dark: Color) {
    ^~~~~~~~~

/Users/admin/builder/spi-builder-workspace/Sources/ContactFieldKit/Presentation/Extensions/Color+ContactFieldKit.swift:24:5: warning: 'internal' modifier is redundant for initializer declared in an internal extension
    internal init(rgba: String) {
    ^~~~~~~~~

/Users/admin/builder/spi-builder-workspace/Sources/ContactFieldKit/Presentation/Extensions/View+ContactFieldKit.swift:17:32: error: 'UIAction' is unavailable in watchOS
                     actions: [UIAction],
                               ^~~~~~~~
/Applications/Xcode-26.3.0.app/Contents/Developer/Platforms/WatchOS.platform/Developer/SDKs/WatchOS26.2.sdk/System/Library/Frameworks/UIKit.framework/Headers/UIAction.h:29:12: note: 'UIAction' has been explicitly marked unavailable here
@interface UIAction : UIMenuElement <UIMenuLeaf>
           ^
/Users/admin/builder/spi-builder-workspace/Sources/ContactFieldKit/Presentation/Modifiers/ContextMenuModifier.swift:12:19: error: 'UIAction' is unavailable in watchOS
    let actions: [UIAction]
                  ^~~~~~~~
/Applications/Xcode-26.3.0.app/Contents/Developer/Platforms/WatchOS.platform/Developer/SDKs/WatchOS26.2.sdk/System/Library/Frameworks/UIKit.framework/Headers/UIAction.h:29:12: note: 'UIAction' has been explicitly marked unavailable here
@interface UIAction : UIMenuElement <UIMenuLeaf>
           ^
/Users/admin/builder/spi-builder-workspace/Sources/ContactFieldKit/Presentation/View/ContextMenuInteractionView.swift:13:19: error: 'UIAction' is unavailable in watchOS
    let actions: [UIAction]
                  ^~~~~~~~
/Applications/Xcode-26.3.0.app/Contents/Developer/Platforms/WatchOS.platform/Developer/SDKs/WatchOS26.2.sdk/System/Library/Frameworks/UIKit.framework/Headers/UIAction.h:29:12: note: 'UIAction' has been explicitly marked unavailable here
@interface UIAction : UIMenuElement <UIMenuLeaf>
           ^
/Users/admin/builder/spi-builder-workspace/Sources/ContactFieldKit/Presentation/View/ContextMenuInteractionView.swift:22:30: error: cannot find type 'Context' in scope
    func makeUIView(context: Context) -> some UIView {
                             ^~~~~~~
/Users/admin/builder/spi-builder-workspace/Sources/ContactFieldKit/Presentation/View/ContextMenuInteractionView.swift:22:47: error: 'UIView' is unavailable in watchOS
    func makeUIView(context: Context) -> some UIView {
                                              ^~~~~~
/Applications/Xcode-26.3.0.app/Contents/Developer/Platforms/WatchOS.platform/Developer/SDKs/WatchOS26.2.sdk/System/Library/Frameworks/UIKit.framework/Headers/UIView.h:148:12: note: 'UIView' has been explicitly marked unavailable here
@interface UIView : UIResponder <NSCoding, UIAppearance, UIAppearanceContainer, UIDynamicItem, UITraitEnvironment, UICoordinateSpace, UIFocusItem, UIFocusItemContainer, CALayerDelegate>
           ^
/Users/admin/builder/spi-builder-workspace/Sources/ContactFieldKit/Presentation/View/ContextMenuInteractionView.swift:43:33: error: cannot find type 'UIViewType' in scope
    func updateUIView(_ uiView: UIViewType, context: Context) {
                                ^~~~~~~~~~
/Users/admin/builder/spi-builder-workspace/Sources/ContactFieldKit/Presentation/View/ContextMenuInteractionView.swift:43:54: error: cannot find type 'Context' in scope
    func updateUIView(_ uiView: UIViewType, context: Context) {
                                                     ^~~~~~~
/Users/admin/builder/spi-builder-workspace/Sources/ContactFieldKit/Presentation/View/ContextMenuInteractionView.swift:55:26: error: 'UIContextMenuInteraction' is unavailable in watchOS
        var contextMenu: UIContextMenuInteraction!
                         ^~~~~~~~~~~~~~~~~~~~~~~~
/Applications/Xcode-26.3.0.app/Contents/Developer/Platforms/WatchOS.platform/Developer/SDKs/WatchOS26.2.sdk/System/Library/Frameworks/UIKit.framework/Headers/UIContextMenuInteraction.h:32:12: note: 'UIContextMenuInteraction' has been explicitly marked unavailable here
@interface UIContextMenuInteraction : NSObject <UIInteraction>
           ^
/Users/admin/builder/spi-builder-workspace/Sources/ContactFieldKit/Presentation/View/ContextMenuInteractionView.swift:63:52: error: 'UIContextMenuInteraction' is unavailable in watchOS
        func contextMenuInteraction(_ interaction: UIContextMenuInteraction,
                                                   ^~~~~~~~~~~~~~~~~~~~~~~~
/Applications/Xcode-26.3.0.app/Contents/Developer/Platforms/WatchOS.platform/Developer/SDKs/WatchOS26.2.sdk/System/Library/Frameworks/UIKit.framework/Headers/UIContextMenuInteraction.h:32:12: note: 'UIContextMenuInteraction' has been explicitly marked unavailable here
@interface UIContextMenuInteraction : NSObject <UIInteraction>
           ^
/Users/admin/builder/spi-builder-workspace/Sources/ContactFieldKit/Presentation/View/ContextMenuInteractionView.swift:65:12: error: 'UIContextMenuConfiguration' is unavailable in watchOS
        -> UIContextMenuConfiguration? {
           ^~~~~~~~~~~~~~~~~~~~~~~~~~
/Applications/Xcode-26.3.0.app/Contents/Developer/Platforms/WatchOS.platform/Developer/SDKs/WatchOS26.2.sdk/System/Library/Frameworks/UIKit.framework/Headers/UIContextMenuConfiguration.h:39:12: note: 'UIContextMenuConfiguration' has been explicitly marked unavailable here
@interface UIContextMenuConfiguration : NSObject
           ^
/Users/admin/builder/spi-builder-workspace/Sources/ContactFieldKit/Presentation/View/ContextMenuInteractionView.swift:74:52: error: 'UIContextMenuInteraction' is unavailable in watchOS
        func contextMenuInteraction(_ interaction: UIContextMenuInteraction,
                                                   ^~~~~~~~~~~~~~~~~~~~~~~~
/Applications/Xcode-26.3.0.app/Contents/Developer/Platforms/WatchOS.platform/Developer/SDKs/WatchOS26.2.sdk/System/Library/Frameworks/UIKit.framework/Headers/UIContextMenuInteraction.h:32:12: note: 'UIContextMenuInteraction' has been explicitly marked unavailable here
@interface UIContextMenuInteraction : NSObject <UIInteraction>
           ^
/Users/admin/builder/spi-builder-workspace/Sources/ContactFieldKit/Presentation/View/ContextMenuInteractionView.swift:75:71: error: 'UIContextMenuConfiguration' is unavailable in watchOS
                                    willDisplayMenuFor configuration: UIContextMenuConfiguration,
                                                                      ^~~~~~~~~~~~~~~~~~~~~~~~~~
/Applications/Xcode-26.3.0.app/Contents/Developer/Platforms/WatchOS.platform/Developer/SDKs/WatchOS26.2.sdk/System/Library/Frameworks/UIKit.framework/Headers/UIContextMenuConfiguration.h:39:12: note: 'UIContextMenuConfiguration' has been explicitly marked unavailable here
@interface UIContextMenuConfiguration : NSObject
           ^
/Users/admin/builder/spi-builder-workspace/Sources/ContactFieldKit/Presentation/View/ContextMenuInteractionView.swift:76:47: error: 'UIContextMenuInteractionAnimating' is unavailable in watchOS
                                    animator: UIContextMenuInteractionAnimating?) {
                                              ^~~~~~~~~~~~~~~~~~~~~~~~~~~~~~~~~
/Applications/Xcode-26.3.0.app/Contents/Developer/Platforms/WatchOS.platform/Developer/SDKs/WatchOS26.2.sdk/System/Library/Frameworks/UIKit.framework/Headers/UIContextMenuInteraction.h:79:11: note: 'UIContextMenuInteractionAnimating' has been explicitly marked unavailable here
@protocol UIContextMenuInteractionAnimating <NSObject>
          ^
/Users/admin/builder/spi-builder-workspace/Sources/ContactFieldKit/Presentation/View/ContextMenuInteractionView.swift:80:52: error: 'UIContextMenuInteraction' is unavailable in watchOS
        func contextMenuInteraction(_ interaction: UIContextMenuInteraction,
                                                   ^~~~~~~~~~~~~~~~~~~~~~~~
/Applications/Xcode-26.3.0.app/Contents/Developer/Platforms/WatchOS.platform/Developer/SDKs/WatchOS26.2.sdk/System/Library/Frameworks/UIKit.framework/Headers/UIContextMenuInteraction.h:32:12: note: 'UIContextMenuInteraction' has been explicitly marked unavailable here
@interface UIContextMenuInteraction : NSObject <UIInteraction>
           ^
/Users/admin/builder/spi-builder-workspace/Sources/ContactFieldKit/Presentation/View/ContextMenuInteractionView.swift:81:63: error: 'UIContextMenuConfiguration' is unavailable in watchOS
                                    willEndFor configuration: UIContextMenuConfiguration,
                                                              ^~~~~~~~~~~~~~~~~~~~~~~~~~
/Applications/Xcode-26.3.0.app/Contents/Developer/Platforms/WatchOS.platform/Developer/SDKs/WatchOS26.2.sdk/System/Library/Frameworks/UIKit.framework/Headers/UIContextMenuConfiguration.h:39:12: note: 'UIContextMenuConfiguration' has been explicitly marked unavailable here
@interface UIContextMenuConfiguration : NSObject
           ^
/Users/admin/builder/spi-builder-workspace/Sources/ContactFieldKit/Presentation/View/ContextMenuInteractionView.swift:82:47: error: 'UIContextMenuInteractionAnimating' is unavailable in watchOS
                                    animator: UIContextMenuInteractionAnimating?) {
                                              ^~~~~~~~~~~~~~~~~~~~~~~~~~~~~~~~~
/Applications/Xcode-26.3.0.app/Contents/Developer/Platforms/WatchOS.platform/Developer/SDKs/WatchOS26.2.sdk/System/Library/Frameworks/UIKit.framework/Headers/UIContextMenuInteraction.h:79:11: note: 'UIContextMenuInteractionAnimating' has been explicitly marked unavailable here
@protocol UIContextMenuInteractionAnimating <NSObject>
          ^
/Users/admin/builder/spi-builder-workspace/Sources/ContactFieldKit/Presentation/View/ContextMenuInteractionView.swift:86:52: error: 'UIContextMenuInteraction' is unavailable in watchOS
        func contextMenuInteraction(_ interaction: UIContextMenuInteraction,
                                                   ^~~~~~~~~~~~~~~~~~~~~~~~
/Applications/Xcode-26.3.0.app/Contents/Developer/Platforms/WatchOS.platform/Developer/SDKs/WatchOS26.2.sdk/System/Library/Frameworks/UIKit.framework/Headers/UIContextMenuInteraction.h:32:12: note: 'UIContextMenuInteraction' has been explicitly marked unavailable here
@interface UIContextMenuInteraction : NSObject <UIInteraction>
           ^
/Users/admin/builder/spi-builder-workspace/Sources/ContactFieldKit/Presentation/View/ContextMenuInteractionView.swift:87:96: error: 'UIContextMenuConfiguration' is unavailable in watchOS
                                    previewForHighlightingMenuWithConfiguration configuration: UIContextMenuConfiguration)
                                                                                               ^~~~~~~~~~~~~~~~~~~~~~~~~~
/Applications/Xcode-26.3.0.app/Contents/Developer/Platforms/WatchOS.platform/Developer/SDKs/WatchOS26.2.sdk/System/Library/Frameworks/UIKit.framework/Headers/UIContextMenuConfiguration.h:39:12: note: 'UIContextMenuConfiguration' has been explicitly marked unavailable here
@interface UIContextMenuConfiguration : NSObject
           ^
/Users/admin/builder/spi-builder-workspace/Sources/ContactFieldKit/Presentation/View/ContextMenuInteractionView.swift:88:12: error: 'UITargetedPreview' is unavailable in watchOS
        -> UITargetedPreview? {
           ^~~~~~~~~~~~~~~~~
/Applications/Xcode-26.3.0.app/Contents/Developer/Platforms/WatchOS.platform/Developer/SDKs/WatchOS26.2.sdk/System/Library/Frameworks/UIKit.framework/Headers/UITargetedPreview.h:45:12: note: 'UITargetedPreview' has been explicitly marked unavailable here
@interface UITargetedPreview : NSObject <NSCopying>
           ^
/Users/admin/builder/spi-builder-workspace/Sources/ContactFieldKit/Presentation/View/ContextMenuInteractionView.swift:100:52: error: 'UIContextMenuInteraction' is unavailable in watchOS
        func contextMenuInteraction(_ interaction: UIContextMenuInteraction,
                                                   ^~~~~~~~~~~~~~~~~~~~~~~~
/Applications/Xcode-26.3.0.app/Contents/Developer/Platforms/WatchOS.platform/Developer/SDKs/WatchOS26.2.sdk/System/Library/Frameworks/UIKit.framework/Headers/UIContextMenuInteraction.h:32:12: note: 'UIContextMenuInteraction' has been explicitly marked unavailable here
@interface UIContextMenuInteraction : NSObject <UIInteraction>
           ^
/Users/admin/builder/spi-builder-workspace/Sources/ContactFieldKit/Presentation/View/ContextMenuInteractionView.swift:101:94: error: 'UIContextMenuConfiguration' is unavailable in watchOS
                                    previewForDismissingMenuWithConfiguration configuration: UIContextMenuConfiguration)
                                                                                             ^~~~~~~~~~~~~~~~~~~~~~~~~~
/Applications/Xcode-26.3.0.app/Contents/Developer/Platforms/WatchOS.platform/Developer/SDKs/WatchOS26.2.sdk/System/Library/Frameworks/UIKit.framework/Headers/UIContextMenuConfiguration.h:39:12: note: 'UIContextMenuConfiguration' has been explicitly marked unavailable here
@interface UIContextMenuConfiguration : NSObject
           ^
/Users/admin/builder/spi-builder-workspace/Sources/ContactFieldKit/Presentation/View/ContextMenuInteractionView.swift:102:12: error: 'UITargetedPreview' is unavailable in watchOS
        -> UITargetedPreview? {
           ^~~~~~~~~~~~~~~~~
/Applications/Xcode-26.3.0.app/Contents/Developer/Platforms/WatchOS.platform/Developer/SDKs/WatchOS26.2.sdk/System/Library/Frameworks/UIKit.framework/Headers/UITargetedPreview.h:45:12: note: 'UITargetedPreview' has been explicitly marked unavailable here
@interface UITargetedPreview : NSObject <NSCopying>
           ^
/Users/admin/builder/spi-builder-workspace/Sources/ContactFieldKit/Presentation/View/ContextMenuInteractionView.swift:53:35: error: 'UIContextMenuInteractionDelegate' is unavailable in watchOS
    class Coordinator: NSObject,  UIContextMenuInteractionDelegate{
                                  ^~~~~~~~~~~~~~~~~~~~~~~~~~~~~~~~
/Applications/Xcode-26.3.0.app/Contents/Developer/Platforms/WatchOS.platform/Developer/SDKs/WatchOS26.2.sdk/System/Library/Frameworks/UIKit.framework/Headers/UIContextMenuInteraction.h:99:11: note: 'UIContextMenuInteractionDelegate' has been explicitly marked unavailable here
@protocol UIContextMenuInteractionDelegate <NSObject>
          ^
/Users/admin/builder/spi-builder-workspace/Sources/ContactFieldKit/Presentation/View/ContextMenuInteractionView.swift:10:51: error: cannot find type 'UIViewRepresentable' in scope
struct ContextMenuInteractionView<Content: View>: UIViewRepresentable {
                                                  ^~~~~~~~~~~~~~~~~~~
SwiftCompile normal arm64_32 Compiling\ ContextMenuInteractionView.swift,\ LabelPickerView.swift /Users/admin/builder/spi-builder-workspace/Sources/ContactFieldKit/Presentation/View/ContextMenuInteractionView.swift /Users/admin/builder/spi-builder-workspace/Sources/ContactFieldKit/Presentation/View/LabelPickerView.swift (in target 'ContactFieldKit' from project 'ContactFieldKit')
SwiftCompile normal arm64_32 /Users/admin/builder/spi-builder-workspace/Sources/ContactFieldKit/Presentation/View/ContextMenuInteractionView.swift (in target 'ContactFieldKit' from project 'ContactFieldKit')
    cd /Users/admin/builder/spi-builder-workspace/.swiftpm/xcode

SwiftCompile normal arm64_32 /Users/admin/builder/spi-builder-workspace/Sources/ContactFieldKit/Presentation/View/LabelPickerView.swift (in target 'ContactFieldKit' from project 'ContactFieldKit')
    cd /Users/admin/builder/spi-builder-workspace/.swiftpm/xcode

SwiftEmitModule normal arm64 Emitting\ module\ for\ ContactFieldKit (in target 'ContactFieldKit' from project 'ContactFieldKit')
EmitSwiftModule normal arm64 (in target 'ContactFieldKit' from project 'ContactFieldKit')
    cd /Users/admin/builder/spi-builder-workspace/.swiftpm/xcode

SwiftCompile normal arm64 Compiling\ ContextMenuInteractionView.swift,\ LabelPickerView.swift /Users/admin/builder/spi-builder-workspace/Sources/ContactFieldKit/Presentation/View/ContextMenuInteractionView.swift /Users/admin/builder/spi-builder-workspace/Sources/ContactFieldKit/Presentation/View/LabelPickerView.swift (in target 'ContactFieldKit' from project 'ContactFieldKit')
SwiftCompile normal arm64 /Users/admin/builder/spi-builder-workspace/Sources/ContactFieldKit/Presentation/View/ContextMenuInteractionView.swift (in target 'ContactFieldKit' from project 'ContactFieldKit')
    cd /Users/admin/builder/spi-builder-workspace/.swiftpm/xcode

SwiftCompile normal arm64 /Users/admin/builder/spi-builder-workspace/Sources/ContactFieldKit/Presentation/View/LabelPickerView.swift (in target 'ContactFieldKit' from project 'ContactFieldKit')
    cd /Users/admin/builder/spi-builder-workspace/.swiftpm/xcode

2026-07-20 18:14:52.548 xcodebuild[899:5330] [MT] IDERunDestination: Supported platforms for the buildables in the current scheme is empty.
** BUILD FAILED **
The following build commands failed:
	SwiftEmitModule normal arm64_32 Emitting\ module\ for\ ContactFieldKit (in target 'ContactFieldKit' from project 'ContactFieldKit')
	EmitSwiftModule normal arm64_32 (in target 'ContactFieldKit' from project 'ContactFieldKit')
	Building workspace spi-builder-workspace with scheme ContactFieldKit
(3 failures)
BUILD FAILURE 6.2 watchOS