Build Information
Failed to build XcodesKit, reference v1.1.0 (4d3c60), with Swift 6.2 for Linux on 14 Sep 2026 18:15:02 UTC.
Build Command
bash -c docker run --pull=always --rm -v "checkouts-54344845-2":/host -w "$PWD" -e JAVA_HOME="/root/.sdkman/candidates/java/current" -e SPI_BUILD="1" -e SPI_PROCESSING="1" registry.gitlab.com/saguaro1/spi-images:basic-6.2-latest swift build --triple x86_64-unknown-linux-gnu 2>&1Build Log
========================================
RunAll
========================================
Builder version: 5.0.2
Interrupt handler set up.
========================================
Checkout
========================================
Clone URL: https://github.com/XcodesOrg/XcodesKit.git
Reference: v1.1.0
Initialized empty Git repository in /host/spi-builder-workspace/.git/
hint: Using 'master' as the name for the initial branch. This default branch name
hint: is subject to change. To configure the initial branch name to use in all
hint: of your new repositories, which will suppress this warning, call:
hint:
hint: git config --global init.defaultBranch <name>
hint:
hint: Names commonly chosen instead of 'master' are 'main', 'trunk' and
hint: 'development'. The just-created branch can be renamed via this command:
hint:
hint: git branch -m <name>
From https://github.com/XcodesOrg/XcodesKit
* tag v1.1.0 -> FETCH_HEAD
HEAD is now at 4d3c609 Merge pull request #7 from abiligiri/async-move-item-for-helper
Cloned https://github.com/XcodesOrg/XcodesKit.git
Revision (git rev-parse @):
4d3c6093980978b74c3fa42fc1b90cd1c34ac911
SUCCESS checkout https://github.com/XcodesOrg/XcodesKit.git at v1.1.0
========================================
Build
========================================
Selected platform: linux
Swift version: 6.2
Building package at path: $PWD
https://github.com/XcodesOrg/XcodesKit.git
Running build ...
bash -c docker run --pull=always --rm -v "checkouts-54344845-2":/host -w "$PWD" -e JAVA_HOME="/root/.sdkman/candidates/java/current" -e SPI_BUILD="1" -e SPI_PROCESSING="1" registry.gitlab.com/saguaro1/spi-images:basic-6.2-latest swift build --triple x86_64-unknown-linux-gnu 2>&1
basic-6.2-latest: Pulling from saguaro1/spi-images
Digest: sha256:813c8e8a77634154d7d247705cb89167ff1c866446abbe321f542129dc4cf5a7
Status: Image is up to date for registry.gitlab.com/saguaro1/spi-images:basic-6.2-latest
Fetching https://github.com/mxcl/Version
Fetching https://github.com/scinfu/SwiftSoup
Fetching https://github.com/mxcl/Path.swift
[1/1222] Fetching path.swift
Fetched https://github.com/mxcl/Path.swift from cache (0.46s)
[1/311] Fetching version
[312/6673] Fetching version, swiftsoup
Fetched https://github.com/mxcl/Version from cache (0.80s)
Fetched https://github.com/scinfu/SwiftSoup from cache (0.81s)
Computing version for https://github.com/scinfu/SwiftSoup
Computed https://github.com/scinfu/SwiftSoup at 2.0.0 (1.75s)
Computing version for https://github.com/mxcl/Version
Computed https://github.com/mxcl/Version at 1.0.3 (1.08s)
Computing version for https://github.com/mxcl/Path.swift
Computed https://github.com/mxcl/Path.swift at 1.6.0 (0.33s)
Creating working copy for https://github.com/mxcl/Path.swift
Working copy of https://github.com/mxcl/Path.swift resolved at 1.6.0
Creating working copy for https://github.com/scinfu/SwiftSoup
Working copy of https://github.com/scinfu/SwiftSoup resolved at 2.0.0
Creating working copy for https://github.com/mxcl/Version
Working copy of https://github.com/mxcl/Version resolved at 1.0.3
Building for debugging...
[0/5] Write sources
[4/5] Write swift-version-24593BA9C3E375BF.txt
[6/71] Emitting module Version
[7/71] Compiling Version Version.swift
[8/71] Compiling Version Version+Range.swift
[9/71] Compiling Path Path+StringConvertibles.swift
[10/72] Compiling Path Pathish.swift
[11/72] Compiling Path PathToBool.swift
[12/72] Compiling Version Version+Foundation.swift
[13/72] Compiling Version Version+Codable.swift
[14/72] Compiling Version Version+Comparable.swift
[15/73] Compiling Path Path+FileManager.swift
[17/73] Compiling Path Path.swift
[18/73] Compiling SwiftSoup Attributes.swift
[19/73] Compiling SwiftSoup BooleanAttribute.swift
[20/73] Compiling SwiftSoup ArrayExt.swift
[21/73] Compiling SwiftSoup Attribute.swift
[22/73] Emitting module Path
[23/73] Compiling Path Path+ls.swift
[24/74] Compiling SwiftSoup Collector.swift
[25/74] Compiling SwiftSoup CombiningEvaluator.swift
[26/74] Compiling SwiftSoup Comment.swift
[27/74] Compiling SwiftSoup Connection.swift
[28/74] Compiling SwiftSoup DataNode.swift
[29/74] Compiling SwiftSoup DataUtil.swift
[30/74] Compiling SwiftSoup Document.swift
[31/81] Compiling SwiftSoup StructuralEvaluator.swift
[32/81] Compiling SwiftSoup SwiftSoup.swift
[33/81] Compiling SwiftSoup Tag.swift
[34/81] Compiling SwiftSoup TextNode.swift
[35/81] Compiling SwiftSoup Token.swift
[36/81] Compiling SwiftSoup TokenQueue.swift
[37/81] Compiling SwiftSoup Tokeniser.swift
[38/81] Compiling SwiftSoup Selector.swift
[39/81] Compiling SwiftSoup SerializationException.swift
[40/81] Compiling SwiftSoup SimpleDictionary.swift
[41/81] Compiling SwiftSoup StreamReader.swift
[42/81] Compiling SwiftSoup String.swift
[43/81] Compiling SwiftSoup StringBuilder.swift
[44/81] Compiling SwiftSoup StringUtil.swift
[45/81] Compiling SwiftSoup OrderedSet.swift
[46/81] Compiling SwiftSoup ParseError.swift
[47/81] Compiling SwiftSoup ParseErrorList.swift
[48/81] Compiling SwiftSoup ParseSettings.swift
[49/81] Compiling SwiftSoup Parser.swift
[50/81] Compiling SwiftSoup Pattern.swift
[51/81] Compiling SwiftSoup QueryParser.swift
[57/81] Compiling SwiftSoup CharacterExt.swift
[58/81] Compiling SwiftSoup CharacterReader.swift
[59/81] Compiling SwiftSoup Cleaner.swift
[60/81] Emitting module SwiftSoup
[61/81] Compiling SwiftSoup DocumentType.swift
[62/81] Compiling SwiftSoup Element.swift
[63/81] Compiling SwiftSoup Elements.swift
[64/81] Compiling SwiftSoup Entities.swift
[65/81] Compiling SwiftSoup Evaluator.swift
[66/81] Compiling SwiftSoup Exception.swift
[67/81] Compiling SwiftSoup FormElement.swift
[68/81] Compiling SwiftSoup HtmlTreeBuilder.swift
[69/81] Compiling SwiftSoup HtmlTreeBuilderState.swift
[70/81] Compiling SwiftSoup HttpStatusException.swift
[71/81] Compiling SwiftSoup Node.swift
[72/81] Compiling SwiftSoup NodeTraversor.swift
[73/81] Compiling SwiftSoup NodeVisitor.swift
[74/81] Compiling SwiftSoup OrderedDictionary.swift
[75/81] Compiling SwiftSoup TokeniserState.swift
[76/81] Compiling SwiftSoup TreeBuilder.swift
[77/81] Compiling SwiftSoup UnicodeScalar.swift
[78/81] Compiling SwiftSoup Validate.swift
[79/81] Compiling SwiftSoup Whitelist.swift
[80/81] Compiling SwiftSoup XmlDeclaration.swift
[81/81] Compiling SwiftSoup XmlTreeBuilder.swift
[83/161] Compiling XcodesKit XcodeInstallRetryService.swift
/host/spi-builder-workspace/Sources/XcodesKit/Concurrency/OneShotContinuation.swift:2:8: error: no such module 'os'
1 | import Foundation
2 | import os
| `- error: no such module 'os'
3 |
4 | public final class OneShotContinuation<Value: Sendable>: Sendable {
[84/161] Compiling XcodesKit XcodeListComposer.swift
/host/spi-builder-workspace/Sources/XcodesKit/Concurrency/OneShotContinuation.swift:2:8: error: no such module 'os'
1 | import Foundation
2 | import os
| `- error: no such module 'os'
3 |
4 | public final class OneShotContinuation<Value: Sendable>: Sendable {
[85/161] Compiling XcodesKit XcodeListPresentationService.swift
/host/spi-builder-workspace/Sources/XcodesKit/Concurrency/OneShotContinuation.swift:2:8: error: no such module 'os'
1 | import Foundation
2 | import os
| `- error: no such module 'os'
3 |
4 | public final class OneShotContinuation<Value: Sendable>: Sendable {
[86/161] Compiling XcodesKit XcodeListService.swift
/host/spi-builder-workspace/Sources/XcodesKit/Concurrency/OneShotContinuation.swift:2:8: error: no such module 'os'
1 | import Foundation
2 | import os
| `- error: no such module 'os'
3 |
4 | public final class OneShotContinuation<Value: Sendable>: Sendable {
[87/161] Compiling XcodesKit XcodeListStore.swift
/host/spi-builder-workspace/Sources/XcodesKit/Concurrency/OneShotContinuation.swift:2:8: error: no such module 'os'
1 | import Foundation
2 | import os
| `- error: no such module 'os'
3 |
4 | public final class OneShotContinuation<Value: Sendable>: Sendable {
[88/161] Compiling XcodesKit XcodePostInstallPreparationService.swift
/host/spi-builder-workspace/Sources/XcodesKit/Concurrency/OneShotContinuation.swift:2:8: error: no such module 'os'
1 | import Foundation
2 | import os
| `- error: no such module 'os'
3 |
4 | public final class OneShotContinuation<Value: Sendable>: Sendable {
[89/161] Compiling XcodesKit XcodePostInstallService.swift
/host/spi-builder-workspace/Sources/XcodesKit/Concurrency/OneShotContinuation.swift:2:8: error: no such module 'os'
1 | import Foundation
2 | import os
| `- error: no such module 'os'
3 |
4 | public final class OneShotContinuation<Value: Sendable>: Sendable {
[90/161] Compiling XcodesKit XcodePostInstallWorkflowService.swift
/host/spi-builder-workspace/Sources/XcodesKit/Concurrency/OneShotContinuation.swift:2:8: error: no such module 'os'
1 | import Foundation
2 | import os
| `- error: no such module 'os'
3 |
4 | public final class OneShotContinuation<Value: Sendable>: Sendable {
[91/161] Compiling XcodesKit XcodeSelectionFilesystemService.swift
/host/spi-builder-workspace/Sources/XcodesKit/Concurrency/OneShotContinuation.swift:2:8: error: no such module 'os'
1 | import Foundation
2 | import os
| `- error: no such module 'os'
3 |
4 | public final class OneShotContinuation<Value: Sendable>: Sendable {
[92/161] Compiling XcodesKit XcodeSelectionService.swift
/host/spi-builder-workspace/Sources/XcodesKit/Concurrency/OneShotContinuation.swift:2:8: error: no such module 'os'
1 | import Foundation
2 | import os
| `- error: no such module 'os'
3 |
4 | public final class OneShotContinuation<Value: Sendable>: Sendable {
[93/161] Compiling XcodesKit XcodeSignatureVerifier.swift
/host/spi-builder-workspace/Sources/XcodesKit/Concurrency/OneShotContinuation.swift:2:8: error: no such module 'os'
1 | import Foundation
2 | import os
| `- error: no such module 'os'
3 |
4 | public final class OneShotContinuation<Value: Sendable>: Sendable {
[94/172] Compiling XcodesKit OneShotContinuation.swift
/host/spi-builder-workspace/Sources/XcodesKit/Concurrency/OneShotContinuation.swift:2:8: error: no such module 'os'
1 | import Foundation
2 | import os
| `- error: no such module 'os'
3 |
4 | public final class OneShotContinuation<Value: Sendable>: Sendable {
[95/172] Compiling XcodesKit DateFormatter+XcodeList.swift
/host/spi-builder-workspace/Sources/XcodesKit/Concurrency/OneShotContinuation.swift:2:8: error: no such module 'os'
1 | import Foundation
2 | import os
| `- error: no such module 'os'
3 |
4 | public final class OneShotContinuation<Value: Sendable>: Sendable {
[96/172] Compiling XcodesKit FileManager+Trash.swift
/host/spi-builder-workspace/Sources/XcodesKit/Concurrency/OneShotContinuation.swift:2:8: error: no such module 'os'
1 | import Foundation
2 | import os
| `- error: no such module 'os'
3 |
4 | public final class OneShotContinuation<Value: Sendable>: Sendable {
[97/172] Compiling XcodesKit Foundation.swift
/host/spi-builder-workspace/Sources/XcodesKit/Concurrency/OneShotContinuation.swift:2:8: error: no such module 'os'
1 | import Foundation
2 | import os
| `- error: no such module 'os'
3 |
4 | public final class OneShotContinuation<Value: Sendable>: Sendable {
[98/172] Compiling XcodesKit Logger.swift
/host/spi-builder-workspace/Sources/XcodesKit/Concurrency/OneShotContinuation.swift:2:8: error: no such module 'os'
1 | import Foundation
2 | import os
| `- error: no such module 'os'
3 |
4 | public final class OneShotContinuation<Value: Sendable>: Sendable {
[99/172] Compiling XcodesKit OperatingSystemVersion+Xcodes.swift
/host/spi-builder-workspace/Sources/XcodesKit/Concurrency/OneShotContinuation.swift:2:8: error: no such module 'os'
1 | import Foundation
2 | import os
| `- error: no such module 'os'
3 |
4 | public final class OneShotContinuation<Value: Sendable>: Sendable {
[100/172] Compiling XcodesKit Path+Ownership.swift
/host/spi-builder-workspace/Sources/XcodesKit/Concurrency/OneShotContinuation.swift:2:8: error: no such module 'os'
1 | import Foundation
2 | import os
| `- error: no such module 'os'
3 |
4 | public final class OneShotContinuation<Value: Sendable>: Sendable {
[101/172] Compiling XcodesKit Path+XcodeBundle.swift
/host/spi-builder-workspace/Sources/XcodesKit/Concurrency/OneShotContinuation.swift:2:8: error: no such module 'os'
1 | import Foundation
2 | import os
| `- error: no such module 'os'
3 |
4 | public final class OneShotContinuation<Value: Sendable>: Sendable {
[102/172] Compiling XcodesKit Progress+Xcodes.swift
/host/spi-builder-workspace/Sources/XcodesKit/Concurrency/OneShotContinuation.swift:2:8: error: no such module 'os'
1 | import Foundation
2 | import os
| `- error: no such module 'os'
3 |
4 | public final class OneShotContinuation<Value: Sendable>: Sendable {
[103/172] Compiling XcodesKit Version+Gem.swift
/host/spi-builder-workspace/Sources/XcodesKit/Concurrency/OneShotContinuation.swift:2:8: error: no such module 'os'
1 | import Foundation
2 | import os
| `- error: no such module 'os'
3 |
4 | public final class OneShotContinuation<Value: Sendable>: Sendable {
[104/172] Compiling XcodesKit Version+Matching.swift
/host/spi-builder-workspace/Sources/XcodesKit/Concurrency/OneShotContinuation.swift:2:8: error: no such module 'os'
1 | import Foundation
2 | import os
| `- error: no such module 'os'
3 |
4 | public final class OneShotContinuation<Value: Sendable>: Sendable {
[105/172] Compiling XcodesKit Version+Xcode.swift
/host/spi-builder-workspace/Sources/XcodesKit/Concurrency/OneShotContinuation.swift:2:8: error: no such module 'os'
1 | import Foundation
2 | import os
| `- error: no such module 'os'
3 |
4 | public final class OneShotContinuation<Value: Sendable>: Sendable {
error: emit-module command failed with exit code 1 (use -v to see invocation)
[106/172] Emitting module XcodesKit
/host/spi-builder-workspace/Sources/XcodesKit/Concurrency/OneShotContinuation.swift:2:8: error: no such module 'os'
1 | import Foundation
2 | import os
| `- error: no such module 'os'
3 |
4 | public final class OneShotContinuation<Value: Sendable>: Sendable {
[107/172] Compiling XcodesKit AvailableXcodeCache.swift
/host/spi-builder-workspace/Sources/XcodesKit/Concurrency/OneShotContinuation.swift:2:8: error: no such module 'os'
1 | import Foundation
2 | import os
| `- error: no such module 'os'
3 |
4 | public final class OneShotContinuation<Value: Sendable>: Sendable {
[108/172] Compiling XcodesKit CodableFileStore.swift
/host/spi-builder-workspace/Sources/XcodesKit/Concurrency/OneShotContinuation.swift:2:8: error: no such module 'os'
1 | import Foundation
2 | import os
| `- error: no such module 'os'
3 |
4 | public final class OneShotContinuation<Value: Sendable>: Sendable {
[109/172] Compiling XcodesKit DownloadableRuntimeCache.swift
/host/spi-builder-workspace/Sources/XcodesKit/Concurrency/OneShotContinuation.swift:2:8: error: no such module 'os'
1 | import Foundation
2 | import os
| `- error: no such module 'os'
3 |
4 | public final class OneShotContinuation<Value: Sendable>: Sendable {
[110/172] Compiling XcodesKit HostHardware.swift
/host/spi-builder-workspace/Sources/XcodesKit/Concurrency/OneShotContinuation.swift:2:8: error: no such module 'os'
1 | import Foundation
2 | import os
| `- error: no such module 'os'
3 |
4 | public final class OneShotContinuation<Value: Sendable>: Sendable {
[111/172] Compiling XcodesKit InstalledXcodeDiscoveryService.swift
/host/spi-builder-workspace/Sources/XcodesKit/Concurrency/OneShotContinuation.swift:2:8: error: no such module 'os'
1 | import Foundation
2 | import os
| `- error: no such module 'os'
3 |
4 | public final class OneShotContinuation<Value: Sendable>: Sendable {
[112/172] Compiling XcodesKit ProgressObservation.swift
/host/spi-builder-workspace/Sources/XcodesKit/Concurrency/OneShotContinuation.swift:2:8: error: no such module 'os'
1 | import Foundation
2 | import os
| `- error: no such module 'os'
3 |
4 | public final class OneShotContinuation<Value: Sendable>: Sendable {
[113/172] Compiling XcodesKit RuntimeArchiveDownloadStrategyService.swift
/host/spi-builder-workspace/Sources/XcodesKit/Concurrency/OneShotContinuation.swift:2:8: error: no such module 'os'
1 | import Foundation
2 | import os
| `- error: no such module 'os'
3 |
4 | public final class OneShotContinuation<Value: Sendable>: Sendable {
[114/172] Compiling XcodesKit RuntimeArchiveInstallService.swift
/host/spi-builder-workspace/Sources/XcodesKit/Concurrency/OneShotContinuation.swift:2:8: error: no such module 'os'
1 | import Foundation
2 | import os
| `- error: no such module 'os'
3 |
4 | public final class OneShotContinuation<Value: Sendable>: Sendable {
[115/172] Compiling XcodesKit RuntimeArchiveService.swift
/host/spi-builder-workspace/Sources/XcodesKit/Concurrency/OneShotContinuation.swift:2:8: error: no such module 'os'
1 | import Foundation
2 | import os
| `- error: no such module 'os'
3 |
4 | public final class OneShotContinuation<Value: Sendable>: Sendable {
[116/172] Compiling XcodesKit RuntimeInstallPolicy.swift
/host/spi-builder-workspace/Sources/XcodesKit/Concurrency/OneShotContinuation.swift:2:8: error: no such module 'os'
1 | import Foundation
2 | import os
| `- error: no such module 'os'
3 |
4 | public final class OneShotContinuation<Value: Sendable>: Sendable {
[117/172] Compiling XcodesKit RuntimeInstallationLookupService.swift
/host/spi-builder-workspace/Sources/XcodesKit/Concurrency/OneShotContinuation.swift:2:8: error: no such module 'os'
1 | import Foundation
2 | import os
| `- error: no such module 'os'
3 |
4 | public final class OneShotContinuation<Value: Sendable>: Sendable {
[118/172] Compiling XcodesKit XcodeUnarchiveService.swift
/host/spi-builder-workspace/Sources/XcodesKit/Concurrency/OneShotContinuation.swift:2:8: error: no such module 'os'
1 | import Foundation
2 | import os
| `- error: no such module 'os'
3 |
4 | public final class OneShotContinuation<Value: Sendable>: Sendable {
[119/172] Compiling XcodesKit XcodeUninstallService.swift
/host/spi-builder-workspace/Sources/XcodesKit/Concurrency/OneShotContinuation.swift:2:8: error: no such module 'os'
1 | import Foundation
2 | import os
| `- error: no such module 'os'
3 |
4 | public final class OneShotContinuation<Value: Sendable>: Sendable {
[120/172] Compiling XcodesKit XcodeUpdatePolicy.swift
/host/spi-builder-workspace/Sources/XcodesKit/Concurrency/OneShotContinuation.swift:2:8: error: no such module 'os'
1 | import Foundation
2 | import os
| `- error: no such module 'os'
3 |
4 | public final class OneShotContinuation<Value: Sendable>: Sendable {
[121/172] Compiling XcodesKit XcodeValidationService.swift
/host/spi-builder-workspace/Sources/XcodesKit/Concurrency/OneShotContinuation.swift:2:8: error: no such module 'os'
1 | import Foundation
2 | import os
| `- error: no such module 'os'
3 |
4 | public final class OneShotContinuation<Value: Sendable>: Sendable {
[122/172] Compiling XcodesKit XcodeVersionFileService.swift
/host/spi-builder-workspace/Sources/XcodesKit/Concurrency/OneShotContinuation.swift:2:8: error: no such module 'os'
1 | import Foundation
2 | import os
| `- error: no such module 'os'
3 |
4 | public final class OneShotContinuation<Value: Sendable>: Sendable {
[123/172] Compiling XcodesKit XcodebuildRuntimeDownloadService.swift
/host/spi-builder-workspace/Sources/XcodesKit/Concurrency/OneShotContinuation.swift:2:8: error: no such module 'os'
1 | import Foundation
2 | import os
| `- error: no such module 'os'
3 |
4 | public final class OneShotContinuation<Value: Sendable>: Sendable {
[124/172] Compiling XcodesKit XcodesPathResolver.swift
/host/spi-builder-workspace/Sources/XcodesKit/Concurrency/OneShotContinuation.swift:2:8: error: no such module 'os'
1 | import Foundation
2 | import os
| `- error: no such module 'os'
3 |
4 | public final class OneShotContinuation<Value: Sendable>: Sendable {
[125/172] Compiling XcodesKit Process.swift
/host/spi-builder-workspace/Sources/XcodesKit/Concurrency/OneShotContinuation.swift:2:8: error: no such module 'os'
1 | import Foundation
2 | import os
| `- error: no such module 'os'
3 |
4 | public final class OneShotContinuation<Value: Sendable>: Sendable {
[126/172] Compiling XcodesKit ProcessProgressStream.swift
/host/spi-builder-workspace/Sources/XcodesKit/Concurrency/OneShotContinuation.swift:2:8: error: no such module 'os'
1 | import Foundation
2 | import os
| `- error: no such module 'os'
3 |
4 | public final class OneShotContinuation<Value: Sendable>: Sendable {
[127/172] Compiling XcodesKit XcodesShell.swift
/host/spi-builder-workspace/Sources/XcodesKit/Concurrency/OneShotContinuation.swift:2:8: error: no such module 'os'
1 | import Foundation
2 | import os
| `- error: no such module 'os'
3 |
4 | public final class OneShotContinuation<Value: Sendable>: Sendable {
[128/172] Compiling XcodesKit XcodesKitEnvironment.swift
/host/spi-builder-workspace/Sources/XcodesKit/Concurrency/OneShotContinuation.swift:2:8: error: no such module 'os'
1 | import Foundation
2 | import os
| `- error: no such module 'os'
3 |
4 | public final class OneShotContinuation<Value: Sendable>: Sendable {
[129/172] Compiling XcodesKit Release.swift
/host/spi-builder-workspace/Sources/XcodesKit/Concurrency/OneShotContinuation.swift:2:8: error: no such module 'os'
1 | import Foundation
2 | import os
| `- error: no such module 'os'
3 |
4 | public final class OneShotContinuation<Value: Sendable>: Sendable {
[130/172] Compiling XcodesKit SDKs.swift
/host/spi-builder-workspace/Sources/XcodesKit/Concurrency/OneShotContinuation.swift:2:8: error: no such module 'os'
1 | import Foundation
2 | import os
| `- error: no such module 'os'
3 |
4 | public final class OneShotContinuation<Value: Sendable>: Sendable {
[131/172] Compiling XcodesKit XcodeRelease.swift
/host/spi-builder-workspace/Sources/XcodesKit/Concurrency/OneShotContinuation.swift:2:8: error: no such module 'os'
1 | import Foundation
2 | import os
| `- error: no such module 'os'
3 |
4 | public final class OneShotContinuation<Value: Sendable>: Sendable {
[132/172] Compiling XcodesKit XcodeVersion.swift
/host/spi-builder-workspace/Sources/XcodesKit/Concurrency/OneShotContinuation.swift:2:8: error: no such module 'os'
1 | import Foundation
2 | import os
| `- error: no such module 'os'
3 |
4 | public final class OneShotContinuation<Value: Sendable>: Sendable {
[133/172] Compiling XcodesKit YMD.swift
/host/spi-builder-workspace/Sources/XcodesKit/Concurrency/OneShotContinuation.swift:2:8: error: no such module 'os'
1 | import Foundation
2 | import os
| `- error: no such module 'os'
3 |
4 | public final class OneShotContinuation<Value: Sendable>: Sendable {
[134/172] Compiling XcodesKit AutoInstallationType.swift
/host/spi-builder-workspace/Sources/XcodesKit/Concurrency/OneShotContinuation.swift:2:8: error: no such module 'os'
1 | import Foundation
2 | import os
| `- error: no such module 'os'
3 |
4 | public final class OneShotContinuation<Value: Sendable>: Sendable {
[135/172] Compiling XcodesKit AvailableXcode.swift
/host/spi-builder-workspace/Sources/XcodesKit/Concurrency/OneShotContinuation.swift:2:8: error: no such module 'os'
1 | import Foundation
2 | import os
| `- error: no such module 'os'
3 |
4 | public final class OneShotContinuation<Value: Sendable>: Sendable {
[136/172] Compiling XcodesKit AvailableXcodeRelease.swift
/host/spi-builder-workspace/Sources/XcodesKit/Concurrency/OneShotContinuation.swift:2:8: error: no such module 'os'
1 | import Foundation
2 | import os
| `- error: no such module 'os'
3 |
4 | public final class OneShotContinuation<Value: Sendable>: Sendable {
[137/172] Compiling XcodesKit Downloads.swift
/host/spi-builder-workspace/Sources/XcodesKit/Concurrency/OneShotContinuation.swift:2:8: error: no such module 'os'
1 | import Foundation
2 | import os
| `- error: no such module 'os'
3 |
4 | public final class OneShotContinuation<Value: Sendable>: Sendable {
[138/172] Compiling XcodesKit InstalledXcode.swift
/host/spi-builder-workspace/Sources/XcodesKit/Concurrency/OneShotContinuation.swift:2:8: error: no such module 'os'
1 | import Foundation
2 | import os
| `- error: no such module 'os'
3 |
4 | public final class OneShotContinuation<Value: Sendable>: Sendable {
[139/172] Compiling XcodesKit InstalledXcodeBundle.swift
/host/spi-builder-workspace/Sources/XcodesKit/Concurrency/OneShotContinuation.swift:2:8: error: no such module 'os'
1 | import Foundation
2 | import os
| `- error: no such module 'os'
3 |
4 | public final class OneShotContinuation<Value: Sendable>: Sendable {
[140/172] Compiling XcodesKit RuntimeListPresentationService.swift
/host/spi-builder-workspace/Sources/XcodesKit/Concurrency/OneShotContinuation.swift:2:8: error: no such module 'os'
1 | import Foundation
2 | import os
| `- error: no such module 'os'
3 |
4 | public final class OneShotContinuation<Value: Sendable>: Sendable {
[141/172] Compiling XcodesKit RuntimeListStore.swift
/host/spi-builder-workspace/Sources/XcodesKit/Concurrency/OneShotContinuation.swift:2:8: error: no such module 'os'
1 | import Foundation
2 | import os
| `- error: no such module 'os'
3 |
4 | public final class OneShotContinuation<Value: Sendable>: Sendable {
[142/172] Compiling XcodesKit RuntimePackageInstallService.swift
/host/spi-builder-workspace/Sources/XcodesKit/Concurrency/OneShotContinuation.swift:2:8: error: no such module 'os'
1 | import Foundation
2 | import os
| `- error: no such module 'os'
3 |
4 | public final class OneShotContinuation<Value: Sendable>: Sendable {
[143/172] Compiling XcodesKit RuntimeService.swift
/host/spi-builder-workspace/Sources/XcodesKit/Concurrency/OneShotContinuation.swift:2:8: error: no such module 'os'
1 | import Foundation
2 | import os
| `- error: no such module 'os'
3 |
4 | public final class OneShotContinuation<Value: Sendable>: Sendable {
[144/172] Compiling XcodesKit RuntimeXcodebuildInstallService.swift
/host/spi-builder-workspace/Sources/XcodesKit/Concurrency/OneShotContinuation.swift:2:8: error: no such module 'os'
1 | import Foundation
2 | import os
| `- error: no such module 'os'
3 |
4 | public final class OneShotContinuation<Value: Sendable>: Sendable {
[145/172] Compiling XcodesKit URLSession+DownloadTask.swift
/host/spi-builder-workspace/Sources/XcodesKit/Concurrency/OneShotContinuation.swift:2:8: error: no such module 'os'
1 | import Foundation
2 | import os
| `- error: no such module 'os'
3 |
4 | public final class OneShotContinuation<Value: Sendable>: Sendable {
[146/172] Compiling XcodesKit XcodeArchiveInstallService.swift
/host/spi-builder-workspace/Sources/XcodesKit/Concurrency/OneShotContinuation.swift:2:8: error: no such module 'os'
1 | import Foundation
2 | import os
| `- error: no such module 'os'
3 |
4 | public final class OneShotContinuation<Value: Sendable>: Sendable {
[147/172] Compiling XcodesKit XcodeArchiveService.swift
/host/spi-builder-workspace/Sources/XcodesKit/Concurrency/OneShotContinuation.swift:2:8: error: no such module 'os'
1 | import Foundation
2 | import os
| `- error: no such module 'os'
3 |
4 | public final class OneShotContinuation<Value: Sendable>: Sendable {
[148/172] Compiling XcodesKit XcodeAutoInstallService.swift
/host/spi-builder-workspace/Sources/XcodesKit/Concurrency/OneShotContinuation.swift:2:8: error: no such module 'os'
1 | import Foundation
2 | import os
| `- error: no such module 'os'
3 |
4 | public final class OneShotContinuation<Value: Sendable>: Sendable {
[149/172] Compiling XcodesKit XcodeCompatibilityService.swift
/host/spi-builder-workspace/Sources/XcodesKit/Concurrency/OneShotContinuation.swift:2:8: error: no such module 'os'
1 | import Foundation
2 | import os
| `- error: no such module 'os'
3 |
4 | public final class OneShotContinuation<Value: Sendable>: Sendable {
[150/172] Compiling XcodesKit XcodeInstallResolutionService.swift
/host/spi-builder-workspace/Sources/XcodesKit/Concurrency/OneShotContinuation.swift:2:8: error: no such module 'os'
1 | import Foundation
2 | import os
| `- error: no such module 'os'
3 |
4 | public final class OneShotContinuation<Value: Sendable>: Sendable {
[151/172] Compiling XcodesKit SelectedActionType.swift
/host/spi-builder-workspace/Sources/XcodesKit/Concurrency/OneShotContinuation.swift:2:8: error: no such module 'os'
1 | import Foundation
2 | import os
| `- error: no such module 'os'
3 |
4 | public final class OneShotContinuation<Value: Sendable>: Sendable {
[152/172] Compiling XcodesKit XcodeID.swift
/host/spi-builder-workspace/Sources/XcodesKit/Concurrency/OneShotContinuation.swift:2:8: error: no such module 'os'
1 | import Foundation
2 | import os
| `- error: no such module 'os'
3 |
4 | public final class OneShotContinuation<Value: Sendable>: Sendable {
[153/172] Compiling XcodesKit XcodeListGrouping.swift
/host/spi-builder-workspace/Sources/XcodesKit/Concurrency/OneShotContinuation.swift:2:8: error: no such module 'os'
1 | import Foundation
2 | import os
| `- error: no such module 'os'
3 |
4 | public final class OneShotContinuation<Value: Sendable>: Sendable {
[154/172] Compiling XcodesKit XcodeListItem.swift
/host/spi-builder-workspace/Sources/XcodesKit/Concurrency/OneShotContinuation.swift:2:8: error: no such module 'os'
1 | import Foundation
2 | import os
| `- error: no such module 'os'
3 |
4 | public final class OneShotContinuation<Value: Sendable>: Sendable {
[155/172] Compiling XcodesKit XcodesKitError.swift
/host/spi-builder-workspace/Sources/XcodesKit/Concurrency/OneShotContinuation.swift:2:8: error: no such module 'os'
1 | import Foundation
2 | import os
| `- error: no such module 'os'
3 |
4 | public final class OneShotContinuation<Value: Sendable>: Sendable {
[156/172] Compiling XcodesKit ApplicationSupportMigrationService.swift
/host/spi-builder-workspace/Sources/XcodesKit/Concurrency/OneShotContinuation.swift:2:8: error: no such module 'os'
1 | import Foundation
2 | import os
| `- error: no such module 'os'
3 |
4 | public final class OneShotContinuation<Value: Sendable>: Sendable {
[157/172] Compiling XcodesKit ArchiveCancellationCleanupService.swift
/host/spi-builder-workspace/Sources/XcodesKit/Concurrency/OneShotContinuation.swift:2:8: error: no such module 'os'
1 | import Foundation
2 | import os
| `- error: no such module 'os'
3 |
4 | public final class OneShotContinuation<Value: Sendable>: Sendable {
[158/172] Compiling XcodesKit ArchiveDownloadService.swift
/host/spi-builder-workspace/Sources/XcodesKit/Concurrency/OneShotContinuation.swift:2:8: error: no such module 'os'
1 | import Foundation
2 | import os
| `- error: no such module 'os'
3 |
4 | public final class OneShotContinuation<Value: Sendable>: Sendable {
[159/172] Compiling XcodesKit ArchiveDownloadStrategyService.swift
/host/spi-builder-workspace/Sources/XcodesKit/Concurrency/OneShotContinuation.swift:2:8: error: no such module 'os'
1 | import Foundation
2 | import os
| `- error: no such module 'os'
3 |
4 | public final class OneShotContinuation<Value: Sendable>: Sendable {
[160/172] Compiling XcodesKit Aria2DownloadService.swift
/host/spi-builder-workspace/Sources/XcodesKit/Concurrency/OneShotContinuation.swift:2:8: error: no such module 'os'
1 | import Foundation
2 | import os
| `- error: no such module 'os'
3 |
4 | public final class OneShotContinuation<Value: Sendable>: Sendable {
[161/172] Compiling XcodesKit AsyncRetry.swift
/host/spi-builder-workspace/Sources/XcodesKit/Concurrency/OneShotContinuation.swift:2:8: error: no such module 'os'
1 | import Foundation
2 | import os
| `- error: no such module 'os'
3 |
4 | public final class OneShotContinuation<Value: Sendable>: Sendable {
[162/172] Compiling XcodesKit Aria2CError.swift
/host/spi-builder-workspace/Sources/XcodesKit/Concurrency/OneShotContinuation.swift:2:8: error: no such module 'os'
1 | import Foundation
2 | import os
| `- error: no such module 'os'
3 |
4 | public final class OneShotContinuation<Value: Sendable>: Sendable {
[163/172] Compiling XcodesKit CoreSimulatorImage.swift
/host/spi-builder-workspace/Sources/XcodesKit/Concurrency/OneShotContinuation.swift:2:8: error: no such module 'os'
1 | import Foundation
2 | import os
| `- error: no such module 'os'
3 |
4 | public final class OneShotContinuation<Value: Sendable>: Sendable {
[164/172] Compiling XcodesKit RuntimeInstallState.swift
/host/spi-builder-workspace/Sources/XcodesKit/Concurrency/OneShotContinuation.swift:2:8: error: no such module 'os'
1 | import Foundation
2 | import os
| `- error: no such module 'os'
3 |
4 | public final class OneShotContinuation<Value: Sendable>: Sendable {
[165/172] Compiling XcodesKit RuntimeInstallationStep.swift
/host/spi-builder-workspace/Sources/XcodesKit/Concurrency/OneShotContinuation.swift:2:8: error: no such module 'os'
1 | import Foundation
2 | import os
| `- error: no such module 'os'
3 |
4 | public final class OneShotContinuation<Value: Sendable>: Sendable {
[166/172] Compiling XcodesKit Runtimes.swift
/host/spi-builder-workspace/Sources/XcodesKit/Concurrency/OneShotContinuation.swift:2:8: error: no such module 'os'
1 | import Foundation
2 | import os
| `- error: no such module 'os'
3 |
4 | public final class OneShotContinuation<Value: Sendable>: Sendable {
[167/172] Compiling XcodesKit XcodeInstallState.swift
/host/spi-builder-workspace/Sources/XcodesKit/Concurrency/OneShotContinuation.swift:2:8: error: no such module 'os'
1 | import Foundation
2 | import os
| `- error: no such module 'os'
3 |
4 | public final class OneShotContinuation<Value: Sendable>: Sendable {
[168/172] Compiling XcodesKit XcodeInstallationStep.swift
/host/spi-builder-workspace/Sources/XcodesKit/Concurrency/OneShotContinuation.swift:2:8: error: no such module 'os'
1 | import Foundation
2 | import os
| `- error: no such module 'os'
3 |
4 | public final class OneShotContinuation<Value: Sendable>: Sendable {
[169/172] Compiling XcodesKit Architecture.swift
/host/spi-builder-workspace/Sources/XcodesKit/Concurrency/OneShotContinuation.swift:2:8: error: no such module 'os'
1 | import Foundation
2 | import os
| `- error: no such module 'os'
3 |
4 | public final class OneShotContinuation<Value: Sendable>: Sendable {
[170/172] Compiling XcodesKit Checksums.swift
/host/spi-builder-workspace/Sources/XcodesKit/Concurrency/OneShotContinuation.swift:2:8: error: no such module 'os'
1 | import Foundation
2 | import os
| `- error: no such module 'os'
3 |
4 | public final class OneShotContinuation<Value: Sendable>: Sendable {
[171/172] Compiling XcodesKit Compilers.swift
/host/spi-builder-workspace/Sources/XcodesKit/Concurrency/OneShotContinuation.swift:2:8: error: no such module 'os'
1 | import Foundation
2 | import os
| `- error: no such module 'os'
3 |
4 | public final class OneShotContinuation<Value: Sendable>: Sendable {
[172/172] Compiling XcodesKit Link.swift
/host/spi-builder-workspace/Sources/XcodesKit/Concurrency/OneShotContinuation.swift:2:8: error: no such module 'os'
1 | import Foundation
2 | import os
| `- error: no such module 'os'
3 |
4 | public final class OneShotContinuation<Value: Sendable>: Sendable {
BUILD FAILURE 6.2 linux