Build Information
Failed to build KeyboardObserver, reference 1.1.1 (376a0c), with Swift 6.3 for macOS (SPM) on 14 Oct 2026 11:39:42 UTC.
Build Command
env DEVELOPER_DIR=/Applications/Xcode-26.5.0.app xcrun swift build --arch arm64Build Log
========================================
RunAll
========================================
Builder version: 5.1.2
Interrupt handler set up.
========================================
Checkout
========================================
Clone URL: https://github.com/square/swift-keyboard-observer.git
Reference: 1.1.1
Initialized empty Git repository in /Users/admin/builder/spi-builder-workspace/.git/
From https://github.com/square/swift-keyboard-observer
* tag 1.1.1 -> FETCH_HEAD
HEAD is now at 376a0ce fix(ios): keep hidden keyboard frames nonoverlapping after rotation (#7)
Cloned https://github.com/square/swift-keyboard-observer.git
Revision (git rev-parse @):
376a0cee679ce4ec826849d2474bd8d64b4fbc4d
SUCCESS checkout https://github.com/square/swift-keyboard-observer.git at 1.1.1
========================================
Build
========================================
Selected platform: macosSpm
Swift version: 6.3
Building package at path: $PWD
https://github.com/square/swift-keyboard-observer.git
Running build ...
env DEVELOPER_DIR=/Applications/Xcode-26.5.0.app xcrun swift build --arch arm64
Building for debugging...
[0/2] Write sources
[1/2] Write swift-version-69A768CDF2A0BEE1.txt
error: emit-module command failed with exit code 1 (use -v to see invocation)
[3/4] Emitting module KeyboardObserver
/Users/admin/builder/spi-builder-workspace/KeyboardObserver/Sources/KeyboardObserver.swift:3:8: error: no such module 'UIKit'
1 | #if !os(watchOS)
2 |
3 | import UIKit
| `- error: no such module 'UIKit'
4 |
5 | /// Publicly exposes the current frame provider for consumers
[4/4] Compiling KeyboardObserver KeyboardObserver.swift
/Users/admin/builder/spi-builder-workspace/KeyboardObserver/Sources/KeyboardObserver.swift:3:8: error: no such module 'UIKit'
1 | #if !os(watchOS)
2 |
3 | import UIKit
| `- error: no such module 'UIKit'
4 |
5 | /// Publicly exposes the current frame provider for consumers
BUILD FAILURE 6.3 macosSpm