The Swift Package Index logo.Swift Package Index

Build Information

Failed to build HEYCliKit, reference 0.9.0 (3b60dd), with Swift 6.3 for Android on 25 Oct 2026 00:36:49 UTC.

Build Command

bash -c docker run --pull=always --rm -v "checkouts-54344849-1":/host -w "$PWD" -e JAVA_HOME="/root/.sdkman/candidates/java/current" -e SPI_BUILD="1" -e SPI_PROCESSING="1" registry.gitlab.com/saguaro1/spi-images:android-6.3-latest swift build --swift-sdk aarch64-unknown-linux-android28 2>&1

Build Log

========================================
RunAll
========================================
Builder version: 5.1.3
Interrupt handler set up.
========================================
Checkout
========================================
Clone URL: https://github.com/Soules-Studio-Ltd/HEYCliKit.git
Reference: 0.9.0
Initialized empty Git repository in /host/spi-builder-workspace/.git/
hint: Using 'master' as the name for the initial branch. This default branch name
hint: is subject to change. To configure the initial branch name to use in all
hint: of your new repositories, which will suppress this warning, call:
hint:
hint: 	git config --global init.defaultBranch <name>
hint:
hint: Names commonly chosen instead of 'master' are 'main', 'trunk' and
hint: 'development'. The just-created branch can be renamed via this command:
hint:
hint: 	git branch -m <name>
From https://github.com/Soules-Studio-Ltd/HEYCliKit
 * tag               0.9.0      -> FETCH_HEAD
HEAD is now at 3b60ddf HEYCliKit 0.9.0
Cloned https://github.com/Soules-Studio-Ltd/HEYCliKit.git
Revision (git rev-parse @):
3b60ddf93d08f11bf6c58c24db8cee7abb5ec6fd
SUCCESS checkout https://github.com/Soules-Studio-Ltd/HEYCliKit.git at 0.9.0
========================================
Build
========================================
Selected platform:         android
Swift version:             6.3
Building package at path:  $PWD
https://github.com/Soules-Studio-Ltd/HEYCliKit.git
Running build ...
bash -c docker run --pull=always --rm -v "checkouts-54344849-1":/host -w "$PWD" -e JAVA_HOME="/root/.sdkman/candidates/java/current" -e SPI_BUILD="1" -e SPI_PROCESSING="1" registry.gitlab.com/saguaro1/spi-images:android-6.3-latest swift build --swift-sdk aarch64-unknown-linux-android28 2>&1
android-6.3-latest: Pulling from saguaro1/spi-images
Digest: sha256:1259d966e40d034d138a282ea8b980b108763342a7ff8ac7ef483c73e99068f3
Status: Image is up to date for registry.gitlab.com/saguaro1/spi-images:android-6.3-latest
Building for debugging...
[0/4] Copying Fixtures
[1/4] Write sources
[3/4] Write swift-version-272D24FF697CF451.txt
[5/45] Emitting module HEYCliKit
[6/50] Compiling HEYCliKit BoxPage.swift
[7/50] Compiling HEYCliKit CLIVersion.swift
[8/50] Compiling HEYCliKit ChildEnvironment.swift
[9/50] Compiling HEYCliKit Contact.swift
[10/50] Compiling HEYCliKit Cursor.swift
[11/50] Compiling HEYCliKit DateRange.swift
[12/50] Compiling HEYCliKit Sender.swift
[13/50] Compiling HEYCliKit SignInStatus.swift
[14/50] Compiling HEYCliKit Topic.swift
[15/50] Compiling HEYCliKit WatchLine.swift
[16/50] Compiling HEYCliKit WatchLineDecoding.swift
[17/50] Compiling HEYCliKit ScreenerDecision.swift
[18/50] Compiling HEYCliKit ScreenerEntry.swift
[19/50] Compiling HEYCliKit SearchBox.swift
[20/50] Compiling HEYCliKit SearchHit.swift
[21/50] Compiling HEYCliKit SearchResult.swift
[22/50] Compiling HEYCliKit AccountSelection.swift
[23/50] Compiling HEYCliKit AttachmentKind.swift
[24/50] Compiling HEYCliKit AttachmentLine.swift
[25/50] Compiling HEYCliKit AttachmentListing.swift
[26/50] Compiling HEYCliKit AttachmentReference.swift
[27/50] Compiling HEYCliKit BoxKind.swift
[28/50] Compiling HEYCliKit Label.swift
[29/50] Compiling HEYCliKit LabelPage.swift
[30/50] Compiling HEYCliKit Login.swift
[31/50] Compiling HEYCliKit MailAccount.swift
[32/50] Compiling HEYCliKit Message.swift
[33/50] Compiling HEYCliKit MessageAttachment.swift
[34/50] Compiling HEYCliKit NonEmptySet.swift
[35/50] Compiling HEYCliKit PageSize.swift
[36/50] Compiling HEYCliKit Posting.swift
[37/50] Compiling HEYCliKit PostingRows.swift
[38/50] Compiling HEYCliKit ProcessExitStatus.swift
[39/50] Compiling HEYCliKit ProcessRunner.swift
[40/50] Compiling HEYCliKit ProcessRunnerLive.swift
/host/spi-builder-workspace/Sources/HEYCliKit/ProcessRunnerLive.swift:487:33: error: cannot find 'read' in scope
485 |                 // is read inside the same closure rather than after the buffer access.
486 |                 let (count, failure) = buffer.withUnsafeMutableBytes { raw -> (Int, Int32) in
487 |                     let count = read(fileDescriptor, raw.baseAddress, raw.count)
    |                                 `- error: cannot find 'read' in scope
488 |
489 |                     return (count, count < 0 ? errno : 0)
/host/spi-builder-workspace/Sources/HEYCliKit/ProcessRunnerLive.swift:489:48: error: cannot find 'errno' in scope
487 |                     let count = read(fileDescriptor, raw.baseAddress, raw.count)
488 |
489 |                     return (count, count < 0 ? errno : 0)
    |                                                `- error: cannot find 'errno' in scope
490 |                 }
491 |
/root/.swiftpm/swift-sdks/swift-6.3.2-RELEASE_android.artifactbundle/swift-android/ndk-sysroot/usr/include/errno.h:58:9: note: macro 'errno' unavailable: structure not supported
56 |  * thread.
57 |  */
58 | #define errno (*__errno())
   |         `- note: macro 'errno' unavailable: structure not supported
59 |
60 | __END_DECLS
/host/spi-builder-workspace/Sources/HEYCliKit/ProcessRunnerLive.swift:581:33: error: cannot find 'read' in scope
579 |                 // is read inside the same closure rather than after the buffer access.
580 |                 let (count, failure) = buffer.withUnsafeMutableBytes { raw -> (Int, Int32) in
581 |                     let count = read(fileDescriptor, raw.baseAddress, raw.count)
    |                                 `- error: cannot find 'read' in scope
582 |
583 |                     return (count, count < 0 ? errno : 0)
/host/spi-builder-workspace/Sources/HEYCliKit/ProcessRunnerLive.swift:583:48: error: cannot find 'errno' in scope
581 |                     let count = read(fileDescriptor, raw.baseAddress, raw.count)
582 |
583 |                     return (count, count < 0 ? errno : 0)
    |                                                `- error: cannot find 'errno' in scope
584 |                 }
585 |
/root/.swiftpm/swift-sdks/swift-6.3.2-RELEASE_android.artifactbundle/swift-android/ndk-sysroot/usr/include/errno.h:58:9: note: macro 'errno' unavailable: structure not supported
56 |  * thread.
57 |  */
58 | #define errno (*__errno())
   |         `- note: macro 'errno' unavailable: structure not supported
59 |
60 | __END_DECLS
[41/50] Compiling HEYCliKit SaveConfirmation.swift
/host/spi-builder-workspace/Sources/HEYCliKit/ProcessRunnerLive.swift:487:33: error: cannot find 'read' in scope
485 |                 // is read inside the same closure rather than after the buffer access.
486 |                 let (count, failure) = buffer.withUnsafeMutableBytes { raw -> (Int, Int32) in
487 |                     let count = read(fileDescriptor, raw.baseAddress, raw.count)
    |                                 `- error: cannot find 'read' in scope
488 |
489 |                     return (count, count < 0 ? errno : 0)
/host/spi-builder-workspace/Sources/HEYCliKit/ProcessRunnerLive.swift:489:48: error: cannot find 'errno' in scope
487 |                     let count = read(fileDescriptor, raw.baseAddress, raw.count)
488 |
489 |                     return (count, count < 0 ? errno : 0)
    |                                                `- error: cannot find 'errno' in scope
490 |                 }
491 |
/root/.swiftpm/swift-sdks/swift-6.3.2-RELEASE_android.artifactbundle/swift-android/ndk-sysroot/usr/include/errno.h:58:9: note: macro 'errno' unavailable: structure not supported
56 |  * thread.
57 |  */
58 | #define errno (*__errno())
   |         `- note: macro 'errno' unavailable: structure not supported
59 |
60 | __END_DECLS
/host/spi-builder-workspace/Sources/HEYCliKit/ProcessRunnerLive.swift:581:33: error: cannot find 'read' in scope
579 |                 // is read inside the same closure rather than after the buffer access.
580 |                 let (count, failure) = buffer.withUnsafeMutableBytes { raw -> (Int, Int32) in
581 |                     let count = read(fileDescriptor, raw.baseAddress, raw.count)
    |                                 `- error: cannot find 'read' in scope
582 |
583 |                     return (count, count < 0 ? errno : 0)
/host/spi-builder-workspace/Sources/HEYCliKit/ProcessRunnerLive.swift:583:48: error: cannot find 'errno' in scope
581 |                     let count = read(fileDescriptor, raw.baseAddress, raw.count)
582 |
583 |                     return (count, count < 0 ? errno : 0)
    |                                                `- error: cannot find 'errno' in scope
584 |                 }
585 |
/root/.swiftpm/swift-sdks/swift-6.3.2-RELEASE_android.artifactbundle/swift-android/ndk-sysroot/usr/include/errno.h:58:9: note: macro 'errno' unavailable: structure not supported
56 |  * thread.
57 |  */
58 | #define errno (*__errno())
   |         `- note: macro 'errno' unavailable: structure not supported
59 |
60 | __END_DECLS
[42/50] Compiling HEYCliKit SaveDestination.swift
/host/spi-builder-workspace/Sources/HEYCliKit/ProcessRunnerLive.swift:487:33: error: cannot find 'read' in scope
485 |                 // is read inside the same closure rather than after the buffer access.
486 |                 let (count, failure) = buffer.withUnsafeMutableBytes { raw -> (Int, Int32) in
487 |                     let count = read(fileDescriptor, raw.baseAddress, raw.count)
    |                                 `- error: cannot find 'read' in scope
488 |
489 |                     return (count, count < 0 ? errno : 0)
/host/spi-builder-workspace/Sources/HEYCliKit/ProcessRunnerLive.swift:489:48: error: cannot find 'errno' in scope
487 |                     let count = read(fileDescriptor, raw.baseAddress, raw.count)
488 |
489 |                     return (count, count < 0 ? errno : 0)
    |                                                `- error: cannot find 'errno' in scope
490 |                 }
491 |
/root/.swiftpm/swift-sdks/swift-6.3.2-RELEASE_android.artifactbundle/swift-android/ndk-sysroot/usr/include/errno.h:58:9: note: macro 'errno' unavailable: structure not supported
56 |  * thread.
57 |  */
58 | #define errno (*__errno())
   |         `- note: macro 'errno' unavailable: structure not supported
59 |
60 | __END_DECLS
/host/spi-builder-workspace/Sources/HEYCliKit/ProcessRunnerLive.swift:581:33: error: cannot find 'read' in scope
579 |                 // is read inside the same closure rather than after the buffer access.
580 |                 let (count, failure) = buffer.withUnsafeMutableBytes { raw -> (Int, Int32) in
581 |                     let count = read(fileDescriptor, raw.baseAddress, raw.count)
    |                                 `- error: cannot find 'read' in scope
582 |
583 |                     return (count, count < 0 ? errno : 0)
/host/spi-builder-workspace/Sources/HEYCliKit/ProcessRunnerLive.swift:583:48: error: cannot find 'errno' in scope
581 |                     let count = read(fileDescriptor, raw.baseAddress, raw.count)
582 |
583 |                     return (count, count < 0 ? errno : 0)
    |                                                `- error: cannot find 'errno' in scope
584 |                 }
585 |
/root/.swiftpm/swift-sdks/swift-6.3.2-RELEASE_android.artifactbundle/swift-android/ndk-sysroot/usr/include/errno.h:58:9: note: macro 'errno' unavailable: structure not supported
56 |  * thread.
57 |  */
58 | #define errno (*__errno())
   |         `- note: macro 'errno' unavailable: structure not supported
59 |
60 | __END_DECLS
[43/50] Compiling HEYCliKit Screener.swift
/host/spi-builder-workspace/Sources/HEYCliKit/ProcessRunnerLive.swift:487:33: error: cannot find 'read' in scope
485 |                 // is read inside the same closure rather than after the buffer access.
486 |                 let (count, failure) = buffer.withUnsafeMutableBytes { raw -> (Int, Int32) in
487 |                     let count = read(fileDescriptor, raw.baseAddress, raw.count)
    |                                 `- error: cannot find 'read' in scope
488 |
489 |                     return (count, count < 0 ? errno : 0)
/host/spi-builder-workspace/Sources/HEYCliKit/ProcessRunnerLive.swift:489:48: error: cannot find 'errno' in scope
487 |                     let count = read(fileDescriptor, raw.baseAddress, raw.count)
488 |
489 |                     return (count, count < 0 ? errno : 0)
    |                                                `- error: cannot find 'errno' in scope
490 |                 }
491 |
/root/.swiftpm/swift-sdks/swift-6.3.2-RELEASE_android.artifactbundle/swift-android/ndk-sysroot/usr/include/errno.h:58:9: note: macro 'errno' unavailable: structure not supported
56 |  * thread.
57 |  */
58 | #define errno (*__errno())
   |         `- note: macro 'errno' unavailable: structure not supported
59 |
60 | __END_DECLS
/host/spi-builder-workspace/Sources/HEYCliKit/ProcessRunnerLive.swift:581:33: error: cannot find 'read' in scope
579 |                 // is read inside the same closure rather than after the buffer access.
580 |                 let (count, failure) = buffer.withUnsafeMutableBytes { raw -> (Int, Int32) in
581 |                     let count = read(fileDescriptor, raw.baseAddress, raw.count)
    |                                 `- error: cannot find 'read' in scope
582 |
583 |                     return (count, count < 0 ? errno : 0)
/host/spi-builder-workspace/Sources/HEYCliKit/ProcessRunnerLive.swift:583:48: error: cannot find 'errno' in scope
581 |                     let count = read(fileDescriptor, raw.baseAddress, raw.count)
582 |
583 |                     return (count, count < 0 ? errno : 0)
    |                                                `- error: cannot find 'errno' in scope
584 |                 }
585 |
/root/.swiftpm/swift-sdks/swift-6.3.2-RELEASE_android.artifactbundle/swift-android/ndk-sysroot/usr/include/errno.h:58:9: note: macro 'errno' unavailable: structure not supported
56 |  * thread.
57 |  */
58 | #define errno (*__errno())
   |         `- note: macro 'errno' unavailable: structure not supported
59 |
60 | __END_DECLS
[44/50] Compiling HEYCliKit ScreenerApproval.swift
/host/spi-builder-workspace/Sources/HEYCliKit/ProcessRunnerLive.swift:487:33: error: cannot find 'read' in scope
485 |                 // is read inside the same closure rather than after the buffer access.
486 |                 let (count, failure) = buffer.withUnsafeMutableBytes { raw -> (Int, Int32) in
487 |                     let count = read(fileDescriptor, raw.baseAddress, raw.count)
    |                                 `- error: cannot find 'read' in scope
488 |
489 |                     return (count, count < 0 ? errno : 0)
/host/spi-builder-workspace/Sources/HEYCliKit/ProcessRunnerLive.swift:489:48: error: cannot find 'errno' in scope
487 |                     let count = read(fileDescriptor, raw.baseAddress, raw.count)
488 |
489 |                     return (count, count < 0 ? errno : 0)
    |                                                `- error: cannot find 'errno' in scope
490 |                 }
491 |
/root/.swiftpm/swift-sdks/swift-6.3.2-RELEASE_android.artifactbundle/swift-android/ndk-sysroot/usr/include/errno.h:58:9: note: macro 'errno' unavailable: structure not supported
56 |  * thread.
57 |  */
58 | #define errno (*__errno())
   |         `- note: macro 'errno' unavailable: structure not supported
59 |
60 | __END_DECLS
/host/spi-builder-workspace/Sources/HEYCliKit/ProcessRunnerLive.swift:581:33: error: cannot find 'read' in scope
579 |                 // is read inside the same closure rather than after the buffer access.
580 |                 let (count, failure) = buffer.withUnsafeMutableBytes { raw -> (Int, Int32) in
581 |                     let count = read(fileDescriptor, raw.baseAddress, raw.count)
    |                                 `- error: cannot find 'read' in scope
582 |
583 |                     return (count, count < 0 ? errno : 0)
/host/spi-builder-workspace/Sources/HEYCliKit/ProcessRunnerLive.swift:583:48: error: cannot find 'errno' in scope
581 |                     let count = read(fileDescriptor, raw.baseAddress, raw.count)
582 |
583 |                     return (count, count < 0 ? errno : 0)
    |                                                `- error: cannot find 'errno' in scope
584 |                 }
585 |
/root/.swiftpm/swift-sdks/swift-6.3.2-RELEASE_android.artifactbundle/swift-android/ndk-sysroot/usr/include/errno.h:58:9: note: macro 'errno' unavailable: structure not supported
56 |  * thread.
57 |  */
58 | #define errno (*__errno())
   |         `- note: macro 'errno' unavailable: structure not supported
59 |
60 | __END_DECLS
[45/50] Compiling HEYCliKit DecodingDescription.swift
/host/spi-builder-workspace/Sources/HEYCliKit/HEYClient.swift:570:31: error: the compiler is unable to type-check this expression in reasonable time; try breaking up the expression into distinct sub-expressions
568 |                 // refinements are not offered, so none is ever passed.
569 |                 let labelName = try label?.searchFilterName()
570 |                 let filters = (attachmentKind.map { ["--attachment", $0.rawValue] } ?? [])
    |                               `- error: the compiler is unable to type-check this expression in reasonable time; try breaking up the expression into distinct sub-expressions
571 |                     + (searchBox.map { ["--in", $0.rawValue] } ?? [])
572 |                     + (labelName.map { ["--label", $0] } ?? [])
[46/50] Compiling HEYCliKit Envelope.swift
/host/spi-builder-workspace/Sources/HEYCliKit/HEYClient.swift:570:31: error: the compiler is unable to type-check this expression in reasonable time; try breaking up the expression into distinct sub-expressions
568 |                 // refinements are not offered, so none is ever passed.
569 |                 let labelName = try label?.searchFilterName()
570 |                 let filters = (attachmentKind.map { ["--attachment", $0.rawValue] } ?? [])
    |                               `- error: the compiler is unable to type-check this expression in reasonable time; try breaking up the expression into distinct sub-expressions
571 |                     + (searchBox.map { ["--in", $0.rawValue] } ?? [])
572 |                     + (labelName.map { ["--label", $0] } ?? [])
[47/50] Compiling HEYCliKit EnvelopeMapping.swift
/host/spi-builder-workspace/Sources/HEYCliKit/HEYClient.swift:570:31: error: the compiler is unable to type-check this expression in reasonable time; try breaking up the expression into distinct sub-expressions
568 |                 // refinements are not offered, so none is ever passed.
569 |                 let labelName = try label?.searchFilterName()
570 |                 let filters = (attachmentKind.map { ["--attachment", $0.rawValue] } ?? [])
    |                               `- error: the compiler is unable to type-check this expression in reasonable time; try breaking up the expression into distinct sub-expressions
571 |                     + (searchBox.map { ["--in", $0.rawValue] } ?? [])
572 |                     + (labelName.map { ["--label", $0] } ?? [])
[48/50] Compiling HEYCliKit HEYCliKit.swift
/host/spi-builder-workspace/Sources/HEYCliKit/HEYClient.swift:570:31: error: the compiler is unable to type-check this expression in reasonable time; try breaking up the expression into distinct sub-expressions
568 |                 // refinements are not offered, so none is ever passed.
569 |                 let labelName = try label?.searchFilterName()
570 |                 let filters = (attachmentKind.map { ["--attachment", $0.rawValue] } ?? [])
    |                               `- error: the compiler is unable to type-check this expression in reasonable time; try breaking up the expression into distinct sub-expressions
571 |                     + (searchBox.map { ["--in", $0.rawValue] } ?? [])
572 |                     + (labelName.map { ["--label", $0] } ?? [])
[49/50] Compiling HEYCliKit HEYCliKitError.swift
/host/spi-builder-workspace/Sources/HEYCliKit/HEYClient.swift:570:31: error: the compiler is unable to type-check this expression in reasonable time; try breaking up the expression into distinct sub-expressions
568 |                 // refinements are not offered, so none is ever passed.
569 |                 let labelName = try label?.searchFilterName()
570 |                 let filters = (attachmentKind.map { ["--attachment", $0.rawValue] } ?? [])
    |                               `- error: the compiler is unable to type-check this expression in reasonable time; try breaking up the expression into distinct sub-expressions
571 |                     + (searchBox.map { ["--in", $0.rawValue] } ?? [])
572 |                     + (labelName.map { ["--label", $0] } ?? [])
[50/50] Compiling HEYCliKit HEYClient.swift
/host/spi-builder-workspace/Sources/HEYCliKit/HEYClient.swift:570:31: error: the compiler is unable to type-check this expression in reasonable time; try breaking up the expression into distinct sub-expressions
568 |                 // refinements are not offered, so none is ever passed.
569 |                 let labelName = try label?.searchFilterName()
570 |                 let filters = (attachmentKind.map { ["--attachment", $0.rawValue] } ?? [])
    |                               `- error: the compiler is unable to type-check this expression in reasonable time; try breaking up the expression into distinct sub-expressions
571 |                     + (searchBox.map { ["--in", $0.rawValue] } ?? [])
572 |                     + (labelName.map { ["--label", $0] } ?? [])
BUILD FAILURE 6.3 android