Build Information
Failed to build CDKSwiftOracc, reference main (3ba0e6), with Swift 6.4 for visionOS using Xcode 27.0 on 19 Sep 2026 01:48:35 UTC.
Build Command
env DEVELOPER_DIR=/Applications/Xcode-27.0.0-Release.Candidate.app xcrun xcodebuild -IDEClonedSourcePackagesDirPathOverride=$PWD/.dependencies -skipMacroValidation -skipPackagePluginValidation -derivedDataPath $PWD/.derivedData build -scheme CDKSwiftOracc -destination generic/platform=xrOSBuild Log
========================================
RunAll
========================================
Builder version: 5.1.0
Interrupt handler set up.
========================================
Checkout
========================================
Clone URL: https://github.com/ckanchan/CDKSwiftOracc.git
Reference: main
Initialized empty Git repository in /Users/admin/builder/spi-builder-workspace/.git/
From https://github.com/ckanchan/CDKSwiftOracc
* branch main -> FETCH_HEAD
* [new branch] main -> origin/main
HEAD is now at 3ba0e6f Bugfix for string extension `cuneifyInputEncoded()` to check for accents correctly
Cloned https://github.com/ckanchan/CDKSwiftOracc.git
Revision (git rev-parse @):
3ba0e6fd318c9841a3c37ddcf0d71e342406c73c
SUCCESS checkout https://github.com/ckanchan/CDKSwiftOracc.git at main
========================================
Build
========================================
Selected platform: visionOS
Swift version: 6.4
Building package at path: $PWD
https://github.com/ckanchan/CDKSwiftOracc.git
Command line invocation:
/Applications/Xcode-27.0.0-Release.Candidate.app/Contents/Developer/usr/bin/xcodebuild -IDEClonedSourcePackagesDirPathOverride=/Users/admin/builder/spi-builder-workspace/.dependencies -resolvePackageDependencies
Resolve Package Graph
Resolve Package Graph
Resolved source packages:
CDKSwiftOracc: /Users/admin/builder/spi-builder-workspace
resolved source packages: CDKSwiftOracc
2026-09-18 21:47:40.570 xcodebuild[524:2990] [MT] IDERunDestination: Supported platforms for the buildables in the current scheme is empty.
{
"dependencies" : [
],
"manifest_display_name" : "CDKSwiftOracc",
"name" : "CDKSwiftOracc",
"path" : "/Users/admin/builder/spi-builder-workspace",
"platforms" : [
{
"name" : "macos",
"version" : "10.12"
},
{
"name" : "ios",
"version" : "9.0"
},
{
"name" : "tvos",
"version" : "9.0"
},
{
"name" : "watchos",
"version" : "2.0"
}
],
"products" : [
{
"name" : "CDKSwiftOracc",
"targets" : [
"CDKSwiftOracc"
],
"type" : {
"library" : [
"automatic"
]
}
}
],
"targets" : [
{
"c99name" : "CDKSwiftOraccTests",
"module_type" : "SwiftTarget",
"name" : "CDKSwiftOraccTests",
"path" : "Tests/CDKSwiftOraccTests",
"sources" : [
"CDKSwiftOraccAppKitTests.swift",
"CDKSwiftOraccTests.swift",
"P334176.swift",
"saa01_catalogue.swift",
"saa01_glossary.swift"
],
"target_dependencies" : [
"CDKSwiftOracc"
],
"type" : "test"
},
{
"c99name" : "CDKSwiftOracc",
"module_type" : "SwiftTarget",
"name" : "CDKSwiftOracc",
"path" : "Sources/CDKSwiftOracc",
"product_memberships" : [
"CDKSwiftOracc"
],
"sources" : [
"CDL Types/CuneiformSignReading.swift",
"CDL Types/GraphemeDescription+Codable.swift",
"CDL Types/GraphemeDescription.swift",
"CDL Types/NodeReference.swift",
"CDL Types/OraccCDLNode+Codable.swift",
"CDL Types/OraccCDLNode+ExtendedAttributes.swift",
"CDL Types/OraccCDLNode.swift",
"CDL Types/OraccWordForm.swift",
"Catalog/OraccCatalog.swift",
"Catalog/OraccCatalogueEntry+Codable.swift",
"Catalog/OraccCatalogueEntry.swift",
"Catalog/TextID.swift",
"Catalog/TextSearchCollection.swift",
"Catalog/TextSetProtocol.swift",
"Glossary/OraccGlossary.swift",
"Glossary/OraccLanguages.swift",
"Glossary/XISReference.swift",
"Sign Lists/Cuneifier.swift",
"Sign Lists/OraccGlobalSignList.swift",
"Sign Lists/String+CuneiformHelpers.swift",
"Sign Lists/UnicodeScalars+CuneiformHelpers.swift",
"TextEdition/AttributedStringFormatter.swift",
"TextEdition/Legacy/NSAttributedStringFormatter.swift",
"TextEdition/Legacy/NSAttributedStringKey+OraccAttributes.swift",
"TextEdition/OraccAttributedString.swift",
"TextEdition/OraccHTML5Formatter.swift",
"TextEdition/OraccTextEdition.swift",
"TextEdition/TextEditionFormatting.swift"
],
"type" : "library"
}
],
"tools_version" : "5.0"
}
{
"workspace" : {
"name" : "CDKSwiftOracc",
"schemes" : [
"CDKSwiftOracc"
]
}
}
2026-09-18 21:48:21.900 xcodebuild[622:3874] [MT] IDERunDestination: Supported platforms for the buildables in the current scheme is empty.
Running build ...
env DEVELOPER_DIR=/Applications/Xcode-27.0.0-Release.Candidate.app xcrun xcodebuild -IDEClonedSourcePackagesDirPathOverride=$PWD/.dependencies -skipMacroValidation -skipPackagePluginValidation -derivedDataPath $PWD/.derivedData build -scheme CDKSwiftOracc -destination generic/platform=xrOS
Command line invocation:
/Applications/Xcode-27.0.0-Release.Candidate.app/Contents/Developer/usr/bin/xcodebuild -IDEClonedSourcePackagesDirPathOverride=/Users/admin/builder/spi-builder-workspace/.dependencies -skipMacroValidation -skipPackagePluginValidation -derivedDataPath /Users/admin/builder/spi-builder-workspace/.derivedData build -scheme CDKSwiftOracc -destination generic/platform=xrOS
Resolve Package Graph
Resolved source packages:
CDKSwiftOracc: /Users/admin/builder/spi-builder-workspace
ComputePackagePrebuildTargetDependencyGraph
Prepare packages
CreateBuildRequest
SendProjectDescription
CreateBuildOperation
ComputeTargetDependencyGraph
note: Building targets in dependency order
note: Target dependency graph (2 targets)
Target 'CDKSwiftOracc-product' in project 'CDKSwiftOracc'
➜ Explicit dependency on target 'CDKSwiftOracc' in project 'CDKSwiftOracc'
Target 'CDKSwiftOracc' in project 'CDKSwiftOracc' (no dependencies)
GatherProvisioningInputs
CreateBuildDescription
ExecuteExternalTool /Applications/Xcode-27.0.0-Release.Candidate.app/Contents/Developer/Toolchains/XcodeDefault.xctoolchain/usr/bin/clang -v -E -dM -isysroot /Applications/Xcode-27.0.0-Release.Candidate.app/Contents/Developer/Platforms/XROS.platform/Developer/SDKs/XROS27.0.sdk -x c -c /dev/null
ExecuteExternalTool /Applications/Xcode-27.0.0-Release.Candidate.app/Contents/Developer/Toolchains/XcodeDefault.xctoolchain/usr/bin/swiftc --version
ExecuteExternalTool /Applications/Xcode-27.0.0-Release.Candidate.app/Contents/Developer/Toolchains/XcodeDefault.xctoolchain/usr/bin/ld -version_details
Build description signature: 839e6932942831d473ed65bf7735c400
Build description path: /Users/admin/builder/spi-builder-workspace/.derivedData/Build/Intermediates.noindex/XCBuildData/839e6932942831d473ed65bf7735c400.xcbuilddata
CreateBuildDirectory /Users/admin/builder/spi-builder-workspace/.derivedData/CompilationCache.noindex
cd /Users/admin/builder/spi-builder-workspace/.swiftpm/xcode
builtin-create-build-directory /Users/admin/builder/spi-builder-workspace/.derivedData/CompilationCache.noindex
CreateBuildDirectory /Users/admin/builder/spi-builder-workspace/.derivedData/ModuleCache.noindex
cd /Users/admin/builder/spi-builder-workspace/.swiftpm/xcode
builtin-create-build-directory /Users/admin/builder/spi-builder-workspace/.derivedData/ModuleCache.noindex
CreateBuildDirectory /Users/admin/builder/spi-builder-workspace/.derivedData/SDKExplicitPrecompiledModules
cd /Users/admin/builder/spi-builder-workspace/.swiftpm/xcode
builtin-create-build-directory /Users/admin/builder/spi-builder-workspace/.derivedData/SDKExplicitPrecompiledModules
ClangStatCache /Applications/Xcode-27.0.0-Release.Candidate.app/Contents/Developer/Toolchains/XcodeDefault.xctoolchain/usr/bin/clang-stat-cache /Applications/Xcode-27.0.0-Release.Candidate.app/Contents/Developer/Platforms/XROS.platform/Developer/SDKs/XROS27.0.sdk /Users/admin/builder/spi-builder-workspace/.derivedData/SDKStatCaches.noindex/xros27.0-24M361-e829b21a6f8c9b70876ba0858053c044735bd543db762f57723cac368afd1ce4.sdkstatcache
cd /Users/admin/builder/spi-builder-workspace/.swiftpm/xcode
/Applications/Xcode-27.0.0-Release.Candidate.app/Contents/Developer/Toolchains/XcodeDefault.xctoolchain/usr/bin/clang-stat-cache /Applications/Xcode-27.0.0-Release.Candidate.app/Contents/Developer/Platforms/XROS.platform/Developer/SDKs/XROS27.0.sdk -o /Users/admin/builder/spi-builder-workspace/.derivedData/SDKStatCaches.noindex/xros27.0-24M361-e829b21a6f8c9b70876ba0858053c044735bd543db762f57723cac368afd1ce4.sdkstatcache
CreateBuildDirectory /Users/admin/builder/spi-builder-workspace/.derivedData/Build/Intermediates.noindex
cd /Users/admin/builder/spi-builder-workspace/.swiftpm/xcode
builtin-create-build-directory /Users/admin/builder/spi-builder-workspace/.derivedData/Build/Intermediates.noindex
CreateBuildDirectory /Users/admin/builder/spi-builder-workspace/.derivedData/Build/Products
cd /Users/admin/builder/spi-builder-workspace/.swiftpm/xcode
builtin-create-build-directory /Users/admin/builder/spi-builder-workspace/.derivedData/Build/Products
CreateBuildDirectory /Users/admin/builder/spi-builder-workspace/.derivedData/Build/Intermediates.noindex/SwiftExplicitPrecompiledModules
cd /Users/admin/builder/spi-builder-workspace/.swiftpm/xcode
builtin-create-build-directory /Users/admin/builder/spi-builder-workspace/.derivedData/Build/Intermediates.noindex/SwiftExplicitPrecompiledModules
CreateBuildDirectory /Users/admin/builder/spi-builder-workspace/.derivedData/Build/Intermediates.noindex/ExplicitPrecompiledModules
cd /Users/admin/builder/spi-builder-workspace/.swiftpm/xcode
builtin-create-build-directory /Users/admin/builder/spi-builder-workspace/.derivedData/Build/Intermediates.noindex/ExplicitPrecompiledModules
CreateBuildDirectory /Users/admin/builder/spi-builder-workspace/.derivedData/Build/Intermediates.noindex/PrecompiledHeaders
cd /Users/admin/builder/spi-builder-workspace/.swiftpm/xcode
builtin-create-build-directory /Users/admin/builder/spi-builder-workspace/.derivedData/Build/Intermediates.noindex/PrecompiledHeaders
CreateBuildDirectory /Users/admin/builder/spi-builder-workspace/.derivedData/Build/Products/Debug-xros
cd /Users/admin/builder/spi-builder-workspace/.swiftpm/xcode
builtin-create-build-directory /Users/admin/builder/spi-builder-workspace/.derivedData/Build/Products/Debug-xros
CreateBuildDirectory /Users/admin/builder/spi-builder-workspace/.derivedData/Build/Intermediates.noindex/EagerLinkingTBDs/Debug-xros
cd /Users/admin/builder/spi-builder-workspace/.swiftpm/xcode
builtin-create-build-directory /Users/admin/builder/spi-builder-workspace/.derivedData/Build/Intermediates.noindex/EagerLinkingTBDs/Debug-xros
CreateBuildDirectory /Users/admin/builder/spi-builder-workspace/.derivedData/Build/Products/Debug-xros/PackageFrameworks
cd /Users/admin/builder/spi-builder-workspace/.swiftpm/xcode
builtin-create-build-directory /Users/admin/builder/spi-builder-workspace/.derivedData/Build/Products/Debug-xros/PackageFrameworks
WriteAuxiliaryFile /Users/admin/builder/spi-builder-workspace/.derivedData/Build/Intermediates.noindex/CDKSwiftOracc.build/Debug-xros/CDKSwiftOracc-t.build/CDKSwiftOracc.modulemap (in target 'CDKSwiftOracc' from project 'CDKSwiftOracc')
cd /Users/admin/builder/spi-builder-workspace
write-file /Users/admin/builder/spi-builder-workspace/.derivedData/Build/Intermediates.noindex/CDKSwiftOracc.build/Debug-xros/CDKSwiftOracc-t.build/CDKSwiftOracc.modulemap
WriteAuxiliaryFile /Users/admin/builder/spi-builder-workspace/.derivedData/Build/Intermediates.noindex/CDKSwiftOracc.build/Debug-xros/CDKSwiftOracc-t.build/CDKSwiftOracc.DependencyMetadataFileList (in target 'CDKSwiftOracc' from project 'CDKSwiftOracc')
cd /Users/admin/builder/spi-builder-workspace
write-file /Users/admin/builder/spi-builder-workspace/.derivedData/Build/Intermediates.noindex/CDKSwiftOracc.build/Debug-xros/CDKSwiftOracc-t.build/CDKSwiftOracc.DependencyMetadataFileList
WriteAuxiliaryFile /Users/admin/builder/spi-builder-workspace/.derivedData/Build/Intermediates.noindex/CDKSwiftOracc.build/Debug-xros/CDKSwiftOracc-t.build/CDKSwiftOracc.DependencyStaticMetadataFileList (in target 'CDKSwiftOracc' from project 'CDKSwiftOracc')
cd /Users/admin/builder/spi-builder-workspace
write-file /Users/admin/builder/spi-builder-workspace/.derivedData/Build/Intermediates.noindex/CDKSwiftOracc.build/Debug-xros/CDKSwiftOracc-t.build/CDKSwiftOracc.DependencyStaticMetadataFileList
WriteAuxiliaryFile /Users/admin/builder/spi-builder-workspace/.derivedData/Build/Intermediates.noindex/CDKSwiftOracc.build/Debug-xros/CDKSwiftOracc-t.build/Objects-normal/arm64/CDKSwiftOracc-OutputFileMap.json (in target 'CDKSwiftOracc' from project 'CDKSwiftOracc')
cd /Users/admin/builder/spi-builder-workspace
write-file /Users/admin/builder/spi-builder-workspace/.derivedData/Build/Intermediates.noindex/CDKSwiftOracc.build/Debug-xros/CDKSwiftOracc-t.build/Objects-normal/arm64/CDKSwiftOracc-OutputFileMap.json
WriteAuxiliaryFile /Users/admin/builder/spi-builder-workspace/.derivedData/Build/Intermediates.noindex/CDKSwiftOracc.build/Debug-xros/CDKSwiftOracc-t.build/Objects-normal/arm64/CDKSwiftOracc.SwiftFileList (in target 'CDKSwiftOracc' from project 'CDKSwiftOracc')
cd /Users/admin/builder/spi-builder-workspace
write-file /Users/admin/builder/spi-builder-workspace/.derivedData/Build/Intermediates.noindex/CDKSwiftOracc.build/Debug-xros/CDKSwiftOracc-t.build/Objects-normal/arm64/CDKSwiftOracc.SwiftFileList
WriteAuxiliaryFile /Users/admin/builder/spi-builder-workspace/.derivedData/Build/Intermediates.noindex/CDKSwiftOracc.build/Debug-xros/CDKSwiftOracc-t.build/Objects-normal/arm64/CDKSwiftOracc.SwiftConstValuesFileList (in target 'CDKSwiftOracc' from project 'CDKSwiftOracc')
cd /Users/admin/builder/spi-builder-workspace
write-file /Users/admin/builder/spi-builder-workspace/.derivedData/Build/Intermediates.noindex/CDKSwiftOracc.build/Debug-xros/CDKSwiftOracc-t.build/Objects-normal/arm64/CDKSwiftOracc.SwiftConstValuesFileList
WriteAuxiliaryFile /Users/admin/builder/spi-builder-workspace/.derivedData/Build/Intermediates.noindex/CDKSwiftOracc.build/Debug-xros/CDKSwiftOracc-t.build/Objects-normal/arm64/CDKSwiftOracc_const_extract_protocols.json (in target 'CDKSwiftOracc' from project 'CDKSwiftOracc')
cd /Users/admin/builder/spi-builder-workspace
write-file /Users/admin/builder/spi-builder-workspace/.derivedData/Build/Intermediates.noindex/CDKSwiftOracc.build/Debug-xros/CDKSwiftOracc-t.build/Objects-normal/arm64/CDKSwiftOracc_const_extract_protocols.json
WriteAuxiliaryFile /Users/admin/builder/spi-builder-workspace/.derivedData/Build/Intermediates.noindex/CDKSwiftOracc.build/Debug-xros/CDKSwiftOracc-t.build/Objects-normal/arm64/CDKSwiftOracc.LinkFileList (in target 'CDKSwiftOracc' from project 'CDKSwiftOracc')
cd /Users/admin/builder/spi-builder-workspace
write-file /Users/admin/builder/spi-builder-workspace/.derivedData/Build/Intermediates.noindex/CDKSwiftOracc.build/Debug-xros/CDKSwiftOracc-t.build/Objects-normal/arm64/CDKSwiftOracc.LinkFileList
Copy /Users/admin/builder/spi-builder-workspace/.derivedData/Build/Intermediates.noindex/GeneratedModuleMaps-xros/CDKSwiftOracc.modulemap /Users/admin/builder/spi-builder-workspace/.derivedData/Build/Intermediates.noindex/CDKSwiftOracc.build/Debug-xros/CDKSwiftOracc-t.build/CDKSwiftOracc.modulemap (in target 'CDKSwiftOracc' from project 'CDKSwiftOracc')
cd /Users/admin/builder/spi-builder-workspace
builtin-copy -exclude .DS_Store -exclude CVS -exclude .svn -exclude .git -exclude .hg -resolve-src-symlinks /Users/admin/builder/spi-builder-workspace/.derivedData/Build/Intermediates.noindex/CDKSwiftOracc.build/Debug-xros/CDKSwiftOracc-t.build/CDKSwiftOracc.modulemap /Users/admin/builder/spi-builder-workspace/.derivedData/Build/Intermediates.noindex/GeneratedModuleMaps-xros
SwiftDriver CDKSwiftOracc normal arm64 com.apple.xcode.tools.swift.compiler (in target 'CDKSwiftOracc' from project 'CDKSwiftOracc')
cd /Users/admin/builder/spi-builder-workspace/.swiftpm/xcode
builtin-SwiftDriver -- /Applications/Xcode-27.0.0-Release.Candidate.app/Contents/Developer/Toolchains/XcodeDefault.xctoolchain/usr/bin/swiftc -parse-as-library -module-name CDKSwiftOracc -Onone @/Users/admin/builder/spi-builder-workspace/.derivedData/Build/Intermediates.noindex/CDKSwiftOracc.build/Debug-xros/CDKSwiftOracc-t.build/Objects-normal/arm64/CDKSwiftOracc.SwiftFileList -DSWIFT_PACKAGE -DDEBUG -DSWIFT_MODULE_RESOURCE_BUNDLE_UNAVAILABLE -DXcode -plugin-path /Applications/Xcode-27.0.0-Release.Candidate.app/Contents/Developer/Toolchains/XcodeDefault.xctoolchain/usr/lib/swift/host/plugins/testing -enable-experimental-feature DebugDescriptionMacro -sdk /Applications/Xcode-27.0.0-Release.Candidate.app/Contents/Developer/Platforms/XROS.platform/Developer/SDKs/XROS27.0.sdk -target arm64-apple-xros1.0 -g -module-cache-path /Users/admin/builder/spi-builder-workspace/.derivedData/ModuleCache.noindex -Xfrontend -serialize-debugging-options -profile-coverage-mapping -profile-generate -enable-testing -index-store-path /Users/admin/builder/spi-builder-workspace/.derivedData/Index.noindex/DataStore -Xcc -D_LIBCPP_HARDENING_MODE\=_LIBCPP_HARDENING_MODE_DEBUG -swift-version 5 -I /Users/admin/builder/spi-builder-workspace/.derivedData/Build/Products/Debug-xros -Isystem /Applications/Xcode-27.0.0-Release.Candidate.app/Contents/Developer/Platforms/XROS.platform/Developer/usr/lib -F /Users/admin/builder/spi-builder-workspace/.derivedData/Build/Products/Debug-xros -F /Applications/Xcode-27.0.0-Release.Candidate.app/Contents/Developer/Platforms/XROS.platform/Developer/Library/Frameworks -F /Applications/Xcode-27.0.0-Release.Candidate.app/Contents/Developer/Platforms/XROS.platform/Developer/SDKs/XROS27.0.sdk/Developer/Library/Frameworks -c -j10 -enable-batch-mode -incremental -Xcc -ivfsstatcache -Xcc /Users/admin/builder/spi-builder-workspace/.derivedData/SDKStatCaches.noindex/xros27.0-24M361-e829b21a6f8c9b70876ba0858053c044735bd543db762f57723cac368afd1ce4.sdkstatcache -output-file-map /Users/admin/builder/spi-builder-workspace/.derivedData/Build/Intermediates.noindex/CDKSwiftOracc.build/Debug-xros/CDKSwiftOracc-t.build/Objects-normal/arm64/CDKSwiftOracc-OutputFileMap.json -save-temps -no-color-diagnostics -explicit-module-build -module-cache-path /Users/admin/builder/spi-builder-workspace/.derivedData/Build/Intermediates.noindex/SwiftExplicitPrecompiledModules -clang-scanner-module-cache-path /Users/admin/builder/spi-builder-workspace/.derivedData/ModuleCache.noindex -sdk-module-cache-path /Users/admin/builder/spi-builder-workspace/.derivedData/SDKExplicitPrecompiledModules -emit-dependencies -emit-module -emit-module-path /Users/admin/builder/spi-builder-workspace/.derivedData/Build/Intermediates.noindex/CDKSwiftOracc.build/Debug-xros/CDKSwiftOracc-t.build/Objects-normal/arm64/CDKSwiftOracc.swiftmodule -serialize-diagnostics -dependency-scan-serialize-diagnostics-path /Users/admin/builder/spi-builder-workspace/.derivedData/Build/Intermediates.noindex/CDKSwiftOracc.build/Debug-xros/CDKSwiftOracc-t.build/Objects-normal/arm64/CDKSwiftOracc-dependency-scan.dia -validate-clang-modules-once -clang-build-session-file /Users/admin/builder/spi-builder-workspace/.derivedData/ModuleCache.noindex/Session.modulevalidation -Xcc -fmodules-prune-interval\=86400 -Xcc -fmodules-prune-after\=345600 -emit-const-values -const-gather-protocols-list /Users/admin/builder/spi-builder-workspace/.derivedData/Build/Intermediates.noindex/CDKSwiftOracc.build/Debug-xros/CDKSwiftOracc-t.build/Objects-normal/arm64/CDKSwiftOracc_const_extract_protocols.json -Xcc -I/Users/admin/builder/spi-builder-workspace/.derivedData/Build/Products/Debug-xros/include -Xcc -I/Users/admin/builder/spi-builder-workspace/.derivedData/Build/Intermediates.noindex/CDKSwiftOracc.build/Debug-xros/CDKSwiftOracc-t.build/DerivedSources-normal/arm64 -Xcc -I/Users/admin/builder/spi-builder-workspace/.derivedData/Build/Intermediates.noindex/CDKSwiftOracc.build/Debug-xros/CDKSwiftOracc-t.build/DerivedSources/arm64 -Xcc -I/Users/admin/builder/spi-builder-workspace/.derivedData/Build/Intermediates.noindex/CDKSwiftOracc.build/Debug-xros/CDKSwiftOracc-t.build/DerivedSources -Xcc -DSWIFT_PACKAGE -Xcc -DDEBUG\=1 -emit-objc-header -emit-objc-header-path /Users/admin/builder/spi-builder-workspace/.derivedData/Build/Intermediates.noindex/CDKSwiftOracc.build/Debug-xros/CDKSwiftOracc-t.build/Objects-normal/arm64/CDKSwiftOracc-Swift.h -working-directory /Users/admin/builder/spi-builder-workspace/.swiftpm/xcode -experimental-emit-module-separately -disable-cmo
/Users/admin/builder/spi-builder-workspace/Sources/CDKSwiftOracc/CDL Types/GraphemeDescription+Codable.swift:263:18: warning: Breakposition not implemented yet (in target 'CDKSwiftOracc' from project 'CDKSwiftOracc')
/Users/admin/builder/spi-builder-workspace/Sources/CDKSwiftOracc/Sign Lists/String+CuneiformHelpers.swift:34:18: warning: Code handling numbers needs to convert all sign variant signifiers into Unicode subscripts; handle actual numbers (in target 'CDKSwiftOracc' from project 'CDKSwiftOracc')
/Users/admin/builder/spi-builder-workspace/Sources/CDKSwiftOracc/TextEdition/Legacy/NSAttributedStringFormatter.swift:144:10: warning: Code handling 'damaged' and 'missing' signs is repetitive and needs to be tidied up (in target 'CDKSwiftOracc' from project 'CDKSwiftOracc')
SwiftExplicitDependencyGeneratePcm arm64 /Users/admin/builder/spi-builder-workspace/.derivedData/SDKExplicitPrecompiledModules/SwiftShims-CI4H5RO9IYFFWQ2COB512Q2S9.pcm
SwiftExplicitDependencyGeneratePcm arm64 /Users/admin/builder/spi-builder-workspace/.derivedData/SDKExplicitPrecompiledModules/_Builtin_float-6WKHNW5S40U2QGHXXGETUDIRA.pcm
SwiftExplicitDependencyGeneratePcm arm64 /Users/admin/builder/spi-builder-workspace/.derivedData/SDKExplicitPrecompiledModules/ptrauth-1WBA714DZSVUL5JQDJ08CLKZ.pcm
SwiftExplicitDependencyGeneratePcm arm64 /Users/admin/builder/spi-builder-workspace/.derivedData/SDKExplicitPrecompiledModules/_SwiftConcurrencyShims-C8XHKSHX96D5YYALNM4W70Z0O.pcm
SwiftExplicitDependencyGeneratePcm arm64 /Users/admin/builder/spi-builder-workspace/.derivedData/SDKExplicitPrecompiledModules/_Builtin_stdarg-CDA349K2K4US766844K8E0PVA.pcm
SwiftExplicitDependencyGeneratePcm arm64 /Users/admin/builder/spi-builder-workspace/.derivedData/SDKExplicitPrecompiledModules/_AvailabilityInternal-1Q8IQP6M38UWSGZ95UCEY2M44.pcm
SwiftExplicitDependencyGeneratePcm arm64 /Users/admin/builder/spi-builder-workspace/.derivedData/SDKExplicitPrecompiledModules/ptrcheck-BXA97MNLI4BB0HF5I8MJE403D.pcm
SwiftExplicitDependencyGeneratePcm arm64 /Users/admin/builder/spi-builder-workspace/.derivedData/SDKExplicitPrecompiledModules/_Builtin_stdbool-5BU2ADS7JXQMYENKQHW9X8XOU.pcm
SwiftExplicitDependencyGeneratePcm arm64 /Users/admin/builder/spi-builder-workspace/.derivedData/SDKExplicitPrecompiledModules/_Builtin_stddef-5NQ9Z1GV07GBSRQGAQCGXGVRI.pcm
SwiftExplicitDependencyGeneratePcm arm64 /Users/admin/builder/spi-builder-workspace/.derivedData/SDKExplicitPrecompiledModules/_DarwinFoundation1-5RGRVV2TZ6WC4WZW5IXF8NQ04.pcm
SwiftExplicitDependencyGeneratePcm arm64 /Users/admin/builder/spi-builder-workspace/.derivedData/SDKExplicitPrecompiledModules/_DarwinFoundation2-ENTECK156YEWITZRRBTOCE4KR.pcm
SwiftExplicitDependencyGeneratePcm arm64 /Users/admin/builder/spi-builder-workspace/.derivedData/SDKExplicitPrecompiledModules/_Builtin_limits-425JDMN5HPM3D0UEI8LEHP6NM.pcm
SwiftExplicitDependencyGeneratePcm arm64 /Users/admin/builder/spi-builder-workspace/.derivedData/SDKExplicitPrecompiledModules/sys_types-AYM0BHR77VKMWZCO2T0XGV2HF.pcm
SwiftExplicitDependencyGeneratePcm arm64 /Users/admin/builder/spi-builder-workspace/.derivedData/SDKExplicitPrecompiledModules/_Builtin_stdint-8OR6T47OOYJA90ZBO3N1USDE.pcm
SwiftExplicitDependencyGeneratePcm arm64 /Users/admin/builder/spi-builder-workspace/.derivedData/SDKExplicitPrecompiledModules/string_h-2GT67HHHHK5CF1V1S31LH0PU2.pcm
SwiftExplicitDependencyGeneratePcm arm64 /Users/admin/builder/spi-builder-workspace/.derivedData/SDKExplicitPrecompiledModules/_DarwinFoundation3-9ZHN6JKBS40BBA81RQMV8H0IC.pcm
SwiftExplicitDependencyGeneratePcm arm64 /Users/admin/builder/spi-builder-workspace/.derivedData/SDKExplicitPrecompiledModules/_Builtin_inttypes-11B64KJD36B3YOHBR1BBXBJY8.pcm
SwiftExplicitDependencyGeneratePcm arm64 /Users/admin/builder/spi-builder-workspace/.derivedData/SDKExplicitPrecompiledModules/Darwin-60P5LVNQO3ESRRM5DCJ05PFNK.pcm
SwiftExplicitDependencyGeneratePcm arm64 /Users/admin/builder/spi-builder-workspace/.derivedData/SDKExplicitPrecompiledModules/ObjectiveC-26TIBFYCEJZVP216ZZAU1X8KN.pcm
SwiftExplicitDependencyGeneratePcm arm64 /Users/admin/builder/spi-builder-workspace/.derivedData/SDKExplicitPrecompiledModules/os_object-692CJ8BG6RE5H04487EJJOVXW.pcm
SwiftExplicitDependencyGeneratePcm arm64 /Users/admin/builder/spi-builder-workspace/.derivedData/SDKExplicitPrecompiledModules/os_workgroup-4U1VXMWIZD80E7PRUQF2G7P9X.pcm
SwiftExplicitDependencyGeneratePcm arm64 /Users/admin/builder/spi-builder-workspace/.derivedData/SDKExplicitPrecompiledModules/Dispatch-CLT3466HKC22GCKAWSCNG0H7T.pcm
SwiftExplicitDependencyGeneratePcm arm64 /Users/admin/builder/spi-builder-workspace/.derivedData/SDKExplicitPrecompiledModules/CoreFoundation-AVLTZVCXBU2TO75JCN4AGU8XJ.pcm
SwiftExplicitDependencyGeneratePcm arm64 /Users/admin/builder/spi-builder-workspace/.derivedData/SDKExplicitPrecompiledModules/XPC-EP5EU7FNGP4VOA3EDM18P1KHO.pcm
SwiftExplicitDependencyGeneratePcm arm64 /Users/admin/builder/spi-builder-workspace/.derivedData/SDKExplicitPrecompiledModules/Security-8TH2M8WJIQMET4SADWX0N8372.pcm
SwiftExplicitDependencyGeneratePcm arm64 /Users/admin/builder/spi-builder-workspace/.derivedData/SDKExplicitPrecompiledModules/CFNetwork-5MI70N1VLDQSWTX4COWLMSIRO.pcm
SwiftExplicitDependencyGeneratePcm arm64 /Users/admin/builder/spi-builder-workspace/.derivedData/SDKExplicitPrecompiledModules/Foundation-8GON1KVEKRN3NOQI8RETBRWJP.pcm
SwiftEmitModule normal arm64 Emitting\ module\ for\ CDKSwiftOracc (in target 'CDKSwiftOracc' from project 'CDKSwiftOracc')
SwiftCompile normal arm64 (in target 'CDKSwiftOracc' from project 'CDKSwiftOracc')
cd /Users/admin/builder/spi-builder-workspace/.swiftpm/xcode
/Users/admin/builder/spi-builder-workspace/Sources/CDKSwiftOracc/TextEdition/Legacy/NSAttributedStringFormatter.swift:144:10: warning: Code handling 'damaged' and 'missing' signs is repetitive and needs to be tidied up
142 | }
143 |
144 | #warning("Code handling 'damaged' and 'missing' signs is repetitive and needs to be tidied up")
| `- warning: Code handling 'damaged' and 'missing' signs is repetitive and needs to be tidied up
145 | extension GraphemeDescription {
146 | func transliterated() -> NSAttributedString {
SwiftCompile normal arm64 Compiling\ OraccTextEdition.swift,\ TextEditionFormatting.swift /Users/admin/builder/spi-builder-workspace/Sources/CDKSwiftOracc/TextEdition/OraccTextEdition.swift /Users/admin/builder/spi-builder-workspace/Sources/CDKSwiftOracc/TextEdition/TextEditionFormatting.swift (in target 'CDKSwiftOracc' from project 'CDKSwiftOracc')
SwiftCompile normal arm64 /Users/admin/builder/spi-builder-workspace/Sources/CDKSwiftOracc/TextEdition/OraccTextEdition.swift (in target 'CDKSwiftOracc' from project 'CDKSwiftOracc')
cd /Users/admin/builder/spi-builder-workspace/.swiftpm/xcode
builtin-SwiftPerFileCompile OraccTextEdition.swift
SwiftCompile normal arm64 /Users/admin/builder/spi-builder-workspace/Sources/CDKSwiftOracc/TextEdition/TextEditionFormatting.swift (in target 'CDKSwiftOracc' from project 'CDKSwiftOracc')
cd /Users/admin/builder/spi-builder-workspace/.swiftpm/xcode
builtin-SwiftPerFileCompile TextEditionFormatting.swift
SwiftCompile normal arm64 Compiling\ OraccLanguages.swift,\ XISReference.swift,\ Cuneifier.swift /Users/admin/builder/spi-builder-workspace/Sources/CDKSwiftOracc/Glossary/OraccLanguages.swift /Users/admin/builder/spi-builder-workspace/Sources/CDKSwiftOracc/Glossary/XISReference.swift /Users/admin/builder/spi-builder-workspace/Sources/CDKSwiftOracc/Sign\ Lists/Cuneifier.swift (in target 'CDKSwiftOracc' from project 'CDKSwiftOracc')
SwiftCompile normal arm64 /Users/admin/builder/spi-builder-workspace/Sources/CDKSwiftOracc/Glossary/OraccLanguages.swift (in target 'CDKSwiftOracc' from project 'CDKSwiftOracc')
cd /Users/admin/builder/spi-builder-workspace/.swiftpm/xcode
builtin-SwiftPerFileCompile OraccLanguages.swift
SwiftCompile normal arm64 /Users/admin/builder/spi-builder-workspace/Sources/CDKSwiftOracc/Glossary/XISReference.swift (in target 'CDKSwiftOracc' from project 'CDKSwiftOracc')
cd /Users/admin/builder/spi-builder-workspace/.swiftpm/xcode
builtin-SwiftPerFileCompile XISReference.swift
SwiftCompile normal arm64 /Users/admin/builder/spi-builder-workspace/Sources/CDKSwiftOracc/Sign\ Lists/Cuneifier.swift (in target 'CDKSwiftOracc' from project 'CDKSwiftOracc')
cd /Users/admin/builder/spi-builder-workspace/.swiftpm/xcode
builtin-SwiftPerFileCompile Cuneifier.swift
SwiftCompile normal arm64 Compiling\ TextSearchCollection.swift,\ TextSetProtocol.swift,\ OraccGlossary.swift /Users/admin/builder/spi-builder-workspace/Sources/CDKSwiftOracc/Catalog/TextSearchCollection.swift /Users/admin/builder/spi-builder-workspace/Sources/CDKSwiftOracc/Catalog/TextSetProtocol.swift /Users/admin/builder/spi-builder-workspace/Sources/CDKSwiftOracc/Glossary/OraccGlossary.swift (in target 'CDKSwiftOracc' from project 'CDKSwiftOracc')
SwiftCompile normal arm64 /Users/admin/builder/spi-builder-workspace/Sources/CDKSwiftOracc/Catalog/TextSearchCollection.swift (in target 'CDKSwiftOracc' from project 'CDKSwiftOracc')
cd /Users/admin/builder/spi-builder-workspace/.swiftpm/xcode
builtin-SwiftPerFileCompile TextSearchCollection.swift
SwiftCompile normal arm64 /Users/admin/builder/spi-builder-workspace/Sources/CDKSwiftOracc/Catalog/TextSetProtocol.swift (in target 'CDKSwiftOracc' from project 'CDKSwiftOracc')
cd /Users/admin/builder/spi-builder-workspace/.swiftpm/xcode
builtin-SwiftPerFileCompile TextSetProtocol.swift
SwiftCompile normal arm64 /Users/admin/builder/spi-builder-workspace/Sources/CDKSwiftOracc/Glossary/OraccGlossary.swift (in target 'CDKSwiftOracc' from project 'CDKSwiftOracc')
cd /Users/admin/builder/spi-builder-workspace/.swiftpm/xcode
builtin-SwiftPerFileCompile OraccGlossary.swift
SwiftCompile normal arm64 Compiling\ OraccCatalogueEntry+Codable.swift,\ OraccCatalogueEntry.swift,\ TextID.swift /Users/admin/builder/spi-builder-workspace/Sources/CDKSwiftOracc/Catalog/OraccCatalogueEntry+Codable.swift /Users/admin/builder/spi-builder-workspace/Sources/CDKSwiftOracc/Catalog/OraccCatalogueEntry.swift /Users/admin/builder/spi-builder-workspace/Sources/CDKSwiftOracc/Catalog/TextID.swift (in target 'CDKSwiftOracc' from project 'CDKSwiftOracc')
SwiftCompile normal arm64 /Users/admin/builder/spi-builder-workspace/Sources/CDKSwiftOracc/Catalog/OraccCatalogueEntry+Codable.swift (in target 'CDKSwiftOracc' from project 'CDKSwiftOracc')
cd /Users/admin/builder/spi-builder-workspace/.swiftpm/xcode
builtin-SwiftPerFileCompile OraccCatalogueEntry+Codable.swift
SwiftCompile normal arm64 /Users/admin/builder/spi-builder-workspace/Sources/CDKSwiftOracc/Catalog/OraccCatalogueEntry.swift (in target 'CDKSwiftOracc' from project 'CDKSwiftOracc')
cd /Users/admin/builder/spi-builder-workspace/.swiftpm/xcode
builtin-SwiftPerFileCompile OraccCatalogueEntry.swift
SwiftCompile normal arm64 /Users/admin/builder/spi-builder-workspace/Sources/CDKSwiftOracc/Catalog/TextID.swift (in target 'CDKSwiftOracc' from project 'CDKSwiftOracc')
cd /Users/admin/builder/spi-builder-workspace/.swiftpm/xcode
builtin-SwiftPerFileCompile TextID.swift
SwiftCompile normal arm64 Compiling\ NodeReference.swift,\ OraccCDLNode+Codable.swift,\ OraccCDLNode+ExtendedAttributes.swift /Users/admin/builder/spi-builder-workspace/Sources/CDKSwiftOracc/CDL\ Types/NodeReference.swift /Users/admin/builder/spi-builder-workspace/Sources/CDKSwiftOracc/CDL\ Types/OraccCDLNode+Codable.swift /Users/admin/builder/spi-builder-workspace/Sources/CDKSwiftOracc/CDL\ Types/OraccCDLNode+ExtendedAttributes.swift (in target 'CDKSwiftOracc' from project 'CDKSwiftOracc')
SwiftCompile normal arm64 /Users/admin/builder/spi-builder-workspace/Sources/CDKSwiftOracc/CDL\ Types/NodeReference.swift (in target 'CDKSwiftOracc' from project 'CDKSwiftOracc')
cd /Users/admin/builder/spi-builder-workspace/.swiftpm/xcode
builtin-SwiftPerFileCompile NodeReference.swift
SwiftCompile normal arm64 /Users/admin/builder/spi-builder-workspace/Sources/CDKSwiftOracc/CDL\ Types/OraccCDLNode+Codable.swift (in target 'CDKSwiftOracc' from project 'CDKSwiftOracc')
cd /Users/admin/builder/spi-builder-workspace/.swiftpm/xcode
builtin-SwiftPerFileCompile OraccCDLNode+Codable.swift
SwiftCompile normal arm64 /Users/admin/builder/spi-builder-workspace/Sources/CDKSwiftOracc/CDL\ Types/OraccCDLNode+ExtendedAttributes.swift (in target 'CDKSwiftOracc' from project 'CDKSwiftOracc')
cd /Users/admin/builder/spi-builder-workspace/.swiftpm/xcode
builtin-SwiftPerFileCompile OraccCDLNode+ExtendedAttributes.swift
SwiftCompile normal arm64 Compiling\ OraccGlobalSignList.swift,\ String+CuneiformHelpers.swift,\ UnicodeScalars+CuneiformHelpers.swift /Users/admin/builder/spi-builder-workspace/Sources/CDKSwiftOracc/Sign\ Lists/OraccGlobalSignList.swift /Users/admin/builder/spi-builder-workspace/Sources/CDKSwiftOracc/Sign\ Lists/String+CuneiformHelpers.swift /Users/admin/builder/spi-builder-workspace/Sources/CDKSwiftOracc/Sign\ Lists/UnicodeScalars+CuneiformHelpers.swift (in target 'CDKSwiftOracc' from project 'CDKSwiftOracc')
/Users/admin/builder/spi-builder-workspace/Sources/CDKSwiftOracc/Sign Lists/String+CuneiformHelpers.swift:34:18: warning: Code handling numbers needs to convert all sign variant signifiers into Unicode subscripts; handle actual numbers
32 |
33 | func cuneifyInputEncoded() -> String {
34 | #warning("Code handling numbers needs to convert all sign variant signifiers into Unicode subscripts; handle actual numbers")
| `- warning: Code handling numbers needs to convert all sign variant signifiers into Unicode subscripts; handle actual numbers
35 | if self.decomposedStringWithCanonicalMapping.unicodeScalars.contains(Unicode.Scalar.combiningAcuteAccent) {
36 | return self.decomposedStringWithCanonicalMapping.replacingOccurrences(of: String.combiningAcuteAccent, with: "").appending("₂")
SwiftCompile normal arm64 /Users/admin/builder/spi-builder-workspace/Sources/CDKSwiftOracc/Sign\ Lists/OraccGlobalSignList.swift (in target 'CDKSwiftOracc' from project 'CDKSwiftOracc')
cd /Users/admin/builder/spi-builder-workspace/.swiftpm/xcode
builtin-SwiftPerFileCompile OraccGlobalSignList.swift
SwiftCompile normal arm64 /Users/admin/builder/spi-builder-workspace/Sources/CDKSwiftOracc/Sign\ Lists/String+CuneiformHelpers.swift (in target 'CDKSwiftOracc' from project 'CDKSwiftOracc')
cd /Users/admin/builder/spi-builder-workspace/.swiftpm/xcode
builtin-SwiftPerFileCompile String+CuneiformHelpers.swift
SwiftCompile normal arm64 /Users/admin/builder/spi-builder-workspace/Sources/CDKSwiftOracc/Sign\ Lists/UnicodeScalars+CuneiformHelpers.swift (in target 'CDKSwiftOracc' from project 'CDKSwiftOracc')
cd /Users/admin/builder/spi-builder-workspace/.swiftpm/xcode
builtin-SwiftPerFileCompile UnicodeScalars+CuneiformHelpers.swift
SwiftCompile normal arm64 Compiling\ CuneiformSignReading.swift,\ GraphemeDescription+Codable.swift,\ GraphemeDescription.swift /Users/admin/builder/spi-builder-workspace/Sources/CDKSwiftOracc/CDL\ Types/CuneiformSignReading.swift /Users/admin/builder/spi-builder-workspace/Sources/CDKSwiftOracc/CDL\ Types/GraphemeDescription+Codable.swift /Users/admin/builder/spi-builder-workspace/Sources/CDKSwiftOracc/CDL\ Types/GraphemeDescription.swift (in target 'CDKSwiftOracc' from project 'CDKSwiftOracc')
SwiftCompile normal arm64 /Users/admin/builder/spi-builder-workspace/Sources/CDKSwiftOracc/CDL\ Types/CuneiformSignReading.swift (in target 'CDKSwiftOracc' from project 'CDKSwiftOracc')
cd /Users/admin/builder/spi-builder-workspace/.swiftpm/xcode
builtin-SwiftPerFileCompile CuneiformSignReading.swift
SwiftCompile normal arm64 /Users/admin/builder/spi-builder-workspace/Sources/CDKSwiftOracc/CDL\ Types/GraphemeDescription+Codable.swift (in target 'CDKSwiftOracc' from project 'CDKSwiftOracc')
cd /Users/admin/builder/spi-builder-workspace/.swiftpm/xcode
builtin-SwiftPerFileCompile GraphemeDescription+Codable.swift
SwiftCompile normal arm64 /Users/admin/builder/spi-builder-workspace/Sources/CDKSwiftOracc/CDL\ Types/GraphemeDescription.swift (in target 'CDKSwiftOracc' from project 'CDKSwiftOracc')
cd /Users/admin/builder/spi-builder-workspace/.swiftpm/xcode
builtin-SwiftPerFileCompile GraphemeDescription.swift
/Users/admin/builder/spi-builder-workspace/Sources/CDKSwiftOracc/CDL Types/GraphemeDescription+Codable.swift:263:18: warning: Breakposition not implemented yet
261 | }
262 |
263 | #warning("Breakposition not implemented yet")
| `- warning: Breakposition not implemented yet
264 |
265 | if isLogogram {
SwiftCompile normal arm64 Compiling\ OraccAttributedString.swift,\ OraccHTML5Formatter.swift /Users/admin/builder/spi-builder-workspace/Sources/CDKSwiftOracc/TextEdition/OraccAttributedString.swift /Users/admin/builder/spi-builder-workspace/Sources/CDKSwiftOracc/TextEdition/OraccHTML5Formatter.swift (in target 'CDKSwiftOracc' from project 'CDKSwiftOracc')
SwiftCompile normal arm64 /Users/admin/builder/spi-builder-workspace/Sources/CDKSwiftOracc/TextEdition/OraccAttributedString.swift (in target 'CDKSwiftOracc' from project 'CDKSwiftOracc')
cd /Users/admin/builder/spi-builder-workspace/.swiftpm/xcode
builtin-SwiftPerFileCompile OraccAttributedString.swift
SwiftCompile normal arm64 /Users/admin/builder/spi-builder-workspace/Sources/CDKSwiftOracc/TextEdition/OraccHTML5Formatter.swift (in target 'CDKSwiftOracc' from project 'CDKSwiftOracc')
cd /Users/admin/builder/spi-builder-workspace/.swiftpm/xcode
builtin-SwiftPerFileCompile OraccHTML5Formatter.swift
SwiftCompile normal arm64 Compiling\ AttributedStringFormatter.swift,\ NSAttributedStringFormatter.swift,\ NSAttributedStringKey+OraccAttributes.swift /Users/admin/builder/spi-builder-workspace/Sources/CDKSwiftOracc/TextEdition/AttributedStringFormatter.swift /Users/admin/builder/spi-builder-workspace/Sources/CDKSwiftOracc/TextEdition/Legacy/NSAttributedStringFormatter.swift /Users/admin/builder/spi-builder-workspace/Sources/CDKSwiftOracc/TextEdition/Legacy/NSAttributedStringKey+OraccAttributes.swift (in target 'CDKSwiftOracc' from project 'CDKSwiftOracc')
/Users/admin/builder/spi-builder-workspace/Sources/CDKSwiftOracc/TextEdition/Legacy/NSAttributedStringFormatter.swift:144:10: warning: Code handling 'damaged' and 'missing' signs is repetitive and needs to be tidied up
142 | }
143 |
144 | #warning("Code handling 'damaged' and 'missing' signs is repetitive and needs to be tidied up")
| `- warning: Code handling 'damaged' and 'missing' signs is repetitive and needs to be tidied up
145 | extension GraphemeDescription {
146 | func transliterated() -> NSAttributedString {
/Users/admin/builder/spi-builder-workspace/Sources/CDKSwiftOracc/TextEdition/AttributedStringFormatter.swift:84:61: error: 'formatting' is unavailable in visionOS
82 | )
83 | } else {
84 | let damagedAttribute = AttributeContainer([.formatting: [TextEditionFormatting.damaged]])
| `- error: 'formatting' is unavailable in visionOS
85 | attributedLemma = AttributedString(
86 | "x ",
/Users/admin/builder/spi-builder-workspace/Sources/CDKSwiftOracc/TextEdition/Legacy/NSAttributedStringFormatter.swift:27:16: note: 'formatting' was obsoleted in visionOS 1.0
25 | @available(iOS, obsoleted: 15)
26 | public extension NSAttributedString.Key {
27 | static var formatting: NSAttributedString.Key {
| `- note: 'formatting' was obsoleted in visionOS 1.0
28 | return self.init("formatting")
29 | }
/Users/admin/builder/spi-builder-workspace/Sources/CDKSwiftOracc/TextEdition/Legacy/NSAttributedStringFormatter.swift:66:35: error: 'formatting' is unavailable in visionOS
25 | @available(iOS, obsoleted: 15)
26 | public extension NSAttributedString.Key {
27 | static var formatting: NSAttributedString.Key {
| `- note: 'formatting' was obsoleted in visionOS 1.0
28 | return self.init("formatting")
29 | }
:
64 | if let norm = lemma.wordForm.normalisation {
65 | var translationAttrs = lemma.getExtendedAttributes()
66 | translationAttrs[.formatting] = TextEditionFormatting([.italic]).rawValue
| `- error: 'formatting' is unavailable in visionOS
67 | attrStr = NSMutableAttributedString(
68 | string: "\(norm) ",
/Users/admin/builder/spi-builder-workspace/Sources/CDKSwiftOracc/TextEdition/Legacy/NSAttributedStringFormatter.swift:74:35: error: 'formatting' is unavailable in visionOS
25 | @available(iOS, obsoleted: 15)
26 | public extension NSAttributedString.Key {
27 | static var formatting: NSAttributedString.Key {
| `- note: 'formatting' was obsoleted in visionOS 1.0
28 | return self.init("formatting")
29 | }
:
72 | attrStr = NSMutableAttributedString(
73 | string: "x ",
74 | attributes: [.formatting: TextEditionFormatting([.damaged]).rawValue]
| `- error: 'formatting' is unavailable in visionOS
75 | )
76 | }
/Users/admin/builder/spi-builder-workspace/Sources/CDKSwiftOracc/TextEdition/Legacy/NSAttributedStringFormatter.swift:88:83: error: 'formatting' is unavailable in visionOS
25 | @available(iOS, obsoleted: 15)
26 | public extension NSAttributedString.Key {
27 | static var formatting: NSAttributedString.Key {
| `- note: 'formatting' was obsoleted in visionOS 1.0
28 | return self.init("formatting")
29 | }
:
86 | switch discontinuity.type {
87 | case .obverse:
88 | let obv = NSAttributedString(string: "Obverse: \n", attributes: [.formatting: TextEditionFormatting([.editorial, .bold]).rawValue])
| `- error: 'formatting' is unavailable in visionOS
89 | str.append(obv)
90 | case .linestart:
/Users/admin/builder/spi-builder-workspace/Sources/CDKSwiftOracc/TextEdition/Legacy/NSAttributedStringFormatter.swift:91:102: error: 'formatting' is unavailable in visionOS
25 | @available(iOS, obsoleted: 15)
26 | public extension NSAttributedString.Key {
27 | static var formatting: NSAttributedString.Key {
| `- note: 'formatting' was obsoleted in visionOS 1.0
28 | return self.init("formatting")
29 | }
:
89 | str.append(obv)
90 | case .linestart:
91 | let ln = NSAttributedString(string: "\n\(discontinuity.label ?? "") ", attributes: [.formatting: TextEditionFormatting([.editorial]).rawValue])
| `- error: 'formatting' is unavailable in visionOS
92 | str.append(ln)
93 | case .reverse:
/Users/admin/builder/spi-builder-workspace/Sources/CDKSwiftOracc/TextEdition/Legacy/NSAttributedStringFormatter.swift:94:90: error: 'formatting' is unavailable in visionOS
25 | @available(iOS, obsoleted: 15)
26 | public extension NSAttributedString.Key {
27 | static var formatting: NSAttributedString.Key {
| `- note: 'formatting' was obsoleted in visionOS 1.0
28 | return self.init("formatting")
29 | }
:
92 | str.append(ln)
93 | case .reverse:
94 | let rev = NSAttributedString(string: "\n\n\n Reverse: \n", attributes: [.formatting: TextEditionFormatting([.editorial, .bold]).rawValue])
| `- error: 'formatting' is unavailable in visionOS
95 | str.append(rev)
96 | default:
/Users/admin/builder/spi-builder-workspace/Sources/CDKSwiftOracc/TextEdition/Legacy/NSAttributedStringFormatter.swift:125:83: error: 'formatting' is unavailable in visionOS
25 | @available(iOS, obsoleted: 15)
26 | public extension NSAttributedString.Key {
27 | static var formatting: NSAttributedString.Key {
| `- note: 'formatting' was obsoleted in visionOS 1.0
28 | return self.init("formatting")
29 | }
:
123 | switch discontinuity.type {
124 | case .obverse:
125 | let obv = NSAttributedString(string: "Obverse: \n", attributes: [.formatting: TextEditionFormatting([.editorial, .bold]).rawValue])
| `- error: 'formatting' is unavailable in visionOS
126 | str.append(obv)
127 | case .linestart:
/Users/admin/builder/spi-builder-workspace/Sources/CDKSwiftOracc/TextEdition/Legacy/NSAttributedStringFormatter.swift:128:102: error: 'formatting' is unavailable in visionOS
25 | @available(iOS, obsoleted: 15)
26 | public extension NSAttributedString.Key {
27 | static var formatting: NSAttributedString.Key {
| `- note: 'formatting' was obsoleted in visionOS 1.0
28 | return self.init("formatting")
29 | }
:
126 | str.append(obv)
127 | case .linestart:
128 | let ln = NSAttributedString(string: "\n\(discontinuity.label ?? "") ", attributes: [.formatting: TextEditionFormatting([.editorial]).rawValue])
| `- error: 'formatting' is unavailable in visionOS
129 | str.append(ln)
130 | case .reverse:
/Users/admin/builder/spi-builder-workspace/Sources/CDKSwiftOracc/TextEdition/Legacy/NSAttributedStringFormatter.swift:131:90: error: 'formatting' is unavailable in visionOS
25 | @available(iOS, obsoleted: 15)
26 | public extension NSAttributedString.Key {
27 | static var formatting: NSAttributedString.Key {
| `- note: 'formatting' was obsoleted in visionOS 1.0
28 | return self.init("formatting")
29 | }
:
129 | str.append(ln)
130 | case .reverse:
131 | let rev = NSAttributedString(string: "\n\n\n Reverse: \n", attributes: [.formatting: TextEditionFormatting([.editorial, .bold]).rawValue])
| `- error: 'formatting' is unavailable in visionOS
132 | str.append(rev)
133 | default:
/Users/admin/builder/spi-builder-workspace/Sources/CDKSwiftOracc/TextEdition/Legacy/NSAttributedStringFormatter.swift:147:56: error: 'formatting' is unavailable in visionOS
25 | @available(iOS, obsoleted: 15)
26 | public extension NSAttributedString.Key {
27 | static var formatting: NSAttributedString.Key {
| `- note: 'formatting' was obsoleted in visionOS 1.0
28 | return self.init("formatting")
29 | }
:
145 | extension GraphemeDescription {
146 | func transliterated() -> NSAttributedString {
147 | let italicFormatting = [NSAttributedString.Key.formatting: TextEditionFormatting([.italic]).rawValue]
| `- error: 'formatting' is unavailable in visionOS
148 | let superscriptFormatting = [NSAttributedString.Key.formatting: TextEditionFormatting([.superscript]).rawValue]
149 | let damagedFormatting = [NSAttributedString.Key.formatting: TextEditionFormatting([.damaged]).rawValue]
/Users/admin/builder/spi-builder-workspace/Sources/CDKSwiftOracc/TextEdition/Legacy/NSAttributedStringFormatter.swift:148:61: error: 'formatting' is unavailable in visionOS
25 | @available(iOS, obsoleted: 15)
26 | public extension NSAttributedString.Key {
27 | static var formatting: NSAttributedString.Key {
| `- note: 'formatting' was obsoleted in visionOS 1.0
28 | return self.init("formatting")
29 | }
:
146 | func transliterated() -> NSAttributedString {
147 | let italicFormatting = [NSAttributedString.Key.formatting: TextEditionFormatting([.italic]).rawValue]
148 | let superscriptFormatting = [NSAttributedString.Key.formatting: TextEditionFormatting([.superscript]).rawValue]
| `- error: 'formatting' is unavailable in visionOS
149 | let damagedFormatting = [NSAttributedString.Key.formatting: TextEditionFormatting([.damaged]).rawValue]
150 | let damagedSumerian = [NSAttributedString.Key.formatting: TextEditionFormatting([.damagedLogogram]).rawValue]
/Users/admin/builder/spi-builder-workspace/Sources/CDKSwiftOracc/TextEdition/Legacy/NSAttributedStringFormatter.swift:149:57: error: 'formatting' is unavailable in visionOS
25 | @available(iOS, obsoleted: 15)
26 | public extension NSAttributedString.Key {
27 | static var formatting: NSAttributedString.Key {
| `- note: 'formatting' was obsoleted in visionOS 1.0
28 | return self.init("formatting")
29 | }
:
147 | let italicFormatting = [NSAttributedString.Key.formatting: TextEditionFormatting([.italic]).rawValue]
148 | let superscriptFormatting = [NSAttributedString.Key.formatting: TextEditionFormatting([.superscript]).rawValue]
149 | let damagedFormatting = [NSAttributedString.Key.formatting: TextEditionFormatting([.damaged]).rawValue]
| `- error: 'formatting' is unavailable in visionOS
150 | let damagedSumerian = [NSAttributedString.Key.formatting: TextEditionFormatting([.damagedLogogram]).rawValue]
151 | let noFormatting = [NSAttributedString.Key.formatting: 0]
/Users/admin/builder/spi-builder-workspace/Sources/CDKSwiftOracc/TextEdition/Legacy/NSAttributedStringFormatter.swift:150:55: error: 'formatting' is unavailable in visionOS
25 | @available(iOS, obsoleted: 15)
26 | public extension NSAttributedString.Key {
27 | static var formatting: NSAttributedString.Key {
| `- note: 'formatting' was obsoleted in visionOS 1.0
28 | return self.init("formatting")
29 | }
:
148 | let superscriptFormatting = [NSAttributedString.Key.formatting: TextEditionFormatting([.superscript]).rawValue]
149 | let damagedFormatting = [NSAttributedString.Key.formatting: TextEditionFormatting([.damaged]).rawValue]
150 | let damagedSumerian = [NSAttributedString.Key.formatting: TextEditionFormatting([.damagedLogogram]).rawValue]
| `- error: 'formatting' is unavailable in visionOS
151 | let noFormatting = [NSAttributedString.Key.formatting: 0]
152 |
/Users/admin/builder/spi-builder-workspace/Sources/CDKSwiftOracc/TextEdition/Legacy/NSAttributedStringFormatter.swift:151:52: error: 'formatting' is unavailable in visionOS
25 | @available(iOS, obsoleted: 15)
26 | public extension NSAttributedString.Key {
27 | static var formatting: NSAttributedString.Key {
| `- note: 'formatting' was obsoleted in visionOS 1.0
28 | return self.init("formatting")
29 | }
:
149 | let damagedFormatting = [NSAttributedString.Key.formatting: TextEditionFormatting([.damaged]).rawValue]
150 | let damagedSumerian = [NSAttributedString.Key.formatting: TextEditionFormatting([.damagedLogogram]).rawValue]
151 | let noFormatting = [NSAttributedString.Key.formatting: 0]
| `- error: 'formatting' is unavailable in visionOS
152 |
153 | let str = NSMutableAttributedString(string: "")
Failed frontend command:
/Applications/Xcode-27.0.0-Release.Candidate.app/Contents/Developer/Toolchains/XcodeDefault.xctoolchain/usr/bin/swift-frontend -frontend -c /Users/admin/builder/spi-builder-workspace/Sources/CDKSwiftOracc/CDL\ Types/CuneiformSignReading.swift /Users/admin/builder/spi-builder-workspace/Sources/CDKSwiftOracc/CDL\ Types/GraphemeDescription+Codable.swift /Users/admin/builder/spi-builder-workspace/Sources/CDKSwiftOracc/CDL\ Types/GraphemeDescription.swift /Users/admin/builder/spi-builder-workspace/Sources/CDKSwiftOracc/CDL\ Types/NodeReference.swift /Users/admin/builder/spi-builder-workspace/Sources/CDKSwiftOracc/CDL\ Types/OraccCDLNode+Codable.swift /Users/admin/builder/spi-builder-workspace/Sources/CDKSwiftOracc/CDL\ Types/OraccCDLNode+ExtendedAttributes.swift /Users/admin/builder/spi-builder-workspace/Sources/CDKSwiftOracc/CDL\ Types/OraccCDLNode.swift /Users/admin/builder/spi-builder-workspace/Sources/CDKSwiftOracc/CDL\ Types/OraccWordForm.swift /Users/admin/builder/spi-builder-workspace/Sources/CDKSwiftOracc/Catalog/OraccCatalog.swift /Users/admin/builder/spi-builder-workspace/Sources/CDKSwiftOracc/Catalog/OraccCatalogueEntry+Codable.swift /Users/admin/builder/spi-builder-workspace/Sources/CDKSwiftOracc/Catalog/OraccCatalogueEntry.swift /Users/admin/builder/spi-builder-workspace/Sources/CDKSwiftOracc/Catalog/TextID.swift /Users/admin/builder/spi-builder-workspace/Sources/CDKSwiftOracc/Catalog/TextSearchCollection.swift /Users/admin/builder/spi-builder-workspace/Sources/CDKSwiftOracc/Catalog/TextSetProtocol.swift /Users/admin/builder/spi-builder-workspace/Sources/CDKSwiftOracc/Glossary/OraccGlossary.swift /Users/admin/builder/spi-builder-workspace/Sources/CDKSwiftOracc/Glossary/OraccLanguages.swift /Users/admin/builder/spi-builder-workspace/Sources/CDKSwiftOracc/Glossary/XISReference.swift /Users/admin/builder/spi-builder-workspace/Sources/CDKSwiftOracc/Sign\ Lists/Cuneifier.swift /Users/admin/builder/spi-builder-workspace/Sources/CDKSwiftOracc/Sign\ Lists/OraccGlobalSignList.swift /Users/admin/builder/spi-builder-workspace/Sources/CDKSwiftOracc/Sign\ Lists/String+CuneiformHelpers.swift /Users/admin/builder/spi-builder-workspace/Sources/CDKSwiftOracc/Sign\ Lists/UnicodeScalars+CuneiformHelpers.swift -primary-file /Users/admin/builder/spi-builder-workspace/Sources/CDKSwiftOracc/TextEdition/AttributedStringFormatter.swift -primary-file /Users/admin/builder/spi-builder-workspace/Sources/CDKSwiftOracc/TextEdition/Legacy/NSAttributedStringFormatter.swift -primary-file /Users/admin/builder/spi-builder-workspace/Sources/CDKSwiftOracc/TextEdition/Legacy/NSAttributedStringKey+OraccAttributes.swift /Users/admin/builder/spi-builder-workspace/Sources/CDKSwiftOracc/TextEdition/OraccAttributedString.swift /Users/admin/builder/spi-builder-workspace/Sources/CDKSwiftOracc/TextEdition/OraccHTML5Formatter.swift /Users/admin/builder/spi-builder-workspace/Sources/CDKSwiftOracc/TextEdition/OraccTextEdition.swift /Users/admin/builder/spi-builder-workspace/Sources/CDKSwiftOracc/TextEdition/TextEditionFormatting.swift -supplementary-output-file-map /Users/admin/builder/spi-builder-workspace/.derivedData/Build/Intermediates.noindex/CDKSwiftOracc.build/Debug-xros/CDKSwiftOracc-t.build/Objects-normal/arm64/supplementaryOutputs-8 -target arm64-apple-xros1.0 -disable-cross-import-overlay-search -load-resolved-plugin /Applications/Xcode-27.0.0-Release.Candidate.app/Contents/Developer/Platforms/XROS.platform/Developer/usr/lib/swift/host/plugins/libFoundationMacros.dylib\#/Applications/Xcode-27.0.0-Release.Candidate.app/Contents/Developer/Platforms/XROS.platform/Developer/usr/bin/swift-plugin-server\#FoundationMacros -load-resolved-plugin /Applications/Xcode-27.0.0-Release.Candidate.app/Contents/Developer/Platforms/XROS.platform/Developer/usr/lib/swift/host/plugins/libObservationMacros.dylib\#/Applications/Xcode-27.0.0-Release.Candidate.app/Contents/Developer/Platforms/XROS.platform/Developer/usr/bin/swift-plugin-server\#ObservationMacros -load-resolved-plugin /Applications/Xcode-27.0.0-Release.Candidate.app/Contents/Developer/Platforms/XROS.platform/Developer/usr/lib/swift/host/plugins/libSwiftMacros.dylib\#/Applications/Xcode-27.0.0-Release.Candidate.app/Contents/Developer/Platforms/XROS.platform/Developer/usr/bin/swift-plugin-server\#SwiftMacros -disable-implicit-swift-modules -Xcc -fno-implicit-modules -Xcc -fno-implicit-module-maps -explicit-swift-module-map-file /Users/admin/builder/spi-builder-workspace/.derivedData/Build/Intermediates.noindex/CDKSwiftOracc.build/Debug-xros/CDKSwiftOracc-t.build/Objects-normal/arm64/CDKSwiftOracc-dependencies-1.json -Xllvm -aarch64-use-tbi -enable-objc-interop -stack-check -sdk /Applications/Xcode-27.0.0-Release.Candidate.app/Contents/Developer/Platforms/XROS.platform/Developer/SDKs/XROS27.0.sdk -I /Users/admin/builder/spi-builder-workspace/.derivedData/Build/Products/Debug-xros -Isystem /Applications/Xcode-27.0.0-Release.Candidate.app/Contents/Developer/Platforms/XROS.platform/Developer/usr/lib -F /Users/admin/builder/spi-builder-workspace/.derivedData/Build/Products/Debug-xros -F /Applications/Xcode-27.0.0-Release.Candidate.app/Contents/Developer/Platforms/XROS.platform/Developer/Library/Frameworks -F /Applications/Xcode-27.0.0-Release.Candidate.app/Contents/Developer/Platforms/XROS.platform/Developer/SDKs/XROS27.0.sdk/Developer/Library/Frameworks -module-cache-path /Users/admin/builder/spi-builder-workspace/.derivedData/Build/Intermediates.noindex/SwiftExplicitPrecompiledModules -no-color-diagnostics -Xcc -fno-color-diagnostics -enable-testing -g -debug-info-format\=dwarf -dwarf-version\=4 -profile-generate -profile-coverage-mapping -swift-version 5 -Onone -D SWIFT_PACKAGE -D DEBUG -D SWIFT_MODULE_RESOURCE_BUNDLE_UNAVAILABLE -D Xcode -serialize-debugging-options -enable-experimental-feature DebugDescriptionMacro -empty-abi-descriptor -validate-clang-modules-once -clang-build-session-file /Users/admin/builder/spi-builder-workspace/.derivedData/ModuleCache.noindex/Session.modulevalidation -Xcc -working-directory -Xcc /Users/admin/builder/spi-builder-workspace/.swiftpm/xcode -enable-anonymous-context-mangled-names -file-compilation-dir /Users/admin/builder/spi-builder-workspace/.swiftpm/xcode -Xcc -D_LIBCPP_HARDENING_MODE\=_LIBCPP_HARDENING_MODE_DEBUG -Xcc -ivfsstatcache -Xcc /Users/admin/builder/spi-builder-workspace/.derivedData/SDKStatCaches.noindex/xros27.0-24M361-e829b21a6f8c9b70876ba0858053c044735bd543db762f57723cac368afd1ce4.sdkstatcache -Xcc -fmodules-prune-interval\=86400 -Xcc -fmodules-prune-after\=345600 -Xcc -I/Users/admin/builder/spi-builder-workspace/.derivedData/Build/Products/Debug-xros/include -Xcc -I/Users/admin/builder/spi-builder-workspace/.derivedData/Build/Intermediates.noindex/CDKSwiftOracc.build/Debug-xros/CDKSwiftOracc-t.build/DerivedSources-normal/arm64 -Xcc -I/Users/admin/builder/spi-builder-workspace/.derivedData/Build/Intermediates.noindex/CDKSwiftOracc.build/Debug-xros/CDKSwiftOracc-t.build/DerivedSources/arm64 -Xcc -I/Users/admin/builder/spi-builder-workspace/.derivedData/Build/Intermediates.noindex/CDKSwiftOracc.build/Debug-xros/CDKSwiftOracc-t.build/DerivedSources -Xcc -DSWIFT_PACKAGE -Xcc -DDEBUG\=1 -no-auto-bridging-header-chaining -module-name CDKSwiftOracc -const-gather-protocols-file /Users/admin/builder/spi-builder-workspace/.derivedData/Build/Intermediates.noindex/CDKSwiftOracc.build/Debug-xros/CDKSwiftOracc-t.build/Objects-normal/arm64/CDKSwiftOracc_const_extract_protocols.json -disable-clang-spi -clang-target arm64-apple-xros27.0 -target-sdk-version 27.0 -target-sdk-name xros27.0 -in-process-plugin-server-path /Applications/Xcode-27.0.0-Release.Candidate.app/Contents/Developer/Toolchains/XcodeDefault.xctoolchain/usr/lib/swift/host/libSwiftInProcPluginServer.dylib -parse-as-library -o /Users/admin/builder/spi-builder-workspace/.derivedData/Build/Intermediates.noindex/CDKSwiftOracc.build/Debug-xros/CDKSwiftOracc-t.build/Objects-normal/arm64/AttributedStringFormatter.o -o /Users/admin/builder/spi-builder-workspace/.derivedData/Build/Intermediates.noindex/CDKSwiftOracc.build/Debug-xros/CDKSwiftOracc-t.build/Objects-normal/arm64/NSAttributedStringFormatter.o -o /Users/admin/builder/spi-builder-workspace/.derivedData/Build/Intermediates.noindex/CDKSwiftOracc.build/Debug-xros/CDKSwiftOracc-t.build/Objects-normal/arm64/NSAttributedStringKey+OraccAttributes.o -debug-module-path /Users/admin/builder/spi-builder-workspace/.derivedData/Build/Intermediates.noindex/CDKSwiftOracc.build/Debug-xros/CDKSwiftOracc-t.build/Objects-normal/arm64/CDKSwiftOracc.swiftmodule -index-unit-output-path /CDKSwiftOracc.build/Debug-xros/CDKSwiftOracc-t.build/Objects-normal/arm64/AttributedStringFormatter.o -index-unit-output-path /CDKSwiftOracc.build/Debug-xros/CDKSwiftOracc-t.build/Objects-normal/arm64/NSAttributedStringFormatter.o -index-unit-output-path /CDKSwiftOracc.build/Debug-xros/CDKSwiftOracc-t.build/Objects-normal/arm64/NSAttributedStringKey+OraccAttributes.o -index-store-path /Users/admin/builder/spi-builder-workspace/.derivedData/Index.noindex/DataStore -index-system-modules
SwiftCompile normal arm64 /Users/admin/builder/spi-builder-workspace/Sources/CDKSwiftOracc/TextEdition/AttributedStringFormatter.swift (in target 'CDKSwiftOracc' from project 'CDKSwiftOracc')
cd /Users/admin/builder/spi-builder-workspace/.swiftpm/xcode
builtin-SwiftPerFileCompile AttributedStringFormatter.swift
SwiftCompile normal arm64 /Users/admin/builder/spi-builder-workspace/Sources/CDKSwiftOracc/TextEdition/Legacy/NSAttributedStringFormatter.swift (in target 'CDKSwiftOracc' from project 'CDKSwiftOracc')
cd /Users/admin/builder/spi-builder-workspace/.swiftpm/xcode
builtin-SwiftPerFileCompile NSAttributedStringFormatter.swift
SwiftCompile normal arm64 /Users/admin/builder/spi-builder-workspace/Sources/CDKSwiftOracc/TextEdition/Legacy/NSAttributedStringKey+OraccAttributes.swift (in target 'CDKSwiftOracc' from project 'CDKSwiftOracc')
cd /Users/admin/builder/spi-builder-workspace/.swiftpm/xcode
builtin-SwiftPerFileCompile NSAttributedStringKey+OraccAttributes.swift
SwiftCompile normal arm64 Compiling\ OraccCDLNode.swift,\ OraccWordForm.swift,\ OraccCatalog.swift /Users/admin/builder/spi-builder-workspace/Sources/CDKSwiftOracc/CDL\ Types/OraccCDLNode.swift /Users/admin/builder/spi-builder-workspace/Sources/CDKSwiftOracc/CDL\ Types/OraccWordForm.swift /Users/admin/builder/spi-builder-workspace/Sources/CDKSwiftOracc/Catalog/OraccCatalog.swift (in target 'CDKSwiftOracc' from project 'CDKSwiftOracc')
SwiftCompile normal arm64 /Users/admin/builder/spi-builder-workspace/Sources/CDKSwiftOracc/CDL\ Types/OraccCDLNode.swift (in target 'CDKSwiftOracc' from project 'CDKSwiftOracc')
cd /Users/admin/builder/spi-builder-workspace/.swiftpm/xcode
builtin-SwiftPerFileCompile OraccCDLNode.swift
SwiftCompile normal arm64 /Users/admin/builder/spi-builder-workspace/Sources/CDKSwiftOracc/CDL\ Types/OraccWordForm.swift (in target 'CDKSwiftOracc' from project 'CDKSwiftOracc')
cd /Users/admin/builder/spi-builder-workspace/.swiftpm/xcode
builtin-SwiftPerFileCompile OraccWordForm.swift
SwiftCompile normal arm64 /Users/admin/builder/spi-builder-workspace/Sources/CDKSwiftOracc/Catalog/OraccCatalog.swift (in target 'CDKSwiftOracc' from project 'CDKSwiftOracc')
cd /Users/admin/builder/spi-builder-workspace/.swiftpm/xcode
builtin-SwiftPerFileCompile OraccCatalog.swift
SwiftDriverJobDiscovery normal arm64 Emitting module for CDKSwiftOracc (in target 'CDKSwiftOracc' from project 'CDKSwiftOracc')
SwiftDriver\ Compilation\ Requirements CDKSwiftOracc normal arm64 com.apple.xcode.tools.swift.compiler (in target 'CDKSwiftOracc' from project 'CDKSwiftOracc')
cd /Users/admin/builder/spi-builder-workspace/.swiftpm/xcode
builtin-Swift-Compilation-Requirements -- /Applications/Xcode-27.0.0-Release.Candidate.app/Contents/Developer/Toolchains/XcodeDefault.xctoolchain/usr/bin/swiftc -parse-as-library -module-name CDKSwiftOracc -Onone @/Users/admin/builder/spi-builder-workspace/.derivedData/Build/Intermediates.noindex/CDKSwiftOracc.build/Debug-xros/CDKSwiftOracc-t.build/Objects-normal/arm64/CDKSwiftOracc.SwiftFileList -DSWIFT_PACKAGE -DDEBUG -DSWIFT_MODULE_RESOURCE_BUNDLE_UNAVAILABLE -DXcode -plugin-path /Applications/Xcode-27.0.0-Release.Candidate.app/Contents/Developer/Toolchains/XcodeDefault.xctoolchain/usr/lib/swift/host/plugins/testing -enable-experimental-feature DebugDescriptionMacro -sdk /Applications/Xcode-27.0.0-Release.Candidate.app/Contents/Developer/Platforms/XROS.platform/Developer/SDKs/XROS27.0.sdk -target arm64-apple-xros1.0 -g -module-cache-path /Users/admin/builder/spi-builder-workspace/.derivedData/ModuleCache.noindex -Xfrontend -serialize-debugging-options -profile-coverage-mapping -profile-generate -enable-testing -index-store-path /Users/admin/builder/spi-builder-workspace/.derivedData/Index.noindex/DataStore -Xcc -D_LIBCPP_HARDENING_MODE\=_LIBCPP_HARDENING_MODE_DEBUG -swift-version 5 -I /Users/admin/builder/spi-builder-workspace/.derivedData/Build/Products/Debug-xros -Isystem /Applications/Xcode-27.0.0-Release.Candidate.app/Contents/Developer/Platforms/XROS.platform/Developer/usr/lib -F /Users/admin/builder/spi-builder-workspace/.derivedData/Build/Products/Debug-xros -F /Applications/Xcode-27.0.0-Release.Candidate.app/Contents/Developer/Platforms/XROS.platform/Developer/Library/Frameworks -F /Applications/Xcode-27.0.0-Release.Candidate.app/Contents/Developer/Platforms/XROS.platform/Developer/SDKs/XROS27.0.sdk/Developer/Library/Frameworks -c -j10 -enable-batch-mode -incremental -Xcc -ivfsstatcache -Xcc /Users/admin/builder/spi-builder-workspace/.derivedData/SDKStatCaches.noindex/xros27.0-24M361-e829b21a6f8c9b70876ba0858053c044735bd543db762f57723cac368afd1ce4.sdkstatcache -output-file-map /Users/admin/builder/spi-builder-workspace/.derivedData/Build/Intermediates.noindex/CDKSwiftOracc.build/Debug-xros/CDKSwiftOracc-t.build/Objects-normal/arm64/CDKSwiftOracc-OutputFileMap.json -save-temps -no-color-diagnostics -explicit-module-build -module-cache-path /Users/admin/builder/spi-builder-workspace/.derivedData/Build/Intermediates.noindex/SwiftExplicitPrecompiledModules -clang-scanner-module-cache-path /Users/admin/builder/spi-builder-workspace/.derivedData/ModuleCache.noindex -sdk-module-cache-path /Users/admin/builder/spi-builder-workspace/.derivedData/SDKExplicitPrecompiledModules -emit-dependencies -emit-module -emit-module-path /Users/admin/builder/spi-builder-workspace/.derivedData/Build/Intermediates.noindex/CDKSwiftOracc.build/Debug-xros/CDKSwiftOracc-t.build/Objects-normal/arm64/CDKSwiftOracc.swiftmodule -serialize-diagnostics -dependency-scan-serialize-diagnostics-path /Users/admin/builder/spi-builder-workspace/.derivedData/Build/Intermediates.noindex/CDKSwiftOracc.build/Debug-xros/CDKSwiftOracc-t.build/Objects-normal/arm64/CDKSwiftOracc-dependency-scan.dia -validate-clang-modules-once -clang-build-session-file /Users/admin/builder/spi-builder-workspace/.derivedData/ModuleCache.noindex/Session.modulevalidation -Xcc -fmodules-prune-interval\=86400 -Xcc -fmodules-prune-after\=345600 -emit-const-values -const-gather-protocols-list /Users/admin/builder/spi-builder-workspace/.derivedData/Build/Intermediates.noindex/CDKSwiftOracc.build/Debug-xros/CDKSwiftOracc-t.build/Objects-normal/arm64/CDKSwiftOracc_const_extract_protocols.json -Xcc -I/Users/admin/builder/spi-builder-workspace/.derivedData/Build/Products/Debug-xros/include -Xcc -I/Users/admin/builder/spi-builder-workspace/.derivedData/Build/Intermediates.noindex/CDKSwiftOracc.build/Debug-xros/CDKSwiftOracc-t.build/DerivedSources-normal/arm64 -Xcc -I/Users/admin/builder/spi-builder-workspace/.derivedData/Build/Intermediates.noindex/CDKSwiftOracc.build/Debug-xros/CDKSwiftOracc-t.build/DerivedSources/arm64 -Xcc -I/Users/admin/builder/spi-builder-workspace/.derivedData/Build/Intermediates.noindex/CDKSwiftOracc.build/Debug-xros/CDKSwiftOracc-t.build/DerivedSources -Xcc -DSWIFT_PACKAGE -Xcc -DDEBUG\=1 -emit-objc-header -emit-objc-header-path /Users/admin/builder/spi-builder-workspace/.derivedData/Build/Intermediates.noindex/CDKSwiftOracc.build/Debug-xros/CDKSwiftOracc-t.build/Objects-normal/arm64/CDKSwiftOracc-Swift.h -working-directory /Users/admin/builder/spi-builder-workspace/.swiftpm/xcode -experimental-emit-module-separately -disable-cmo
SwiftDriverJobDiscovery normal arm64 Compiling OraccTextEdition.swift, TextEditionFormatting.swift (in target 'CDKSwiftOracc' from project 'CDKSwiftOracc')
PruneExplicitPrecompiledModules /Users/admin/builder/spi-builder-workspace/.derivedData/Build/Intermediates.noindex/ExplicitPrecompiledModules
PruneExplicitPrecompiledModules /Users/admin/builder/spi-builder-workspace/.derivedData/SDKExplicitPrecompiledModules
PruneExplicitPrecompiledModules /Users/admin/builder/spi-builder-workspace/.derivedData/Build/Intermediates.noindex/SwiftExplicitPrecompiledModules
2026-09-18 21:48:23.545 xcodebuild[624:3936] [MT] IDERunDestination: Supported platforms for the buildables in the current scheme is empty.
** BUILD FAILED **
The following build commands failed:
SwiftCompile normal arm64 Compiling\ AttributedStringFormatter.swift,\ NSAttributedStringFormatter.swift,\ NSAttributedStringKey+OraccAttributes.swift /Users/admin/builder/spi-builder-workspace/Sources/CDKSwiftOracc/TextEdition/AttributedStringFormatter.swift /Users/admin/builder/spi-builder-workspace/Sources/CDKSwiftOracc/TextEdition/Legacy/NSAttributedStringFormatter.swift /Users/admin/builder/spi-builder-workspace/Sources/CDKSwiftOracc/TextEdition/Legacy/NSAttributedStringKey+OraccAttributes.swift (in target 'CDKSwiftOracc' from project 'CDKSwiftOracc')
SwiftCompile normal arm64 /Users/admin/builder/spi-builder-workspace/Sources/CDKSwiftOracc/TextEdition/AttributedStringFormatter.swift (in target 'CDKSwiftOracc' from project 'CDKSwiftOracc')
SwiftCompile normal arm64 /Users/admin/builder/spi-builder-workspace/Sources/CDKSwiftOracc/TextEdition/Legacy/NSAttributedStringFormatter.swift (in target 'CDKSwiftOracc' from project 'CDKSwiftOracc')
Building workspace CDKSwiftOracc with scheme CDKSwiftOracc
(4 failures)
Command line invocation:
/Applications/Xcode-27.0.0-Release.Candidate.app/Contents/Developer/usr/bin/xcodebuild -IDEClonedSourcePackagesDirPathOverride=/Users/admin/builder/spi-builder-workspace/.dependencies -resolvePackageDependencies
Resolve Package Graph
Resolved source packages:
CDKSwiftOracc: /Users/admin/builder/spi-builder-workspace
resolved source packages: CDKSwiftOracc
2026-09-18 21:48:31.772 xcodebuild[707:4413] [MT] IDERunDestination: Supported platforms for the buildables in the current scheme is empty.
{
"dependencies" : [
],
"manifest_display_name" : "CDKSwiftOracc",
"name" : "CDKSwiftOracc",
"path" : "/Users/admin/builder/spi-builder-workspace",
"platforms" : [
{
"name" : "macos",
"version" : "10.12"
},
{
"name" : "ios",
"version" : "9.0"
},
{
"name" : "tvos",
"version" : "9.0"
},
{
"name" : "watchos",
"version" : "2.0"
}
],
"products" : [
{
"name" : "CDKSwiftOracc",
"targets" : [
"CDKSwiftOracc"
],
"type" : {
"library" : [
"automatic"
]
}
}
],
"targets" : [
{
"c99name" : "CDKSwiftOraccTests",
"module_type" : "SwiftTarget",
"name" : "CDKSwiftOraccTests",
"path" : "Tests/CDKSwiftOraccTests",
"sources" : [
"CDKSwiftOraccAppKitTests.swift",
"CDKSwiftOraccTests.swift",
"P334176.swift",
"saa01_catalogue.swift",
"saa01_glossary.swift"
],
"target_dependencies" : [
"CDKSwiftOracc"
],
"type" : "test"
},
{
"c99name" : "CDKSwiftOracc",
"module_type" : "SwiftTarget",
"name" : "CDKSwiftOracc",
"path" : "Sources/CDKSwiftOracc",
"product_memberships" : [
"CDKSwiftOracc"
],
"sources" : [
"CDL Types/CuneiformSignReading.swift",
"CDL Types/GraphemeDescription+Codable.swift",
"CDL Types/GraphemeDescription.swift",
"CDL Types/NodeReference.swift",
"CDL Types/OraccCDLNode+Codable.swift",
"CDL Types/OraccCDLNode+ExtendedAttributes.swift",
"CDL Types/OraccCDLNode.swift",
"CDL Types/OraccWordForm.swift",
"Catalog/OraccCatalog.swift",
"Catalog/OraccCatalogueEntry+Codable.swift",
"Catalog/OraccCatalogueEntry.swift",
"Catalog/TextID.swift",
"Catalog/TextSearchCollection.swift",
"Catalog/TextSetProtocol.swift",
"Glossary/OraccGlossary.swift",
"Glossary/OraccLanguages.swift",
"Glossary/XISReference.swift",
"Sign Lists/Cuneifier.swift",
"Sign Lists/OraccGlobalSignList.swift",
"Sign Lists/String+CuneiformHelpers.swift",
"Sign Lists/UnicodeScalars+CuneiformHelpers.swift",
"TextEdition/AttributedStringFormatter.swift",
"TextEdition/Legacy/NSAttributedStringFormatter.swift",
"TextEdition/Legacy/NSAttributedStringKey+OraccAttributes.swift",
"TextEdition/OraccAttributedString.swift",
"TextEdition/OraccHTML5Formatter.swift",
"TextEdition/OraccTextEdition.swift",
"TextEdition/TextEditionFormatting.swift"
],
"type" : "library"
}
],
"tools_version" : "5.0"
}
{
"workspace" : {
"name" : "CDKSwiftOracc",
"schemes" : [
"CDKSwiftOracc"
]
}
}
2026-09-18 21:48:33.014 xcodebuild[715:4495] [MT] IDERunDestination: Supported platforms for the buildables in the current scheme is empty.
Running build ...
env DEVELOPER_DIR=/Applications/Xcode-27.0.0-Release.Candidate.app xcrun xcodebuild -IDEClonedSourcePackagesDirPathOverride=$PWD/.dependencies -skipMacroValidation -skipPackagePluginValidation -derivedDataPath $PWD/.derivedData build -scheme CDKSwiftOracc -destination generic/platform=xrOS
Command line invocation:
/Applications/Xcode-27.0.0-Release.Candidate.app/Contents/Developer/usr/bin/xcodebuild -IDEClonedSourcePackagesDirPathOverride=/Users/admin/builder/spi-builder-workspace/.dependencies -skipMacroValidation -skipPackagePluginValidation -derivedDataPath /Users/admin/builder/spi-builder-workspace/.derivedData build -scheme CDKSwiftOracc -destination generic/platform=xrOS
Resolve Package Graph
Resolved source packages:
CDKSwiftOracc: /Users/admin/builder/spi-builder-workspace
ComputePackagePrebuildTargetDependencyGraph
Prepare packages
CreateBuildRequest
SendProjectDescription
CreateBuildOperation
ComputeTargetDependencyGraph
note: Building targets in dependency order
note: Target dependency graph (2 targets)
Target 'CDKSwiftOracc-product' in project 'CDKSwiftOracc'
➜ Explicit dependency on target 'CDKSwiftOracc' in project 'CDKSwiftOracc'
Target 'CDKSwiftOracc' in project 'CDKSwiftOracc' (no dependencies)
GatherProvisioningInputs
CreateBuildDescription
ClangStatCache /Applications/Xcode-27.0.0-Release.Candidate.app/Contents/Developer/Toolchains/XcodeDefault.xctoolchain/usr/bin/clang-stat-cache /Applications/Xcode-27.0.0-Release.Candidate.app/Contents/Developer/Platforms/XROS.platform/Developer/SDKs/XROS27.0.sdk /Users/admin/builder/spi-builder-workspace/.derivedData/SDKStatCaches.noindex/xros27.0-24M361-e829b21a6f8c9b70876ba0858053c044735bd543db762f57723cac368afd1ce4.sdkstatcache
cd /Users/admin/builder/spi-builder-workspace/.swiftpm/xcode
/Applications/Xcode-27.0.0-Release.Candidate.app/Contents/Developer/Toolchains/XcodeDefault.xctoolchain/usr/bin/clang-stat-cache /Applications/Xcode-27.0.0-Release.Candidate.app/Contents/Developer/Platforms/XROS.platform/Developer/SDKs/XROS27.0.sdk -o /Users/admin/builder/spi-builder-workspace/.derivedData/SDKStatCaches.noindex/xros27.0-24M361-e829b21a6f8c9b70876ba0858053c044735bd543db762f57723cac368afd1ce4.sdkstatcache
SwiftDriver CDKSwiftOracc normal arm64 com.apple.xcode.tools.swift.compiler (in target 'CDKSwiftOracc' from project 'CDKSwiftOracc')
cd /Users/admin/builder/spi-builder-workspace/.swiftpm/xcode
builtin-SwiftDriver -- /Applications/Xcode-27.0.0-Release.Candidate.app/Contents/Developer/Toolchains/XcodeDefault.xctoolchain/usr/bin/swiftc -parse-as-library -module-name CDKSwiftOracc -Onone @/Users/admin/builder/spi-builder-workspace/.derivedData/Build/Intermediates.noindex/CDKSwiftOracc.build/Debug-xros/CDKSwiftOracc-t.build/Objects-normal/arm64/CDKSwiftOracc.SwiftFileList -DSWIFT_PACKAGE -DDEBUG -DSWIFT_MODULE_RESOURCE_BUNDLE_UNAVAILABLE -DXcode -plugin-path /Applications/Xcode-27.0.0-Release.Candidate.app/Contents/Developer/Toolchains/XcodeDefault.xctoolchain/usr/lib/swift/host/plugins/testing -enable-experimental-feature DebugDescriptionMacro -sdk /Applications/Xcode-27.0.0-Release.Candidate.app/Contents/Developer/Platforms/XROS.platform/Developer/SDKs/XROS27.0.sdk -target arm64-apple-xros1.0 -g -module-cache-path /Users/admin/builder/spi-builder-workspace/.derivedData/ModuleCache.noindex -Xfrontend -serialize-debugging-options -profile-coverage-mapping -profile-generate -enable-testing -index-store-path /Users/admin/builder/spi-builder-workspace/.derivedData/Index.noindex/DataStore -Xcc -D_LIBCPP_HARDENING_MODE\=_LIBCPP_HARDENING_MODE_DEBUG -swift-version 5 -I /Users/admin/builder/spi-builder-workspace/.derivedData/Build/Products/Debug-xros -Isystem /Applications/Xcode-27.0.0-Release.Candidate.app/Contents/Developer/Platforms/XROS.platform/Developer/usr/lib -F /Users/admin/builder/spi-builder-workspace/.derivedData/Build/Products/Debug-xros -F /Applications/Xcode-27.0.0-Release.Candidate.app/Contents/Developer/Platforms/XROS.platform/Developer/Library/Frameworks -F /Applications/Xcode-27.0.0-Release.Candidate.app/Contents/Developer/Platforms/XROS.platform/Developer/SDKs/XROS27.0.sdk/Developer/Library/Frameworks -c -j10 -enable-batch-mode -incremental -Xcc -ivfsstatcache -Xcc /Users/admin/builder/spi-builder-workspace/.derivedData/SDKStatCaches.noindex/xros27.0-24M361-e829b21a6f8c9b70876ba0858053c044735bd543db762f57723cac368afd1ce4.sdkstatcache -output-file-map /Users/admin/builder/spi-builder-workspace/.derivedData/Build/Intermediates.noindex/CDKSwiftOracc.build/Debug-xros/CDKSwiftOracc-t.build/Objects-normal/arm64/CDKSwiftOracc-OutputFileMap.json -save-temps -no-color-diagnostics -explicit-module-build -module-cache-path /Users/admin/builder/spi-builder-workspace/.derivedData/Build/Intermediates.noindex/SwiftExplicitPrecompiledModules -clang-scanner-module-cache-path /Users/admin/builder/spi-builder-workspace/.derivedData/ModuleCache.noindex -sdk-module-cache-path /Users/admin/builder/spi-builder-workspace/.derivedData/SDKExplicitPrecompiledModules -emit-dependencies -emit-module -emit-module-path /Users/admin/builder/spi-builder-workspace/.derivedData/Build/Intermediates.noindex/CDKSwiftOracc.build/Debug-xros/CDKSwiftOracc-t.build/Objects-normal/arm64/CDKSwiftOracc.swiftmodule -serialize-diagnostics -dependency-scan-serialize-diagnostics-path /Users/admin/builder/spi-builder-workspace/.derivedData/Build/Intermediates.noindex/CDKSwiftOracc.build/Debug-xros/CDKSwiftOracc-t.build/Objects-normal/arm64/CDKSwiftOracc-dependency-scan.dia -validate-clang-modules-once -clang-build-session-file /Users/admin/builder/spi-builder-workspace/.derivedData/ModuleCache.noindex/Session.modulevalidation -Xcc -fmodules-prune-interval\=86400 -Xcc -fmodules-prune-after\=345600 -emit-const-values -const-gather-protocols-list /Users/admin/builder/spi-builder-workspace/.derivedData/Build/Intermediates.noindex/CDKSwiftOracc.build/Debug-xros/CDKSwiftOracc-t.build/Objects-normal/arm64/CDKSwiftOracc_const_extract_protocols.json -Xcc -I/Users/admin/builder/spi-builder-workspace/.derivedData/Build/Products/Debug-xros/include -Xcc -I/Users/admin/builder/spi-builder-workspace/.derivedData/Build/Intermediates.noindex/CDKSwiftOracc.build/Debug-xros/CDKSwiftOracc-t.build/DerivedSources-normal/arm64 -Xcc -I/Users/admin/builder/spi-builder-workspace/.derivedData/Build/Intermediates.noindex/CDKSwiftOracc.build/Debug-xros/CDKSwiftOracc-t.build/DerivedSources/arm64 -Xcc -I/Users/admin/builder/spi-builder-workspace/.derivedData/Build/Intermediates.noindex/CDKSwiftOracc.build/Debug-xros/CDKSwiftOracc-t.build/DerivedSources -Xcc -DSWIFT_PACKAGE -Xcc -DDEBUG\=1 -emit-objc-header -emit-objc-header-path /Users/admin/builder/spi-builder-workspace/.derivedData/Build/Intermediates.noindex/CDKSwiftOracc.build/Debug-xros/CDKSwiftOracc-t.build/Objects-normal/arm64/CDKSwiftOracc-Swift.h -working-directory /Users/admin/builder/spi-builder-workspace/.swiftpm/xcode -experimental-emit-module-separately -disable-cmo
/Users/admin/builder/spi-builder-workspace/Sources/CDKSwiftOracc/CDL Types/GraphemeDescription+Codable.swift:263:18: warning: Breakposition not implemented yet (in target 'CDKSwiftOracc' from project 'CDKSwiftOracc')
/Users/admin/builder/spi-builder-workspace/Sources/CDKSwiftOracc/Sign Lists/String+CuneiformHelpers.swift:34:18: warning: Code handling numbers needs to convert all sign variant signifiers into Unicode subscripts; handle actual numbers (in target 'CDKSwiftOracc' from project 'CDKSwiftOracc')
/Users/admin/builder/spi-builder-workspace/Sources/CDKSwiftOracc/TextEdition/Legacy/NSAttributedStringFormatter.swift:144:10: warning: Code handling 'damaged' and 'missing' signs is repetitive and needs to be tidied up (in target 'CDKSwiftOracc' from project 'CDKSwiftOracc')
SwiftEmitModule normal arm64 Emitting\ module\ for\ CDKSwiftOracc (in target 'CDKSwiftOracc' from project 'CDKSwiftOracc')
SwiftCompile normal arm64 (in target 'CDKSwiftOracc' from project 'CDKSwiftOracc')
cd /Users/admin/builder/spi-builder-workspace/.swiftpm/xcode
SwiftCompile normal arm64 Compiling\ CuneiformSignReading.swift,\ GraphemeDescription+Codable.swift,\ GraphemeDescription.swift /Users/admin/builder/spi-builder-workspace/Sources/CDKSwiftOracc/CDL\ Types/CuneiformSignReading.swift /Users/admin/builder/spi-builder-workspace/Sources/CDKSwiftOracc/CDL\ Types/GraphemeDescription+Codable.swift /Users/admin/builder/spi-builder-workspace/Sources/CDKSwiftOracc/CDL\ Types/GraphemeDescription.swift (in target 'CDKSwiftOracc' from project 'CDKSwiftOracc')
SwiftCompile normal arm64 /Users/admin/builder/spi-builder-workspace/Sources/CDKSwiftOracc/CDL\ Types/CuneiformSignReading.swift (in target 'CDKSwiftOracc' from project 'CDKSwiftOracc')
cd /Users/admin/builder/spi-builder-workspace/.swiftpm/xcode
builtin-SwiftPerFileCompile CuneiformSignReading.swift
SwiftCompile normal arm64 /Users/admin/builder/spi-builder-workspace/Sources/CDKSwiftOracc/CDL\ Types/GraphemeDescription+Codable.swift (in target 'CDKSwiftOracc' from project 'CDKSwiftOracc')
cd /Users/admin/builder/spi-builder-workspace/.swiftpm/xcode
builtin-SwiftPerFileCompile GraphemeDescription+Codable.swift
SwiftCompile normal arm64 /Users/admin/builder/spi-builder-workspace/Sources/CDKSwiftOracc/CDL\ Types/GraphemeDescription.swift (in target 'CDKSwiftOracc' from project 'CDKSwiftOracc')
cd /Users/admin/builder/spi-builder-workspace/.swiftpm/xcode
builtin-SwiftPerFileCompile GraphemeDescription.swift
SwiftCompile normal arm64 Compiling\ OraccCDLNode.swift,\ OraccWordForm.swift,\ OraccCatalog.swift /Users/admin/builder/spi-builder-workspace/Sources/CDKSwiftOracc/CDL\ Types/OraccCDLNode.swift /Users/admin/builder/spi-builder-workspace/Sources/CDKSwiftOracc/CDL\ Types/OraccWordForm.swift /Users/admin/builder/spi-builder-workspace/Sources/CDKSwiftOracc/Catalog/OraccCatalog.swift (in target 'CDKSwiftOracc' from project 'CDKSwiftOracc')
SwiftCompile normal arm64 /Users/admin/builder/spi-builder-workspace/Sources/CDKSwiftOracc/CDL\ Types/OraccCDLNode.swift (in target 'CDKSwiftOracc' from project 'CDKSwiftOracc')
cd /Users/admin/builder/spi-builder-workspace/.swiftpm/xcode
builtin-SwiftPerFileCompile OraccCDLNode.swift
SwiftCompile normal arm64 /Users/admin/builder/spi-builder-workspace/Sources/CDKSwiftOracc/CDL\ Types/OraccWordForm.swift (in target 'CDKSwiftOracc' from project 'CDKSwiftOracc')
cd /Users/admin/builder/spi-builder-workspace/.swiftpm/xcode
builtin-SwiftPerFileCompile OraccWordForm.swift
SwiftCompile normal arm64 /Users/admin/builder/spi-builder-workspace/Sources/CDKSwiftOracc/Catalog/OraccCatalog.swift (in target 'CDKSwiftOracc' from project 'CDKSwiftOracc')
cd /Users/admin/builder/spi-builder-workspace/.swiftpm/xcode
builtin-SwiftPerFileCompile OraccCatalog.swift
SwiftCompile normal arm64 Compiling\ UnicodeScalars+CuneiformHelpers.swift,\ AttributedStringFormatter.swift /Users/admin/builder/spi-builder-workspace/Sources/CDKSwiftOracc/Sign\ Lists/UnicodeScalars+CuneiformHelpers.swift /Users/admin/builder/spi-builder-workspace/Sources/CDKSwiftOracc/TextEdition/AttributedStringFormatter.swift (in target 'CDKSwiftOracc' from project 'CDKSwiftOracc')
/Users/admin/builder/spi-builder-workspace/Sources/CDKSwiftOracc/TextEdition/AttributedStringFormatter.swift:84:61: error: 'formatting' is unavailable in visionOS
82 | )
83 | } else {
84 | let damagedAttribute = AttributeContainer([.formatting: [TextEditionFormatting.damaged]])
| `- error: 'formatting' is unavailable in visionOS
85 | attributedLemma = AttributedString(
86 | "x ",
/Users/admin/builder/spi-builder-workspace/Sources/CDKSwiftOracc/TextEdition/Legacy/NSAttributedStringFormatter.swift:27:16: note: 'formatting' was obsoleted in visionOS 1.0
25 | @available(iOS, obsoleted: 15)
26 | public extension NSAttributedString.Key {
27 | static var formatting: NSAttributedString.Key {
| `- note: 'formatting' was obsoleted in visionOS 1.0
28 | return self.init("formatting")
29 | }
Failed frontend command:
/Applications/Xcode-27.0.0-Release.Candidate.app/Contents/Developer/Toolchains/XcodeDefault.xctoolchain/usr/bin/swift-frontend -frontend -c /Users/admin/builder/spi-builder-workspace/Sources/CDKSwiftOracc/CDL\ Types/CuneiformSignReading.swift /Users/admin/builder/spi-builder-workspace/Sources/CDKSwiftOracc/CDL\ Types/GraphemeDescription+Codable.swift /Users/admin/builder/spi-builder-workspace/Sources/CDKSwiftOracc/CDL\ Types/GraphemeDescription.swift /Users/admin/builder/spi-builder-workspace/Sources/CDKSwiftOracc/CDL\ Types/NodeReference.swift /Users/admin/builder/spi-builder-workspace/Sources/CDKSwiftOracc/CDL\ Types/OraccCDLNode+Codable.swift /Users/admin/builder/spi-builder-workspace/Sources/CDKSwiftOracc/CDL\ Types/OraccCDLNode+ExtendedAttributes.swift /Users/admin/builder/spi-builder-workspace/Sources/CDKSwiftOracc/CDL\ Types/OraccCDLNode.swift /Users/admin/builder/spi-builder-workspace/Sources/CDKSwiftOracc/CDL\ Types/OraccWordForm.swift /Users/admin/builder/spi-builder-workspace/Sources/CDKSwiftOracc/Catalog/OraccCatalog.swift /Users/admin/builder/spi-builder-workspace/Sources/CDKSwiftOracc/Catalog/OraccCatalogueEntry+Codable.swift /Users/admin/builder/spi-builder-workspace/Sources/CDKSwiftOracc/Catalog/OraccCatalogueEntry.swift /Users/admin/builder/spi-builder-workspace/Sources/CDKSwiftOracc/Catalog/TextID.swift /Users/admin/builder/spi-builder-workspace/Sources/CDKSwiftOracc/Catalog/TextSearchCollection.swift /Users/admin/builder/spi-builder-workspace/Sources/CDKSwiftOracc/Catalog/TextSetProtocol.swift /Users/admin/builder/spi-builder-workspace/Sources/CDKSwiftOracc/Glossary/OraccGlossary.swift /Users/admin/builder/spi-builder-workspace/Sources/CDKSwiftOracc/Glossary/OraccLanguages.swift /Users/admin/builder/spi-builder-workspace/Sources/CDKSwiftOracc/Glossary/XISReference.swift /Users/admin/builder/spi-builder-workspace/Sources/CDKSwiftOracc/Sign\ Lists/Cuneifier.swift /Users/admin/builder/spi-builder-workspace/Sources/CDKSwiftOracc/Sign\ Lists/OraccGlobalSignList.swift /Users/admin/builder/spi-builder-workspace/Sources/CDKSwiftOracc/Sign\ Lists/String+CuneiformHelpers.swift -primary-file /Users/admin/builder/spi-builder-workspace/Sources/CDKSwiftOracc/Sign\ Lists/UnicodeScalars+CuneiformHelpers.swift -primary-file /Users/admin/builder/spi-builder-workspace/Sources/CDKSwiftOracc/TextEdition/AttributedStringFormatter.swift /Users/admin/builder/spi-builder-workspace/Sources/CDKSwiftOracc/TextEdition/Legacy/NSAttributedStringFormatter.swift /Users/admin/builder/spi-builder-workspace/Sources/CDKSwiftOracc/TextEdition/Legacy/NSAttributedStringKey+OraccAttributes.swift /Users/admin/builder/spi-builder-workspace/Sources/CDKSwiftOracc/TextEdition/OraccAttributedString.swift /Users/admin/builder/spi-builder-workspace/Sources/CDKSwiftOracc/TextEdition/OraccHTML5Formatter.swift /Users/admin/builder/spi-builder-workspace/Sources/CDKSwiftOracc/TextEdition/OraccTextEdition.swift /Users/admin/builder/spi-builder-workspace/Sources/CDKSwiftOracc/TextEdition/TextEditionFormatting.swift -emit-dependencies-path /Users/admin/builder/spi-builder-workspace/.derivedData/Build/Intermediates.noindex/CDKSwiftOracc.build/Debug-xros/CDKSwiftOracc-t.build/Objects-normal/arm64/UnicodeScalars+CuneiformHelpers.d -emit-const-values-path /Users/admin/builder/spi-builder-workspace/.derivedData/Build/Intermediates.noindex/CDKSwiftOracc.build/Debug-xros/CDKSwiftOracc-t.build/Objects-normal/arm64/UnicodeScalars+CuneiformHelpers.swiftconstvalues -emit-reference-dependencies-path /Users/admin/builder/spi-builder-workspace/.derivedData/Build/Intermediates.noindex/CDKSwiftOracc.build/Debug-xros/CDKSwiftOracc-t.build/Objects-normal/arm64/UnicodeScalars+CuneiformHelpers.swiftdeps -serialize-diagnostics-path /Users/admin/builder/spi-builder-workspace/.derivedData/Build/Intermediates.noindex/CDKSwiftOracc.build/Debug-xros/CDKSwiftOracc-t.build/Objects-normal/arm64/UnicodeScalars+CuneiformHelpers.dia -emit-dependencies-path /Users/admin/builder/spi-builder-workspace/.derivedData/Build/Intermediates.noindex/CDKSwiftOracc.build/Debug-xros/CDKSwiftOracc-t.build/Objects-normal/arm64/AttributedStringFormatter.d -emit-const-values-path /Users/admin/builder/spi-builder-workspace/.derivedData/Build/Intermediates.noindex/CDKSwiftOracc.build/Debug-xros/CDKSwiftOracc-t.build/Objects-normal/arm64/AttributedStringFormatter.swiftconstvalues -emit-reference-dependencies-path /Users/admin/builder/spi-builder-workspace/.derivedData/Build/Intermediates.noindex/CDKSwiftOracc.build/Debug-xros/CDKSwiftOracc-t.build/Objects-normal/arm64/AttributedStringFormatter.swiftdeps -serialize-diagnostics-path /Users/admin/builder/spi-builder-workspace/.derivedData/Build/Intermediates.noindex/CDKSwiftOracc.build/Debug-xros/CDKSwiftOracc-t.build/Objects-normal/arm64/AttributedStringFormatter.dia -target arm64-apple-xros1.0 -disable-cross-import-overlay-search -load-resolved-plugin /Applications/Xcode-27.0.0-Release.Candidate.app/Contents/Developer/Platforms/XROS.platform/Developer/usr/lib/swift/host/plugins/libFoundationMacros.dylib\#/Applications/Xcode-27.0.0-Release.Candidate.app/Contents/Developer/Platforms/XROS.platform/Developer/usr/bin/swift-plugin-server\#FoundationMacros -load-resolved-plugin /Applications/Xcode-27.0.0-Release.Candidate.app/Contents/Developer/Platforms/XROS.platform/Developer/usr/lib/swift/host/plugins/libObservationMacros.dylib\#/Applications/Xcode-27.0.0-Release.Candidate.app/Contents/Developer/Platforms/XROS.platform/Developer/usr/bin/swift-plugin-server\#ObservationMacros -load-resolved-plugin /Applications/Xcode-27.0.0-Release.Candidate.app/Contents/Developer/Platforms/XROS.platform/Developer/usr/lib/swift/host/plugins/libSwiftMacros.dylib\#/Applications/Xcode-27.0.0-Release.Candidate.app/Contents/Developer/Platforms/XROS.platform/Developer/usr/bin/swift-plugin-server\#SwiftMacros -disable-implicit-swift-modules -Xcc -fno-implicit-modules -Xcc -fno-implicit-module-maps -explicit-swift-module-map-file /Users/admin/builder/spi-builder-workspace/.derivedData/Build/Intermediates.noindex/CDKSwiftOracc.build/Debug-xros/CDKSwiftOracc-t.build/Objects-normal/arm64/CDKSwiftOracc-dependencies-1.json -Xllvm -aarch64-use-tbi -enable-objc-interop -stack-check -sdk /Applications/Xcode-27.0.0-Release.Candidate.app/Contents/Developer/Platforms/XROS.platform/Developer/SDKs/XROS27.0.sdk -I /Users/admin/builder/spi-builder-workspace/.derivedData/Build/Products/Debug-xros -Isystem /Applications/Xcode-27.0.0-Release.Candidate.app/Contents/Developer/Platforms/XROS.platform/Developer/usr/lib -F /Users/admin/builder/spi-builder-workspace/.derivedData/Build/Products/Debug-xros -F /Applications/Xcode-27.0.0-Release.Candidate.app/Contents/Developer/Platforms/XROS.platform/Developer/Library/Frameworks -F /Applications/Xcode-27.0.0-Release.Candidate.app/Contents/Developer/Platforms/XROS.platform/Developer/SDKs/XROS27.0.sdk/Developer/Library/Frameworks -module-cache-path /Users/admin/builder/spi-builder-workspace/.derivedData/Build/Intermediates.noindex/SwiftExplicitPrecompiledModules -no-color-diagnostics -Xcc -fno-color-diagnostics -enable-testing -g -debug-info-format\=dwarf -dwarf-version\=4 -profile-generate -profile-coverage-mapping -swift-version 5 -Onone -D SWIFT_PACKAGE -D DEBUG -D SWIFT_MODULE_RESOURCE_BUNDLE_UNAVAILABLE -D Xcode -serialize-debugging-options -enable-experimental-feature DebugDescriptionMacro -empty-abi-descriptor -validate-clang-modules-once -clang-build-session-file /Users/admin/builder/spi-builder-workspace/.derivedData/ModuleCache.noindex/Session.modulevalidation -Xcc -working-directory -Xcc /Users/admin/builder/spi-builder-workspace/.swiftpm/xcode -enable-anonymous-context-mangled-names -file-compilation-dir /Users/admin/builder/spi-builder-workspace/.swiftpm/xcode -Xcc -D_LIBCPP_HARDENING_MODE\=_LIBCPP_HARDENING_MODE_DEBUG -Xcc -ivfsstatcache -Xcc /Users/admin/builder/spi-builder-workspace/.derivedData/SDKStatCaches.noindex/xros27.0-24M361-e829b21a6f8c9b70876ba0858053c044735bd543db762f57723cac368afd1ce4.sdkstatcache -Xcc -fmodules-prune-interval\=86400 -Xcc -fmodules-prune-after\=345600 -Xcc -I/Users/admin/builder/spi-builder-workspace/.derivedData/Build/Products/Debug-xros/include -Xcc -I/Users/admin/builder/spi-builder-workspace/.derivedData/Build/Intermediates.noindex/CDKSwiftOracc.build/Debug-xros/CDKSwiftOracc-t.build/DerivedSources-normal/arm64 -Xcc -I/Users/admin/builder/spi-builder-workspace/.derivedData/Build/Intermediates.noindex/CDKSwiftOracc.build/Debug-xros/CDKSwiftOracc-t.build/DerivedSources/arm64 -Xcc -I/Users/admin/builder/spi-builder-workspace/.derivedData/Build/Intermediates.noindex/CDKSwiftOracc.build/Debug-xros/CDKSwiftOracc-t.build/DerivedSources -Xcc -DSWIFT_PACKAGE -Xcc -DDEBUG\=1 -no-auto-bridging-header-chaining -module-name CDKSwiftOracc -const-gather-protocols-file /Users/admin/builder/spi-builder-workspace/.derivedData/Build/Intermediates.noindex/CDKSwiftOracc.build/Debug-xros/CDKSwiftOracc-t.build/Objects-normal/arm64/CDKSwiftOracc_const_extract_protocols.json -disable-clang-spi -clang-target arm64-apple-xros27.0 -target-sdk-version 27.0 -target-sdk-name xros27.0 -in-process-plugin-server-path /Applications/Xcode-27.0.0-Release.Candidate.app/Contents/Developer/Toolchains/XcodeDefault.xctoolchain/usr/lib/swift/host/libSwiftInProcPluginServer.dylib -parse-as-library -o /Users/admin/builder/spi-builder-workspace/.derivedData/Build/Intermediates.noindex/CDKSwiftOracc.build/Debug-xros/CDKSwiftOracc-t.build/Objects-normal/arm64/UnicodeScalars+CuneiformHelpers.o -o /Users/admin/builder/spi-builder-workspace/.derivedData/Build/Intermediates.noindex/CDKSwiftOracc.build/Debug-xros/CDKSwiftOracc-t.build/Objects-normal/arm64/AttributedStringFormatter.o -debug-module-path /Users/admin/builder/spi-builder-workspace/.derivedData/Build/Intermediates.noindex/CDKSwiftOracc.build/Debug-xros/CDKSwiftOracc-t.build/Objects-normal/arm64/CDKSwiftOracc.swiftmodule -index-unit-output-path /CDKSwiftOracc.build/Debug-xros/CDKSwiftOracc-t.build/Objects-normal/arm64/UnicodeScalars+CuneiformHelpers.o -index-unit-output-path /CDKSwiftOracc.build/Debug-xros/CDKSwiftOracc-t.build/Objects-normal/arm64/AttributedStringFormatter.o -index-store-path /Users/admin/builder/spi-builder-workspace/.derivedData/Index.noindex/DataStore -index-system-modules
SwiftCompile normal arm64 /Users/admin/builder/spi-builder-workspace/Sources/CDKSwiftOracc/Sign\ Lists/UnicodeScalars+CuneiformHelpers.swift (in target 'CDKSwiftOracc' from project 'CDKSwiftOracc')
cd /Users/admin/builder/spi-builder-workspace/.swiftpm/xcode
builtin-SwiftPerFileCompile UnicodeScalars+CuneiformHelpers.swift
SwiftCompile normal arm64 /Users/admin/builder/spi-builder-workspace/Sources/CDKSwiftOracc/TextEdition/AttributedStringFormatter.swift (in target 'CDKSwiftOracc' from project 'CDKSwiftOracc')
cd /Users/admin/builder/spi-builder-workspace/.swiftpm/xcode
builtin-SwiftPerFileCompile AttributedStringFormatter.swift
SwiftCompile normal arm64 Compiling\ TextSearchCollection.swift,\ TextSetProtocol.swift,\ OraccGlossary.swift /Users/admin/builder/spi-builder-workspace/Sources/CDKSwiftOracc/Catalog/TextSearchCollection.swift /Users/admin/builder/spi-builder-workspace/Sources/CDKSwiftOracc/Catalog/TextSetProtocol.swift /Users/admin/builder/spi-builder-workspace/Sources/CDKSwiftOracc/Glossary/OraccGlossary.swift (in target 'CDKSwiftOracc' from project 'CDKSwiftOracc')
SwiftCompile normal arm64 /Users/admin/builder/spi-builder-workspace/Sources/CDKSwiftOracc/Catalog/TextSearchCollection.swift (in target 'CDKSwiftOracc' from project 'CDKSwiftOracc')
cd /Users/admin/builder/spi-builder-workspace/.swiftpm/xcode
builtin-SwiftPerFileCompile TextSearchCollection.swift
SwiftCompile normal arm64 /Users/admin/builder/spi-builder-workspace/Sources/CDKSwiftOracc/Catalog/TextSetProtocol.swift (in target 'CDKSwiftOracc' from project 'CDKSwiftOracc')
cd /Users/admin/builder/spi-builder-workspace/.swiftpm/xcode
builtin-SwiftPerFileCompile TextSetProtocol.swift
SwiftCompile normal arm64 /Users/admin/builder/spi-builder-workspace/Sources/CDKSwiftOracc/Glossary/OraccGlossary.swift (in target 'CDKSwiftOracc' from project 'CDKSwiftOracc')
cd /Users/admin/builder/spi-builder-workspace/.swiftpm/xcode
builtin-SwiftPerFileCompile OraccGlossary.swift
SwiftCompile normal arm64 Compiling\ OraccGlobalSignList.swift,\ String+CuneiformHelpers.swift /Users/admin/builder/spi-builder-workspace/Sources/CDKSwiftOracc/Sign\ Lists/OraccGlobalSignList.swift /Users/admin/builder/spi-builder-workspace/Sources/CDKSwiftOracc/Sign\ Lists/String+CuneiformHelpers.swift (in target 'CDKSwiftOracc' from project 'CDKSwiftOracc')
SwiftCompile normal arm64 /Users/admin/builder/spi-builder-workspace/Sources/CDKSwiftOracc/Sign\ Lists/OraccGlobalSignList.swift (in target 'CDKSwiftOracc' from project 'CDKSwiftOracc')
cd /Users/admin/builder/spi-builder-workspace/.swiftpm/xcode
builtin-SwiftPerFileCompile OraccGlobalSignList.swift
SwiftCompile normal arm64 /Users/admin/builder/spi-builder-workspace/Sources/CDKSwiftOracc/Sign\ Lists/String+CuneiformHelpers.swift (in target 'CDKSwiftOracc' from project 'CDKSwiftOracc')
cd /Users/admin/builder/spi-builder-workspace/.swiftpm/xcode
builtin-SwiftPerFileCompile String+CuneiformHelpers.swift
SwiftCompile normal arm64 Compiling\ OraccLanguages.swift,\ XISReference.swift,\ Cuneifier.swift /Users/admin/builder/spi-builder-workspace/Sources/CDKSwiftOracc/Glossary/OraccLanguages.swift /Users/admin/builder/spi-builder-workspace/Sources/CDKSwiftOracc/Glossary/XISReference.swift /Users/admin/builder/spi-builder-workspace/Sources/CDKSwiftOracc/Sign\ Lists/Cuneifier.swift (in target 'CDKSwiftOracc' from project 'CDKSwiftOracc')
SwiftCompile normal arm64 /Users/admin/builder/spi-builder-workspace/Sources/CDKSwiftOracc/Glossary/OraccLanguages.swift (in target 'CDKSwiftOracc' from project 'CDKSwiftOracc')
cd /Users/admin/builder/spi-builder-workspace/.swiftpm/xcode
builtin-SwiftPerFileCompile OraccLanguages.swift
SwiftCompile normal arm64 /Users/admin/builder/spi-builder-workspace/Sources/CDKSwiftOracc/Glossary/XISReference.swift (in target 'CDKSwiftOracc' from project 'CDKSwiftOracc')
cd /Users/admin/builder/spi-builder-workspace/.swiftpm/xcode
builtin-SwiftPerFileCompile XISReference.swift
SwiftCompile normal arm64 /Users/admin/builder/spi-builder-workspace/Sources/CDKSwiftOracc/Sign\ Lists/Cuneifier.swift (in target 'CDKSwiftOracc' from project 'CDKSwiftOracc')
cd /Users/admin/builder/spi-builder-workspace/.swiftpm/xcode
builtin-SwiftPerFileCompile Cuneifier.swift
SwiftCompile normal arm64 Compiling\ OraccCatalogueEntry+Codable.swift,\ OraccCatalogueEntry.swift,\ TextID.swift /Users/admin/builder/spi-builder-workspace/Sources/CDKSwiftOracc/Catalog/OraccCatalogueEntry+Codable.swift /Users/admin/builder/spi-builder-workspace/Sources/CDKSwiftOracc/Catalog/OraccCatalogueEntry.swift /Users/admin/builder/spi-builder-workspace/Sources/CDKSwiftOracc/Catalog/TextID.swift (in target 'CDKSwiftOracc' from project 'CDKSwiftOracc')
SwiftCompile normal arm64 /Users/admin/builder/spi-builder-workspace/Sources/CDKSwiftOracc/Catalog/OraccCatalogueEntry+Codable.swift (in target 'CDKSwiftOracc' from project 'CDKSwiftOracc')
cd /Users/admin/builder/spi-builder-workspace/.swiftpm/xcode
builtin-SwiftPerFileCompile OraccCatalogueEntry+Codable.swift
SwiftCompile normal arm64 /Users/admin/builder/spi-builder-workspace/Sources/CDKSwiftOracc/Catalog/OraccCatalogueEntry.swift (in target 'CDKSwiftOracc' from project 'CDKSwiftOracc')
cd /Users/admin/builder/spi-builder-workspace/.swiftpm/xcode
builtin-SwiftPerFileCompile OraccCatalogueEntry.swift
SwiftCompile normal arm64 /Users/admin/builder/spi-builder-workspace/Sources/CDKSwiftOracc/Catalog/TextID.swift (in target 'CDKSwiftOracc' from project 'CDKSwiftOracc')
cd /Users/admin/builder/spi-builder-workspace/.swiftpm/xcode
builtin-SwiftPerFileCompile TextID.swift
SwiftCompile normal arm64 Compiling\ NodeReference.swift,\ OraccCDLNode+Codable.swift,\ OraccCDLNode+ExtendedAttributes.swift /Users/admin/builder/spi-builder-workspace/Sources/CDKSwiftOracc/CDL\ Types/NodeReference.swift /Users/admin/builder/spi-builder-workspace/Sources/CDKSwiftOracc/CDL\ Types/OraccCDLNode+Codable.swift /Users/admin/builder/spi-builder-workspace/Sources/CDKSwiftOracc/CDL\ Types/OraccCDLNode+ExtendedAttributes.swift (in target 'CDKSwiftOracc' from project 'CDKSwiftOracc')
SwiftCompile normal arm64 /Users/admin/builder/spi-builder-workspace/Sources/CDKSwiftOracc/CDL\ Types/NodeReference.swift (in target 'CDKSwiftOracc' from project 'CDKSwiftOracc')
cd /Users/admin/builder/spi-builder-workspace/.swiftpm/xcode
builtin-SwiftPerFileCompile NodeReference.swift
SwiftCompile normal arm64 /Users/admin/builder/spi-builder-workspace/Sources/CDKSwiftOracc/CDL\ Types/OraccCDLNode+Codable.swift (in target 'CDKSwiftOracc' from project 'CDKSwiftOracc')
cd /Users/admin/builder/spi-builder-workspace/.swiftpm/xcode
builtin-SwiftPerFileCompile OraccCDLNode+Codable.swift
SwiftCompile normal arm64 /Users/admin/builder/spi-builder-workspace/Sources/CDKSwiftOracc/CDL\ Types/OraccCDLNode+ExtendedAttributes.swift (in target 'CDKSwiftOracc' from project 'CDKSwiftOracc')
cd /Users/admin/builder/spi-builder-workspace/.swiftpm/xcode
builtin-SwiftPerFileCompile OraccCDLNode+ExtendedAttributes.swift
SwiftCompile normal arm64 Compiling\ NSAttributedStringFormatter.swift,\ NSAttributedStringKey+OraccAttributes.swift /Users/admin/builder/spi-builder-workspace/Sources/CDKSwiftOracc/TextEdition/Legacy/NSAttributedStringFormatter.swift /Users/admin/builder/spi-builder-workspace/Sources/CDKSwiftOracc/TextEdition/Legacy/NSAttributedStringKey+OraccAttributes.swift (in target 'CDKSwiftOracc' from project 'CDKSwiftOracc')
/Users/admin/builder/spi-builder-workspace/Sources/CDKSwiftOracc/TextEdition/Legacy/NSAttributedStringFormatter.swift:144:10: warning: Code handling 'damaged' and 'missing' signs is repetitive and needs to be tidied up
142 | }
143 |
144 | #warning("Code handling 'damaged' and 'missing' signs is repetitive and needs to be tidied up")
| `- warning: Code handling 'damaged' and 'missing' signs is repetitive and needs to be tidied up
145 | extension GraphemeDescription {
146 | func transliterated() -> NSAttributedString {
/Users/admin/builder/spi-builder-workspace/Sources/CDKSwiftOracc/TextEdition/Legacy/NSAttributedStringFormatter.swift:66:35: error: 'formatting' is unavailable in visionOS
25 | @available(iOS, obsoleted: 15)
26 | public extension NSAttributedString.Key {
27 | static var formatting: NSAttributedString.Key {
| `- note: 'formatting' was obsoleted in visionOS 1.0
28 | return self.init("formatting")
29 | }
:
64 | if let norm = lemma.wordForm.normalisation {
65 | var translationAttrs = lemma.getExtendedAttributes()
66 | translationAttrs[.formatting] = TextEditionFormatting([.italic]).rawValue
| `- error: 'formatting' is unavailable in visionOS
67 | attrStr = NSMutableAttributedString(
68 | string: "\(norm) ",
/Users/admin/builder/spi-builder-workspace/Sources/CDKSwiftOracc/TextEdition/Legacy/NSAttributedStringFormatter.swift:74:35: error: 'formatting' is unavailable in visionOS
25 | @available(iOS, obsoleted: 15)
26 | public extension NSAttributedString.Key {
27 | static var formatting: NSAttributedString.Key {
| `- note: 'formatting' was obsoleted in visionOS 1.0
28 | return self.init("formatting")
29 | }
:
72 | attrStr = NSMutableAttributedString(
73 | string: "x ",
74 | attributes: [.formatting: TextEditionFormatting([.damaged]).rawValue]
| `- error: 'formatting' is unavailable in visionOS
75 | )
76 | }
/Users/admin/builder/spi-builder-workspace/Sources/CDKSwiftOracc/TextEdition/Legacy/NSAttributedStringFormatter.swift:88:83: error: 'formatting' is unavailable in visionOS
25 | @available(iOS, obsoleted: 15)
26 | public extension NSAttributedString.Key {
27 | static var formatting: NSAttributedString.Key {
| `- note: 'formatting' was obsoleted in visionOS 1.0
28 | return self.init("formatting")
29 | }
:
86 | switch discontinuity.type {
87 | case .obverse:
88 | let obv = NSAttributedString(string: "Obverse: \n", attributes: [.formatting: TextEditionFormatting([.editorial, .bold]).rawValue])
| `- error: 'formatting' is unavailable in visionOS
89 | str.append(obv)
90 | case .linestart:
/Users/admin/builder/spi-builder-workspace/Sources/CDKSwiftOracc/TextEdition/Legacy/NSAttributedStringFormatter.swift:91:102: error: 'formatting' is unavailable in visionOS
25 | @available(iOS, obsoleted: 15)
26 | public extension NSAttributedString.Key {
27 | static var formatting: NSAttributedString.Key {
| `- note: 'formatting' was obsoleted in visionOS 1.0
28 | return self.init("formatting")
29 | }
:
89 | str.append(obv)
90 | case .linestart:
91 | let ln = NSAttributedString(string: "\n\(discontinuity.label ?? "") ", attributes: [.formatting: TextEditionFormatting([.editorial]).rawValue])
| `- error: 'formatting' is unavailable in visionOS
92 | str.append(ln)
93 | case .reverse:
/Users/admin/builder/spi-builder-workspace/Sources/CDKSwiftOracc/TextEdition/Legacy/NSAttributedStringFormatter.swift:94:90: error: 'formatting' is unavailable in visionOS
25 | @available(iOS, obsoleted: 15)
26 | public extension NSAttributedString.Key {
27 | static var formatting: NSAttributedString.Key {
| `- note: 'formatting' was obsoleted in visionOS 1.0
28 | return self.init("formatting")
29 | }
:
92 | str.append(ln)
93 | case .reverse:
94 | let rev = NSAttributedString(string: "\n\n\n Reverse: \n", attributes: [.formatting: TextEditionFormatting([.editorial, .bold]).rawValue])
| `- error: 'formatting' is unavailable in visionOS
95 | str.append(rev)
96 | default:
/Users/admin/builder/spi-builder-workspace/Sources/CDKSwiftOracc/TextEdition/Legacy/NSAttributedStringFormatter.swift:125:83: error: 'formatting' is unavailable in visionOS
25 | @available(iOS, obsoleted: 15)
26 | public extension NSAttributedString.Key {
27 | static var formatting: NSAttributedString.Key {
| `- note: 'formatting' was obsoleted in visionOS 1.0
28 | return self.init("formatting")
29 | }
:
123 | switch discontinuity.type {
124 | case .obverse:
125 | let obv = NSAttributedString(string: "Obverse: \n", attributes: [.formatting: TextEditionFormatting([.editorial, .bold]).rawValue])
| `- error: 'formatting' is unavailable in visionOS
126 | str.append(obv)
127 | case .linestart:
/Users/admin/builder/spi-builder-workspace/Sources/CDKSwiftOracc/TextEdition/Legacy/NSAttributedStringFormatter.swift:128:102: error: 'formatting' is unavailable in visionOS
25 | @available(iOS, obsoleted: 15)
26 | public extension NSAttributedString.Key {
27 | static var formatting: NSAttributedString.Key {
| `- note: 'formatting' was obsoleted in visionOS 1.0
28 | return self.init("formatting")
29 | }
:
126 | str.append(obv)
127 | case .linestart:
128 | let ln = NSAttributedString(string: "\n\(discontinuity.label ?? "") ", attributes: [.formatting: TextEditionFormatting([.editorial]).rawValue])
| `- error: 'formatting' is unavailable in visionOS
129 | str.append(ln)
130 | case .reverse:
/Users/admin/builder/spi-builder-workspace/Sources/CDKSwiftOracc/TextEdition/Legacy/NSAttributedStringFormatter.swift:131:90: error: 'formatting' is unavailable in visionOS
25 | @available(iOS, obsoleted: 15)
26 | public extension NSAttributedString.Key {
27 | static var formatting: NSAttributedString.Key {
| `- note: 'formatting' was obsoleted in visionOS 1.0
28 | return self.init("formatting")
29 | }
:
129 | str.append(ln)
130 | case .reverse:
131 | let rev = NSAttributedString(string: "\n\n\n Reverse: \n", attributes: [.formatting: TextEditionFormatting([.editorial, .bold]).rawValue])
| `- error: 'formatting' is unavailable in visionOS
132 | str.append(rev)
133 | default:
/Users/admin/builder/spi-builder-workspace/Sources/CDKSwiftOracc/TextEdition/Legacy/NSAttributedStringFormatter.swift:147:56: error: 'formatting' is unavailable in visionOS
25 | @available(iOS, obsoleted: 15)
26 | public extension NSAttributedString.Key {
27 | static var formatting: NSAttributedString.Key {
| `- note: 'formatting' was obsoleted in visionOS 1.0
28 | return self.init("formatting")
29 | }
:
145 | extension GraphemeDescription {
146 | func transliterated() -> NSAttributedString {
147 | let italicFormatting = [NSAttributedString.Key.formatting: TextEditionFormatting([.italic]).rawValue]
| `- error: 'formatting' is unavailable in visionOS
148 | let superscriptFormatting = [NSAttributedString.Key.formatting: TextEditionFormatting([.superscript]).rawValue]
149 | let damagedFormatting = [NSAttributedString.Key.formatting: TextEditionFormatting([.damaged]).rawValue]
/Users/admin/builder/spi-builder-workspace/Sources/CDKSwiftOracc/TextEdition/Legacy/NSAttributedStringFormatter.swift:148:61: error: 'formatting' is unavailable in visionOS
25 | @available(iOS, obsoleted: 15)
26 | public extension NSAttributedString.Key {
27 | static var formatting: NSAttributedString.Key {
| `- note: 'formatting' was obsoleted in visionOS 1.0
28 | return self.init("formatting")
29 | }
:
146 | func transliterated() -> NSAttributedString {
147 | let italicFormatting = [NSAttributedString.Key.formatting: TextEditionFormatting([.italic]).rawValue]
148 | let superscriptFormatting = [NSAttributedString.Key.formatting: TextEditionFormatting([.superscript]).rawValue]
| `- error: 'formatting' is unavailable in visionOS
149 | let damagedFormatting = [NSAttributedString.Key.formatting: TextEditionFormatting([.damaged]).rawValue]
150 | let damagedSumerian = [NSAttributedString.Key.formatting: TextEditionFormatting([.damagedLogogram]).rawValue]
/Users/admin/builder/spi-builder-workspace/Sources/CDKSwiftOracc/TextEdition/Legacy/NSAttributedStringFormatter.swift:149:57: error: 'formatting' is unavailable in visionOS
25 | @available(iOS, obsoleted: 15)
26 | public extension NSAttributedString.Key {
27 | static var formatting: NSAttributedString.Key {
| `- note: 'formatting' was obsoleted in visionOS 1.0
28 | return self.init("formatting")
29 | }
:
147 | let italicFormatting = [NSAttributedString.Key.formatting: TextEditionFormatting([.italic]).rawValue]
148 | let superscriptFormatting = [NSAttributedString.Key.formatting: TextEditionFormatting([.superscript]).rawValue]
149 | let damagedFormatting = [NSAttributedString.Key.formatting: TextEditionFormatting([.damaged]).rawValue]
| `- error: 'formatting' is unavailable in visionOS
150 | let damagedSumerian = [NSAttributedString.Key.formatting: TextEditionFormatting([.damagedLogogram]).rawValue]
151 | let noFormatting = [NSAttributedString.Key.formatting: 0]
/Users/admin/builder/spi-builder-workspace/Sources/CDKSwiftOracc/TextEdition/Legacy/NSAttributedStringFormatter.swift:150:55: error: 'formatting' is unavailable in visionOS
25 | @available(iOS, obsoleted: 15)
26 | public extension NSAttributedString.Key {
27 | static var formatting: NSAttributedString.Key {
| `- note: 'formatting' was obsoleted in visionOS 1.0
28 | return self.init("formatting")
29 | }
:
148 | let superscriptFormatting = [NSAttributedString.Key.formatting: TextEditionFormatting([.superscript]).rawValue]
149 | let damagedFormatting = [NSAttributedString.Key.formatting: TextEditionFormatting([.damaged]).rawValue]
150 | let damagedSumerian = [NSAttributedString.Key.formatting: TextEditionFormatting([.damagedLogogram]).rawValue]
| `- error: 'formatting' is unavailable in visionOS
151 | let noFormatting = [NSAttributedString.Key.formatting: 0]
152 |
SwiftCompile normal arm64 /Users/admin/builder/spi-builder-workspace/Sources/CDKSwiftOracc/TextEdition/Legacy/NSAttributedStringFormatter.swift (in target 'CDKSwiftOracc' from project 'CDKSwiftOracc')
cd /Users/admin/builder/spi-builder-workspace/.swiftpm/xcode
builtin-SwiftPerFileCompile NSAttributedStringFormatter.swift
SwiftCompile normal arm64 /Users/admin/builder/spi-builder-workspace/Sources/CDKSwiftOracc/TextEdition/Legacy/NSAttributedStringKey+OraccAttributes.swift (in target 'CDKSwiftOracc' from project 'CDKSwiftOracc')
cd /Users/admin/builder/spi-builder-workspace/.swiftpm/xcode
builtin-SwiftPerFileCompile NSAttributedStringKey+OraccAttributes.swift
SwiftCompile normal arm64 Compiling\ OraccAttributedString.swift,\ OraccHTML5Formatter.swift /Users/admin/builder/spi-builder-workspace/Sources/CDKSwiftOracc/TextEdition/OraccAttributedString.swift /Users/admin/builder/spi-builder-workspace/Sources/CDKSwiftOracc/TextEdition/OraccHTML5Formatter.swift (in target 'CDKSwiftOracc' from project 'CDKSwiftOracc')
SwiftCompile normal arm64 /Users/admin/builder/spi-builder-workspace/Sources/CDKSwiftOracc/TextEdition/OraccAttributedString.swift (in target 'CDKSwiftOracc' from project 'CDKSwiftOracc')
cd /Users/admin/builder/spi-builder-workspace/.swiftpm/xcode
builtin-SwiftPerFileCompile OraccAttributedString.swift
SwiftCompile normal arm64 /Users/admin/builder/spi-builder-workspace/Sources/CDKSwiftOracc/TextEdition/OraccHTML5Formatter.swift (in target 'CDKSwiftOracc' from project 'CDKSwiftOracc')
cd /Users/admin/builder/spi-builder-workspace/.swiftpm/xcode
builtin-SwiftPerFileCompile OraccHTML5Formatter.swift
PruneExplicitPrecompiledModules /Users/admin/builder/spi-builder-workspace/.derivedData/Build/Intermediates.noindex/SwiftExplicitPrecompiledModules
PruneExplicitPrecompiledModules /Users/admin/builder/spi-builder-workspace/.derivedData/Build/Intermediates.noindex/ExplicitPrecompiledModules
PruneExplicitPrecompiledModules /Users/admin/builder/spi-builder-workspace/.derivedData/SDKExplicitPrecompiledModules
2026-09-18 21:48:33.956 xcodebuild[716:4519] [MT] IDERunDestination: Supported platforms for the buildables in the current scheme is empty.
** BUILD FAILED **
The following build commands failed:
SwiftCompile normal arm64 Compiling\ UnicodeScalars+CuneiformHelpers.swift,\ AttributedStringFormatter.swift /Users/admin/builder/spi-builder-workspace/Sources/CDKSwiftOracc/Sign\ Lists/UnicodeScalars+CuneiformHelpers.swift /Users/admin/builder/spi-builder-workspace/Sources/CDKSwiftOracc/TextEdition/AttributedStringFormatter.swift (in target 'CDKSwiftOracc' from project 'CDKSwiftOracc')
SwiftCompile normal arm64 /Users/admin/builder/spi-builder-workspace/Sources/CDKSwiftOracc/TextEdition/AttributedStringFormatter.swift (in target 'CDKSwiftOracc' from project 'CDKSwiftOracc')
Building workspace CDKSwiftOracc with scheme CDKSwiftOracc
(3 failures)
BUILD FAILURE 6.4 visionOS