The Swift Package Index logo.Swift Package Index

Build Information

Failed to build FreeType, reference main (91d460), with Swift 6.4 for Android on 27 Sep 2026 23:47:41 UTC.

Build Command

bash -c docker run --pull=always --rm -v "checkouts-54344844-0":/host -w "$PWD" -e JAVA_HOME="/root/.sdkman/candidates/java/current" -e SPI_BUILD="1" -e SPI_PROCESSING="1" registry.gitlab.com/saguaro1/spi-images:android-6.4-latest swift build --swift-sdk aarch64-unknown-linux-android28 2>&1

Build Log

========================================
RunAll
========================================
Builder version: 5.1.0
Interrupt handler set up.
========================================
Checkout
========================================
Clone URL: https://github.com/EvgenijLutz/FreeType.git
Reference: main
Initialized empty Git repository in /host/spi-builder-workspace/.git/
hint: Using 'master' as the name for the initial branch. This default branch name
hint: is subject to change. To configure the initial branch name to use in all
hint: of your new repositories, which will suppress this warning, call:
hint:
hint: 	git config --global init.defaultBranch <name>
hint:
hint: Names commonly chosen instead of 'master' are 'main', 'trunk' and
hint: 'development'. The just-created branch can be renamed via this command:
hint:
hint: 	git branch -m <name>
From https://github.com/EvgenijLutz/FreeType
 * branch            main       -> FETCH_HEAD
 * [new branch]      main       -> origin/main
HEAD is now at 91d4601 Update readme
Cloned https://github.com/EvgenijLutz/FreeType.git
Revision (git rev-parse @):
91d46016fbb637af85d97322c09dd9149072bfb0
SUCCESS checkout https://github.com/EvgenijLutz/FreeType.git at main
========================================
Build
========================================
Selected platform:         android
Swift version:             6.4
Building package at path:  $PWD
https://github.com/EvgenijLutz/FreeType.git
Running build ...
bash -c docker run --pull=always --rm -v "checkouts-54344844-0":/host -w "$PWD" -e JAVA_HOME="/root/.sdkman/candidates/java/current" -e SPI_BUILD="1" -e SPI_PROCESSING="1" registry.gitlab.com/saguaro1/spi-images:android-6.4-latest swift build --swift-sdk aarch64-unknown-linux-android28 2>&1
android-6.4-latest: Pulling from saguaro1/spi-images
Digest: sha256:abadcff584c273feba50641b454858d377ba30b35ea7287a94f45ebd8afd0ea0
Status: Image is up to date for registry.gitlab.com/saguaro1/spi-images:android-6.4-latest
Fetching https://github.com/EvgenijLutz/LibPNG.git
Fetching https://github.com/EvgenijLutz/Brotli.git
[1/208] Fetching brotli
[209/681] Fetching brotli, libpng
Fetched https://github.com/EvgenijLutz/LibPNG.git (1.12s)
Fetched https://github.com/EvgenijLutz/Brotli.git (1.13s)
Computing version for https://github.com/EvgenijLutz/Brotli.git
Computed https://github.com/EvgenijLutz/Brotli.git at 1.2.0 (1.33s)
Computing version for https://github.com/EvgenijLutz/LibPNG.git
Computed https://github.com/EvgenijLutz/LibPNG.git at 1.6.58 (0.17s)
Creating working copy for https://github.com/EvgenijLutz/Brotli.git
Working copy of https://github.com/EvgenijLutz/Brotli.git resolved at 1.2.0
Creating working copy for https://github.com/EvgenijLutz/LibPNG.git
Working copy of https://github.com/EvgenijLutz/LibPNG.git resolved at 1.6.58
Building for debugging...
[Computing dependencies]
[Pre-planning 1 / 310]
[Starting]
[48 / 92] libfreetype-product
[51 / 92] msdfgen
[52 / 92] msdfgen
[53 / 92] msdfgen
In file included from /host/spi-builder-workspace/.build/checkouts/LibPNG/Sources/LibPNGC/LibPNGC.cpp:8:
In file included from /host/spi-builder-workspace/.build/checkouts/LibPNG/Sources/LibPNGC/include/LibPNGC/LibPNGC.hpp:13:
/host/spi-builder-workspace/.build/checkouts/LibPNG/Sources/LibPNGC/include/LibPNGC/PNGImage.hpp:28:26: error: expected ';' at end of declaration list
   28 |     std::byte* fn_nonnull _contents;
      |                          ^
      |                          ;
/host/spi-builder-workspace/.build/checkouts/LibPNG/Sources/LibPNGC/include/LibPNGC/PNGImage.hpp:43:22: error: expected ';' at end of declaration list
   43 |     void* fn_nullable _iccData;
      |                      ^
      |                      ;
/host/spi-builder-workspace/.build/checkouts/LibPNG/Sources/LibPNGC/include/LibPNGC/PNGImage.hpp:47:5: error: friends can only be classes or functions
   47 |     FN_FRIEND_SWIFT_INTERFACE(PNGImage)
      |     ^
In file included from /host/spi-builder-workspace/.build/checkouts/LibPNG/Sources/LibPNGC/LibPNGC.cpp:8:
In file included from /host/spi-builder-workspace/.build/checkouts/LibPNG/Sources/LibPNGC/include/LibPNGC/LibPNGC.hpp:12:
/host/spi-builder-workspace/.build/checkouts/LibPNG/Sources/LibPNGC/include/LibPNGC/Common.hpp:165:14: note: expanded from macro 'FN_FRIEND_SWIFT_INTERFACE'
  165 | friend name* fn_nullable name##Retain(name* fn_nullable obj) SWIFT_RETURNS_UNRETAINED; \
      |              ^
/host/spi-builder-workspace/.build/checkouts/LibPNG/Sources/LibPNGC/include/LibPNGC/Common.hpp:41:21: note: expanded from macro 'fn_nullable'
   41 | #define fn_nullable __nullable
      |                     ^
In file included from /host/spi-builder-workspace/.build/checkouts/LibPNG/Sources/LibPNGC/LibPNGC.cpp:8:
In file included from /host/spi-builder-workspace/.build/checkouts/LibPNG/Sources/LibPNGC/include/LibPNGC/LibPNGC.hpp:13:
/host/spi-builder-workspace/.build/checkouts/LibPNG/Sources/LibPNGC/include/LibPNGC/PNGImage.hpp:47:5: error: expected ';' at end of declaration list
In file included from /host/spi-builder-workspace/.build/checkouts/LibPNG/Sources/LibPNGC/LibPNGC.cpp:8:
In file included from /host/spi-builder-workspace/.build/checkouts/LibPNG/Sources/LibPNGC/include/LibPNGC/LibPNGC.hpp:12:
/host/spi-builder-workspace/.build/checkouts/LibPNG/Sources/LibPNGC/include/LibPNGC/Common.hpp:165:26: note: expanded from macro 'FN_FRIEND_SWIFT_INTERFACE'
  165 | friend name* fn_nullable name##Retain(name* fn_nullable obj) SWIFT_RETURNS_UNRETAINED; \
      |                          ^
<scratch space>:10:1: note: expanded from here
   10 | PNGImageRetain
      | ^
In file included from /host/spi-builder-workspace/.build/checkouts/LibPNG/Sources/LibPNGC/LibPNGC.cpp:8:
In file included from /host/spi-builder-workspace/.build/checkouts/LibPNG/Sources/LibPNGC/include/LibPNGC/LibPNGC.hpp:13:
/host/spi-builder-workspace/.build/checkouts/LibPNG/Sources/LibPNGC/include/LibPNGC/PNGImage.hpp:47:5: error: expected ')'
In file included from /host/spi-builder-workspace/.build/checkouts/LibPNG/Sources/LibPNGC/LibPNGC.cpp:8:
In file included from /host/spi-builder-workspace/.build/checkouts/LibPNG/Sources/LibPNGC/include/LibPNGC/LibPNGC.hpp:12:
/host/spi-builder-workspace/.build/checkouts/LibPNG/Sources/LibPNGC/include/LibPNGC/Common.hpp:166:45: note: expanded from macro 'FN_FRIEND_SWIFT_INTERFACE'
  166 | friend void name##Release(name* fn_nullable obj);
      |                                             ^
In file included from /host/spi-builder-workspace/.build/checkouts/LibPNG/Sources/LibPNGC/LibPNGC.cpp:8:
In file included from /host/spi-builder-workspace/.build/checkouts/LibPNG/Sources/LibPNGC/include/LibPNGC/LibPNGC.hpp:13:
/host/spi-builder-workspace/.build/checkouts/LibPNG/Sources/LibPNGC/include/LibPNGC/PNGImage.hpp:47:5: note: to match this '('
In file included from /host/spi-builder-workspace/.build/checkouts/LibPNG/Sources/LibPNGC/LibPNGC.cpp:8:
In file included from /host/spi-builder-workspace/.build/checkouts/LibPNG/Sources/LibPNGC/include/LibPNGC/LibPNGC.hpp:12:
/host/spi-builder-workspace/.build/checkouts/LibPNG/Sources/LibPNGC/include/LibPNGC/Common.hpp:166:26: note: expanded from macro 'FN_FRIEND_SWIFT_INTERFACE'
  166 | friend void name##Release(name* fn_nullable obj);
      |                          ^
In file included from /host/spi-builder-workspace/.build/checkouts/LibPNG/Sources/LibPNGC/LibPNGC.cpp:8:
In file included from /host/spi-builder-workspace/.build/checkouts/LibPNG/Sources/LibPNGC/include/LibPNGC/LibPNGC.hpp:13:
/host/spi-builder-workspace/.build/checkouts/LibPNG/Sources/LibPNGC/include/LibPNGC/PNGImage.hpp:49:36: error: expected ')'
   49 |     PNGImage(std::byte* fn_nonnull contents, bool ownsContents,
      |                                    ^
/host/spi-builder-workspace/.build/checkouts/LibPNG/Sources/LibPNGC/include/LibPNGC/PNGImage.hpp:49:13: note: to match this '('
   49 |     PNGImage(std::byte* fn_nonnull contents, bool ownsContents,
      |             ^
/host/spi-builder-workspace/.build/checkouts/LibPNG/Sources/LibPNGC/include/LibPNGC/PNGImage.hpp:59:35: error: expected ';' at end of declaration list
   59 |             const char* fn_nonnull path;
      |                                   ^
      |                                   ;
/host/spi-builder-workspace/.build/checkouts/LibPNG/Sources/LibPNGC/include/LibPNGC/PNGImage.hpp:61:39: error: expected ';' at end of declaration list
   61 |                 const void* fn_nonnull buffer;
      |                                       ^
      |                                       ;
/host/spi-builder-workspace/.build/checkouts/LibPNG/Sources/LibPNGC/include/LibPNGC/PNGImage.hpp:61:29: error: member of anonymous struct redeclares '__nonnull'
   61 |                 const void* fn_nonnull buffer;
      |                             ^
In file included from /host/spi-builder-workspace/.build/checkouts/LibPNG/Sources/LibPNGC/LibPNGC.cpp:8:
In file included from /host/spi-builder-workspace/.build/checkouts/LibPNG/Sources/LibPNGC/include/LibPNGC/LibPNGC.hpp:12:
/host/spi-builder-workspace/.build/checkouts/LibPNG/Sources/LibPNGC/include/LibPNGC/Common.hpp:45:20: note: expanded from macro 'fn_nonnull'
   45 | #define fn_nonnull __nonnull
      |                    ^
In file included from /host/spi-builder-workspace/.build/checkouts/LibPNG/Sources/LibPNGC/LibPNGC.cpp:8:
In file included from /host/spi-builder-workspace/.build/checkouts/LibPNG/Sources/LibPNGC/include/LibPNGC/LibPNGC.hpp:13:
/host/spi-builder-workspace/.build/checkouts/LibPNG/Sources/LibPNGC/include/LibPNGC/PNGImage.hpp:59:25: note: previous declaration is here
   59 |             const char* fn_nonnull path;
      |                         ^
In file included from /host/spi-builder-workspace/.build/checkouts/LibPNG/Sources/LibPNGC/LibPNGC.cpp:8:
In file included from /host/spi-builder-workspace/.build/checkouts/LibPNG/Sources/LibPNGC/include/LibPNGC/LibPNGC.hpp:12:
/host/spi-builder-workspace/.build/checkouts/LibPNG/Sources/LibPNGC/include/LibPNGC/Common.hpp:45:20: note: expanded from macro 'fn_nonnull'
   45 | #define fn_nonnull __nonnull
      |                    ^
In file included from /host/spi-builder-workspace/.build/checkouts/LibPNG/Sources/LibPNGC/LibPNGC.cpp:8:
In file included from /host/spi-builder-workspace/.build/checkouts/LibPNG/Sources/LibPNGC/include/LibPNGC/LibPNGC.hpp:13:
/host/spi-builder-workspace/.build/checkouts/LibPNG/Sources/LibPNGC/include/LibPNGC/PNGImage.hpp:67:22: error: redefinition of '__nullable' as different kind of symbol
   67 |     static PNGImage* fn_nullable _open(const _LoadInfo& info) SWIFT_RETURNS_RETAINED SWIFT_NAME(__openUnsafe(path:));
      |                      ^
In file included from /host/spi-builder-workspace/.build/checkouts/LibPNG/Sources/LibPNGC/LibPNGC.cpp:8:
In file included from /host/spi-builder-workspace/.build/checkouts/LibPNG/Sources/LibPNGC/include/LibPNGC/LibPNGC.hpp:12:
/host/spi-builder-workspace/.build/checkouts/LibPNG/Sources/LibPNGC/include/LibPNGC/Common.hpp:41:21: note: expanded from macro 'fn_nullable'
   41 | #define fn_nullable __nullable
      |                     ^
In file included from /host/spi-builder-workspace/.build/checkouts/LibPNG/Sources/LibPNGC/LibPNGC.cpp:8:
In file included from /host/spi-builder-workspace/.build/checkouts/LibPNG/Sources/LibPNGC/include/LibPNGC/LibPNGC.hpp:13:
/host/spi-builder-workspace/.build/checkouts/LibPNG/Sources/LibPNGC/include/LibPNGC/PNGImage.hpp:43:11: note: previous definition is here
   43 |     void* fn_nullable _iccData;
      |           ^
In file included from /host/spi-builder-workspace/.build/checkouts/LibPNG/Sources/LibPNGC/LibPNGC.cpp:8:
In file included from /host/spi-builder-workspace/.build/checkouts/LibPNG/Sources/LibPNGC/include/LibPNGC/LibPNGC.hpp:12:
/host/spi-builder-workspace/.build/checkouts/LibPNG/Sources/LibPNGC/include/LibPNGC/Common.hpp:41:21: note: expanded from macro 'fn_nullable'
   41 | #define fn_nullable __nullable
      |                     ^
In file included from /host/spi-builder-workspace/.build/checkouts/LibPNG/Sources/LibPNGC/LibPNGC.cpp:8:
In file included from /host/spi-builder-workspace/.build/checkouts/LibPNG/Sources/LibPNGC/include/LibPNGC/LibPNGC.hpp:13:
/host/spi-builder-workspace/.build/checkouts/LibPNG/Sources/LibPNGC/include/LibPNGC/PNGImage.hpp:67:33: error: expected ';' at end of declaration list
   67 |     static PNGImage* fn_nullable _open(const _LoadInfo& info) SWIFT_RETURNS_RETAINED SWIFT_NAME(__openUnsafe(path:));
      |                                 ^
      |                                 ;
/host/spi-builder-workspace/.build/checkouts/LibPNG/Sources/LibPNGC/include/LibPNGC/PNGImage.hpp:68:41: error: expected ')'
   68 |     long _write(const char* fn_nullable path fn_noescape, void* fn_nullable * fn_nullable outData fn_noescape, long* fn_nullable outSize fn_noescape, float compressionLevel);
      |                                         ^
/host/spi-builder-workspace/.build/checkouts/LibPNG/Sources/LibPNGC/include/LibPNGC/PNGImage.hpp:68:16: note: to match this '('
   68 |     long _write(const char* fn_nullable path fn_noescape, void* fn_nullable * fn_nullable outData fn_noescape, long* fn_nullable outSize fn_noescape, float compressionLevel);
      |                ^
/host/spi-builder-workspace/.build/checkouts/LibPNG/Sources/LibPNGC/include/LibPNGC/PNGImage.hpp:73:51: error: expected ')'
   73 |     static bool checkIfPNG(const char* fn_nonnull path fn_noescape);
      |                                                   ^
/host/spi-builder-workspace/.build/checkouts/LibPNG/Sources/LibPNGC/include/LibPNGC/PNGImage.hpp:73:27: note: to match this '('
   73 |     static bool checkIfPNG(const char* fn_nonnull path fn_noescape);
      |                           ^
/host/spi-builder-workspace/.build/checkouts/LibPNG/Sources/LibPNGC/include/LibPNGC/PNGImage.hpp:75:51: error: expected ')'
   75 |     static bool checkIfPNG(const void* fn_nonnull buffer fn_noescape fn_sized_by(bufferSize), long bufferSize);
      |                                                   ^
/host/spi-builder-workspace/.build/checkouts/LibPNG/Sources/LibPNGC/include/LibPNGC/PNGImage.hpp:75:27: note: to match this '('
   75 |     static bool checkIfPNG(const void* fn_nonnull buffer fn_noescape fn_sized_by(bufferSize), long bufferSize);
      |                           ^
/host/spi-builder-workspace/.build/checkouts/LibPNG/Sources/LibPNGC/include/LibPNGC/PNGImage.hpp:79:22: error: redefinition of '__nonnull' as different kind of symbol
   79 |     static PNGImage* fn_nonnull create(const void* fn_nonnull contents fn_noescape,
      |                      ^
In file included from /host/spi-builder-workspace/.build/checkouts/LibPNG/Sources/LibPNGC/LibPNGC.cpp:8:
In file included from /host/spi-builder-workspace/.build/checkouts/LibPNG/Sources/LibPNGC/include/LibPNGC/LibPNGC.hpp:12:
/host/spi-builder-workspace/.build/checkouts/LibPNG/Sources/LibPNGC/include/LibPNGC/Common.hpp:45:20: note: expanded from macro 'fn_nonnull'
   45 | #define fn_nonnull __nonnull
      |                    ^
In file included from /host/spi-builder-workspace/.build/checkouts/LibPNG/Sources/LibPNGC/LibPNGC.cpp:8:
In file included from /host/spi-builder-workspace/.build/checkouts/LibPNG/Sources/LibPNGC/include/LibPNGC/LibPNGC.hpp:13:
/host/spi-builder-workspace/.build/checkouts/LibPNG/Sources/LibPNGC/include/LibPNGC/PNGImage.hpp:28:16: note: previous definition is here
   28 |     std::byte* fn_nonnull _contents;
      |                ^
In file included from /host/spi-builder-workspace/.build/checkouts/LibPNG/Sources/LibPNGC/LibPNGC.cpp:8:
In file included from /host/spi-builder-workspace/.build/checkouts/LibPNG/Sources/LibPNGC/include/LibPNGC/LibPNGC.hpp:12:
/host/spi-builder-workspace/.build/checkouts/LibPNG/Sources/LibPNGC/include/LibPNGC/Common.hpp:45:20: note: expanded from macro 'fn_nonnull'
   45 | #define fn_nonnull __nonnull
      |                    ^
In file included from /host/spi-builder-workspace/.build/checkouts/LibPNG/Sources/LibPNGC/LibPNGC.cpp:8:
In file included from /host/spi-builder-workspace/.build/checkouts/LibPNG/Sources/LibPNGC/include/LibPNGC/LibPNGC.hpp:13:
/host/spi-builder-workspace/.build/checkouts/LibPNG/Sources/LibPNGC/include/LibPNGC/PNGImage.hpp:79:32: error: expected ';' at end of declaration list
   79 |     static PNGImage* fn_nonnull create(const void* fn_nonnull contents fn_noescape,
      |                                ^
      |                                ;
/host/spi-builder-workspace/.build/checkouts/LibPNG/Sources/LibPNGC/include/LibPNGC/PNGImage.hpp:90:22: error: redefinition of '__nonnull' as different kind of symbol
   90 |     static PNGImage* fn_nonnull createTransferring(void* fn_nonnull contents fn_noescape, bool ownsContents,
      |                      ^
In file included from /host/spi-builder-workspace/.build/checkouts/LibPNG/Sources/LibPNGC/LibPNGC.cpp:8:
In file included from /host/spi-builder-workspace/.build/checkouts/LibPNG/Sources/LibPNGC/include/LibPNGC/LibPNGC.hpp:12:
/host/spi-builder-workspace/.build/checkouts/LibPNG/Sources/LibPNGC/include/LibPNGC/Common.hpp:45:20: note: expanded from macro 'fn_nonnull'
   45 | #define fn_nonnull __nonnull
      |                    ^
In file included from /host/spi-builder-workspace/.build/checkouts/LibPNG/Sources/LibPNGC/LibPNGC.cpp:8:
In file included from /host/spi-builder-workspace/.build/checkouts/LibPNG/Sources/LibPNGC/include/LibPNGC/LibPNGC.hpp:13:
/host/spi-builder-workspace/.build/checkouts/LibPNG/Sources/LibPNGC/include/LibPNGC/PNGImage.hpp:28:16: note: previous definition is here
   28 |     std::byte* fn_nonnull _contents;
      |                ^
In file included from /host/spi-builder-workspace/.build/checkouts/LibPNG/Sources/LibPNGC/LibPNGC.cpp:8:
In file included from /host/spi-builder-workspace/.build/checkouts/LibPNG/Sources/LibPNGC/include/LibPNGC/LibPNGC.hpp:12:
/host/spi-builder-workspace/.build/checkouts/LibPNG/Sources/LibPNGC/include/LibPNGC/Common.hpp:45:20: note: expanded from macro 'fn_nonnull'
   45 | #define fn_nonnull __nonnull
      |                    ^
In file included from /host/spi-builder-workspace/.build/checkouts/LibPNG/Sources/LibPNGC/LibPNGC.cpp:8:
In file included from /host/spi-builder-workspace/.build/checkouts/LibPNG/Sources/LibPNGC/include/LibPNGC/LibPNGC.hpp:13:
/host/spi-builder-workspace/.build/checkouts/LibPNG/Sources/LibPNGC/include/LibPNGC/PNGImage.hpp:90:32: error: expected ';' at end of declaration list
   90 |     static PNGImage* fn_nonnull createTransferring(void* fn_nonnull contents fn_noescape, bool ownsContents,
      |                                ^
      |                                ;
/host/spi-builder-workspace/.build/checkouts/LibPNG/Sources/LibPNGC/include/LibPNGC/PNGImage.hpp:101:22: error: redefinition of '__nullable' as different kind of symbol
  101 |     static PNGImage* fn_nullable open(const char* fn_nonnull path fn_noescape) SWIFT_RETURNS_RETAINED SWIFT_NAME(__openUnsafe(path:));
      |                      ^
In file included from /host/spi-builder-workspace/.build/checkouts/LibPNG/Sources/LibPNGC/LibPNGC.cpp:8:
In file included from /host/spi-builder-workspace/.build/checkouts/LibPNG/Sources/LibPNGC/include/LibPNGC/LibPNGC.hpp:12:
/host/spi-builder-workspace/.build/checkouts/LibPNG/Sources/LibPNGC/include/LibPNGC/Common.hpp:41:21: note: expanded from macro 'fn_nullable'
   41 | #define fn_nullable __nullable
      |                     ^
In file included from /host/spi-builder-workspace/.build/checkouts/LibPNG/Sources/LibPNGC/LibPNGC.cpp:8:
In file included from /host/spi-builder-workspace/.build/checkouts/LibPNG/Sources/LibPNGC/include/LibPNGC/LibPNGC.hpp:13:
/host/spi-builder-workspace/.build/checkouts/LibPNG/Sources/LibPNGC/include/LibPNGC/PNGImage.hpp:43:11: note: previous definition is here
   43 |     void* fn_nullable _iccData;
      |           ^
In file included from /host/spi-builder-workspace/.build/checkouts/LibPNG/Sources/LibPNGC/LibPNGC.cpp:8:
In file included from /host/spi-builder-workspace/.build/checkouts/LibPNG/Sources/LibPNGC/include/LibPNGC/LibPNGC.hpp:12:
/host/spi-builder-workspace/.build/checkouts/LibPNG/Sources/LibPNGC/include/LibPNGC/Common.hpp:41:21: note: expanded from macro 'fn_nullable'
   41 | #define fn_nullable __nullable
      |                     ^
fatal error: too many errors emitted, stopping now [-ferror-limit=]
20 errors generated.
error: CompileC /host/spi-builder-workspace/.build/out/Intermediates.noindex/LibPNG.build/Debug-android-aarch64/LibPNGC-t.build/Objects-normal/aarch64/LibPNGC.o /host/spi-builder-workspace/.build/checkouts/LibPNG/Sources/LibPNGC/LibPNGC.cpp normal aarch64 c++ com.apple.compilers.llvm.clang.1_0.compiler failed with a nonzero exit code. Command line:     cd /host

    Using response file: /host/spi-builder-workspace/.build/out/Intermediates.noindex/LibPNG.build/Debug-android-aarch64/LibPNGC-t.build/Objects-normal/aarch64/11b881b950eb02e21769317df93e9b41d1d7f0348e4e0901ae810dce93ca1a57-common-args.resp

    /root/.local/share/swiftly/toolchains/6.4.x-snapshot-2026-09-04/usr/bin/clang -x c++ -target aarch64-unknown-linux-android28 -fmessage-length\=0 -fdiagnostics-show-note-include-stack -fmacro-backtrace-limit\=0 -fcolor-diagnostics -Wno-trigraphs -Wno-missing-field-initializers -Wno-missing-prototypes -Wno-return-type -Wno-non-virtual-dtor -Wno-overloaded-virtual -Wno-exit-time-destructors -Wno-missing-braces -Wparentheses -Wswitch -Wno-unused-function -Wno-unused-label -Wno-unused-parameter -Wno-unused-variable -Wunused-value -Wno-empty-body -Wno-uninitialized -Wno-unknown-pragmas -w -Wno-shadow -Wno-four-char-constants -Wno-conversion -Wno-constant-conversion -Wno-int-conversion -Wno-bool-conversion -Wno-enum-conversion -Wno-float-conversion -Wno-non-literal-null-conversion -Wno-objc-literal-conversion -Wno-shorten-64-to-32 -Wno-newline-eof -Wno-c++11-extensions -Wno-implicit-fallthrough -fstrict-aliasing -Wdeprecated-declarations -Winvalid-offsetof -Wno-sign-conversion -Wno-infinite-recursion -Wno-move -Wno-comma -Wno-block-capture-autoreleasing -Wno-strict-prototypes -Wno-range-loop-analysis -Wno-semicolon-before-method-body --sysroot /android-ndk/android-ndk-r27d/toolchains/llvm/prebuilt/linux-x86_64/sysroot @/host/spi-builder-workspace/.build/out/Intermediates.noindex/LibPNG.build/Debug-android-aarch64/LibPNGC-t.build/Objects-normal/aarch64/11b881b950eb02e21769317df93e9b41d1d7f0348e4e0901ae810dce93ca1a57-common-args.resp -MMD -MT dependencies -MF /host/spi-builder-workspace/.build/out/Intermediates.noindex/LibPNG.build/Debug-android-aarch64/LibPNGC-t.build/Objects-normal/aarch64/LibPNGC.d --serialize-diagnostics /host/spi-builder-workspace/.build/out/Intermediates.noindex/LibPNG.build/Debug-android-aarch64/LibPNGC-t.build/Objects-normal/aarch64/LibPNGC.dia -c /host/spi-builder-workspace/.build/checkouts/LibPNG/Sources/LibPNGC/LibPNGC.cpp -o /host/spi-builder-workspace/.build/out/Intermediates.noindex/LibPNG.build/Debug-android-aarch64/LibPNGC-t.build/Objects-normal/aarch64/LibPNGC.o
/host/spi-builder-workspace/Sources/msdfgen/ext/save-png.cpp:15:10: fatal error: 'png.h' file not found
   15 | #include <png.h>
      |          ^~~~~~~
1 error generated.
error: CompileC /host/spi-builder-workspace/.build/out/Intermediates.noindex/FreeType.build/Debug-android-aarch64/msdfgen-t.build/Objects-normal/aarch64/save-png.o /host/spi-builder-workspace/Sources/msdfgen/ext/save-png.cpp normal aarch64 c++ com.apple.compilers.llvm.clang.1_0.compiler failed with a nonzero exit code. Command line:     cd /host

    Using response file: /host/spi-builder-workspace/.build/out/Intermediates.noindex/FreeType.build/Debug-android-aarch64/msdfgen-t.build/Objects-normal/aarch64/11b881b950eb02e21769317df93e9b41d1d7f0348e4e0901ae810dce93ca1a57-common-args.resp

    /root/.local/share/swiftly/toolchains/6.4.x-snapshot-2026-09-04/usr/bin/clang -x c++ -target aarch64-unknown-linux-android28 -fmessage-length\=0 -fdiagnostics-show-note-include-stack -fmacro-backtrace-limit\=0 -fcolor-diagnostics -Wno-trigraphs -Wno-missing-field-initializers -Wno-missing-prototypes -Wno-return-type -Wno-non-virtual-dtor -Wno-overloaded-virtual -Wno-exit-time-destructors -Wno-missing-braces -Wparentheses -Wswitch -Wno-unused-function -Wno-unused-label -Wno-unused-parameter -Wno-unused-variable -Wunused-value -Wno-empty-body -Wno-uninitialized -Wno-unknown-pragmas -Wno-shadow -Wno-four-char-constants -Wno-conversion -Wno-constant-conversion -Wno-int-conversion -Wno-bool-conversion -Wno-enum-conversion -Wno-float-conversion -Wno-non-literal-null-conversion -Wno-objc-literal-conversion -Wno-shorten-64-to-32 -Wno-newline-eof -Wno-c++11-extensions -Wno-implicit-fallthrough -fstrict-aliasing -Wdeprecated-declarations -Winvalid-offsetof -Wno-sign-conversion -Wno-infinite-recursion -Wno-move -Wno-comma -Wno-block-capture-autoreleasing -Wno-strict-prototypes -Wno-range-loop-analysis -Wno-semicolon-before-method-body --sysroot /android-ndk/android-ndk-r27d/toolchains/llvm/prebuilt/linux-x86_64/sysroot -Wall -Wall @/host/spi-builder-workspace/.build/out/Intermediates.noindex/FreeType.build/Debug-android-aarch64/msdfgen-t.build/Objects-normal/aarch64/11b881b950eb02e21769317df93e9b41d1d7f0348e4e0901ae810dce93ca1a57-common-args.resp -MMD -MT dependencies -MF /host/spi-builder-workspace/.build/out/Intermediates.noindex/FreeType.build/Debug-android-aarch64/msdfgen-t.build/Objects-normal/aarch64/save-png.d --serialize-diagnostics /host/spi-builder-workspace/.build/out/Intermediates.noindex/FreeType.build/Debug-android-aarch64/msdfgen-t.build/Objects-normal/aarch64/save-png.dia -c /host/spi-builder-workspace/Sources/msdfgen/ext/save-png.cpp -o /host/spi-builder-workspace/.build/out/Intermediates.noindex/FreeType.build/Debug-android-aarch64/msdfgen-t.build/Objects-normal/aarch64/save-png.o
error: Build failed
BUILD FAILURE 6.4 android