Build Information
Failed to build FreesoundKit, reference main (7df370), with Swift 6.2 for Wasm on 18 Sep 2026 17:37:53 UTC.
Build Command
bash -c docker run --pull=always --rm -v "checkouts-53886769-0":/host -w "$PWD" -e JAVA_HOME="/root/.sdkman/candidates/java/current" -e SPI_BUILD="1" -e SPI_PROCESSING="1" registry.gitlab.com/saguaro1/spi-images:wasm-6.2-latest swift build --swift-sdk swift-6.2-RELEASE_wasm 2>&1Build Log
========================================
RunAll
========================================
Builder version: 5.1.0
Interrupt handler set up.
========================================
Checkout
========================================
Clone URL: https://github.com/codybrom/FreesoundKit.git
Reference: main
Initialized empty Git repository in /host/spi-builder-workspace/.git/
hint: Using 'master' as the name for the initial branch. This default branch name
hint: is subject to change. To configure the initial branch name to use in all
hint: of your new repositories, which will suppress this warning, call:
hint:
hint: git config --global init.defaultBranch <name>
hint:
hint: Names commonly chosen instead of 'master' are 'main', 'trunk' and
hint: 'development'. The just-created branch can be renamed via this command:
hint:
hint: git branch -m <name>
From https://github.com/codybrom/FreesoundKit
* branch main -> FETCH_HEAD
* [new branch] main -> origin/main
HEAD is now at 7df3702 fix: restore source compatibility broken by 2.2.0 (2.3.0)
Cloned https://github.com/codybrom/FreesoundKit.git
Revision (git rev-parse @):
7df3702dcde05306b95657e7e466224a21cbdf1e
SPI manifest file found: $PWD/.spi.yml
SUCCESS checkout https://github.com/codybrom/FreesoundKit.git at main
========================================
Build
========================================
Selected platform: wasm
Swift version: 6.2
Building package at path: $PWD
https://github.com/codybrom/FreesoundKit.git
Running build ...
bash -c docker run --pull=always --rm -v "checkouts-53886769-0":/host -w "$PWD" -e JAVA_HOME="/root/.sdkman/candidates/java/current" -e SPI_BUILD="1" -e SPI_PROCESSING="1" registry.gitlab.com/saguaro1/spi-images:wasm-6.2-latest swift build --swift-sdk swift-6.2-RELEASE_wasm 2>&1
wasm-6.2-latest: Pulling from saguaro1/spi-images
Digest: sha256:ff44196b45f83e5a0a99a627b185f548850d9bc1242e3dee2178fb1570812fe8
Status: Image is up to date for registry.gitlab.com/saguaro1/spi-images:wasm-6.2-latest
Building for debugging...
[0/7] Write sources
[2/7] Write swift-version-24593BA9C3E375BF.txt
[4/17] Compiling FreesoundKit FreesoundModels.swift
/host/spi-builder-workspace/Sources/FreesoundKit/FreesoundClient.swift:8:8: error: no such module 'Dispatch'
6 | //
7 |
8 | import Dispatch
| `- error: no such module 'Dispatch'
9 | import Foundation
10 | import Synchronization
[5/18] Compiling FreesoundKit FreesoundUsageMonitor.swift
/host/spi-builder-workspace/Sources/FreesoundKit/FreesoundClient.swift:8:8: error: no such module 'Dispatch'
6 | //
7 |
8 | import Dispatch
| `- error: no such module 'Dispatch'
9 | import Foundation
10 | import Synchronization
[6/18] Compiling FreesoundKit FreesoundRequests.swift
/host/spi-builder-workspace/Sources/FreesoundKit/FreesoundClient.swift:8:8: error: no such module 'Dispatch'
6 | //
7 |
8 | import Dispatch
| `- error: no such module 'Dispatch'
9 | import Foundation
10 | import Synchronization
[7/18] Compiling FreesoundKit FreesoundSearchFilter.swift
/host/spi-builder-workspace/Sources/FreesoundKit/FreesoundClient.swift:8:8: error: no such module 'Dispatch'
6 | //
7 |
8 | import Dispatch
| `- error: no such module 'Dispatch'
9 | import Foundation
10 | import Synchronization
error: emit-module command failed with exit code 1 (use -v to see invocation)
[8/18] Emitting module FreesoundKit
/host/spi-builder-workspace/Sources/FreesoundKit/FreesoundClient.swift:8:8: error: no such module 'Dispatch'
6 | //
7 |
8 | import Dispatch
| `- error: no such module 'Dispatch'
9 | import Foundation
10 | import Synchronization
[9/18] Compiling FreesoundKit FreesoundError.swift
/host/spi-builder-workspace/Sources/FreesoundKit/FreesoundClient.swift:8:8: error: no such module 'Dispatch'
6 | //
7 |
8 | import Dispatch
| `- error: no such module 'Dispatch'
9 | import Foundation
10 | import Synchronization
[10/18] Compiling FreesoundKit AvatarMonogram.swift
/host/spi-builder-workspace/Sources/FreesoundKit/FreesoundClient.swift:8:8: error: no such module 'Dispatch'
6 | //
7 |
8 | import Dispatch
| `- error: no such module 'Dispatch'
9 | import Foundation
10 | import Synchronization
[11/18] Compiling FreesoundKit Deprecations.swift
/host/spi-builder-workspace/Sources/FreesoundKit/FreesoundClient.swift:8:8: error: no such module 'Dispatch'
6 | //
7 |
8 | import Dispatch
| `- error: no such module 'Dispatch'
9 | import Foundation
10 | import Synchronization
[12/18] Compiling FreesoundKit FreesoundAssetCache.swift
/host/spi-builder-workspace/Sources/FreesoundKit/FreesoundClient.swift:8:8: error: no such module 'Dispatch'
6 | //
7 |
8 | import Dispatch
| `- error: no such module 'Dispatch'
9 | import Foundation
10 | import Synchronization
[13/18] Compiling FreesoundKit FreesoundClient.swift
/host/spi-builder-workspace/Sources/FreesoundKit/FreesoundClient.swift:8:8: error: no such module 'Dispatch'
6 | //
7 |
8 | import Dispatch
| `- error: no such module 'Dispatch'
9 | import Foundation
10 | import Synchronization
[14/18] Compiling FreesoundKit FreesoundUsageTracker.swift
/host/spi-builder-workspace/Sources/FreesoundKit/FreesoundClient.swift:8:8: error: no such module 'Dispatch'
6 | //
7 |
8 | import Dispatch
| `- error: no such module 'Dispatch'
9 | import Foundation
10 | import Synchronization
BUILD FAILURE 6.2 wasm