Build Information
Failed to build FZQuicklook, reference 1.0.5 (90bcac), with Swift 6.4 for macOS (Xcode) using Xcode 27.0 on 20 Sep 2026 03:07:39 UTC.
Build Command
env DEVELOPER_DIR=/Applications/Xcode-27.0.0-Release.Candidate.app xcrun xcodebuild -IDEClonedSourcePackagesDirPathOverride=$PWD/.dependencies -skipMacroValidation -skipPackagePluginValidation -derivedDataPath $PWD/.derivedData build -scheme FZQuicklook -destination platform=macOS,arch=arm64Build Log
SwiftCompile normal arm64 /Users/admin/builder/spi-builder-workspace/.dependencies/checkouts/FZSwiftUtils/Sources/FZSwiftUtils/Extensions/CoreFoundation/MDQuery.swift (in target 'FZSwiftUtils' from project 'FZSwiftUtils')
cd /Users/admin/builder/spi-builder-workspace/.swiftpm/xcode
builtin-SwiftPerFileCompile MDQuery.swift
SwiftCompile normal arm64 /Users/admin/builder/spi-builder-workspace/.dependencies/checkouts/FZSwiftUtils/Sources/FZSwiftUtils/Extensions/CoreFoundation/Protocols/CFComparable.swift (in target 'FZSwiftUtils' from project 'FZSwiftUtils')
cd /Users/admin/builder/spi-builder-workspace/.swiftpm/xcode
builtin-SwiftPerFileCompile CFComparable.swift
SwiftCompile normal arm64 /Users/admin/builder/spi-builder-workspace/.dependencies/checkouts/FZSwiftUtils/Sources/FZSwiftUtils/Extensions/CoreFoundation/Protocols/CFStringKey.swift (in target 'FZSwiftUtils' from project 'FZSwiftUtils')
cd /Users/admin/builder/spi-builder-workspace/.swiftpm/xcode
builtin-SwiftPerFileCompile CFStringKey.swift
SwiftCompile normal arm64 /Users/admin/builder/spi-builder-workspace/.dependencies/checkouts/FZSwiftUtils/Sources/FZSwiftUtils/Extensions/CoreFoundation/Protocols/CFType+CFConvertible.swift (in target 'FZSwiftUtils' from project 'FZSwiftUtils')
cd /Users/admin/builder/spi-builder-workspace/.swiftpm/xcode
builtin-SwiftPerFileCompile CFType+CFConvertible.swift
SwiftCompile normal arm64 /Users/admin/builder/spi-builder-workspace/.dependencies/checkouts/FZSwiftUtils/Sources/FZSwiftUtils/Extensions/CoreFoundation/Protocols/CFType+CFTollFreeBridgeable.swift (in target 'FZSwiftUtils' from project 'FZSwiftUtils')
cd /Users/admin/builder/spi-builder-workspace/.swiftpm/xcode
builtin-SwiftPerFileCompile CFType+CFTollFreeBridgeable.swift
SwiftCompile normal arm64 /Users/admin/builder/spi-builder-workspace/.dependencies/checkouts/FZSwiftUtils/Sources/FZSwiftUtils/Extensions/CoreFoundation/Protocols/CFType+CFTollFreeSwiftBridgeable.swift (in target 'FZSwiftUtils' from project 'FZSwiftUtils')
cd /Users/admin/builder/spi-builder-workspace/.swiftpm/xcode
builtin-SwiftPerFileCompile CFType+CFTollFreeSwiftBridgeable.swift
SwiftCompile normal arm64 /Users/admin/builder/spi-builder-workspace/.dependencies/checkouts/FZSwiftUtils/Sources/FZSwiftUtils/Extensions/CoreFoundation/Protocols/CFType.swift (in target 'FZSwiftUtils' from project 'FZSwiftUtils')
cd /Users/admin/builder/spi-builder-workspace/.swiftpm/xcode
builtin-SwiftPerFileCompile CFType.swift
SwiftCompile normal arm64 /Users/admin/builder/spi-builder-workspace/.dependencies/checkouts/FZSwiftUtils/Sources/FZSwiftUtils/Extensions/DLInfo+.swift (in target 'FZSwiftUtils' from project 'FZSwiftUtils')
cd /Users/admin/builder/spi-builder-workspace/.swiftpm/xcode
builtin-SwiftPerFileCompile DLInfo+.swift
SwiftCompile normal arm64 /Users/admin/builder/spi-builder-workspace/.dependencies/checkouts/FZSwiftUtils/Sources/FZSwiftUtils/Extensions/Data+.swift (in target 'FZSwiftUtils' from project 'FZSwiftUtils')
cd /Users/admin/builder/spi-builder-workspace/.swiftpm/xcode
builtin-SwiftPerFileCompile Data+.swift
SwiftCompile normal arm64 /Users/admin/builder/spi-builder-workspace/.dependencies/checkouts/FZSwiftUtils/Sources/FZSwiftUtils/Extensions/Date\ &\ Time/Calendar+.swift (in target 'FZSwiftUtils' from project 'FZSwiftUtils')
cd /Users/admin/builder/spi-builder-workspace/.swiftpm/xcode
builtin-SwiftPerFileCompile Calendar+.swift
SwiftCompile normal arm64 /Users/admin/builder/spi-builder-workspace/.dependencies/checkouts/FZSwiftUtils/Sources/FZSwiftUtils/Extensions/Date\ &\ Time/Date+.swift (in target 'FZSwiftUtils' from project 'FZSwiftUtils')
cd /Users/admin/builder/spi-builder-workspace/.swiftpm/xcode
builtin-SwiftPerFileCompile Date+.swift
SwiftCompile normal arm64 /Users/admin/builder/spi-builder-workspace/.dependencies/checkouts/FZSwiftUtils/Sources/FZSwiftUtils/Extensions/Date\ &\ Time/Formatter/DateComponentsFormatter+.swift (in target 'FZSwiftUtils' from project 'FZSwiftUtils')
cd /Users/admin/builder/spi-builder-workspace/.swiftpm/xcode
builtin-SwiftPerFileCompile DateComponentsFormatter+.swift
SwiftCompile normal arm64 /Users/admin/builder/spi-builder-workspace/.dependencies/checkouts/FZSwiftUtils/Sources/FZSwiftUtils/Extensions/Date\ &\ Time/Formatter/DateFormatter+.swift (in target 'FZSwiftUtils' from project 'FZSwiftUtils')
cd /Users/admin/builder/spi-builder-workspace/.swiftpm/xcode
builtin-SwiftPerFileCompile DateFormatter+.swift
SwiftCompile normal arm64 /Users/admin/builder/spi-builder-workspace/.dependencies/checkouts/FZSwiftUtils/Sources/FZSwiftUtils/Extensions/Date\ &\ Time/Formatter/DateFormatter+Components.swift (in target 'FZSwiftUtils' from project 'FZSwiftUtils')
cd /Users/admin/builder/spi-builder-workspace/.swiftpm/xcode
builtin-SwiftPerFileCompile DateFormatter+Components.swift
SwiftCompile normal arm64 /Users/admin/builder/spi-builder-workspace/.dependencies/checkouts/FZSwiftUtils/Sources/FZSwiftUtils/Extensions/Date\ &\ Time/Formatter/DateIntervalFormatter+.swift (in target 'FZSwiftUtils' from project 'FZSwiftUtils')
cd /Users/admin/builder/spi-builder-workspace/.swiftpm/xcode
builtin-SwiftPerFileCompile DateIntervalFormatter+.swift
SwiftCompile normal arm64 /Users/admin/builder/spi-builder-workspace/.dependencies/checkouts/FZSwiftUtils/Sources/FZSwiftUtils/Extensions/Date\ &\ Time/Formatter/ISO8601DateFormatter+.swift (in target 'FZSwiftUtils' from project 'FZSwiftUtils')
cd /Users/admin/builder/spi-builder-workspace/.swiftpm/xcode
builtin-SwiftPerFileCompile ISO8601DateFormatter+.swift
SwiftCompile normal arm64 /Users/admin/builder/spi-builder-workspace/.dependencies/checkouts/FZSwiftUtils/Sources/FZSwiftUtils/Extensions/Date\ &\ Time/Formatter/RelativeDateTimeFormatter+.swift (in target 'FZSwiftUtils' from project 'FZSwiftUtils')
cd /Users/admin/builder/spi-builder-workspace/.swiftpm/xcode
builtin-SwiftPerFileCompile RelativeDateTimeFormatter+.swift
SwiftCompile normal arm64 /Users/admin/builder/spi-builder-workspace/.dependencies/checkouts/FZSwiftUtils/Sources/FZSwiftUtils/Extensions/Date\ &\ Time/NSCalendar+.swift (in target 'FZSwiftUtils' from project 'FZSwiftUtils')
cd /Users/admin/builder/spi-builder-workspace/.swiftpm/xcode
builtin-SwiftPerFileCompile NSCalendar+.swift
SwiftCompile normal arm64 /Users/admin/builder/spi-builder-workspace/.dependencies/checkouts/FZSwiftUtils/Sources/FZSwiftUtils/Extensions/Date\ &\ Time/TimeZone.swift (in target 'FZSwiftUtils' from project 'FZSwiftUtils')
cd /Users/admin/builder/spi-builder-workspace/.swiftpm/xcode
builtin-SwiftPerFileCompile TimeZone.swift
SwiftCompile normal arm64 /Users/admin/builder/spi-builder-workspace/.dependencies/checkouts/FZSwiftUtils/Sources/FZSwiftUtils/Extensions/DispatchQueue+.swift (in target 'FZSwiftUtils' from project 'FZSwiftUtils')
cd /Users/admin/builder/spi-builder-workspace/.swiftpm/xcode
builtin-SwiftPerFileCompile DispatchQueue+.swift
SwiftCompile normal arm64 /Users/admin/builder/spi-builder-workspace/.dependencies/checkouts/FZSwiftUtils/Sources/FZSwiftUtils/Extensions/DispatchWorkItem+.swift (in target 'FZSwiftUtils' from project 'FZSwiftUtils')
cd /Users/admin/builder/spi-builder-workspace/.swiftpm/xcode
builtin-SwiftPerFileCompile DispatchWorkItem+.swift
SwiftCompile normal arm64 /Users/admin/builder/spi-builder-workspace/.dependencies/checkouts/FZSwiftUtils/Sources/FZSwiftUtils/Extensions/Encoding\ &\ Decoding/Codable+.swift (in target 'FZSwiftUtils' from project 'FZSwiftUtils')
cd /Users/admin/builder/spi-builder-workspace/.swiftpm/xcode
builtin-SwiftPerFileCompile Codable+.swift
SwiftCompile normal arm64 /Users/admin/builder/spi-builder-workspace/.dependencies/checkouts/FZSwiftUtils/Sources/FZSwiftUtils/Extensions/Encoding\ &\ Decoding/CodingError+.swift (in target 'FZSwiftUtils' from project 'FZSwiftUtils')
cd /Users/admin/builder/spi-builder-workspace/.swiftpm/xcode
builtin-SwiftPerFileCompile CodingError+.swift
SwiftCompile normal arm64 /Users/admin/builder/spi-builder-workspace/.dependencies/checkouts/FZSwiftUtils/Sources/FZSwiftUtils/Extensions/Encoding\ &\ Decoding/Decoder+.swift (in target 'FZSwiftUtils' from project 'FZSwiftUtils')
cd /Users/admin/builder/spi-builder-workspace/.swiftpm/xcode
builtin-SwiftPerFileCompile Decoder+.swift
SwiftCompile normal arm64 /Users/admin/builder/spi-builder-workspace/.dependencies/checkouts/FZSwiftUtils/Sources/FZSwiftUtils/Extensions/Encoding\ &\ Decoding/Dictionary+Codable.swift (in target 'FZSwiftUtils' from project 'FZSwiftUtils')
cd /Users/admin/builder/spi-builder-workspace/.swiftpm/xcode
builtin-SwiftPerFileCompile Dictionary+Codable.swift
SwiftDriverJobDiscovery normal arm64 Compiling DictionaryEncoder+Component.swift, DictionaryEncoder+ComponentEncoder.swift, DictionaryEncoder+Keyed.swift, DictionaryEncoder+KeyedStorage.swift, DictionaryEncoder+Single.swift, DictionaryEncoder+Strategies.swift, DictionaryEncoder+Unkeyed.swift, DictionaryEncoder.swift, DictionaryDecoder+ComponentDecoder.swift, DictionaryDecoder+Keyed.swift, DictionaryDecoder+Single.swift, DictionaryDecoder+Strategies.swift, DictionaryDecoder+Unkeyed.swift, DictionaryDecoder.swift, Encoder+.swift, JSON Coding+.swift, JSONDecoder+Failable.swift, NSCoding+.swift, NSKeyedArchiver+.swift, NSKeyedUnarchiver+.swift, PropertyListEncoder+.swift, PropertyListSerialization+.swift, Enum+Name.swift, Error+.swift, FileAttributes.swift (in target 'FZSwiftUtils' from project 'FZSwiftUtils')
SwiftCompile normal arm64 Compiling\ Number+String.swift,\ NumberFormatter+.swift,\ NumberFormatter+String.swift,\ Range+.swift,\ SIMD+.swift,\ TimeInterval+.swift,\ VectorArithmetic+.swift,\ Mirror+.swift,\ NSCoder+.swift,\ NSError+.swift,\ NSNull+Codable.swift,\ NSObject+.swift,\ NSObject+Invocation.swift,\ NSObject+KeyPath.swift,\ NSObject+Perform.swift,\ NSObject+Proxy.swift,\ NSObject+Safe.swift,\ NSRectEdge+.swift,\ NSRecursiveLock+.swift,\ NSRunningApplication+.swift,\ NSUIRectEdge+.swift,\ NSUIUserInterfaceLayoutDirection+.swift,\ NSWorkspace+.swift,\ HTTPCookie+.swift,\ HTTPCookieStorage+.swift /Users/admin/builder/spi-builder-workspace/.dependencies/checkouts/FZSwiftUtils/Sources/FZSwiftUtils/Extensions/Math\ &\ Geometry/Number+String.swift /Users/admin/builder/spi-builder-workspace/.dependencies/checkouts/FZSwiftUtils/Sources/FZSwiftUtils/Extensions/Math\ &\ Geometry/NumberFormatter+.swift /Users/admin/builder/spi-builder-workspace/.dependencies/checkouts/FZSwiftUtils/Sources/FZSwiftUtils/Extensions/Math\ &\ Geometry/NumberFormatter+String.swift /Users/admin/builder/spi-builder-workspace/.dependencies/checkouts/FZSwiftUtils/Sources/FZSwiftUtils/Extensions/Math\ &\ Geometry/Range+.swift /Users/admin/builder/spi-builder-workspace/.dependencies/checkouts/FZSwiftUtils/Sources/FZSwiftUtils/Extensions/Math\ &\ Geometry/SIMD+.swift /Users/admin/builder/spi-builder-workspace/.dependencies/checkouts/FZSwiftUtils/Sources/FZSwiftUtils/Extensions/Math\ &\ Geometry/TimeInterval+.swift /Users/admin/builder/spi-builder-workspace/.dependencies/checkouts/FZSwiftUtils/Sources/FZSwiftUtils/Extensions/Math\ &\ Geometry/VectorArithmetic+.swift /Users/admin/builder/spi-builder-workspace/.dependencies/checkouts/FZSwiftUtils/Sources/FZSwiftUtils/Extensions/Mirror+.swift /Users/admin/builder/spi-builder-workspace/.dependencies/checkouts/FZSwiftUtils/Sources/FZSwiftUtils/Extensions/NSCoder+.swift /Users/admin/builder/spi-builder-workspace/.dependencies/checkouts/FZSwiftUtils/Sources/FZSwiftUtils/Extensions/NSError+.swift /Users/admin/builder/spi-builder-workspace/.dependencies/checkouts/FZSwiftUtils/Sources/FZSwiftUtils/Extensions/NSNull+Codable.swift /Users/admin/builder/spi-builder-workspace/.dependencies/checkouts/FZSwiftUtils/Sources/FZSwiftUtils/Extensions/NSObject/NSObject+.swift /Users/admin/builder/spi-builder-workspace/.dependencies/checkouts/FZSwiftUtils/Sources/FZSwiftUtils/Extensions/NSObject/NSObject+Invocation.swift /Users/admin/builder/spi-builder-workspace/.dependencies/checkouts/FZSwiftUtils/Sources/FZSwiftUtils/Extensions/NSObject/NSObject+KeyPath.swift /Users/admin/builder/spi-builder-workspace/.dependencies/checkouts/FZSwiftUtils/Sources/FZSwiftUtils/Extensions/NSObject/NSObject+Perform.swift /Users/admin/builder/spi-builder-workspace/.dependencies/checkouts/FZSwiftUtils/Sources/FZSwiftUtils/Extensions/NSObject/NSObject+Proxy.swift /Users/admin/builder/spi-builder-workspace/.dependencies/checkouts/FZSwiftUtils/Sources/FZSwiftUtils/Extensions/NSObject/NSObject+Safe.swift /Users/admin/builder/spi-builder-workspace/.dependencies/checkouts/FZSwiftUtils/Sources/FZSwiftUtils/Extensions/NSRectEdge+.swift /Users/admin/builder/spi-builder-workspace/.dependencies/checkouts/FZSwiftUtils/Sources/FZSwiftUtils/Extensions/NSRecursiveLock+.swift /Users/admin/builder/spi-builder-workspace/.dependencies/checkouts/FZSwiftUtils/Sources/FZSwiftUtils/Extensions/NSRunningApplication+.swift /Users/admin/builder/spi-builder-workspace/.dependencies/checkouts/FZSwiftUtils/Sources/FZSwiftUtils/Extensions/NSUIRectEdge+.swift /Users/admin/builder/spi-builder-workspace/.dependencies/checkouts/FZSwiftUtils/Sources/FZSwiftUtils/Extensions/NSUIUserInterfaceLayoutDirection+.swift /Users/admin/builder/spi-builder-workspace/.dependencies/checkouts/FZSwiftUtils/Sources/FZSwiftUtils/Extensions/NSWorkspace+.swift /Users/admin/builder/spi-builder-workspace/.dependencies/checkouts/FZSwiftUtils/Sources/FZSwiftUtils/Extensions/Networking/HTTPCookie+.swift /Users/admin/builder/spi-builder-workspace/.dependencies/checkouts/FZSwiftUtils/Sources/FZSwiftUtils/Extensions/Networking/HTTPCookieStorage+.swift (in target 'FZSwiftUtils' from project 'FZSwiftUtils')
SwiftCompile normal arm64 /Users/admin/builder/spi-builder-workspace/.dependencies/checkouts/FZSwiftUtils/Sources/FZSwiftUtils/Extensions/Math\ &\ Geometry/Number+String.swift (in target 'FZSwiftUtils' from project 'FZSwiftUtils')
cd /Users/admin/builder/spi-builder-workspace/.swiftpm/xcode
builtin-SwiftPerFileCompile Number+String.swift
SwiftCompile normal arm64 /Users/admin/builder/spi-builder-workspace/.dependencies/checkouts/FZSwiftUtils/Sources/FZSwiftUtils/Extensions/Math\ &\ Geometry/NumberFormatter+.swift (in target 'FZSwiftUtils' from project 'FZSwiftUtils')
cd /Users/admin/builder/spi-builder-workspace/.swiftpm/xcode
builtin-SwiftPerFileCompile NumberFormatter+.swift
SwiftCompile normal arm64 /Users/admin/builder/spi-builder-workspace/.dependencies/checkouts/FZSwiftUtils/Sources/FZSwiftUtils/Extensions/Math\ &\ Geometry/NumberFormatter+String.swift (in target 'FZSwiftUtils' from project 'FZSwiftUtils')
cd /Users/admin/builder/spi-builder-workspace/.swiftpm/xcode
builtin-SwiftPerFileCompile NumberFormatter+String.swift
SwiftCompile normal arm64 /Users/admin/builder/spi-builder-workspace/.dependencies/checkouts/FZSwiftUtils/Sources/FZSwiftUtils/Extensions/Math\ &\ Geometry/Range+.swift (in target 'FZSwiftUtils' from project 'FZSwiftUtils')
cd /Users/admin/builder/spi-builder-workspace/.swiftpm/xcode
builtin-SwiftPerFileCompile Range+.swift
SwiftCompile normal arm64 /Users/admin/builder/spi-builder-workspace/.dependencies/checkouts/FZSwiftUtils/Sources/FZSwiftUtils/Extensions/Math\ &\ Geometry/SIMD+.swift (in target 'FZSwiftUtils' from project 'FZSwiftUtils')
cd /Users/admin/builder/spi-builder-workspace/.swiftpm/xcode
builtin-SwiftPerFileCompile SIMD+.swift
SwiftCompile normal arm64 /Users/admin/builder/spi-builder-workspace/.dependencies/checkouts/FZSwiftUtils/Sources/FZSwiftUtils/Extensions/Math\ &\ Geometry/TimeInterval+.swift (in target 'FZSwiftUtils' from project 'FZSwiftUtils')
cd /Users/admin/builder/spi-builder-workspace/.swiftpm/xcode
builtin-SwiftPerFileCompile TimeInterval+.swift
SwiftCompile normal arm64 /Users/admin/builder/spi-builder-workspace/.dependencies/checkouts/FZSwiftUtils/Sources/FZSwiftUtils/Extensions/Math\ &\ Geometry/VectorArithmetic+.swift (in target 'FZSwiftUtils' from project 'FZSwiftUtils')
cd /Users/admin/builder/spi-builder-workspace/.swiftpm/xcode
builtin-SwiftPerFileCompile VectorArithmetic+.swift
SwiftCompile normal arm64 /Users/admin/builder/spi-builder-workspace/.dependencies/checkouts/FZSwiftUtils/Sources/FZSwiftUtils/Extensions/Mirror+.swift (in target 'FZSwiftUtils' from project 'FZSwiftUtils')
cd /Users/admin/builder/spi-builder-workspace/.swiftpm/xcode
builtin-SwiftPerFileCompile Mirror+.swift
SwiftCompile normal arm64 /Users/admin/builder/spi-builder-workspace/.dependencies/checkouts/FZSwiftUtils/Sources/FZSwiftUtils/Extensions/NSCoder+.swift (in target 'FZSwiftUtils' from project 'FZSwiftUtils')
cd /Users/admin/builder/spi-builder-workspace/.swiftpm/xcode
builtin-SwiftPerFileCompile NSCoder+.swift
SwiftCompile normal arm64 /Users/admin/builder/spi-builder-workspace/.dependencies/checkouts/FZSwiftUtils/Sources/FZSwiftUtils/Extensions/NSError+.swift (in target 'FZSwiftUtils' from project 'FZSwiftUtils')
cd /Users/admin/builder/spi-builder-workspace/.swiftpm/xcode
builtin-SwiftPerFileCompile NSError+.swift
SwiftCompile normal arm64 /Users/admin/builder/spi-builder-workspace/.dependencies/checkouts/FZSwiftUtils/Sources/FZSwiftUtils/Extensions/NSNull+Codable.swift (in target 'FZSwiftUtils' from project 'FZSwiftUtils')
cd /Users/admin/builder/spi-builder-workspace/.swiftpm/xcode
builtin-SwiftPerFileCompile NSNull+Codable.swift
SwiftCompile normal arm64 /Users/admin/builder/spi-builder-workspace/.dependencies/checkouts/FZSwiftUtils/Sources/FZSwiftUtils/Extensions/NSObject/NSObject+.swift (in target 'FZSwiftUtils' from project 'FZSwiftUtils')
cd /Users/admin/builder/spi-builder-workspace/.swiftpm/xcode
builtin-SwiftPerFileCompile NSObject+.swift
SwiftCompile normal arm64 /Users/admin/builder/spi-builder-workspace/.dependencies/checkouts/FZSwiftUtils/Sources/FZSwiftUtils/Extensions/NSObject/NSObject+Invocation.swift (in target 'FZSwiftUtils' from project 'FZSwiftUtils')
cd /Users/admin/builder/spi-builder-workspace/.swiftpm/xcode
builtin-SwiftPerFileCompile NSObject+Invocation.swift
SwiftCompile normal arm64 /Users/admin/builder/spi-builder-workspace/.dependencies/checkouts/FZSwiftUtils/Sources/FZSwiftUtils/Extensions/NSObject/NSObject+KeyPath.swift (in target 'FZSwiftUtils' from project 'FZSwiftUtils')
cd /Users/admin/builder/spi-builder-workspace/.swiftpm/xcode
builtin-SwiftPerFileCompile NSObject+KeyPath.swift
SwiftCompile normal arm64 /Users/admin/builder/spi-builder-workspace/.dependencies/checkouts/FZSwiftUtils/Sources/FZSwiftUtils/Extensions/NSObject/NSObject+Perform.swift (in target 'FZSwiftUtils' from project 'FZSwiftUtils')
cd /Users/admin/builder/spi-builder-workspace/.swiftpm/xcode
builtin-SwiftPerFileCompile NSObject+Perform.swift
SwiftCompile normal arm64 /Users/admin/builder/spi-builder-workspace/.dependencies/checkouts/FZSwiftUtils/Sources/FZSwiftUtils/Extensions/NSObject/NSObject+Proxy.swift (in target 'FZSwiftUtils' from project 'FZSwiftUtils')
cd /Users/admin/builder/spi-builder-workspace/.swiftpm/xcode
builtin-SwiftPerFileCompile NSObject+Proxy.swift
SwiftCompile normal arm64 /Users/admin/builder/spi-builder-workspace/.dependencies/checkouts/FZSwiftUtils/Sources/FZSwiftUtils/Extensions/NSObject/NSObject+Safe.swift (in target 'FZSwiftUtils' from project 'FZSwiftUtils')
cd /Users/admin/builder/spi-builder-workspace/.swiftpm/xcode
builtin-SwiftPerFileCompile NSObject+Safe.swift
SwiftCompile normal arm64 /Users/admin/builder/spi-builder-workspace/.dependencies/checkouts/FZSwiftUtils/Sources/FZSwiftUtils/Extensions/NSRectEdge+.swift (in target 'FZSwiftUtils' from project 'FZSwiftUtils')
cd /Users/admin/builder/spi-builder-workspace/.swiftpm/xcode
builtin-SwiftPerFileCompile NSRectEdge+.swift
SwiftCompile normal arm64 /Users/admin/builder/spi-builder-workspace/.dependencies/checkouts/FZSwiftUtils/Sources/FZSwiftUtils/Extensions/NSRecursiveLock+.swift (in target 'FZSwiftUtils' from project 'FZSwiftUtils')
cd /Users/admin/builder/spi-builder-workspace/.swiftpm/xcode
builtin-SwiftPerFileCompile NSRecursiveLock+.swift
SwiftCompile normal arm64 /Users/admin/builder/spi-builder-workspace/.dependencies/checkouts/FZSwiftUtils/Sources/FZSwiftUtils/Extensions/NSRunningApplication+.swift (in target 'FZSwiftUtils' from project 'FZSwiftUtils')
cd /Users/admin/builder/spi-builder-workspace/.swiftpm/xcode
builtin-SwiftPerFileCompile NSRunningApplication+.swift
SwiftCompile normal arm64 /Users/admin/builder/spi-builder-workspace/.dependencies/checkouts/FZSwiftUtils/Sources/FZSwiftUtils/Extensions/NSUIRectEdge+.swift (in target 'FZSwiftUtils' from project 'FZSwiftUtils')
cd /Users/admin/builder/spi-builder-workspace/.swiftpm/xcode
builtin-SwiftPerFileCompile NSUIRectEdge+.swift
SwiftCompile normal arm64 /Users/admin/builder/spi-builder-workspace/.dependencies/checkouts/FZSwiftUtils/Sources/FZSwiftUtils/Extensions/NSUIUserInterfaceLayoutDirection+.swift (in target 'FZSwiftUtils' from project 'FZSwiftUtils')
cd /Users/admin/builder/spi-builder-workspace/.swiftpm/xcode
builtin-SwiftPerFileCompile NSUIUserInterfaceLayoutDirection+.swift
SwiftCompile normal arm64 /Users/admin/builder/spi-builder-workspace/.dependencies/checkouts/FZSwiftUtils/Sources/FZSwiftUtils/Extensions/NSWorkspace+.swift (in target 'FZSwiftUtils' from project 'FZSwiftUtils')
cd /Users/admin/builder/spi-builder-workspace/.swiftpm/xcode
builtin-SwiftPerFileCompile NSWorkspace+.swift
SwiftCompile normal arm64 /Users/admin/builder/spi-builder-workspace/.dependencies/checkouts/FZSwiftUtils/Sources/FZSwiftUtils/Extensions/Networking/HTTPCookie+.swift (in target 'FZSwiftUtils' from project 'FZSwiftUtils')
cd /Users/admin/builder/spi-builder-workspace/.swiftpm/xcode
builtin-SwiftPerFileCompile HTTPCookie+.swift
SwiftCompile normal arm64 /Users/admin/builder/spi-builder-workspace/.dependencies/checkouts/FZSwiftUtils/Sources/FZSwiftUtils/Extensions/Networking/HTTPCookieStorage+.swift (in target 'FZSwiftUtils' from project 'FZSwiftUtils')
cd /Users/admin/builder/spi-builder-workspace/.swiftpm/xcode
builtin-SwiftPerFileCompile HTTPCookieStorage+.swift
SwiftDriverJobDiscovery normal arm64 Compiling Defaults.swift, Displayable.swift, ETAEstimator.swift, ElapsedTimer.swift, FSEvent+Actions.swift, FSEvent+Flags.swift, FSEvent+ItemType.swift, FSEvent.swift, FSEventMonitor+Options.swift, FSEventMonitor.swift, FileConvertible.swift, FileTypeDefinition.swift, HTTPMethod.swift, HTTPStatusCode.swift, CGImageFrame.swift, ImageFrameSequence.swift, ImageSequence.swift, CGImageDestination+.swift, CGImageSource+.swift, ImageDestination+ImageOptions.swift, ImageDestination.swift, IPTC+AboutCVTerm.swift, IPTC+Artwork.swift, IPTC+ContainerFormat.swift, IPTC+Contributor.swift (in target 'FZSwiftUtils' from project 'FZSwiftUtils')
SwiftCompile normal arm64 Compiling\ HTTPRequestHeaderField.swift,\ HTTPRequestHeaders.swift,\ HTTPURLResponse+.swift,\ URL+Redirect.swift,\ URLComponents+.swift,\ URLRequest+.swift,\ URLRequest+CURL.swift,\ URLResponse+.swift,\ URLSession+.swift,\ URLSession+PartialFileDownloadTask.swift,\ URLSession+Sync.swift,\ URLSessionConfiguration+.swift,\ URLSessionDataTask+Resume.swift,\ URLSessionTask+.swift,\ Notification+.swift,\ NotificationCenter+.swift,\ Operation+.swift,\ OperationQueue+.swift,\ NSComparisonPredicate+.swift,\ NSComparisonPredicate+Expression.swift,\ NSExpression+.swift,\ NSPredicate+.swift,\ NSPredicate+Operator.swift,\ Predicates.swift,\ Process+.swift /Users/admin/builder/spi-builder-workspace/.dependencies/checkouts/FZSwiftUtils/Sources/FZSwiftUtils/Extensions/Networking/HTTPRequestHeaderField.swift /Users/admin/builder/spi-builder-workspace/.dependencies/checkouts/FZSwiftUtils/Sources/FZSwiftUtils/Extensions/Networking/HTTPRequestHeaders.swift /Users/admin/builder/spi-builder-workspace/.dependencies/checkouts/FZSwiftUtils/Sources/FZSwiftUtils/Extensions/Networking/HTTPURLResponse+.swift /Users/admin/builder/spi-builder-workspace/.dependencies/checkouts/FZSwiftUtils/Sources/FZSwiftUtils/Extensions/Networking/URL+Redirect.swift /Users/admin/builder/spi-builder-workspace/.dependencies/checkouts/FZSwiftUtils/Sources/FZSwiftUtils/Extensions/Networking/URLComponents+.swift /Users/admin/builder/spi-builder-workspace/.dependencies/checkouts/FZSwiftUtils/Sources/FZSwiftUtils/Extensions/Networking/URLRequest+.swift /Users/admin/builder/spi-builder-workspace/.dependencies/checkouts/FZSwiftUtils/Sources/FZSwiftUtils/Extensions/Networking/URLRequest+CURL.swift /Users/admin/builder/spi-builder-workspace/.dependencies/checkouts/FZSwiftUtils/Sources/FZSwiftUtils/Extensions/Networking/URLResponse+.swift /Users/admin/builder/spi-builder-workspace/.dependencies/checkouts/FZSwiftUtils/Sources/FZSwiftUtils/Extensions/Networking/URLSession+.swift /Users/admin/builder/spi-builder-workspace/.dependencies/checkouts/FZSwiftUtils/Sources/FZSwiftUtils/Extensions/Networking/URLSession+PartialFileDownloadTask.swift /Users/admin/builder/spi-builder-workspace/.dependencies/checkouts/FZSwiftUtils/Sources/FZSwiftUtils/Extensions/Networking/URLSession+Sync.swift /Users/admin/builder/spi-builder-workspace/.dependencies/checkouts/FZSwiftUtils/Sources/FZSwiftUtils/Extensions/Networking/URLSessionConfiguration+.swift /Users/admin/builder/spi-builder-workspace/.dependencies/checkouts/FZSwiftUtils/Sources/FZSwiftUtils/Extensions/Networking/URLSessionDataTask+Resume.swift /Users/admin/builder/spi-builder-workspace/.dependencies/checkouts/FZSwiftUtils/Sources/FZSwiftUtils/Extensions/Networking/URLSessionTask+.swift /Users/admin/builder/spi-builder-workspace/.dependencies/checkouts/FZSwiftUtils/Sources/FZSwiftUtils/Extensions/Notification+.swift /Users/admin/builder/spi-builder-workspace/.dependencies/checkouts/FZSwiftUtils/Sources/FZSwiftUtils/Extensions/NotificationCenter+.swift /Users/admin/builder/spi-builder-workspace/.dependencies/checkouts/FZSwiftUtils/Sources/FZSwiftUtils/Extensions/Operation+.swift /Users/admin/builder/spi-builder-workspace/.dependencies/checkouts/FZSwiftUtils/Sources/FZSwiftUtils/Extensions/OperationQueue+.swift /Users/admin/builder/spi-builder-workspace/.dependencies/checkouts/FZSwiftUtils/Sources/FZSwiftUtils/Extensions/Predicate/NSComparisonPredicate+.swift /Users/admin/builder/spi-builder-workspace/.dependencies/checkouts/FZSwiftUtils/Sources/FZSwiftUtils/Extensions/Predicate/NSComparisonPredicate+Expression.swift /Users/admin/builder/spi-builder-workspace/.dependencies/checkouts/FZSwiftUtils/Sources/FZSwiftUtils/Extensions/Predicate/NSExpression+.swift /Users/admin/builder/spi-builder-workspace/.dependencies/checkouts/FZSwiftUtils/Sources/FZSwiftUtils/Extensions/Predicate/NSPredicate+.swift /Users/admin/builder/spi-builder-workspace/.dependencies/checkouts/FZSwiftUtils/Sources/FZSwiftUtils/Extensions/Predicate/NSPredicate+Operator.swift /Users/admin/builder/spi-builder-workspace/.dependencies/checkouts/FZSwiftUtils/Sources/FZSwiftUtils/Extensions/Predicate/Predicates.swift /Users/admin/builder/spi-builder-workspace/.dependencies/checkouts/FZSwiftUtils/Sources/FZSwiftUtils/Extensions/Process+.swift (in target 'FZSwiftUtils' from project 'FZSwiftUtils')
SwiftCompile normal arm64 /Users/admin/builder/spi-builder-workspace/.dependencies/checkouts/FZSwiftUtils/Sources/FZSwiftUtils/Extensions/Networking/HTTPRequestHeaderField.swift (in target 'FZSwiftUtils' from project 'FZSwiftUtils')
cd /Users/admin/builder/spi-builder-workspace/.swiftpm/xcode
builtin-SwiftPerFileCompile HTTPRequestHeaderField.swift
SwiftCompile normal arm64 /Users/admin/builder/spi-builder-workspace/.dependencies/checkouts/FZSwiftUtils/Sources/FZSwiftUtils/Extensions/Networking/HTTPRequestHeaders.swift (in target 'FZSwiftUtils' from project 'FZSwiftUtils')
cd /Users/admin/builder/spi-builder-workspace/.swiftpm/xcode
builtin-SwiftPerFileCompile HTTPRequestHeaders.swift
SwiftCompile normal arm64 /Users/admin/builder/spi-builder-workspace/.dependencies/checkouts/FZSwiftUtils/Sources/FZSwiftUtils/Extensions/Networking/HTTPURLResponse+.swift (in target 'FZSwiftUtils' from project 'FZSwiftUtils')
cd /Users/admin/builder/spi-builder-workspace/.swiftpm/xcode
builtin-SwiftPerFileCompile HTTPURLResponse+.swift
SwiftCompile normal arm64 /Users/admin/builder/spi-builder-workspace/.dependencies/checkouts/FZSwiftUtils/Sources/FZSwiftUtils/Extensions/Networking/URL+Redirect.swift (in target 'FZSwiftUtils' from project 'FZSwiftUtils')
cd /Users/admin/builder/spi-builder-workspace/.swiftpm/xcode
builtin-SwiftPerFileCompile URL+Redirect.swift
SwiftCompile normal arm64 /Users/admin/builder/spi-builder-workspace/.dependencies/checkouts/FZSwiftUtils/Sources/FZSwiftUtils/Extensions/Networking/URLComponents+.swift (in target 'FZSwiftUtils' from project 'FZSwiftUtils')
cd /Users/admin/builder/spi-builder-workspace/.swiftpm/xcode
builtin-SwiftPerFileCompile URLComponents+.swift
SwiftCompile normal arm64 /Users/admin/builder/spi-builder-workspace/.dependencies/checkouts/FZSwiftUtils/Sources/FZSwiftUtils/Extensions/Networking/URLRequest+.swift (in target 'FZSwiftUtils' from project 'FZSwiftUtils')
cd /Users/admin/builder/spi-builder-workspace/.swiftpm/xcode
builtin-SwiftPerFileCompile URLRequest+.swift
SwiftCompile normal arm64 /Users/admin/builder/spi-builder-workspace/.dependencies/checkouts/FZSwiftUtils/Sources/FZSwiftUtils/Extensions/Networking/URLRequest+CURL.swift (in target 'FZSwiftUtils' from project 'FZSwiftUtils')
cd /Users/admin/builder/spi-builder-workspace/.swiftpm/xcode
builtin-SwiftPerFileCompile URLRequest+CURL.swift
SwiftCompile normal arm64 /Users/admin/builder/spi-builder-workspace/.dependencies/checkouts/FZSwiftUtils/Sources/FZSwiftUtils/Extensions/Networking/URLResponse+.swift (in target 'FZSwiftUtils' from project 'FZSwiftUtils')
cd /Users/admin/builder/spi-builder-workspace/.swiftpm/xcode
builtin-SwiftPerFileCompile URLResponse+.swift
SwiftCompile normal arm64 /Users/admin/builder/spi-builder-workspace/.dependencies/checkouts/FZSwiftUtils/Sources/FZSwiftUtils/Extensions/Networking/URLSession+.swift (in target 'FZSwiftUtils' from project 'FZSwiftUtils')
cd /Users/admin/builder/spi-builder-workspace/.swiftpm/xcode
builtin-SwiftPerFileCompile URLSession+.swift
SwiftCompile normal arm64 /Users/admin/builder/spi-builder-workspace/.dependencies/checkouts/FZSwiftUtils/Sources/FZSwiftUtils/Extensions/Networking/URLSession+PartialFileDownloadTask.swift (in target 'FZSwiftUtils' from project 'FZSwiftUtils')
cd /Users/admin/builder/spi-builder-workspace/.swiftpm/xcode
builtin-SwiftPerFileCompile URLSession+PartialFileDownloadTask.swift
SwiftCompile normal arm64 /Users/admin/builder/spi-builder-workspace/.dependencies/checkouts/FZSwiftUtils/Sources/FZSwiftUtils/Extensions/Networking/URLSession+Sync.swift (in target 'FZSwiftUtils' from project 'FZSwiftUtils')
cd /Users/admin/builder/spi-builder-workspace/.swiftpm/xcode
builtin-SwiftPerFileCompile URLSession+Sync.swift
SwiftCompile normal arm64 /Users/admin/builder/spi-builder-workspace/.dependencies/checkouts/FZSwiftUtils/Sources/FZSwiftUtils/Extensions/Networking/URLSessionConfiguration+.swift (in target 'FZSwiftUtils' from project 'FZSwiftUtils')
cd /Users/admin/builder/spi-builder-workspace/.swiftpm/xcode
builtin-SwiftPerFileCompile URLSessionConfiguration+.swift
SwiftCompile normal arm64 /Users/admin/builder/spi-builder-workspace/.dependencies/checkouts/FZSwiftUtils/Sources/FZSwiftUtils/Extensions/Networking/URLSessionDataTask+Resume.swift (in target 'FZSwiftUtils' from project 'FZSwiftUtils')
cd /Users/admin/builder/spi-builder-workspace/.swiftpm/xcode
builtin-SwiftPerFileCompile URLSessionDataTask+Resume.swift
SwiftCompile normal arm64 /Users/admin/builder/spi-builder-workspace/.dependencies/checkouts/FZSwiftUtils/Sources/FZSwiftUtils/Extensions/Networking/URLSessionTask+.swift (in target 'FZSwiftUtils' from project 'FZSwiftUtils')
cd /Users/admin/builder/spi-builder-workspace/.swiftpm/xcode
builtin-SwiftPerFileCompile URLSessionTask+.swift
SwiftCompile normal arm64 /Users/admin/builder/spi-builder-workspace/.dependencies/checkouts/FZSwiftUtils/Sources/FZSwiftUtils/Extensions/Notification+.swift (in target 'FZSwiftUtils' from project 'FZSwiftUtils')
cd /Users/admin/builder/spi-builder-workspace/.swiftpm/xcode
builtin-SwiftPerFileCompile Notification+.swift
SwiftCompile normal arm64 /Users/admin/builder/spi-builder-workspace/.dependencies/checkouts/FZSwiftUtils/Sources/FZSwiftUtils/Extensions/NotificationCenter+.swift (in target 'FZSwiftUtils' from project 'FZSwiftUtils')
cd /Users/admin/builder/spi-builder-workspace/.swiftpm/xcode
builtin-SwiftPerFileCompile NotificationCenter+.swift
SwiftCompile normal arm64 /Users/admin/builder/spi-builder-workspace/.dependencies/checkouts/FZSwiftUtils/Sources/FZSwiftUtils/Extensions/Operation+.swift (in target 'FZSwiftUtils' from project 'FZSwiftUtils')
cd /Users/admin/builder/spi-builder-workspace/.swiftpm/xcode
builtin-SwiftPerFileCompile Operation+.swift
SwiftCompile normal arm64 /Users/admin/builder/spi-builder-workspace/.dependencies/checkouts/FZSwiftUtils/Sources/FZSwiftUtils/Extensions/OperationQueue+.swift (in target 'FZSwiftUtils' from project 'FZSwiftUtils')
cd /Users/admin/builder/spi-builder-workspace/.swiftpm/xcode
builtin-SwiftPerFileCompile OperationQueue+.swift
SwiftCompile normal arm64 /Users/admin/builder/spi-builder-workspace/.dependencies/checkouts/FZSwiftUtils/Sources/FZSwiftUtils/Extensions/Predicate/NSComparisonPredicate+.swift (in target 'FZSwiftUtils' from project 'FZSwiftUtils')
cd /Users/admin/builder/spi-builder-workspace/.swiftpm/xcode
builtin-SwiftPerFileCompile NSComparisonPredicate+.swift
SwiftCompile normal arm64 /Users/admin/builder/spi-builder-workspace/.dependencies/checkouts/FZSwiftUtils/Sources/FZSwiftUtils/Extensions/Predicate/NSComparisonPredicate+Expression.swift (in target 'FZSwiftUtils' from project 'FZSwiftUtils')
cd /Users/admin/builder/spi-builder-workspace/.swiftpm/xcode
builtin-SwiftPerFileCompile NSComparisonPredicate+Expression.swift
SwiftCompile normal arm64 /Users/admin/builder/spi-builder-workspace/.dependencies/checkouts/FZSwiftUtils/Sources/FZSwiftUtils/Extensions/Predicate/NSExpression+.swift (in target 'FZSwiftUtils' from project 'FZSwiftUtils')
cd /Users/admin/builder/spi-builder-workspace/.swiftpm/xcode
builtin-SwiftPerFileCompile NSExpression+.swift
SwiftCompile normal arm64 /Users/admin/builder/spi-builder-workspace/.dependencies/checkouts/FZSwiftUtils/Sources/FZSwiftUtils/Extensions/Predicate/NSPredicate+.swift (in target 'FZSwiftUtils' from project 'FZSwiftUtils')
cd /Users/admin/builder/spi-builder-workspace/.swiftpm/xcode
builtin-SwiftPerFileCompile NSPredicate+.swift
SwiftCompile normal arm64 /Users/admin/builder/spi-builder-workspace/.dependencies/checkouts/FZSwiftUtils/Sources/FZSwiftUtils/Extensions/Predicate/NSPredicate+Operator.swift (in target 'FZSwiftUtils' from project 'FZSwiftUtils')
cd /Users/admin/builder/spi-builder-workspace/.swiftpm/xcode
builtin-SwiftPerFileCompile NSPredicate+Operator.swift
SwiftCompile normal arm64 /Users/admin/builder/spi-builder-workspace/.dependencies/checkouts/FZSwiftUtils/Sources/FZSwiftUtils/Extensions/Predicate/Predicates.swift (in target 'FZSwiftUtils' from project 'FZSwiftUtils')
cd /Users/admin/builder/spi-builder-workspace/.swiftpm/xcode
builtin-SwiftPerFileCompile Predicates.swift
SwiftCompile normal arm64 /Users/admin/builder/spi-builder-workspace/.dependencies/checkouts/FZSwiftUtils/Sources/FZSwiftUtils/Extensions/Process+.swift (in target 'FZSwiftUtils' from project 'FZSwiftUtils')
cd /Users/admin/builder/spi-builder-workspace/.swiftpm/xcode
builtin-SwiftPerFileCompile Process+.swift
SwiftDriverJobDiscovery normal arm64 Compiling Bundle+.swift, Bundle+Info.swift, CSSearchableItem+.swift, CVTimeStamp+.swift, Array+.swift, Collection+.swift, Collection+Advance.swift, Collection+Average.swift, Collection+Chunk.swift, Collection+Indexed.swift, Collection+LazySplit.swift, Collection+ObjectIdentifier.swift, Collection+Remove.swift, Collection+Sort.swift, CollectionDifference+.swift, Dictionary+.swift, Dictionary+Merge.swift, IndexPath+.swift, OptionSet+.swift, Sequence+.swift, Sequence+Collect.swift, Sequence+Concurrency.swift, Sequence+Difference.swift, Sequence+Flat.swift, Sequence+Identifable.swift (in target 'FZSwiftUtils' from project 'FZSwiftUtils')
SwiftCompile normal arm64 Compiling\ Hook+AddMethod.swift,\ Hook+Class.swift,\ Hook+Closure.swift,\ Hook+Deinit.swift,\ Hook+Object.swift,\ Hook.swift,\ NSObject+ClassHook.swift,\ NSObject+ClassInstanceHook.swift,\ NSObject+Hook.swift,\ NSObject+Unhook.swift,\ ClassHook.swift,\ ClassInstanceHook.swift,\ ObjectHook.swift,\ AnyObject+DynamicClass.swift,\ AnyObject+HookClosures.swift,\ FFICIFContext.swift,\ FFIClosureContext.swift,\ HookCommon.swift,\ HookContext+InsteadContext.swift,\ HookContext+OverrideSuperContext.swift,\ HookContext.swift,\ HookStorage.swift,\ KVOWrapper.swift,\ NSObject+SelectorName.swift,\ ParametersCheck.swift /Users/admin/builder/spi-builder-workspace/.dependencies/checkouts/FZSwiftUtils/Sources/FZSwiftUtils/Utils/MethodHooking/Hook/Hook+AddMethod.swift /Users/admin/builder/spi-builder-workspace/.dependencies/checkouts/FZSwiftUtils/Sources/FZSwiftUtils/Utils/MethodHooking/Hook/Hook+Class.swift /Users/admin/builder/spi-builder-workspace/.dependencies/checkouts/FZSwiftUtils/Sources/FZSwiftUtils/Utils/MethodHooking/Hook/Hook+Closure.swift /Users/admin/builder/spi-builder-workspace/.dependencies/checkouts/FZSwiftUtils/Sources/FZSwiftUtils/Utils/MethodHooking/Hook/Hook+Deinit.swift /Users/admin/builder/spi-builder-workspace/.dependencies/checkouts/FZSwiftUtils/Sources/FZSwiftUtils/Utils/MethodHooking/Hook/Hook+Object.swift /Users/admin/builder/spi-builder-workspace/.dependencies/checkouts/FZSwiftUtils/Sources/FZSwiftUtils/Utils/MethodHooking/Hook/Hook.swift /Users/admin/builder/spi-builder-workspace/.dependencies/checkouts/FZSwiftUtils/Sources/FZSwiftUtils/Utils/MethodHooking/Hooker+NSObject/NSObject+ClassHook.swift /Users/admin/builder/spi-builder-workspace/.dependencies/checkouts/FZSwiftUtils/Sources/FZSwiftUtils/Utils/MethodHooking/Hooker+NSObject/NSObject+ClassInstanceHook.swift /Users/admin/builder/spi-builder-workspace/.dependencies/checkouts/FZSwiftUtils/Sources/FZSwiftUtils/Utils/MethodHooking/Hooker+NSObject/NSObject+Hook.swift /Users/admin/builder/spi-builder-workspace/.dependencies/checkouts/FZSwiftUtils/Sources/FZSwiftUtils/Utils/MethodHooking/Hooker+NSObject/NSObject+Unhook.swift /Users/admin/builder/spi-builder-workspace/.dependencies/checkouts/FZSwiftUtils/Sources/FZSwiftUtils/Utils/MethodHooking/Hooker/ClassHook.swift /Users/admin/builder/spi-builder-workspace/.dependencies/checkouts/FZSwiftUtils/Sources/FZSwiftUtils/Utils/MethodHooking/Hooker/ClassInstanceHook.swift /Users/admin/builder/spi-builder-workspace/.dependencies/checkouts/FZSwiftUtils/Sources/FZSwiftUtils/Utils/MethodHooking/Hooker/ObjectHook.swift /Users/admin/builder/spi-builder-workspace/.dependencies/checkouts/FZSwiftUtils/Sources/FZSwiftUtils/Utils/MethodHooking/Implementation/AnyObject+DynamicClass.swift /Users/admin/builder/spi-builder-workspace/.dependencies/checkouts/FZSwiftUtils/Sources/FZSwiftUtils/Utils/MethodHooking/Implementation/AnyObject+HookClosures.swift /Users/admin/builder/spi-builder-workspace/.dependencies/checkouts/FZSwiftUtils/Sources/FZSwiftUtils/Utils/MethodHooking/Implementation/FFI/FFICIFContext.swift /Users/admin/builder/spi-builder-workspace/.dependencies/checkouts/FZSwiftUtils/Sources/FZSwiftUtils/Utils/MethodHooking/Implementation/FFI/FFIClosureContext.swift /Users/admin/builder/spi-builder-workspace/.dependencies/checkouts/FZSwiftUtils/Sources/FZSwiftUtils/Utils/MethodHooking/Implementation/HookCommon.swift /Users/admin/builder/spi-builder-workspace/.dependencies/checkouts/FZSwiftUtils/Sources/FZSwiftUtils/Utils/MethodHooking/Implementation/HookContext+InsteadContext.swift /Users/admin/builder/spi-builder-workspace/.dependencies/checkouts/FZSwiftUtils/Sources/FZSwiftUtils/Utils/MethodHooking/Implementation/HookContext+OverrideSuperContext.swift /Users/admin/builder/spi-builder-workspace/.dependencies/checkouts/FZSwiftUtils/Sources/FZSwiftUtils/Utils/MethodHooking/Implementation/HookContext.swift /Users/admin/builder/spi-builder-workspace/.dependencies/checkouts/FZSwiftUtils/Sources/FZSwiftUtils/Utils/MethodHooking/Implementation/HookStorage.swift /Users/admin/builder/spi-builder-workspace/.dependencies/checkouts/FZSwiftUtils/Sources/FZSwiftUtils/Utils/MethodHooking/Implementation/KVOWrapper.swift /Users/admin/builder/spi-builder-workspace/.dependencies/checkouts/FZSwiftUtils/Sources/FZSwiftUtils/Utils/MethodHooking/Implementation/NSObject+SelectorName.swift /Users/admin/builder/spi-builder-workspace/.dependencies/checkouts/FZSwiftUtils/Sources/FZSwiftUtils/Utils/MethodHooking/Implementation/ParametersCheck.swift (in target 'FZSwiftUtils' from project 'FZSwiftUtils')
SwiftCompile normal arm64 /Users/admin/builder/spi-builder-workspace/.dependencies/checkouts/FZSwiftUtils/Sources/FZSwiftUtils/Utils/MethodHooking/Hook/Hook+AddMethod.swift (in target 'FZSwiftUtils' from project 'FZSwiftUtils')
cd /Users/admin/builder/spi-builder-workspace/.swiftpm/xcode
builtin-SwiftPerFileCompile Hook+AddMethod.swift
SwiftCompile normal arm64 /Users/admin/builder/spi-builder-workspace/.dependencies/checkouts/FZSwiftUtils/Sources/FZSwiftUtils/Utils/MethodHooking/Hook/Hook+Class.swift (in target 'FZSwiftUtils' from project 'FZSwiftUtils')
cd /Users/admin/builder/spi-builder-workspace/.swiftpm/xcode
builtin-SwiftPerFileCompile Hook+Class.swift
SwiftCompile normal arm64 /Users/admin/builder/spi-builder-workspace/.dependencies/checkouts/FZSwiftUtils/Sources/FZSwiftUtils/Utils/MethodHooking/Hook/Hook+Closure.swift (in target 'FZSwiftUtils' from project 'FZSwiftUtils')
cd /Users/admin/builder/spi-builder-workspace/.swiftpm/xcode
builtin-SwiftPerFileCompile Hook+Closure.swift
SwiftCompile normal arm64 /Users/admin/builder/spi-builder-workspace/.dependencies/checkouts/FZSwiftUtils/Sources/FZSwiftUtils/Utils/MethodHooking/Hook/Hook+Deinit.swift (in target 'FZSwiftUtils' from project 'FZSwiftUtils')
cd /Users/admin/builder/spi-builder-workspace/.swiftpm/xcode
builtin-SwiftPerFileCompile Hook+Deinit.swift
SwiftCompile normal arm64 /Users/admin/builder/spi-builder-workspace/.dependencies/checkouts/FZSwiftUtils/Sources/FZSwiftUtils/Utils/MethodHooking/Hook/Hook+Object.swift (in target 'FZSwiftUtils' from project 'FZSwiftUtils')
cd /Users/admin/builder/spi-builder-workspace/.swiftpm/xcode
builtin-SwiftPerFileCompile Hook+Object.swift
SwiftCompile normal arm64 /Users/admin/builder/spi-builder-workspace/.dependencies/checkouts/FZSwiftUtils/Sources/FZSwiftUtils/Utils/MethodHooking/Hook/Hook.swift (in target 'FZSwiftUtils' from project 'FZSwiftUtils')
cd /Users/admin/builder/spi-builder-workspace/.swiftpm/xcode
builtin-SwiftPerFileCompile Hook.swift
SwiftCompile normal arm64 /Users/admin/builder/spi-builder-workspace/.dependencies/checkouts/FZSwiftUtils/Sources/FZSwiftUtils/Utils/MethodHooking/Hooker+NSObject/NSObject+ClassHook.swift (in target 'FZSwiftUtils' from project 'FZSwiftUtils')
cd /Users/admin/builder/spi-builder-workspace/.swiftpm/xcode
builtin-SwiftPerFileCompile NSObject+ClassHook.swift
SwiftCompile normal arm64 /Users/admin/builder/spi-builder-workspace/.dependencies/checkouts/FZSwiftUtils/Sources/FZSwiftUtils/Utils/MethodHooking/Hooker+NSObject/NSObject+ClassInstanceHook.swift (in target 'FZSwiftUtils' from project 'FZSwiftUtils')
cd /Users/admin/builder/spi-builder-workspace/.swiftpm/xcode
builtin-SwiftPerFileCompile NSObject+ClassInstanceHook.swift
SwiftCompile normal arm64 /Users/admin/builder/spi-builder-workspace/.dependencies/checkouts/FZSwiftUtils/Sources/FZSwiftUtils/Utils/MethodHooking/Hooker+NSObject/NSObject+Hook.swift (in target 'FZSwiftUtils' from project 'FZSwiftUtils')
cd /Users/admin/builder/spi-builder-workspace/.swiftpm/xcode
builtin-SwiftPerFileCompile NSObject+Hook.swift
SwiftCompile normal arm64 /Users/admin/builder/spi-builder-workspace/.dependencies/checkouts/FZSwiftUtils/Sources/FZSwiftUtils/Utils/MethodHooking/Hooker+NSObject/NSObject+Unhook.swift (in target 'FZSwiftUtils' from project 'FZSwiftUtils')
cd /Users/admin/builder/spi-builder-workspace/.swiftpm/xcode
builtin-SwiftPerFileCompile NSObject+Unhook.swift
SwiftCompile normal arm64 /Users/admin/builder/spi-builder-workspace/.dependencies/checkouts/FZSwiftUtils/Sources/FZSwiftUtils/Utils/MethodHooking/Hooker/ClassHook.swift (in target 'FZSwiftUtils' from project 'FZSwiftUtils')
cd /Users/admin/builder/spi-builder-workspace/.swiftpm/xcode
builtin-SwiftPerFileCompile ClassHook.swift
SwiftCompile normal arm64 /Users/admin/builder/spi-builder-workspace/.dependencies/checkouts/FZSwiftUtils/Sources/FZSwiftUtils/Utils/MethodHooking/Hooker/ClassInstanceHook.swift (in target 'FZSwiftUtils' from project 'FZSwiftUtils')
cd /Users/admin/builder/spi-builder-workspace/.swiftpm/xcode
builtin-SwiftPerFileCompile ClassInstanceHook.swift
SwiftCompile normal arm64 /Users/admin/builder/spi-builder-workspace/.dependencies/checkouts/FZSwiftUtils/Sources/FZSwiftUtils/Utils/MethodHooking/Hooker/ObjectHook.swift (in target 'FZSwiftUtils' from project 'FZSwiftUtils')
cd /Users/admin/builder/spi-builder-workspace/.swiftpm/xcode
builtin-SwiftPerFileCompile ObjectHook.swift
SwiftCompile normal arm64 /Users/admin/builder/spi-builder-workspace/.dependencies/checkouts/FZSwiftUtils/Sources/FZSwiftUtils/Utils/MethodHooking/Implementation/AnyObject+DynamicClass.swift (in target 'FZSwiftUtils' from project 'FZSwiftUtils')
cd /Users/admin/builder/spi-builder-workspace/.swiftpm/xcode
builtin-SwiftPerFileCompile AnyObject+DynamicClass.swift
SwiftCompile normal arm64 /Users/admin/builder/spi-builder-workspace/.dependencies/checkouts/FZSwiftUtils/Sources/FZSwiftUtils/Utils/MethodHooking/Implementation/AnyObject+HookClosures.swift (in target 'FZSwiftUtils' from project 'FZSwiftUtils')
cd /Users/admin/builder/spi-builder-workspace/.swiftpm/xcode
builtin-SwiftPerFileCompile AnyObject+HookClosures.swift
SwiftCompile normal arm64 /Users/admin/builder/spi-builder-workspace/.dependencies/checkouts/FZSwiftUtils/Sources/FZSwiftUtils/Utils/MethodHooking/Implementation/FFI/FFICIFContext.swift (in target 'FZSwiftUtils' from project 'FZSwiftUtils')
cd /Users/admin/builder/spi-builder-workspace/.swiftpm/xcode
builtin-SwiftPerFileCompile FFICIFContext.swift
SwiftCompile normal arm64 /Users/admin/builder/spi-builder-workspace/.dependencies/checkouts/FZSwiftUtils/Sources/FZSwiftUtils/Utils/MethodHooking/Implementation/FFI/FFIClosureContext.swift (in target 'FZSwiftUtils' from project 'FZSwiftUtils')
cd /Users/admin/builder/spi-builder-workspace/.swiftpm/xcode
builtin-SwiftPerFileCompile FFIClosureContext.swift
SwiftCompile normal arm64 /Users/admin/builder/spi-builder-workspace/.dependencies/checkouts/FZSwiftUtils/Sources/FZSwiftUtils/Utils/MethodHooking/Implementation/HookCommon.swift (in target 'FZSwiftUtils' from project 'FZSwiftUtils')
cd /Users/admin/builder/spi-builder-workspace/.swiftpm/xcode
builtin-SwiftPerFileCompile HookCommon.swift
SwiftCompile normal arm64 /Users/admin/builder/spi-builder-workspace/.dependencies/checkouts/FZSwiftUtils/Sources/FZSwiftUtils/Utils/MethodHooking/Implementation/HookContext+InsteadContext.swift (in target 'FZSwiftUtils' from project 'FZSwiftUtils')
cd /Users/admin/builder/spi-builder-workspace/.swiftpm/xcode
builtin-SwiftPerFileCompile HookContext+InsteadContext.swift
SwiftCompile normal arm64 /Users/admin/builder/spi-builder-workspace/.dependencies/checkouts/FZSwiftUtils/Sources/FZSwiftUtils/Utils/MethodHooking/Implementation/HookContext+OverrideSuperContext.swift (in target 'FZSwiftUtils' from project 'FZSwiftUtils')
cd /Users/admin/builder/spi-builder-workspace/.swiftpm/xcode
builtin-SwiftPerFileCompile HookContext+OverrideSuperContext.swift
SwiftCompile normal arm64 /Users/admin/builder/spi-builder-workspace/.dependencies/checkouts/FZSwiftUtils/Sources/FZSwiftUtils/Utils/MethodHooking/Implementation/HookContext.swift (in target 'FZSwiftUtils' from project 'FZSwiftUtils')
cd /Users/admin/builder/spi-builder-workspace/.swiftpm/xcode
builtin-SwiftPerFileCompile HookContext.swift
SwiftCompile normal arm64 /Users/admin/builder/spi-builder-workspace/.dependencies/checkouts/FZSwiftUtils/Sources/FZSwiftUtils/Utils/MethodHooking/Implementation/HookStorage.swift (in target 'FZSwiftUtils' from project 'FZSwiftUtils')
cd /Users/admin/builder/spi-builder-workspace/.swiftpm/xcode
builtin-SwiftPerFileCompile HookStorage.swift
SwiftCompile normal arm64 /Users/admin/builder/spi-builder-workspace/.dependencies/checkouts/FZSwiftUtils/Sources/FZSwiftUtils/Utils/MethodHooking/Implementation/KVOWrapper.swift (in target 'FZSwiftUtils' from project 'FZSwiftUtils')
cd /Users/admin/builder/spi-builder-workspace/.swiftpm/xcode
builtin-SwiftPerFileCompile KVOWrapper.swift
SwiftCompile normal arm64 /Users/admin/builder/spi-builder-workspace/.dependencies/checkouts/FZSwiftUtils/Sources/FZSwiftUtils/Utils/MethodHooking/Implementation/NSObject+SelectorName.swift (in target 'FZSwiftUtils' from project 'FZSwiftUtils')
cd /Users/admin/builder/spi-builder-workspace/.swiftpm/xcode
builtin-SwiftPerFileCompile NSObject+SelectorName.swift
SwiftCompile normal arm64 /Users/admin/builder/spi-builder-workspace/.dependencies/checkouts/FZSwiftUtils/Sources/FZSwiftUtils/Utils/MethodHooking/Implementation/ParametersCheck.swift (in target 'FZSwiftUtils' from project 'FZSwiftUtils')
cd /Users/admin/builder/spi-builder-workspace/.swiftpm/xcode
builtin-SwiftPerFileCompile ParametersCheck.swift
SwiftDriverJobDiscovery normal arm64 Compiling GPS.swift, IPTC.swift, OpenEXRA.swift, 8BIM.swift, DNG.swift, GIF.swift, HEIC.swift, JPEG.swift, PNG.swift, TGA.swift, TIFF.swift, WEBP.swift, ImageProperties.swift, Canon.swift, Nikon.swift, ImageSource+Image.swift, ImageSource+ImageOptions.swift, ImageSource+ThumbnailOptions.swift, ImageSource.swift, Mutex.swift, Interpolatable.swift, JSONObject.swift, KeyValueCodable.swift, MeasureMemoryUsage.swift, MeasureTime.swift (in target 'FZSwiftUtils' from project 'FZSwiftUtils')
SwiftCompile normal arm64 Compiling\ ProtocolMethod.swift,\ Signature.swift,\ MutableProgress.swift,\ NetworkError.swift,\ NetworkReachability.swift,\ Notification+Observer.swift,\ NotificationToken.swift,\ OSHash.swift,\ Info+ClassExtension.swift,\ ObjCCategoryInfo+HeaderOptions.swift,\ ObjCCategoryInfo.swift,\ ObjCClassInfo+Header.swift,\ ObjCClassInfo+HeaderOptions.swift,\ ObjCClassInfo.swift,\ ObjCIvarInfo.swift,\ ObjCMethodInfo.swift,\ ObjCPropertyInfo.swift,\ ObjCProtocolInfo+HeaderOptions.swift,\ ObjCProtocolInfo.swift,\ ObjCMethodSignature.swift,\ ObjCPropertyInfo+Attribute.swift,\ ObjCType+Field.swift,\ ObjCType+Modifier.swift,\ ObjCType.swift,\ ObjCClass.swift /Users/admin/builder/spi-builder-workspace/.dependencies/checkouts/FZSwiftUtils/Sources/FZSwiftUtils/Utils/MethodHooking/Implementation/ProtocolMethod.swift /Users/admin/builder/spi-builder-workspace/.dependencies/checkouts/FZSwiftUtils/Sources/FZSwiftUtils/Utils/MethodHooking/Implementation/Signature.swift /Users/admin/builder/spi-builder-workspace/.dependencies/checkouts/FZSwiftUtils/Sources/FZSwiftUtils/Utils/MutableProgress.swift /Users/admin/builder/spi-builder-workspace/.dependencies/checkouts/FZSwiftUtils/Sources/FZSwiftUtils/Utils/NetworkError.swift /Users/admin/builder/spi-builder-workspace/.dependencies/checkouts/FZSwiftUtils/Sources/FZSwiftUtils/Utils/NetworkReachability.swift /Users/admin/builder/spi-builder-workspace/.dependencies/checkouts/FZSwiftUtils/Sources/FZSwiftUtils/Utils/Notification+Observer.swift /Users/admin/builder/spi-builder-workspace/.dependencies/checkouts/FZSwiftUtils/Sources/FZSwiftUtils/Utils/NotificationToken.swift /Users/admin/builder/spi-builder-workspace/.dependencies/checkouts/FZSwiftUtils/Sources/FZSwiftUtils/Utils/OSHash.swift /Users/admin/builder/spi-builder-workspace/.dependencies/checkouts/FZSwiftUtils/Sources/FZSwiftUtils/Utils/Objective-C/Info/Info+ClassExtension.swift /Users/admin/builder/spi-builder-workspace/.dependencies/checkouts/FZSwiftUtils/Sources/FZSwiftUtils/Utils/Objective-C/Info/ObjCCategoryInfo+HeaderOptions.swift /Users/admin/builder/spi-builder-workspace/.dependencies/checkouts/FZSwiftUtils/Sources/FZSwiftUtils/Utils/Objective-C/Info/ObjCCategoryInfo.swift /Users/admin/builder/spi-builder-workspace/.dependencies/checkouts/FZSwiftUtils/Sources/FZSwiftUtils/Utils/Objective-C/Info/ObjCClassInfo+Header.swift /Users/admin/builder/spi-builder-workspace/.dependencies/checkouts/FZSwiftUtils/Sources/FZSwiftUtils/Utils/Objective-C/Info/ObjCClassInfo+HeaderOptions.swift /Users/admin/builder/spi-builder-workspace/.dependencies/checkouts/FZSwiftUtils/Sources/FZSwiftUtils/Utils/Objective-C/Info/ObjCClassInfo.swift /Users/admin/builder/spi-builder-workspace/.dependencies/checkouts/FZSwiftUtils/Sources/FZSwiftUtils/Utils/Objective-C/Info/ObjCIvarInfo.swift /Users/admin/builder/spi-builder-workspace/.dependencies/checkouts/FZSwiftUtils/Sources/FZSwiftUtils/Utils/Objective-C/Info/ObjCMethodInfo.swift /Users/admin/builder/spi-builder-workspace/.dependencies/checkouts/FZSwiftUtils/Sources/FZSwiftUtils/Utils/Objective-C/Info/ObjCPropertyInfo.swift /Users/admin/builder/spi-builder-workspace/.dependencies/checkouts/FZSwiftUtils/Sources/FZSwiftUtils/Utils/Objective-C/Info/ObjCProtocolInfo+HeaderOptions.swift /Users/admin/builder/spi-builder-workspace/.dependencies/checkouts/FZSwiftUtils/Sources/FZSwiftUtils/Utils/Objective-C/Info/ObjCProtocolInfo.swift /Users/admin/builder/spi-builder-workspace/.dependencies/checkouts/FZSwiftUtils/Sources/FZSwiftUtils/Utils/Objective-C/Model/ObjCMethodSignature.swift /Users/admin/builder/spi-builder-workspace/.dependencies/checkouts/FZSwiftUtils/Sources/FZSwiftUtils/Utils/Objective-C/Model/ObjCPropertyInfo+Attribute.swift /Users/admin/builder/spi-builder-workspace/.dependencies/checkouts/FZSwiftUtils/Sources/FZSwiftUtils/Utils/Objective-C/Model/ObjCType+Field.swift /Users/admin/builder/spi-builder-workspace/.dependencies/checkouts/FZSwiftUtils/Sources/FZSwiftUtils/Utils/Objective-C/Model/ObjCType+Modifier.swift /Users/admin/builder/spi-builder-workspace/.dependencies/checkouts/FZSwiftUtils/Sources/FZSwiftUtils/Utils/Objective-C/Model/ObjCType.swift /Users/admin/builder/spi-builder-workspace/.dependencies/checkouts/FZSwiftUtils/Sources/FZSwiftUtils/Utils/Objective-C/ObjCClass.swift (in target 'FZSwiftUtils' from project 'FZSwiftUtils')
SwiftCompile normal arm64 /Users/admin/builder/spi-builder-workspace/.dependencies/checkouts/FZSwiftUtils/Sources/FZSwiftUtils/Utils/MethodHooking/Implementation/ProtocolMethod.swift (in target 'FZSwiftUtils' from project 'FZSwiftUtils')
cd /Users/admin/builder/spi-builder-workspace/.swiftpm/xcode
builtin-SwiftPerFileCompile ProtocolMethod.swift
SwiftCompile normal arm64 /Users/admin/builder/spi-builder-workspace/.dependencies/checkouts/FZSwiftUtils/Sources/FZSwiftUtils/Utils/MethodHooking/Implementation/Signature.swift (in target 'FZSwiftUtils' from project 'FZSwiftUtils')
cd /Users/admin/builder/spi-builder-workspace/.swiftpm/xcode
builtin-SwiftPerFileCompile Signature.swift
SwiftCompile normal arm64 /Users/admin/builder/spi-builder-workspace/.dependencies/checkouts/FZSwiftUtils/Sources/FZSwiftUtils/Utils/MutableProgress.swift (in target 'FZSwiftUtils' from project 'FZSwiftUtils')
cd /Users/admin/builder/spi-builder-workspace/.swiftpm/xcode
builtin-SwiftPerFileCompile MutableProgress.swift
SwiftCompile normal arm64 /Users/admin/builder/spi-builder-workspace/.dependencies/checkouts/FZSwiftUtils/Sources/FZSwiftUtils/Utils/NetworkError.swift (in target 'FZSwiftUtils' from project 'FZSwiftUtils')
cd /Users/admin/builder/spi-builder-workspace/.swiftpm/xcode
builtin-SwiftPerFileCompile NetworkError.swift
SwiftCompile normal arm64 /Users/admin/builder/spi-builder-workspace/.dependencies/checkouts/FZSwiftUtils/Sources/FZSwiftUtils/Utils/NetworkReachability.swift (in target 'FZSwiftUtils' from project 'FZSwiftUtils')
cd /Users/admin/builder/spi-builder-workspace/.swiftpm/xcode
builtin-SwiftPerFileCompile NetworkReachability.swift
SwiftCompile normal arm64 /Users/admin/builder/spi-builder-workspace/.dependencies/checkouts/FZSwiftUtils/Sources/FZSwiftUtils/Utils/Notification+Observer.swift (in target 'FZSwiftUtils' from project 'FZSwiftUtils')
cd /Users/admin/builder/spi-builder-workspace/.swiftpm/xcode
builtin-SwiftPerFileCompile Notification+Observer.swift
SwiftCompile normal arm64 /Users/admin/builder/spi-builder-workspace/.dependencies/checkouts/FZSwiftUtils/Sources/FZSwiftUtils/Utils/NotificationToken.swift (in target 'FZSwiftUtils' from project 'FZSwiftUtils')
cd /Users/admin/builder/spi-builder-workspace/.swiftpm/xcode
builtin-SwiftPerFileCompile NotificationToken.swift
SwiftCompile normal arm64 /Users/admin/builder/spi-builder-workspace/.dependencies/checkouts/FZSwiftUtils/Sources/FZSwiftUtils/Utils/OSHash.swift (in target 'FZSwiftUtils' from project 'FZSwiftUtils')
cd /Users/admin/builder/spi-builder-workspace/.swiftpm/xcode
builtin-SwiftPerFileCompile OSHash.swift
SwiftCompile normal arm64 /Users/admin/builder/spi-builder-workspace/.dependencies/checkouts/FZSwiftUtils/Sources/FZSwiftUtils/Utils/Objective-C/Info/Info+ClassExtension.swift (in target 'FZSwiftUtils' from project 'FZSwiftUtils')
cd /Users/admin/builder/spi-builder-workspace/.swiftpm/xcode
builtin-SwiftPerFileCompile Info+ClassExtension.swift
SwiftCompile normal arm64 /Users/admin/builder/spi-builder-workspace/.dependencies/checkouts/FZSwiftUtils/Sources/FZSwiftUtils/Utils/Objective-C/Info/ObjCCategoryInfo+HeaderOptions.swift (in target 'FZSwiftUtils' from project 'FZSwiftUtils')
cd /Users/admin/builder/spi-builder-workspace/.swiftpm/xcode
builtin-SwiftPerFileCompile ObjCCategoryInfo+HeaderOptions.swift
SwiftCompile normal arm64 /Users/admin/builder/spi-builder-workspace/.dependencies/checkouts/FZSwiftUtils/Sources/FZSwiftUtils/Utils/Objective-C/Info/ObjCCategoryInfo.swift (in target 'FZSwiftUtils' from project 'FZSwiftUtils')
cd /Users/admin/builder/spi-builder-workspace/.swiftpm/xcode
builtin-SwiftPerFileCompile ObjCCategoryInfo.swift
SwiftCompile normal arm64 /Users/admin/builder/spi-builder-workspace/.dependencies/checkouts/FZSwiftUtils/Sources/FZSwiftUtils/Utils/Objective-C/Info/ObjCClassInfo+Header.swift (in target 'FZSwiftUtils' from project 'FZSwiftUtils')
cd /Users/admin/builder/spi-builder-workspace/.swiftpm/xcode
builtin-SwiftPerFileCompile ObjCClassInfo+Header.swift
SwiftCompile normal arm64 /Users/admin/builder/spi-builder-workspace/.dependencies/checkouts/FZSwiftUtils/Sources/FZSwiftUtils/Utils/Objective-C/Info/ObjCClassInfo+HeaderOptions.swift (in target 'FZSwiftUtils' from project 'FZSwiftUtils')
cd /Users/admin/builder/spi-builder-workspace/.swiftpm/xcode
builtin-SwiftPerFileCompile ObjCClassInfo+HeaderOptions.swift
SwiftCompile normal arm64 /Users/admin/builder/spi-builder-workspace/.dependencies/checkouts/FZSwiftUtils/Sources/FZSwiftUtils/Utils/Objective-C/Info/ObjCClassInfo.swift (in target 'FZSwiftUtils' from project 'FZSwiftUtils')
cd /Users/admin/builder/spi-builder-workspace/.swiftpm/xcode
builtin-SwiftPerFileCompile ObjCClassInfo.swift
SwiftCompile normal arm64 /Users/admin/builder/spi-builder-workspace/.dependencies/checkouts/FZSwiftUtils/Sources/FZSwiftUtils/Utils/Objective-C/Info/ObjCIvarInfo.swift (in target 'FZSwiftUtils' from project 'FZSwiftUtils')
cd /Users/admin/builder/spi-builder-workspace/.swiftpm/xcode
builtin-SwiftPerFileCompile ObjCIvarInfo.swift
SwiftCompile normal arm64 /Users/admin/builder/spi-builder-workspace/.dependencies/checkouts/FZSwiftUtils/Sources/FZSwiftUtils/Utils/Objective-C/Info/ObjCMethodInfo.swift (in target 'FZSwiftUtils' from project 'FZSwiftUtils')
cd /Users/admin/builder/spi-builder-workspace/.swiftpm/xcode
builtin-SwiftPerFileCompile ObjCMethodInfo.swift
SwiftCompile normal arm64 /Users/admin/builder/spi-builder-workspace/.dependencies/checkouts/FZSwiftUtils/Sources/FZSwiftUtils/Utils/Objective-C/Info/ObjCPropertyInfo.swift (in target 'FZSwiftUtils' from project 'FZSwiftUtils')
cd /Users/admin/builder/spi-builder-workspace/.swiftpm/xcode
builtin-SwiftPerFileCompile ObjCPropertyInfo.swift
SwiftCompile normal arm64 /Users/admin/builder/spi-builder-workspace/.dependencies/checkouts/FZSwiftUtils/Sources/FZSwiftUtils/Utils/Objective-C/Info/ObjCProtocolInfo+HeaderOptions.swift (in target 'FZSwiftUtils' from project 'FZSwiftUtils')
cd /Users/admin/builder/spi-builder-workspace/.swiftpm/xcode
builtin-SwiftPerFileCompile ObjCProtocolInfo+HeaderOptions.swift
SwiftCompile normal arm64 /Users/admin/builder/spi-builder-workspace/.dependencies/checkouts/FZSwiftUtils/Sources/FZSwiftUtils/Utils/Objective-C/Info/ObjCProtocolInfo.swift (in target 'FZSwiftUtils' from project 'FZSwiftUtils')
cd /Users/admin/builder/spi-builder-workspace/.swiftpm/xcode
builtin-SwiftPerFileCompile ObjCProtocolInfo.swift
SwiftCompile normal arm64 /Users/admin/builder/spi-builder-workspace/.dependencies/checkouts/FZSwiftUtils/Sources/FZSwiftUtils/Utils/Objective-C/Model/ObjCMethodSignature.swift (in target 'FZSwiftUtils' from project 'FZSwiftUtils')
cd /Users/admin/builder/spi-builder-workspace/.swiftpm/xcode
builtin-SwiftPerFileCompile ObjCMethodSignature.swift
SwiftCompile normal arm64 /Users/admin/builder/spi-builder-workspace/.dependencies/checkouts/FZSwiftUtils/Sources/FZSwiftUtils/Utils/Objective-C/Model/ObjCPropertyInfo+Attribute.swift (in target 'FZSwiftUtils' from project 'FZSwiftUtils')
cd /Users/admin/builder/spi-builder-workspace/.swiftpm/xcode
builtin-SwiftPerFileCompile ObjCPropertyInfo+Attribute.swift
SwiftCompile normal arm64 /Users/admin/builder/spi-builder-workspace/.dependencies/checkouts/FZSwiftUtils/Sources/FZSwiftUtils/Utils/Objective-C/Model/ObjCType+Field.swift (in target 'FZSwiftUtils' from project 'FZSwiftUtils')
cd /Users/admin/builder/spi-builder-workspace/.swiftpm/xcode
builtin-SwiftPerFileCompile ObjCType+Field.swift
SwiftCompile normal arm64 /Users/admin/builder/spi-builder-workspace/.dependencies/checkouts/FZSwiftUtils/Sources/FZSwiftUtils/Utils/Objective-C/Model/ObjCType+Modifier.swift (in target 'FZSwiftUtils' from project 'FZSwiftUtils')
cd /Users/admin/builder/spi-builder-workspace/.swiftpm/xcode
builtin-SwiftPerFileCompile ObjCType+Modifier.swift
SwiftCompile normal arm64 /Users/admin/builder/spi-builder-workspace/.dependencies/checkouts/FZSwiftUtils/Sources/FZSwiftUtils/Utils/Objective-C/Model/ObjCType.swift (in target 'FZSwiftUtils' from project 'FZSwiftUtils')
cd /Users/admin/builder/spi-builder-workspace/.swiftpm/xcode
builtin-SwiftPerFileCompile ObjCType.swift
SwiftCompile normal arm64 /Users/admin/builder/spi-builder-workspace/.dependencies/checkouts/FZSwiftUtils/Sources/FZSwiftUtils/Utils/Objective-C/ObjCClass.swift (in target 'FZSwiftUtils' from project 'FZSwiftUtils')
cd /Users/admin/builder/spi-builder-workspace/.swiftpm/xcode
builtin-SwiftPerFileCompile ObjCClass.swift
SwiftDriverJobDiscovery normal arm64 Compiling String+Match.swift, String+Random.swift, SwiftCodeRepresentable.swift, Thread+.swift, Timer+.swift, UnsafePointer+.swift, UnsafeRawPointer+.swift, XMLNode+.swift, NSUI Typealias.swift, Operator.swift, CodableDefault.swift, DateValueCodable.swift, PropertyWrappers.swift, AnyCodable.swift, AnyCodingKey.swift, AssociatedValue.swift, Cache.swift, Cast.swift, BaseArray.swift, BaseDictionary.swift, BidirectionalDictionary.swift, CountedSet.swift, Deque.swift, Heap.swift, HierarchySequence.swift (in target 'FZSwiftUtils' from project 'FZSwiftUtils')
SwiftCompile normal arm64 Compiling\ Sequence+Index.swift,\ Sequence+Keypath.swift,\ Sequence+Occurency.swift,\ Sequence+Print.swift,\ Sequence+Random.swift,\ Sequence+Rotate.swift,\ Sequence+Sort+Comparator.swift,\ Sequence+Sort.swift,\ Sequence+String.swift,\ Sequence+Unique.swift,\ Sequence+Zip.swift,\ Set+.swift,\ CFAllocator+.swift,\ CFArray+.swift,\ CFComparisonResult+.swift,\ CFData+.swift,\ CFDictionary+.swift,\ CFNumber+.swift,\ CFRunLoop+.swift,\ CFRunLoopObserver+.swift,\ CFString+.swift,\ CGImageMetadata+.swift,\ CGImageMetadataTag+.swift,\ CGMutableImageMetadata+.swift,\ ColorSyncProfile+.swift /Users/admin/builder/spi-builder-workspace/.dependencies/checkouts/FZSwiftUtils/Sources/FZSwiftUtils/Extensions/Collections/Sequence+Index.swift /Users/admin/builder/spi-builder-workspace/.dependencies/checkouts/FZSwiftUtils/Sources/FZSwiftUtils/Extensions/Collections/Sequence+Keypath.swift /Users/admin/builder/spi-builder-workspace/.dependencies/checkouts/FZSwiftUtils/Sources/FZSwiftUtils/Extensions/Collections/Sequence+Occurency.swift /Users/admin/builder/spi-builder-workspace/.dependencies/checkouts/FZSwiftUtils/Sources/FZSwiftUtils/Extensions/Collections/Sequence+Print.swift /Users/admin/builder/spi-builder-workspace/.dependencies/checkouts/FZSwiftUtils/Sources/FZSwiftUtils/Extensions/Collections/Sequence+Random.swift /Users/admin/builder/spi-builder-workspace/.dependencies/checkouts/FZSwiftUtils/Sources/FZSwiftUtils/Extensions/Collections/Sequence+Rotate.swift /Users/admin/builder/spi-builder-workspace/.dependencies/checkouts/FZSwiftUtils/Sources/FZSwiftUtils/Extensions/Collections/Sequence+Sort+Comparator.swift /Users/admin/builder/spi-builder-workspace/.dependencies/checkouts/FZSwiftUtils/Sources/FZSwiftUtils/Extensions/Collections/Sequence+Sort.swift /Users/admin/builder/spi-builder-workspace/.dependencies/checkouts/FZSwiftUtils/Sources/FZSwiftUtils/Extensions/Collections/Sequence+String.swift /Users/admin/builder/spi-builder-workspace/.dependencies/checkouts/FZSwiftUtils/Sources/FZSwiftUtils/Extensions/Collections/Sequence+Unique.swift /Users/admin/builder/spi-builder-workspace/.dependencies/checkouts/FZSwiftUtils/Sources/FZSwiftUtils/Extensions/Collections/Sequence+Zip.swift /Users/admin/builder/spi-builder-workspace/.dependencies/checkouts/FZSwiftUtils/Sources/FZSwiftUtils/Extensions/Collections/Set+.swift /Users/admin/builder/spi-builder-workspace/.dependencies/checkouts/FZSwiftUtils/Sources/FZSwiftUtils/Extensions/CoreFoundation/CFAllocator+.swift /Users/admin/builder/spi-builder-workspace/.dependencies/checkouts/FZSwiftUtils/Sources/FZSwiftUtils/Extensions/CoreFoundation/CFArray+.swift /Users/admin/builder/spi-builder-workspace/.dependencies/checkouts/FZSwiftUtils/Sources/FZSwiftUtils/Extensions/CoreFoundation/CFComparisonResult+.swift /Users/admin/builder/spi-builder-workspace/.dependencies/checkouts/FZSwiftUtils/Sources/FZSwiftUtils/Extensions/CoreFoundation/CFData+.swift /Users/admin/builder/spi-builder-workspace/.dependencies/checkouts/FZSwiftUtils/Sources/FZSwiftUtils/Extensions/CoreFoundation/CFDictionary+.swift /Users/admin/builder/spi-builder-workspace/.dependencies/checkouts/FZSwiftUtils/Sources/FZSwiftUtils/Extensions/CoreFoundation/CFNumber+.swift /Users/admin/builder/spi-builder-workspace/.dependencies/checkouts/FZSwiftUtils/Sources/FZSwiftUtils/Extensions/CoreFoundation/CFRunLoop+.swift /Users/admin/builder/spi-builder-workspace/.dependencies/checkouts/FZSwiftUtils/Sources/FZSwiftUtils/Extensions/CoreFoundation/CFRunLoopObserver+.swift /Users/admin/builder/spi-builder-workspace/.dependencies/checkouts/FZSwiftUtils/Sources/FZSwiftUtils/Extensions/CoreFoundation/CFString+.swift /Users/admin/builder/spi-builder-workspace/.dependencies/checkouts/FZSwiftUtils/Sources/FZSwiftUtils/Extensions/CoreFoundation/CGImageMetadata+.swift /Users/admin/builder/spi-builder-workspace/.dependencies/checkouts/FZSwiftUtils/Sources/FZSwiftUtils/Extensions/CoreFoundation/CGImageMetadataTag+.swift /Users/admin/builder/spi-builder-workspace/.dependencies/checkouts/FZSwiftUtils/Sources/FZSwiftUtils/Extensions/CoreFoundation/CGMutableImageMetadata+.swift /Users/admin/builder/spi-builder-workspace/.dependencies/checkouts/FZSwiftUtils/Sources/FZSwiftUtils/Extensions/CoreFoundation/ColorSyncProfile+.swift (in target 'FZSwiftUtils' from project 'FZSwiftUtils')
SwiftCompile normal arm64 /Users/admin/builder/spi-builder-workspace/.dependencies/checkouts/FZSwiftUtils/Sources/FZSwiftUtils/Extensions/Collections/Sequence+Index.swift (in target 'FZSwiftUtils' from project 'FZSwiftUtils')
cd /Users/admin/builder/spi-builder-workspace/.swiftpm/xcode
builtin-SwiftPerFileCompile Sequence+Index.swift
SwiftCompile normal arm64 /Users/admin/builder/spi-builder-workspace/.dependencies/checkouts/FZSwiftUtils/Sources/FZSwiftUtils/Extensions/Collections/Sequence+Keypath.swift (in target 'FZSwiftUtils' from project 'FZSwiftUtils')
cd /Users/admin/builder/spi-builder-workspace/.swiftpm/xcode
builtin-SwiftPerFileCompile Sequence+Keypath.swift
SwiftCompile normal arm64 /Users/admin/builder/spi-builder-workspace/.dependencies/checkouts/FZSwiftUtils/Sources/FZSwiftUtils/Extensions/Collections/Sequence+Occurency.swift (in target 'FZSwiftUtils' from project 'FZSwiftUtils')
cd /Users/admin/builder/spi-builder-workspace/.swiftpm/xcode
builtin-SwiftPerFileCompile Sequence+Occurency.swift
SwiftCompile normal arm64 /Users/admin/builder/spi-builder-workspace/.dependencies/checkouts/FZSwiftUtils/Sources/FZSwiftUtils/Extensions/Collections/Sequence+Print.swift (in target 'FZSwiftUtils' from project 'FZSwiftUtils')
cd /Users/admin/builder/spi-builder-workspace/.swiftpm/xcode
builtin-SwiftPerFileCompile Sequence+Print.swift
SwiftCompile normal arm64 /Users/admin/builder/spi-builder-workspace/.dependencies/checkouts/FZSwiftUtils/Sources/FZSwiftUtils/Extensions/Collections/Sequence+Random.swift (in target 'FZSwiftUtils' from project 'FZSwiftUtils')
cd /Users/admin/builder/spi-builder-workspace/.swiftpm/xcode
builtin-SwiftPerFileCompile Sequence+Random.swift
SwiftCompile normal arm64 /Users/admin/builder/spi-builder-workspace/.dependencies/checkouts/FZSwiftUtils/Sources/FZSwiftUtils/Extensions/Collections/Sequence+Rotate.swift (in target 'FZSwiftUtils' from project 'FZSwiftUtils')
cd /Users/admin/builder/spi-builder-workspace/.swiftpm/xcode
builtin-SwiftPerFileCompile Sequence+Rotate.swift
SwiftCompile normal arm64 /Users/admin/builder/spi-builder-workspace/.dependencies/checkouts/FZSwiftUtils/Sources/FZSwiftUtils/Extensions/Collections/Sequence+Sort+Comparator.swift (in target 'FZSwiftUtils' from project 'FZSwiftUtils')
cd /Users/admin/builder/spi-builder-workspace/.swiftpm/xcode
builtin-SwiftPerFileCompile Sequence+Sort+Comparator.swift
SwiftCompile normal arm64 /Users/admin/builder/spi-builder-workspace/.dependencies/checkouts/FZSwiftUtils/Sources/FZSwiftUtils/Extensions/Collections/Sequence+Sort.swift (in target 'FZSwiftUtils' from project 'FZSwiftUtils')
cd /Users/admin/builder/spi-builder-workspace/.swiftpm/xcode
builtin-SwiftPerFileCompile Sequence+Sort.swift
SwiftCompile normal arm64 /Users/admin/builder/spi-builder-workspace/.dependencies/checkouts/FZSwiftUtils/Sources/FZSwiftUtils/Extensions/Collections/Sequence+String.swift (in target 'FZSwiftUtils' from project 'FZSwiftUtils')
cd /Users/admin/builder/spi-builder-workspace/.swiftpm/xcode
builtin-SwiftPerFileCompile Sequence+String.swift
SwiftCompile normal arm64 /Users/admin/builder/spi-builder-workspace/.dependencies/checkouts/FZSwiftUtils/Sources/FZSwiftUtils/Extensions/Collections/Sequence+Unique.swift (in target 'FZSwiftUtils' from project 'FZSwiftUtils')
cd /Users/admin/builder/spi-builder-workspace/.swiftpm/xcode
builtin-SwiftPerFileCompile Sequence+Unique.swift
SwiftCompile normal arm64 /Users/admin/builder/spi-builder-workspace/.dependencies/checkouts/FZSwiftUtils/Sources/FZSwiftUtils/Extensions/Collections/Sequence+Zip.swift (in target 'FZSwiftUtils' from project 'FZSwiftUtils')
cd /Users/admin/builder/spi-builder-workspace/.swiftpm/xcode
builtin-SwiftPerFileCompile Sequence+Zip.swift
SwiftCompile normal arm64 /Users/admin/builder/spi-builder-workspace/.dependencies/checkouts/FZSwiftUtils/Sources/FZSwiftUtils/Extensions/Collections/Set+.swift (in target 'FZSwiftUtils' from project 'FZSwiftUtils')
cd /Users/admin/builder/spi-builder-workspace/.swiftpm/xcode
builtin-SwiftPerFileCompile Set+.swift
SwiftCompile normal arm64 /Users/admin/builder/spi-builder-workspace/.dependencies/checkouts/FZSwiftUtils/Sources/FZSwiftUtils/Extensions/CoreFoundation/CFAllocator+.swift (in target 'FZSwiftUtils' from project 'FZSwiftUtils')
cd /Users/admin/builder/spi-builder-workspace/.swiftpm/xcode
builtin-SwiftPerFileCompile CFAllocator+.swift
SwiftCompile normal arm64 /Users/admin/builder/spi-builder-workspace/.dependencies/checkouts/FZSwiftUtils/Sources/FZSwiftUtils/Extensions/CoreFoundation/CFArray+.swift (in target 'FZSwiftUtils' from project 'FZSwiftUtils')
cd /Users/admin/builder/spi-builder-workspace/.swiftpm/xcode
builtin-SwiftPerFileCompile CFArray+.swift
SwiftCompile normal arm64 /Users/admin/builder/spi-builder-workspace/.dependencies/checkouts/FZSwiftUtils/Sources/FZSwiftUtils/Extensions/CoreFoundation/CFComparisonResult+.swift (in target 'FZSwiftUtils' from project 'FZSwiftUtils')
cd /Users/admin/builder/spi-builder-workspace/.swiftpm/xcode
builtin-SwiftPerFileCompile CFComparisonResult+.swift
SwiftCompile normal arm64 /Users/admin/builder/spi-builder-workspace/.dependencies/checkouts/FZSwiftUtils/Sources/FZSwiftUtils/Extensions/CoreFoundation/CFData+.swift (in target 'FZSwiftUtils' from project 'FZSwiftUtils')
cd /Users/admin/builder/spi-builder-workspace/.swiftpm/xcode
builtin-SwiftPerFileCompile CFData+.swift
SwiftCompile normal arm64 /Users/admin/builder/spi-builder-workspace/.dependencies/checkouts/FZSwiftUtils/Sources/FZSwiftUtils/Extensions/CoreFoundation/CFDictionary+.swift (in target 'FZSwiftUtils' from project 'FZSwiftUtils')
cd /Users/admin/builder/spi-builder-workspace/.swiftpm/xcode
builtin-SwiftPerFileCompile CFDictionary+.swift
SwiftCompile normal arm64 /Users/admin/builder/spi-builder-workspace/.dependencies/checkouts/FZSwiftUtils/Sources/FZSwiftUtils/Extensions/CoreFoundation/CFNumber+.swift (in target 'FZSwiftUtils' from project 'FZSwiftUtils')
cd /Users/admin/builder/spi-builder-workspace/.swiftpm/xcode
builtin-SwiftPerFileCompile CFNumber+.swift
SwiftCompile normal arm64 /Users/admin/builder/spi-builder-workspace/.dependencies/checkouts/FZSwiftUtils/Sources/FZSwiftUtils/Extensions/CoreFoundation/CFRunLoop+.swift (in target 'FZSwiftUtils' from project 'FZSwiftUtils')
cd /Users/admin/builder/spi-builder-workspace/.swiftpm/xcode
builtin-SwiftPerFileCompile CFRunLoop+.swift
SwiftCompile normal arm64 /Users/admin/builder/spi-builder-workspace/.dependencies/checkouts/FZSwiftUtils/Sources/FZSwiftUtils/Extensions/CoreFoundation/CFRunLoopObserver+.swift (in target 'FZSwiftUtils' from project 'FZSwiftUtils')
cd /Users/admin/builder/spi-builder-workspace/.swiftpm/xcode
builtin-SwiftPerFileCompile CFRunLoopObserver+.swift
SwiftCompile normal arm64 /Users/admin/builder/spi-builder-workspace/.dependencies/checkouts/FZSwiftUtils/Sources/FZSwiftUtils/Extensions/CoreFoundation/CFString+.swift (in target 'FZSwiftUtils' from project 'FZSwiftUtils')
cd /Users/admin/builder/spi-builder-workspace/.swiftpm/xcode
builtin-SwiftPerFileCompile CFString+.swift
SwiftCompile normal arm64 /Users/admin/builder/spi-builder-workspace/.dependencies/checkouts/FZSwiftUtils/Sources/FZSwiftUtils/Extensions/CoreFoundation/CGImageMetadata+.swift (in target 'FZSwiftUtils' from project 'FZSwiftUtils')
cd /Users/admin/builder/spi-builder-workspace/.swiftpm/xcode
builtin-SwiftPerFileCompile CGImageMetadata+.swift
SwiftCompile normal arm64 /Users/admin/builder/spi-builder-workspace/.dependencies/checkouts/FZSwiftUtils/Sources/FZSwiftUtils/Extensions/CoreFoundation/CGImageMetadataTag+.swift (in target 'FZSwiftUtils' from project 'FZSwiftUtils')
cd /Users/admin/builder/spi-builder-workspace/.swiftpm/xcode
builtin-SwiftPerFileCompile CGImageMetadataTag+.swift
SwiftCompile normal arm64 /Users/admin/builder/spi-builder-workspace/.dependencies/checkouts/FZSwiftUtils/Sources/FZSwiftUtils/Extensions/CoreFoundation/CGMutableImageMetadata+.swift (in target 'FZSwiftUtils' from project 'FZSwiftUtils')
cd /Users/admin/builder/spi-builder-workspace/.swiftpm/xcode
builtin-SwiftPerFileCompile CGMutableImageMetadata+.swift
SwiftCompile normal arm64 /Users/admin/builder/spi-builder-workspace/.dependencies/checkouts/FZSwiftUtils/Sources/FZSwiftUtils/Extensions/CoreFoundation/ColorSyncProfile+.swift (in target 'FZSwiftUtils' from project 'FZSwiftUtils')
cd /Users/admin/builder/spi-builder-workspace/.swiftpm/xcode
builtin-SwiftPerFileCompile ColorSyncProfile+.swift
SwiftDriverJobDiscovery normal arm64 Compiling NSKeyValueObservingOptions+.swift, NSObject+Observe.swift, SharedKeyValueObserver.swift, KeyPath+.swift, Locale+.swift, Locale+Currency.swift, Logger+.swift, Accelerate+Operator.swift, AffineTransform+.swift, ApproximateEquatable.swift, Bool+.swift, CGPoint+.swift, CGRect+.swift, CGRect+Edge.swift, CGSize+.swift, EdgeInsets+.swift, FloatingPoint+.swift, FloatingPoint+Initializable.swift, FloatingPoint+Rounding.swift, Int+.swift, MultiplicativeArithmetic.swift, NSNumber+.swift, NSRange+.swift, NSValue+.swift, Number+Interpolate.swift (in target 'FZSwiftUtils' from project 'FZSwiftUtils')
SwiftCompile normal arm64 Compiling\ FileHandle+.swift,\ FileManager+.swift,\ FileType.swift,\ FinderTags.swift,\ NSFilePromiseProvider+.swift,\ NSMetadata+.swift,\ URL+.swift,\ URL+Attributes.swift,\ URL+DuplicateFiles.swift,\ URL+ExtendedAttributes.swift,\ URL+Item.swift,\ URL+Iterate.swift,\ URLResources.swift,\ UTType+.swift,\ ByteCountFormatter+.swift,\ DateFormatter+Multiple.swift,\ ListFormatter+.swift,\ MeasurementFormatter+.swift,\ UnitInformationStorage+.swift,\ Digest+.swift,\ HashFunction+.swift,\ Hasher+.swift,\ KeyValueObservation.swift,\ KeyValueObserver.swift,\ NSKeyValueChangeKey+.swift /Users/admin/builder/spi-builder-workspace/.dependencies/checkouts/FZSwiftUtils/Sources/FZSwiftUtils/Extensions/File\ &\ URL/FileHandle+.swift /Users/admin/builder/spi-builder-workspace/.dependencies/checkouts/FZSwiftUtils/Sources/FZSwiftUtils/Extensions/File\ &\ URL/FileManager+.swift /Users/admin/builder/spi-builder-workspace/.dependencies/checkouts/FZSwiftUtils/Sources/FZSwiftUtils/Extensions/File\ &\ URL/FileType.swift /Users/admin/builder/spi-builder-workspace/.dependencies/checkouts/FZSwiftUtils/Sources/FZSwiftUtils/Extensions/File\ &\ URL/FinderTags.swift /Users/admin/builder/spi-builder-workspace/.dependencies/checkouts/FZSwiftUtils/Sources/FZSwiftUtils/Extensions/File\ &\ URL/NSFilePromiseProvider+.swift /Users/admin/builder/spi-builder-workspace/.dependencies/checkouts/FZSwiftUtils/Sources/FZSwiftUtils/Extensions/File\ &\ URL/NSMetadata+.swift /Users/admin/builder/spi-builder-workspace/.dependencies/checkouts/FZSwiftUtils/Sources/FZSwiftUtils/Extensions/File\ &\ URL/URL+.swift /Users/admin/builder/spi-builder-workspace/.dependencies/checkouts/FZSwiftUtils/Sources/FZSwiftUtils/Extensions/File\ &\ URL/URL+Attributes.swift /Users/admin/builder/spi-builder-workspace/.dependencies/checkouts/FZSwiftUtils/Sources/FZSwiftUtils/Extensions/File\ &\ URL/URL+DuplicateFiles.swift /Users/admin/builder/spi-builder-workspace/.dependencies/checkouts/FZSwiftUtils/Sources/FZSwiftUtils/Extensions/File\ &\ URL/URL+ExtendedAttributes.swift /Users/admin/builder/spi-builder-workspace/.dependencies/checkouts/FZSwiftUtils/Sources/FZSwiftUtils/Extensions/File\ &\ URL/URL+Item.swift /Users/admin/builder/spi-builder-workspace/.dependencies/checkouts/FZSwiftUtils/Sources/FZSwiftUtils/Extensions/File\ &\ URL/URL+Iterate.swift /Users/admin/builder/spi-builder-workspace/.dependencies/checkouts/FZSwiftUtils/Sources/FZSwiftUtils/Extensions/File\ &\ URL/URLResources.swift /Users/admin/builder/spi-builder-workspace/.dependencies/checkouts/FZSwiftUtils/Sources/FZSwiftUtils/Extensions/File\ &\ URL/UTType+.swift /Users/admin/builder/spi-builder-workspace/.dependencies/checkouts/FZSwiftUtils/Sources/FZSwiftUtils/Extensions/Formatter/ByteCountFormatter+.swift /Users/admin/builder/spi-builder-workspace/.dependencies/checkouts/FZSwiftUtils/Sources/FZSwiftUtils/Extensions/Formatter/DateFormatter+Multiple.swift /Users/admin/builder/spi-builder-workspace/.dependencies/checkouts/FZSwiftUtils/Sources/FZSwiftUtils/Extensions/Formatter/ListFormatter+.swift /Users/admin/builder/spi-builder-workspace/.dependencies/checkouts/FZSwiftUtils/Sources/FZSwiftUtils/Extensions/Formatter/MeasurementFormatter+.swift /Users/admin/builder/spi-builder-workspace/.dependencies/checkouts/FZSwiftUtils/Sources/FZSwiftUtils/Extensions/Formatter/UnitInformationStorage+.swift /Users/admin/builder/spi-builder-workspace/.dependencies/checkouts/FZSwiftUtils/Sources/FZSwiftUtils/Extensions/Hash/Digest+.swift /Users/admin/builder/spi-builder-workspace/.dependencies/checkouts/FZSwiftUtils/Sources/FZSwiftUtils/Extensions/Hash/HashFunction+.swift /Users/admin/builder/spi-builder-workspace/.dependencies/checkouts/FZSwiftUtils/Sources/FZSwiftUtils/Extensions/Hash/Hasher+.swift /Users/admin/builder/spi-builder-workspace/.dependencies/checkouts/FZSwiftUtils/Sources/FZSwiftUtils/Extensions/KVO/KeyValueObservation.swift /Users/admin/builder/spi-builder-workspace/.dependencies/checkouts/FZSwiftUtils/Sources/FZSwiftUtils/Extensions/KVO/KeyValueObserver.swift /Users/admin/builder/spi-builder-workspace/.dependencies/checkouts/FZSwiftUtils/Sources/FZSwiftUtils/Extensions/KVO/NSKeyValueChangeKey+.swift (in target 'FZSwiftUtils' from project 'FZSwiftUtils')
SwiftCompile normal arm64 /Users/admin/builder/spi-builder-workspace/.dependencies/checkouts/FZSwiftUtils/Sources/FZSwiftUtils/Extensions/File\ &\ URL/FileHandle+.swift (in target 'FZSwiftUtils' from project 'FZSwiftUtils')
cd /Users/admin/builder/spi-builder-workspace/.swiftpm/xcode
builtin-SwiftPerFileCompile FileHandle+.swift
SwiftCompile normal arm64 /Users/admin/builder/spi-builder-workspace/.dependencies/checkouts/FZSwiftUtils/Sources/FZSwiftUtils/Extensions/File\ &\ URL/FileManager+.swift (in target 'FZSwiftUtils' from project 'FZSwiftUtils')
cd /Users/admin/builder/spi-builder-workspace/.swiftpm/xcode
builtin-SwiftPerFileCompile FileManager+.swift
SwiftCompile normal arm64 /Users/admin/builder/spi-builder-workspace/.dependencies/checkouts/FZSwiftUtils/Sources/FZSwiftUtils/Extensions/File\ &\ URL/FileType.swift (in target 'FZSwiftUtils' from project 'FZSwiftUtils')
cd /Users/admin/builder/spi-builder-workspace/.swiftpm/xcode
builtin-SwiftPerFileCompile FileType.swift
SwiftCompile normal arm64 /Users/admin/builder/spi-builder-workspace/.dependencies/checkouts/FZSwiftUtils/Sources/FZSwiftUtils/Extensions/File\ &\ URL/FinderTags.swift (in target 'FZSwiftUtils' from project 'FZSwiftUtils')
cd /Users/admin/builder/spi-builder-workspace/.swiftpm/xcode
builtin-SwiftPerFileCompile FinderTags.swift
SwiftCompile normal arm64 /Users/admin/builder/spi-builder-workspace/.dependencies/checkouts/FZSwiftUtils/Sources/FZSwiftUtils/Extensions/File\ &\ URL/NSFilePromiseProvider+.swift (in target 'FZSwiftUtils' from project 'FZSwiftUtils')
cd /Users/admin/builder/spi-builder-workspace/.swiftpm/xcode
builtin-SwiftPerFileCompile NSFilePromiseProvider+.swift
SwiftCompile normal arm64 /Users/admin/builder/spi-builder-workspace/.dependencies/checkouts/FZSwiftUtils/Sources/FZSwiftUtils/Extensions/File\ &\ URL/NSMetadata+.swift (in target 'FZSwiftUtils' from project 'FZSwiftUtils')
cd /Users/admin/builder/spi-builder-workspace/.swiftpm/xcode
builtin-SwiftPerFileCompile NSMetadata+.swift
SwiftCompile normal arm64 /Users/admin/builder/spi-builder-workspace/.dependencies/checkouts/FZSwiftUtils/Sources/FZSwiftUtils/Extensions/File\ &\ URL/URL+.swift (in target 'FZSwiftUtils' from project 'FZSwiftUtils')
cd /Users/admin/builder/spi-builder-workspace/.swiftpm/xcode
builtin-SwiftPerFileCompile URL+.swift
SwiftCompile normal arm64 /Users/admin/builder/spi-builder-workspace/.dependencies/checkouts/FZSwiftUtils/Sources/FZSwiftUtils/Extensions/File\ &\ URL/URL+Attributes.swift (in target 'FZSwiftUtils' from project 'FZSwiftUtils')
cd /Users/admin/builder/spi-builder-workspace/.swiftpm/xcode
builtin-SwiftPerFileCompile URL+Attributes.swift
SwiftCompile normal arm64 /Users/admin/builder/spi-builder-workspace/.dependencies/checkouts/FZSwiftUtils/Sources/FZSwiftUtils/Extensions/File\ &\ URL/URL+DuplicateFiles.swift (in target 'FZSwiftUtils' from project 'FZSwiftUtils')
cd /Users/admin/builder/spi-builder-workspace/.swiftpm/xcode
builtin-SwiftPerFileCompile URL+DuplicateFiles.swift
SwiftCompile normal arm64 /Users/admin/builder/spi-builder-workspace/.dependencies/checkouts/FZSwiftUtils/Sources/FZSwiftUtils/Extensions/File\ &\ URL/URL+ExtendedAttributes.swift (in target 'FZSwiftUtils' from project 'FZSwiftUtils')
cd /Users/admin/builder/spi-builder-workspace/.swiftpm/xcode
builtin-SwiftPerFileCompile URL+ExtendedAttributes.swift
SwiftCompile normal arm64 /Users/admin/builder/spi-builder-workspace/.dependencies/checkouts/FZSwiftUtils/Sources/FZSwiftUtils/Extensions/File\ &\ URL/URL+Item.swift (in target 'FZSwiftUtils' from project 'FZSwiftUtils')
cd /Users/admin/builder/spi-builder-workspace/.swiftpm/xcode
builtin-SwiftPerFileCompile URL+Item.swift
SwiftCompile normal arm64 /Users/admin/builder/spi-builder-workspace/.dependencies/checkouts/FZSwiftUtils/Sources/FZSwiftUtils/Extensions/File\ &\ URL/URL+Iterate.swift (in target 'FZSwiftUtils' from project 'FZSwiftUtils')
cd /Users/admin/builder/spi-builder-workspace/.swiftpm/xcode
builtin-SwiftPerFileCompile URL+Iterate.swift
SwiftCompile normal arm64 /Users/admin/builder/spi-builder-workspace/.dependencies/checkouts/FZSwiftUtils/Sources/FZSwiftUtils/Extensions/File\ &\ URL/URLResources.swift (in target 'FZSwiftUtils' from project 'FZSwiftUtils')
cd /Users/admin/builder/spi-builder-workspace/.swiftpm/xcode
builtin-SwiftPerFileCompile URLResources.swift
SwiftCompile normal arm64 /Users/admin/builder/spi-builder-workspace/.dependencies/checkouts/FZSwiftUtils/Sources/FZSwiftUtils/Extensions/File\ &\ URL/UTType+.swift (in target 'FZSwiftUtils' from project 'FZSwiftUtils')
cd /Users/admin/builder/spi-builder-workspace/.swiftpm/xcode
builtin-SwiftPerFileCompile UTType+.swift
SwiftCompile normal arm64 /Users/admin/builder/spi-builder-workspace/.dependencies/checkouts/FZSwiftUtils/Sources/FZSwiftUtils/Extensions/Formatter/ByteCountFormatter+.swift (in target 'FZSwiftUtils' from project 'FZSwiftUtils')
cd /Users/admin/builder/spi-builder-workspace/.swiftpm/xcode
builtin-SwiftPerFileCompile ByteCountFormatter+.swift
SwiftCompile normal arm64 /Users/admin/builder/spi-builder-workspace/.dependencies/checkouts/FZSwiftUtils/Sources/FZSwiftUtils/Extensions/Formatter/DateFormatter+Multiple.swift (in target 'FZSwiftUtils' from project 'FZSwiftUtils')
cd /Users/admin/builder/spi-builder-workspace/.swiftpm/xcode
builtin-SwiftPerFileCompile DateFormatter+Multiple.swift
SwiftCompile normal arm64 /Users/admin/builder/spi-builder-workspace/.dependencies/checkouts/FZSwiftUtils/Sources/FZSwiftUtils/Extensions/Formatter/ListFormatter+.swift (in target 'FZSwiftUtils' from project 'FZSwiftUtils')
cd /Users/admin/builder/spi-builder-workspace/.swiftpm/xcode
builtin-SwiftPerFileCompile ListFormatter+.swift
SwiftCompile normal arm64 /Users/admin/builder/spi-builder-workspace/.dependencies/checkouts/FZSwiftUtils/Sources/FZSwiftUtils/Extensions/Formatter/MeasurementFormatter+.swift (in target 'FZSwiftUtils' from project 'FZSwiftUtils')
cd /Users/admin/builder/spi-builder-workspace/.swiftpm/xcode
builtin-SwiftPerFileCompile MeasurementFormatter+.swift
SwiftCompile normal arm64 /Users/admin/builder/spi-builder-workspace/.dependencies/checkouts/FZSwiftUtils/Sources/FZSwiftUtils/Extensions/Formatter/UnitInformationStorage+.swift (in target 'FZSwiftUtils' from project 'FZSwiftUtils')
cd /Users/admin/builder/spi-builder-workspace/.swiftpm/xcode
builtin-SwiftPerFileCompile UnitInformationStorage+.swift
SwiftCompile normal arm64 /Users/admin/builder/spi-builder-workspace/.dependencies/checkouts/FZSwiftUtils/Sources/FZSwiftUtils/Extensions/Hash/Digest+.swift (in target 'FZSwiftUtils' from project 'FZSwiftUtils')
cd /Users/admin/builder/spi-builder-workspace/.swiftpm/xcode
builtin-SwiftPerFileCompile Digest+.swift
SwiftCompile normal arm64 /Users/admin/builder/spi-builder-workspace/.dependencies/checkouts/FZSwiftUtils/Sources/FZSwiftUtils/Extensions/Hash/HashFunction+.swift (in target 'FZSwiftUtils' from project 'FZSwiftUtils')
cd /Users/admin/builder/spi-builder-workspace/.swiftpm/xcode
builtin-SwiftPerFileCompile HashFunction+.swift
SwiftCompile normal arm64 /Users/admin/builder/spi-builder-workspace/.dependencies/checkouts/FZSwiftUtils/Sources/FZSwiftUtils/Extensions/Hash/Hasher+.swift (in target 'FZSwiftUtils' from project 'FZSwiftUtils')
cd /Users/admin/builder/spi-builder-workspace/.swiftpm/xcode
builtin-SwiftPerFileCompile Hasher+.swift
SwiftCompile normal arm64 /Users/admin/builder/spi-builder-workspace/.dependencies/checkouts/FZSwiftUtils/Sources/FZSwiftUtils/Extensions/KVO/KeyValueObservation.swift (in target 'FZSwiftUtils' from project 'FZSwiftUtils')
cd /Users/admin/builder/spi-builder-workspace/.swiftpm/xcode
builtin-SwiftPerFileCompile KeyValueObservation.swift
SwiftCompile normal arm64 /Users/admin/builder/spi-builder-workspace/.dependencies/checkouts/FZSwiftUtils/Sources/FZSwiftUtils/Extensions/KVO/KeyValueObserver.swift (in target 'FZSwiftUtils' from project 'FZSwiftUtils')
cd /Users/admin/builder/spi-builder-workspace/.swiftpm/xcode
builtin-SwiftPerFileCompile KeyValueObserver.swift
SwiftCompile normal arm64 /Users/admin/builder/spi-builder-workspace/.dependencies/checkouts/FZSwiftUtils/Sources/FZSwiftUtils/Extensions/KVO/NSKeyValueChangeKey+.swift (in target 'FZSwiftUtils' from project 'FZSwiftUtils')
cd /Users/admin/builder/spi-builder-workspace/.swiftpm/xcode
builtin-SwiftPerFileCompile NSKeyValueChangeKey+.swift
SwiftDriverJobDiscovery normal arm64 Compiling MDQuery.swift, CFComparable.swift, CFStringKey.swift, CFType+CFConvertible.swift, CFType+CFTollFreeBridgeable.swift, CFType+CFTollFreeSwiftBridgeable.swift, CFType.swift, DLInfo+.swift, Data+.swift, Calendar+.swift, Date+.swift, DateComponentsFormatter+.swift, DateFormatter+.swift, DateFormatter+Components.swift, DateIntervalFormatter+.swift, ISO8601DateFormatter+.swift, RelativeDateTimeFormatter+.swift, NSCalendar+.swift, TimeZone.swift, DispatchQueue+.swift, DispatchWorkItem+.swift, Codable+.swift, CodingError+.swift, Decoder+.swift, Dictionary+Codable.swift (in target 'FZSwiftUtils' from project 'FZSwiftUtils')
SwiftCompile normal arm64 Compiling\ IPTC+CreatorContactInfo.swift,\ IPTC+DataOnScreen.swift,\ IPTC+DopesheetLink.swift,\ IPTC+EncodedRightsExpression.swift,\ IPTC+Episode.swift,\ IPTC+Genre.swift,\ IPTC+Location.swift,\ IPTC+PersonHeard.swift,\ IPTC+PersonInImage.swift,\ IPTC+ProductInImage.swift,\ IPTC+PublicationEvent.swift,\ IPTC+Rating.swift,\ IPTC+Region.swift,\ IPTC+RegistryEntry.swift,\ IPTC+Season.swift,\ IPTC+Series.swift,\ IPTC+ShownEvent.swift,\ IPTC+SupplyChainSource.swift,\ IPTC+TranscriptLink.swift,\ IPTC+VideoShotType.swift,\ IPTC+WorkflowTag.swift,\ AuxiliaryData.swift,\ CIFF.swift,\ EXIF+HumanReadable.swift,\ EXIF.swift /Users/admin/builder/spi-builder-workspace/.dependencies/checkouts/FZSwiftUtils/Sources/FZSwiftUtils/Utils/ImageSource/ImageProperties/Common/Additions/IPTC+CreatorContactInfo.swift /Users/admin/builder/spi-builder-workspace/.dependencies/checkouts/FZSwiftUtils/Sources/FZSwiftUtils/Utils/ImageSource/ImageProperties/Common/Additions/IPTC+DataOnScreen.swift /Users/admin/builder/spi-builder-workspace/.dependencies/checkouts/FZSwiftUtils/Sources/FZSwiftUtils/Utils/ImageSource/ImageProperties/Common/Additions/IPTC+DopesheetLink.swift /Users/admin/builder/spi-builder-workspace/.dependencies/checkouts/FZSwiftUtils/Sources/FZSwiftUtils/Utils/ImageSource/ImageProperties/Common/Additions/IPTC+EncodedRightsExpression.swift /Users/admin/builder/spi-builder-workspace/.dependencies/checkouts/FZSwiftUtils/Sources/FZSwiftUtils/Utils/ImageSource/ImageProperties/Common/Additions/IPTC+Episode.swift /Users/admin/builder/spi-builder-workspace/.dependencies/checkouts/FZSwiftUtils/Sources/FZSwiftUtils/Utils/ImageSource/ImageProperties/Common/Additions/IPTC+Genre.swift /Users/admin/builder/spi-builder-workspace/.dependencies/checkouts/FZSwiftUtils/Sources/FZSwiftUtils/Utils/ImageSource/ImageProperties/Common/Additions/IPTC+Location.swift /Users/admin/builder/spi-builder-workspace/.dependencies/checkouts/FZSwiftUtils/Sources/FZSwiftUtils/Utils/ImageSource/ImageProperties/Common/Additions/IPTC+PersonHeard.swift /Users/admin/builder/spi-builder-workspace/.dependencies/checkouts/FZSwiftUtils/Sources/FZSwiftUtils/Utils/ImageSource/ImageProperties/Common/Additions/IPTC+PersonInImage.swift /Users/admin/builder/spi-builder-workspace/.dependencies/checkouts/FZSwiftUtils/Sources/FZSwiftUtils/Utils/ImageSource/ImageProperties/Common/Additions/IPTC+ProductInImage.swift /Users/admin/builder/spi-builder-workspace/.dependencies/checkouts/FZSwiftUtils/Sources/FZSwiftUtils/Utils/ImageSource/ImageProperties/Common/Additions/IPTC+PublicationEvent.swift /Users/admin/builder/spi-builder-workspace/.dependencies/checkouts/FZSwiftUtils/Sources/FZSwiftUtils/Utils/ImageSource/ImageProperties/Common/Additions/IPTC+Rating.swift /Users/admin/builder/spi-builder-workspace/.dependencies/checkouts/FZSwiftUtils/Sources/FZSwiftUtils/Utils/ImageSource/ImageProperties/Common/Additions/IPTC+Region.swift /Users/admin/builder/spi-builder-workspace/.dependencies/checkouts/FZSwiftUtils/Sources/FZSwiftUtils/Utils/ImageSource/ImageProperties/Common/Additions/IPTC+RegistryEntry.swift /Users/admin/builder/spi-builder-workspace/.dependencies/checkouts/FZSwiftUtils/Sources/FZSwiftUtils/Utils/ImageSource/ImageProperties/Common/Additions/IPTC+Season.swift /Users/admin/builder/spi-builder-workspace/.dependencies/checkouts/FZSwiftUtils/Sources/FZSwiftUtils/Utils/ImageSource/ImageProperties/Common/Additions/IPTC+Series.swift /Users/admin/builder/spi-builder-workspace/.dependencies/checkouts/FZSwiftUtils/Sources/FZSwiftUtils/Utils/ImageSource/ImageProperties/Common/Additions/IPTC+ShownEvent.swift /Users/admin/builder/spi-builder-workspace/.dependencies/checkouts/FZSwiftUtils/Sources/FZSwiftUtils/Utils/ImageSource/ImageProperties/Common/Additions/IPTC+SupplyChainSource.swift /Users/admin/builder/spi-builder-workspace/.dependencies/checkouts/FZSwiftUtils/Sources/FZSwiftUtils/Utils/ImageSource/ImageProperties/Common/Additions/IPTC+TranscriptLink.swift /Users/admin/builder/spi-builder-workspace/.dependencies/checkouts/FZSwiftUtils/Sources/FZSwiftUtils/Utils/ImageSource/ImageProperties/Common/Additions/IPTC+VideoShotType.swift /Users/admin/builder/spi-builder-workspace/.dependencies/checkouts/FZSwiftUtils/Sources/FZSwiftUtils/Utils/ImageSource/ImageProperties/Common/Additions/IPTC+WorkflowTag.swift /Users/admin/builder/spi-builder-workspace/.dependencies/checkouts/FZSwiftUtils/Sources/FZSwiftUtils/Utils/ImageSource/ImageProperties/Common/AuxiliaryData.swift /Users/admin/builder/spi-builder-workspace/.dependencies/checkouts/FZSwiftUtils/Sources/FZSwiftUtils/Utils/ImageSource/ImageProperties/Common/CIFF.swift /Users/admin/builder/spi-builder-workspace/.dependencies/checkouts/FZSwiftUtils/Sources/FZSwiftUtils/Utils/ImageSource/ImageProperties/Common/EXIF+HumanReadable.swift /Users/admin/builder/spi-builder-workspace/.dependencies/checkouts/FZSwiftUtils/Sources/FZSwiftUtils/Utils/ImageSource/ImageProperties/Common/EXIF.swift (in target 'FZSwiftUtils' from project 'FZSwiftUtils')
SwiftCompile normal arm64 /Users/admin/builder/spi-builder-workspace/.dependencies/checkouts/FZSwiftUtils/Sources/FZSwiftUtils/Utils/ImageSource/ImageProperties/Common/Additions/IPTC+CreatorContactInfo.swift (in target 'FZSwiftUtils' from project 'FZSwiftUtils')
cd /Users/admin/builder/spi-builder-workspace/.swiftpm/xcode
builtin-SwiftPerFileCompile IPTC+CreatorContactInfo.swift
SwiftCompile normal arm64 /Users/admin/builder/spi-builder-workspace/.dependencies/checkouts/FZSwiftUtils/Sources/FZSwiftUtils/Utils/ImageSource/ImageProperties/Common/Additions/IPTC+DataOnScreen.swift (in target 'FZSwiftUtils' from project 'FZSwiftUtils')
cd /Users/admin/builder/spi-builder-workspace/.swiftpm/xcode
builtin-SwiftPerFileCompile IPTC+DataOnScreen.swift
SwiftCompile normal arm64 /Users/admin/builder/spi-builder-workspace/.dependencies/checkouts/FZSwiftUtils/Sources/FZSwiftUtils/Utils/ImageSource/ImageProperties/Common/Additions/IPTC+DopesheetLink.swift (in target 'FZSwiftUtils' from project 'FZSwiftUtils')
cd /Users/admin/builder/spi-builder-workspace/.swiftpm/xcode
builtin-SwiftPerFileCompile IPTC+DopesheetLink.swift
SwiftCompile normal arm64 /Users/admin/builder/spi-builder-workspace/.dependencies/checkouts/FZSwiftUtils/Sources/FZSwiftUtils/Utils/ImageSource/ImageProperties/Common/Additions/IPTC+EncodedRightsExpression.swift (in target 'FZSwiftUtils' from project 'FZSwiftUtils')
cd /Users/admin/builder/spi-builder-workspace/.swiftpm/xcode
builtin-SwiftPerFileCompile IPTC+EncodedRightsExpression.swift
SwiftCompile normal arm64 /Users/admin/builder/spi-builder-workspace/.dependencies/checkouts/FZSwiftUtils/Sources/FZSwiftUtils/Utils/ImageSource/ImageProperties/Common/Additions/IPTC+Episode.swift (in target 'FZSwiftUtils' from project 'FZSwiftUtils')
cd /Users/admin/builder/spi-builder-workspace/.swiftpm/xcode
builtin-SwiftPerFileCompile IPTC+Episode.swift
SwiftCompile normal arm64 /Users/admin/builder/spi-builder-workspace/.dependencies/checkouts/FZSwiftUtils/Sources/FZSwiftUtils/Utils/ImageSource/ImageProperties/Common/Additions/IPTC+Genre.swift (in target 'FZSwiftUtils' from project 'FZSwiftUtils')
cd /Users/admin/builder/spi-builder-workspace/.swiftpm/xcode
builtin-SwiftPerFileCompile IPTC+Genre.swift
SwiftCompile normal arm64 /Users/admin/builder/spi-builder-workspace/.dependencies/checkouts/FZSwiftUtils/Sources/FZSwiftUtils/Utils/ImageSource/ImageProperties/Common/Additions/IPTC+Location.swift (in target 'FZSwiftUtils' from project 'FZSwiftUtils')
cd /Users/admin/builder/spi-builder-workspace/.swiftpm/xcode
builtin-SwiftPerFileCompile IPTC+Location.swift
SwiftCompile normal arm64 /Users/admin/builder/spi-builder-workspace/.dependencies/checkouts/FZSwiftUtils/Sources/FZSwiftUtils/Utils/ImageSource/ImageProperties/Common/Additions/IPTC+PersonHeard.swift (in target 'FZSwiftUtils' from project 'FZSwiftUtils')
cd /Users/admin/builder/spi-builder-workspace/.swiftpm/xcode
builtin-SwiftPerFileCompile IPTC+PersonHeard.swift
SwiftCompile normal arm64 /Users/admin/builder/spi-builder-workspace/.dependencies/checkouts/FZSwiftUtils/Sources/FZSwiftUtils/Utils/ImageSource/ImageProperties/Common/Additions/IPTC+PersonInImage.swift (in target 'FZSwiftUtils' from project 'FZSwiftUtils')
cd /Users/admin/builder/spi-builder-workspace/.swiftpm/xcode
builtin-SwiftPerFileCompile IPTC+PersonInImage.swift
SwiftCompile normal arm64 /Users/admin/builder/spi-builder-workspace/.dependencies/checkouts/FZSwiftUtils/Sources/FZSwiftUtils/Utils/ImageSource/ImageProperties/Common/Additions/IPTC+ProductInImage.swift (in target 'FZSwiftUtils' from project 'FZSwiftUtils')
cd /Users/admin/builder/spi-builder-workspace/.swiftpm/xcode
builtin-SwiftPerFileCompile IPTC+ProductInImage.swift
SwiftCompile normal arm64 /Users/admin/builder/spi-builder-workspace/.dependencies/checkouts/FZSwiftUtils/Sources/FZSwiftUtils/Utils/ImageSource/ImageProperties/Common/Additions/IPTC+PublicationEvent.swift (in target 'FZSwiftUtils' from project 'FZSwiftUtils')
cd /Users/admin/builder/spi-builder-workspace/.swiftpm/xcode
builtin-SwiftPerFileCompile IPTC+PublicationEvent.swift
SwiftCompile normal arm64 /Users/admin/builder/spi-builder-workspace/.dependencies/checkouts/FZSwiftUtils/Sources/FZSwiftUtils/Utils/ImageSource/ImageProperties/Common/Additions/IPTC+Rating.swift (in target 'FZSwiftUtils' from project 'FZSwiftUtils')
cd /Users/admin/builder/spi-builder-workspace/.swiftpm/xcode
builtin-SwiftPerFileCompile IPTC+Rating.swift
SwiftCompile normal arm64 /Users/admin/builder/spi-builder-workspace/.dependencies/checkouts/FZSwiftUtils/Sources/FZSwiftUtils/Utils/ImageSource/ImageProperties/Common/Additions/IPTC+Region.swift (in target 'FZSwiftUtils' from project 'FZSwiftUtils')
cd /Users/admin/builder/spi-builder-workspace/.swiftpm/xcode
builtin-SwiftPerFileCompile IPTC+Region.swift
SwiftCompile normal arm64 /Users/admin/builder/spi-builder-workspace/.dependencies/checkouts/FZSwiftUtils/Sources/FZSwiftUtils/Utils/ImageSource/ImageProperties/Common/Additions/IPTC+RegistryEntry.swift (in target 'FZSwiftUtils' from project 'FZSwiftUtils')
cd /Users/admin/builder/spi-builder-workspace/.swiftpm/xcode
builtin-SwiftPerFileCompile IPTC+RegistryEntry.swift
SwiftCompile normal arm64 /Users/admin/builder/spi-builder-workspace/.dependencies/checkouts/FZSwiftUtils/Sources/FZSwiftUtils/Utils/ImageSource/ImageProperties/Common/Additions/IPTC+Season.swift (in target 'FZSwiftUtils' from project 'FZSwiftUtils')
cd /Users/admin/builder/spi-builder-workspace/.swiftpm/xcode
builtin-SwiftPerFileCompile IPTC+Season.swift
SwiftCompile normal arm64 /Users/admin/builder/spi-builder-workspace/.dependencies/checkouts/FZSwiftUtils/Sources/FZSwiftUtils/Utils/ImageSource/ImageProperties/Common/Additions/IPTC+Series.swift (in target 'FZSwiftUtils' from project 'FZSwiftUtils')
cd /Users/admin/builder/spi-builder-workspace/.swiftpm/xcode
builtin-SwiftPerFileCompile IPTC+Series.swift
SwiftCompile normal arm64 /Users/admin/builder/spi-builder-workspace/.dependencies/checkouts/FZSwiftUtils/Sources/FZSwiftUtils/Utils/ImageSource/ImageProperties/Common/Additions/IPTC+ShownEvent.swift (in target 'FZSwiftUtils' from project 'FZSwiftUtils')
cd /Users/admin/builder/spi-builder-workspace/.swiftpm/xcode
builtin-SwiftPerFileCompile IPTC+ShownEvent.swift
SwiftCompile normal arm64 /Users/admin/builder/spi-builder-workspace/.dependencies/checkouts/FZSwiftUtils/Sources/FZSwiftUtils/Utils/ImageSource/ImageProperties/Common/Additions/IPTC+SupplyChainSource.swift (in target 'FZSwiftUtils' from project 'FZSwiftUtils')
cd /Users/admin/builder/spi-builder-workspace/.swiftpm/xcode
builtin-SwiftPerFileCompile IPTC+SupplyChainSource.swift
SwiftCompile normal arm64 /Users/admin/builder/spi-builder-workspace/.dependencies/checkouts/FZSwiftUtils/Sources/FZSwiftUtils/Utils/ImageSource/ImageProperties/Common/Additions/IPTC+TranscriptLink.swift (in target 'FZSwiftUtils' from project 'FZSwiftUtils')
cd /Users/admin/builder/spi-builder-workspace/.swiftpm/xcode
builtin-SwiftPerFileCompile IPTC+TranscriptLink.swift
SwiftCompile normal arm64 /Users/admin/builder/spi-builder-workspace/.dependencies/checkouts/FZSwiftUtils/Sources/FZSwiftUtils/Utils/ImageSource/ImageProperties/Common/Additions/IPTC+VideoShotType.swift (in target 'FZSwiftUtils' from project 'FZSwiftUtils')
cd /Users/admin/builder/spi-builder-workspace/.swiftpm/xcode
builtin-SwiftPerFileCompile IPTC+VideoShotType.swift
SwiftCompile normal arm64 /Users/admin/builder/spi-builder-workspace/.dependencies/checkouts/FZSwiftUtils/Sources/FZSwiftUtils/Utils/ImageSource/ImageProperties/Common/Additions/IPTC+WorkflowTag.swift (in target 'FZSwiftUtils' from project 'FZSwiftUtils')
cd /Users/admin/builder/spi-builder-workspace/.swiftpm/xcode
builtin-SwiftPerFileCompile IPTC+WorkflowTag.swift
SwiftCompile normal arm64 /Users/admin/builder/spi-builder-workspace/.dependencies/checkouts/FZSwiftUtils/Sources/FZSwiftUtils/Utils/ImageSource/ImageProperties/Common/AuxiliaryData.swift (in target 'FZSwiftUtils' from project 'FZSwiftUtils')
cd /Users/admin/builder/spi-builder-workspace/.swiftpm/xcode
builtin-SwiftPerFileCompile AuxiliaryData.swift
SwiftCompile normal arm64 /Users/admin/builder/spi-builder-workspace/.dependencies/checkouts/FZSwiftUtils/Sources/FZSwiftUtils/Utils/ImageSource/ImageProperties/Common/CIFF.swift (in target 'FZSwiftUtils' from project 'FZSwiftUtils')
cd /Users/admin/builder/spi-builder-workspace/.swiftpm/xcode
builtin-SwiftPerFileCompile CIFF.swift
SwiftCompile normal arm64 /Users/admin/builder/spi-builder-workspace/.dependencies/checkouts/FZSwiftUtils/Sources/FZSwiftUtils/Utils/ImageSource/ImageProperties/Common/EXIF+HumanReadable.swift (in target 'FZSwiftUtils' from project 'FZSwiftUtils')
cd /Users/admin/builder/spi-builder-workspace/.swiftpm/xcode
builtin-SwiftPerFileCompile EXIF+HumanReadable.swift
SwiftCompile normal arm64 /Users/admin/builder/spi-builder-workspace/.dependencies/checkouts/FZSwiftUtils/Sources/FZSwiftUtils/Utils/ImageSource/ImageProperties/Common/EXIF.swift (in target 'FZSwiftUtils' from project 'FZSwiftUtils')
cd /Users/admin/builder/spi-builder-workspace/.swiftpm/xcode
builtin-SwiftPerFileCompile EXIF.swift
SwiftDriverJobDiscovery normal arm64 Compiling OrderedDictionary.swift, OrderedSet.swift, Queue.swift, SelectableArray.swift, Stack.swift, SynchronizedArray.swift, SynchronizedContiguousArray.swift, SynchronizedDictionary.swift, SyncrhonizedSet.swift, DataSize.swift, FractionalPoint.swift, AudioCodec.swift, AudioFormatOptions.swift, MediaFormatTypes.swift, VideoCodec.swift, NSRectCorner.swift, Point3D.swift, RectEdge.swift, RectEdgeCorner.swift, Rotation.swift, RotationAngle.swift, Scale.swift, TimeDuration+FormatStyle.swift, TimeDuration.swift, TimeStamp.swift (in target 'FZSwiftUtils' from project 'FZSwiftUtils')
SwiftDriverJobDiscovery normal arm64 Compiling Sequence+Index.swift, Sequence+Keypath.swift, Sequence+Occurency.swift, Sequence+Print.swift, Sequence+Random.swift, Sequence+Rotate.swift, Sequence+Sort+Comparator.swift, Sequence+Sort.swift, Sequence+String.swift, Sequence+Unique.swift, Sequence+Zip.swift, Set+.swift, CFAllocator+.swift, CFArray+.swift, CFComparisonResult+.swift, CFData+.swift, CFDictionary+.swift, CFNumber+.swift, CFRunLoop+.swift, CFRunLoopObserver+.swift, CFString+.swift, CGImageMetadata+.swift, CGImageMetadataTag+.swift, CGMutableImageMetadata+.swift, ColorSyncProfile+.swift (in target 'FZSwiftUtils' from project 'FZSwiftUtils')
SwiftDriverJobDiscovery normal arm64 Compiling Hook+AddMethod.swift, Hook+Class.swift, Hook+Closure.swift, Hook+Deinit.swift, Hook+Object.swift, Hook.swift, NSObject+ClassHook.swift, NSObject+ClassInstanceHook.swift, NSObject+Hook.swift, NSObject+Unhook.swift, ClassHook.swift, ClassInstanceHook.swift, ObjectHook.swift, AnyObject+DynamicClass.swift, AnyObject+HookClosures.swift, FFICIFContext.swift, FFIClosureContext.swift, HookCommon.swift, HookContext+InsteadContext.swift, HookContext+OverrideSuperContext.swift, HookContext.swift, HookStorage.swift, KVOWrapper.swift, NSObject+SelectorName.swift, ParametersCheck.swift (in target 'FZSwiftUtils' from project 'FZSwiftUtils')
SwiftDriverJobDiscovery normal arm64 Compiling HTTPRequestHeaderField.swift, HTTPRequestHeaders.swift, HTTPURLResponse+.swift, URL+Redirect.swift, URLComponents+.swift, URLRequest+.swift, URLRequest+CURL.swift, URLResponse+.swift, URLSession+.swift, URLSession+PartialFileDownloadTask.swift, URLSession+Sync.swift, URLSessionConfiguration+.swift, URLSessionDataTask+Resume.swift, URLSessionTask+.swift, Notification+.swift, NotificationCenter+.swift, Operation+.swift, OperationQueue+.swift, NSComparisonPredicate+.swift, NSComparisonPredicate+Expression.swift, NSExpression+.swift, NSPredicate+.swift, NSPredicate+Operator.swift, Predicates.swift, Process+.swift (in target 'FZSwiftUtils' from project 'FZSwiftUtils')
SwiftDriverJobDiscovery normal arm64 Compiling ObjCClassNode.swift, ObjCHeader.swift, ObjCHeaderSimple.swift, ObjCIvar.swift, ObjCProperty.swift, ObjCProtocol.swift, ObjCRuntime.swift, ObjcDynamicLibrary.swift, ObjcMethod.swift, NSAttributedString+ObjCHeader.swift, NSTextView+ObjCHeader.swift, AsyncOperation.swift, Debouncer.swift, PausableOperationQueue.swift, Thottler.swift, OutlineItem.swift, PropertyListConvertible.swift, RuntimeError.swift, Stream.swift, Swizzle.swift, Synchronized.swift, ThroughputFormatter.swift, TryPrint.swift, UnfairLock.swift, Weak.swift (in target 'FZSwiftUtils' from project 'FZSwiftUtils')
SwiftDriverJobDiscovery normal arm64 Emitting module for FZSwiftUtils (in target 'FZSwiftUtils' from project 'FZSwiftUtils')
SwiftDriver\ Compilation\ Requirements FZSwiftUtils normal arm64 com.apple.xcode.tools.swift.compiler (in target 'FZSwiftUtils' from project 'FZSwiftUtils')
cd /Users/admin/builder/spi-builder-workspace/.swiftpm/xcode
builtin-Swift-Compilation-Requirements -- /Applications/Xcode-27.0.0-Release.Candidate.app/Contents/Developer/Toolchains/XcodeDefault.xctoolchain/usr/bin/swiftc -parse-as-library -module-name FZSwiftUtils -Onone @/Users/admin/builder/spi-builder-workspace/.derivedData/Build/Intermediates.noindex/FZSwiftUtils.build/Debug/FZSwiftUtils-t.build/Objects-normal/arm64/FZSwiftUtils.SwiftFileList -DSWIFT_PACKAGE -DDEBUG -DSWIFT_MODULE_RESOURCE_BUNDLE_UNAVAILABLE -Xcc -fmodule-map-file\=/Users/admin/builder/spi-builder-workspace/.derivedData/Build/Intermediates.noindex/GeneratedModuleMaps/_FZSwiftUtilsObjC.modulemap -Xcc -fmodule-map-file\=/Users/admin/builder/spi-builder-workspace/.dependencies/checkouts/FZSwiftUtils/Sources/Libffi/include/module.modulemap -DXcode -plugin-path /Applications/Xcode-27.0.0-Release.Candidate.app/Contents/Developer/Toolchains/XcodeDefault.xctoolchain/usr/lib/swift/host/plugins/testing -enable-experimental-feature DebugDescriptionMacro -sdk /Applications/Xcode-27.0.0-Release.Candidate.app/Contents/Developer/Platforms/MacOSX.platform/Developer/SDKs/MacOSX27.0.sdk -target arm64-apple-macos12.0 -g -module-cache-path /Users/admin/builder/spi-builder-workspace/.derivedData/ModuleCache.noindex -Xfrontend -serialize-debugging-options -enable-testing -suppress-warnings -index-store-path /Users/admin/builder/spi-builder-workspace/.derivedData/Index.noindex/DataStore -Xcc -D_LIBCPP_HARDENING_MODE\=_LIBCPP_HARDENING_MODE_DEBUG -swift-version 5 -I /Users/admin/builder/spi-builder-workspace/.derivedData/Build/Products/Debug -Isystem /Applications/Xcode-27.0.0-Release.Candidate.app/Contents/Developer/Platforms/MacOSX.platform/Developer/usr/lib -F /Users/admin/builder/spi-builder-workspace/.derivedData/Build/Products/Debug/PackageFrameworks -F /Users/admin/builder/spi-builder-workspace/.derivedData/Build/Products/Debug -F /Applications/Xcode-27.0.0-Release.Candidate.app/Contents/Developer/Platforms/MacOSX.platform/Developer/Library/Frameworks -c -j10 -enable-batch-mode -incremental -Xcc -ivfsstatcache -Xcc /Users/admin/builder/spi-builder-workspace/.derivedData/SDKStatCaches.noindex/macosx27.0-26A425-e829b21a6f8c9b70876ba0858053c0446a22442a12e9d48fe1a705f55a1adfc4.sdkstatcache -output-file-map /Users/admin/builder/spi-builder-workspace/.derivedData/Build/Intermediates.noindex/FZSwiftUtils.build/Debug/FZSwiftUtils-t.build/Objects-normal/arm64/FZSwiftUtils-OutputFileMap.json -save-temps -no-color-diagnostics -explicit-module-build -module-cache-path /Users/admin/builder/spi-builder-workspace/.derivedData/Build/Intermediates.noindex/SwiftExplicitPrecompiledModules -clang-scanner-module-cache-path /Users/admin/builder/spi-builder-workspace/.derivedData/ModuleCache.noindex -sdk-module-cache-path /Users/admin/builder/spi-builder-workspace/.derivedData/SDKExplicitPrecompiledModules -emit-dependencies -emit-module -emit-module-path /Users/admin/builder/spi-builder-workspace/.derivedData/Build/Intermediates.noindex/FZSwiftUtils.build/Debug/FZSwiftUtils-t.build/Objects-normal/arm64/FZSwiftUtils.swiftmodule -serialize-diagnostics -dependency-scan-serialize-diagnostics-path /Users/admin/builder/spi-builder-workspace/.derivedData/Build/Intermediates.noindex/FZSwiftUtils.build/Debug/FZSwiftUtils-t.build/Objects-normal/arm64/FZSwiftUtils-dependency-scan.dia -validate-clang-modules-once -clang-build-session-file /Users/admin/builder/spi-builder-workspace/.derivedData/ModuleCache.noindex/Session.modulevalidation -Xcc -fmodules-prune-interval\=86400 -Xcc -fmodules-prune-after\=345600 -package-name fzswiftutils -emit-const-values -const-gather-protocols-list /Users/admin/builder/spi-builder-workspace/.derivedData/Build/Intermediates.noindex/FZSwiftUtils.build/Debug/FZSwiftUtils-t.build/Objects-normal/arm64/FZSwiftUtils_const_extract_protocols.json -Xcc -I/Users/admin/builder/spi-builder-workspace/.dependencies/checkouts/FZSwiftUtils/Sources/FZSwiftUtils+ObjC/include -Xcc -I/Users/admin/builder/spi-builder-workspace/.dependencies/checkouts/FZSwiftUtils/Sources/Libffi/include -Xcc -I/Users/admin/builder/spi-builder-workspace/.derivedData/Build/Products/Debug/include -Xcc -I/Users/admin/builder/spi-builder-workspace/.derivedData/Build/Intermediates.noindex/FZSwiftUtils.build/Debug/FZSwiftUtils-t.build/DerivedSources-normal/arm64 -Xcc -I/Users/admin/builder/spi-builder-workspace/.derivedData/Build/Intermediates.noindex/FZSwiftUtils.build/Debug/FZSwiftUtils-t.build/DerivedSources/arm64 -Xcc -I/Users/admin/builder/spi-builder-workspace/.derivedData/Build/Intermediates.noindex/FZSwiftUtils.build/Debug/FZSwiftUtils-t.build/DerivedSources -Xcc -DSWIFT_PACKAGE -Xcc -DDEBUG\=1 -emit-objc-header -emit-objc-header-path /Users/admin/builder/spi-builder-workspace/.derivedData/Build/Intermediates.noindex/FZSwiftUtils.build/Debug/FZSwiftUtils-t.build/Objects-normal/arm64/FZSwiftUtils-Swift.h -working-directory /Users/admin/builder/spi-builder-workspace/.swiftpm/xcode -experimental-emit-module-separately -disable-cmo
SwiftMergeGeneratedHeaders /Users/admin/builder/spi-builder-workspace/.derivedData/Build/Intermediates.noindex/GeneratedModuleMaps/FZSwiftUtils-Swift.h /Users/admin/builder/spi-builder-workspace/.derivedData/Build/Intermediates.noindex/FZSwiftUtils.build/Debug/FZSwiftUtils-t.build/Objects-normal/arm64/FZSwiftUtils-Swift.h (in target 'FZSwiftUtils' from project 'FZSwiftUtils')
cd /Users/admin/builder/spi-builder-workspace/.dependencies/checkouts/FZSwiftUtils
builtin-swiftHeaderTool -arch arm64 /Users/admin/builder/spi-builder-workspace/.derivedData/Build/Intermediates.noindex/FZSwiftUtils.build/Debug/FZSwiftUtils-t.build/Objects-normal/arm64/FZSwiftUtils-Swift.h -o /Users/admin/builder/spi-builder-workspace/.derivedData/Build/Intermediates.noindex/GeneratedModuleMaps/FZSwiftUtils-Swift.h
Copy /Users/admin/builder/spi-builder-workspace/.derivedData/Build/Products/Debug/FZSwiftUtils.swiftmodule/arm64-apple-macos.swiftmodule /Users/admin/builder/spi-builder-workspace/.derivedData/Build/Intermediates.noindex/FZSwiftUtils.build/Debug/FZSwiftUtils-t.build/Objects-normal/arm64/FZSwiftUtils.swiftmodule (in target 'FZSwiftUtils' from project 'FZSwiftUtils')
cd /Users/admin/builder/spi-builder-workspace/.dependencies/checkouts/FZSwiftUtils
builtin-copy -exclude .DS_Store -exclude CVS -exclude .svn -exclude .git -exclude .hg -resolve-src-symlinks -rename /Users/admin/builder/spi-builder-workspace/.derivedData/Build/Intermediates.noindex/FZSwiftUtils.build/Debug/FZSwiftUtils-t.build/Objects-normal/arm64/FZSwiftUtils.swiftmodule /Users/admin/builder/spi-builder-workspace/.derivedData/Build/Products/Debug/FZSwiftUtils.swiftmodule/arm64-apple-macos.swiftmodule
Copy /Users/admin/builder/spi-builder-workspace/.derivedData/Build/Products/Debug/FZSwiftUtils.swiftmodule/arm64-apple-macos.abi.json /Users/admin/builder/spi-builder-workspace/.derivedData/Build/Intermediates.noindex/FZSwiftUtils.build/Debug/FZSwiftUtils-t.build/Objects-normal/arm64/FZSwiftUtils.abi.json (in target 'FZSwiftUtils' from project 'FZSwiftUtils')
cd /Users/admin/builder/spi-builder-workspace/.dependencies/checkouts/FZSwiftUtils
builtin-copy -exclude .DS_Store -exclude CVS -exclude .svn -exclude .git -exclude .hg -resolve-src-symlinks -rename /Users/admin/builder/spi-builder-workspace/.derivedData/Build/Intermediates.noindex/FZSwiftUtils.build/Debug/FZSwiftUtils-t.build/Objects-normal/arm64/FZSwiftUtils.abi.json /Users/admin/builder/spi-builder-workspace/.derivedData/Build/Products/Debug/FZSwiftUtils.swiftmodule/arm64-apple-macos.abi.json
Copy /Users/admin/builder/spi-builder-workspace/.derivedData/Build/Products/Debug/FZSwiftUtils.swiftmodule/arm64-apple-macos.swiftdoc /Users/admin/builder/spi-builder-workspace/.derivedData/Build/Intermediates.noindex/FZSwiftUtils.build/Debug/FZSwiftUtils-t.build/Objects-normal/arm64/FZSwiftUtils.swiftdoc (in target 'FZSwiftUtils' from project 'FZSwiftUtils')
cd /Users/admin/builder/spi-builder-workspace/.dependencies/checkouts/FZSwiftUtils
builtin-copy -exclude .DS_Store -exclude CVS -exclude .svn -exclude .git -exclude .hg -resolve-src-symlinks -rename /Users/admin/builder/spi-builder-workspace/.derivedData/Build/Intermediates.noindex/FZSwiftUtils.build/Debug/FZSwiftUtils-t.build/Objects-normal/arm64/FZSwiftUtils.swiftdoc /Users/admin/builder/spi-builder-workspace/.derivedData/Build/Products/Debug/FZSwiftUtils.swiftmodule/arm64-apple-macos.swiftdoc
Copy /Users/admin/builder/spi-builder-workspace/.derivedData/Build/Products/Debug/FZSwiftUtils.swiftmodule/Project/arm64-apple-macos.swiftsourceinfo /Users/admin/builder/spi-builder-workspace/.derivedData/Build/Intermediates.noindex/FZSwiftUtils.build/Debug/FZSwiftUtils-t.build/Objects-normal/arm64/FZSwiftUtils.swiftsourceinfo (in target 'FZSwiftUtils' from project 'FZSwiftUtils')
cd /Users/admin/builder/spi-builder-workspace/.dependencies/checkouts/FZSwiftUtils
builtin-copy -exclude .DS_Store -exclude CVS -exclude .svn -exclude .git -exclude .hg -resolve-src-symlinks -rename /Users/admin/builder/spi-builder-workspace/.derivedData/Build/Intermediates.noindex/FZSwiftUtils.build/Debug/FZSwiftUtils-t.build/Objects-normal/arm64/FZSwiftUtils.swiftsourceinfo /Users/admin/builder/spi-builder-workspace/.derivedData/Build/Products/Debug/FZSwiftUtils.swiftmodule/Project/arm64-apple-macos.swiftsourceinfo
SwiftDriver FZQuicklook normal arm64 com.apple.xcode.tools.swift.compiler (in target 'FZQuicklook' from project 'FZQuicklook')
cd /Users/admin/builder/spi-builder-workspace/.swiftpm/xcode
builtin-SwiftDriver -- /Applications/Xcode-27.0.0-Release.Candidate.app/Contents/Developer/Toolchains/XcodeDefault.xctoolchain/usr/bin/swiftc -parse-as-library -module-name FZQuicklook -Onone @/Users/admin/builder/spi-builder-workspace/.derivedData/Build/Intermediates.noindex/FZQuicklook.build/Debug/FZQuicklook-t.build/Objects-normal/arm64/FZQuicklook.SwiftFileList -DSWIFT_PACKAGE -DDEBUG -DSWIFT_MODULE_RESOURCE_BUNDLE_UNAVAILABLE -Xcc -fmodule-map-file\=/Users/admin/builder/spi-builder-workspace/.derivedData/Build/Intermediates.noindex/GeneratedModuleMaps/_FZSwiftUtilsObjC.modulemap -Xcc -fmodule-map-file\=/Users/admin/builder/spi-builder-workspace/.dependencies/checkouts/FZSwiftUtils/Sources/Libffi/include/module.modulemap -DXcode -plugin-path /Applications/Xcode-27.0.0-Release.Candidate.app/Contents/Developer/Toolchains/XcodeDefault.xctoolchain/usr/lib/swift/host/plugins/testing -enable-experimental-feature DebugDescriptionMacro -sdk /Applications/Xcode-27.0.0-Release.Candidate.app/Contents/Developer/Platforms/MacOSX.platform/Developer/SDKs/MacOSX27.0.sdk -target arm64-apple-macos12.0 -g -module-cache-path /Users/admin/builder/spi-builder-workspace/.derivedData/ModuleCache.noindex -Xfrontend -serialize-debugging-options -enable-testing -index-store-path /Users/admin/builder/spi-builder-workspace/.derivedData/Index.noindex/DataStore -Xcc -D_LIBCPP_HARDENING_MODE\=_LIBCPP_HARDENING_MODE_DEBUG -swift-version 5 -I /Users/admin/builder/spi-builder-workspace/.derivedData/Build/Products/Debug -Isystem /Applications/Xcode-27.0.0-Release.Candidate.app/Contents/Developer/Platforms/MacOSX.platform/Developer/usr/lib -F /Users/admin/builder/spi-builder-workspace/.derivedData/Build/Products/Debug/PackageFrameworks -F /Users/admin/builder/spi-builder-workspace/.derivedData/Build/Products/Debug -F /Applications/Xcode-27.0.0-Release.Candidate.app/Contents/Developer/Platforms/MacOSX.platform/Developer/Library/Frameworks -c -j10 -enable-batch-mode -incremental -Xcc -ivfsstatcache -Xcc /Users/admin/builder/spi-builder-workspace/.derivedData/SDKStatCaches.noindex/macosx27.0-26A425-e829b21a6f8c9b70876ba0858053c0446a22442a12e9d48fe1a705f55a1adfc4.sdkstatcache -output-file-map /Users/admin/builder/spi-builder-workspace/.derivedData/Build/Intermediates.noindex/FZQuicklook.build/Debug/FZQuicklook-t.build/Objects-normal/arm64/FZQuicklook-OutputFileMap.json -save-temps -no-color-diagnostics -explicit-module-build -module-cache-path /Users/admin/builder/spi-builder-workspace/.derivedData/Build/Intermediates.noindex/SwiftExplicitPrecompiledModules -clang-scanner-module-cache-path /Users/admin/builder/spi-builder-workspace/.derivedData/ModuleCache.noindex -sdk-module-cache-path /Users/admin/builder/spi-builder-workspace/.derivedData/SDKExplicitPrecompiledModules -emit-dependencies -emit-module -emit-module-path /Users/admin/builder/spi-builder-workspace/.derivedData/Build/Intermediates.noindex/FZQuicklook.build/Debug/FZQuicklook-t.build/Objects-normal/arm64/FZQuicklook.swiftmodule -serialize-diagnostics -dependency-scan-serialize-diagnostics-path /Users/admin/builder/spi-builder-workspace/.derivedData/Build/Intermediates.noindex/FZQuicklook.build/Debug/FZQuicklook-t.build/Objects-normal/arm64/FZQuicklook-dependency-scan.dia -validate-clang-modules-once -clang-build-session-file /Users/admin/builder/spi-builder-workspace/.derivedData/ModuleCache.noindex/Session.modulevalidation -Xcc -fmodules-prune-interval\=86400 -Xcc -fmodules-prune-after\=345600 -emit-const-values -const-gather-protocols-list /Users/admin/builder/spi-builder-workspace/.derivedData/Build/Intermediates.noindex/FZQuicklook.build/Debug/FZQuicklook-t.build/Objects-normal/arm64/FZQuicklook_const_extract_protocols.json -Xcc -I/Users/admin/builder/spi-builder-workspace/.dependencies/checkouts/FZSwiftUtils/Sources/FZSwiftUtils+ObjC/include -Xcc -I/Users/admin/builder/spi-builder-workspace/.dependencies/checkouts/FZSwiftUtils/Sources/Libffi/include -Xcc -I/Users/admin/builder/spi-builder-workspace/.derivedData/Build/Products/Debug/include -Xcc -I/Users/admin/builder/spi-builder-workspace/.derivedData/Build/Intermediates.noindex/FZQuicklook.build/Debug/FZQuicklook-t.build/DerivedSources-normal/arm64 -Xcc -I/Users/admin/builder/spi-builder-workspace/.derivedData/Build/Intermediates.noindex/FZQuicklook.build/Debug/FZQuicklook-t.build/DerivedSources/arm64 -Xcc -I/Users/admin/builder/spi-builder-workspace/.derivedData/Build/Intermediates.noindex/FZQuicklook.build/Debug/FZQuicklook-t.build/DerivedSources -Xcc -DSWIFT_PACKAGE -Xcc -DDEBUG\=1 -emit-objc-header -emit-objc-header-path /Users/admin/builder/spi-builder-workspace/.derivedData/Build/Intermediates.noindex/FZQuicklook.build/Debug/FZQuicklook-t.build/Objects-normal/arm64/FZQuicklook-Swift.h -working-directory /Users/admin/builder/spi-builder-workspace/.swiftpm/xcode -experimental-emit-module-separately -disable-cmo
SwiftDriverJobDiscovery normal arm64 Compiling IPTC+CreatorContactInfo.swift, IPTC+DataOnScreen.swift, IPTC+DopesheetLink.swift, IPTC+EncodedRightsExpression.swift, IPTC+Episode.swift, IPTC+Genre.swift, IPTC+Location.swift, IPTC+PersonHeard.swift, IPTC+PersonInImage.swift, IPTC+ProductInImage.swift, IPTC+PublicationEvent.swift, IPTC+Rating.swift, IPTC+Region.swift, IPTC+RegistryEntry.swift, IPTC+Season.swift, IPTC+Series.swift, IPTC+ShownEvent.swift, IPTC+SupplyChainSource.swift, IPTC+TranscriptLink.swift, IPTC+VideoShotType.swift, IPTC+WorkflowTag.swift, AuxiliaryData.swift, CIFF.swift, EXIF+HumanReadable.swift, EXIF.swift (in target 'FZSwiftUtils' from project 'FZSwiftUtils')
SwiftDriverJobDiscovery normal arm64 Compiling Number+String.swift, NumberFormatter+.swift, NumberFormatter+String.swift, Range+.swift, SIMD+.swift, TimeInterval+.swift, VectorArithmetic+.swift, Mirror+.swift, NSCoder+.swift, NSError+.swift, NSNull+Codable.swift, NSObject+.swift, NSObject+Invocation.swift, NSObject+KeyPath.swift, NSObject+Perform.swift, NSObject+Proxy.swift, NSObject+Safe.swift, NSRectEdge+.swift, NSRecursiveLock+.swift, NSRunningApplication+.swift, NSUIRectEdge+.swift, NSUIUserInterfaceLayoutDirection+.swift, NSWorkspace+.swift, HTTPCookie+.swift, HTTPCookieStorage+.swift (in target 'FZSwiftUtils' from project 'FZSwiftUtils')
SwiftExplicitDependencyGeneratePcm arm64 /Users/admin/builder/spi-builder-workspace/.derivedData/SDKExplicitPrecompiledModules/ImageCaptureCore-BK6VWVMPK6X37WEZTPPG0MSS1.pcm
SwiftExplicitDependencyGeneratePcm arm64 /Users/admin/builder/spi-builder-workspace/.derivedData/SDKExplicitPrecompiledModules/PDFKit-AWSEOF2QGVITRGFIK1WYUB7T5.pcm
SwiftExplicitDependencyGeneratePcm arm64 /Users/admin/builder/spi-builder-workspace/.derivedData/SDKExplicitPrecompiledModules/QuickLook-ERRJS923F7TAYIQV791G7Z5YK.pcm
SwiftExplicitDependencyGeneratePcm arm64 /Users/admin/builder/spi-builder-workspace/.derivedData/SDKExplicitPrecompiledModules/QuickLookUI-2V7ZMQTFMM0DZF01LG5LFP66X.pcm
SwiftExplicitDependencyGeneratePcm arm64 /Users/admin/builder/spi-builder-workspace/.derivedData/SDKExplicitPrecompiledModules/Quartz-4LS0SUI52UDHXKVMVRW1XGFAO.pcm
SwiftEmitModule normal arm64 Emitting\ module\ for\ FZQuicklook (in target 'FZQuicklook' from project 'FZQuicklook')
SwiftCompile normal arm64 (in target 'FZQuicklook' from project 'FZQuicklook')
cd /Users/admin/builder/spi-builder-workspace/.swiftpm/xcode
SwiftCompile normal arm64 Compiling\ QuicklookView.swift /Users/admin/builder/spi-builder-workspace/Sources/FZQuicklook/QuicklookView.swift (in target 'FZQuicklook' from project 'FZQuicklook')
SwiftCompile normal arm64 /Users/admin/builder/spi-builder-workspace/Sources/FZQuicklook/QuicklookView.swift (in target 'FZQuicklook' from project 'FZQuicklook')
cd /Users/admin/builder/spi-builder-workspace/.swiftpm/xcode
builtin-SwiftPerFileCompile QuicklookView.swift
SwiftCompile normal arm64 Compiling\ NSTableViewDataSource+Quicklook.swift,\ QuicklookItem.swift /Users/admin/builder/spi-builder-workspace/Sources/FZQuicklook/NSTableView/NSTableViewDataSource+Quicklook.swift /Users/admin/builder/spi-builder-workspace/Sources/FZQuicklook/QuicklookItem.swift (in target 'FZQuicklook' from project 'FZQuicklook')
SwiftCompile normal arm64 /Users/admin/builder/spi-builder-workspace/Sources/FZQuicklook/NSTableView/NSTableViewDataSource+Quicklook.swift (in target 'FZQuicklook' from project 'FZQuicklook')
cd /Users/admin/builder/spi-builder-workspace/.swiftpm/xcode
builtin-SwiftPerFileCompile NSTableViewDataSource+Quicklook.swift
SwiftCompile normal arm64 /Users/admin/builder/spi-builder-workspace/Sources/FZQuicklook/QuicklookItem.swift (in target 'FZQuicklook' from project 'FZQuicklook')
cd /Users/admin/builder/spi-builder-workspace/.swiftpm/xcode
builtin-SwiftPerFileCompile QuicklookItem.swift
SwiftCompile normal arm64 Compiling\ QuicklookPanel.swift /Users/admin/builder/spi-builder-workspace/Sources/FZQuicklook/QuicklookPanel.swift (in target 'FZQuicklook' from project 'FZQuicklook')
SwiftCompile normal arm64 /Users/admin/builder/spi-builder-workspace/Sources/FZQuicklook/QuicklookPanel.swift (in target 'FZQuicklook' from project 'FZQuicklook')
cd /Users/admin/builder/spi-builder-workspace/.swiftpm/xcode
builtin-SwiftPerFileCompile QuicklookPanel.swift
SwiftCompile normal arm64 Compiling\ QuicklookPreviewable.swift /Users/admin/builder/spi-builder-workspace/Sources/FZQuicklook/QuicklookPreviewable.swift (in target 'FZQuicklook' from project 'FZQuicklook')
SwiftCompile normal arm64 /Users/admin/builder/spi-builder-workspace/Sources/FZQuicklook/QuicklookPreviewable.swift (in target 'FZQuicklook' from project 'FZQuicklook')
cd /Users/admin/builder/spi-builder-workspace/.swiftpm/xcode
builtin-SwiftPerFileCompile QuicklookPreviewable.swift
SwiftCompile normal arm64 Compiling\ QuicklookPreviewable+Item.swift /Users/admin/builder/spi-builder-workspace/Sources/FZQuicklook/QuicklookPreviewable+Item.swift (in target 'FZQuicklook' from project 'FZQuicklook')
SwiftCompile normal arm64 /Users/admin/builder/spi-builder-workspace/Sources/FZQuicklook/QuicklookPreviewable+Item.swift (in target 'FZQuicklook' from project 'FZQuicklook')
cd /Users/admin/builder/spi-builder-workspace/.swiftpm/xcode
builtin-SwiftPerFileCompile QuicklookPreviewable+Item.swift
SwiftCompile normal arm64 Compiling\ NSTableCellView+Quicklook.swift,\ NSTableView+Qucklook.swift /Users/admin/builder/spi-builder-workspace/Sources/FZQuicklook/NSTableView/NSTableCellView+Quicklook.swift /Users/admin/builder/spi-builder-workspace/Sources/FZQuicklook/NSTableView/NSTableView+Qucklook.swift (in target 'FZQuicklook' from project 'FZQuicklook')
/Users/admin/builder/spi-builder-workspace/Sources/FZQuicklook/NSTableView/NSTableCellView+Quicklook.swift:21:15: error: no exact matches in call to global function 'getAssociatedValue'
19 | */
20 | public var quicklookPreview: QuicklookPreviewable? {
21 | get { getAssociatedValue(key: "quicklookPreview", object: self, initialValue: nil) }
| `- error: no exact matches in call to global function 'getAssociatedValue'
22 | set { set(associatedValue: newValue, key: "quicklookPreview", object: self)
23 | if newValue != nil {
FZSwiftUtils.getAssociatedValue:1:13: note: incorrect labels for candidate (have: '(key:object:initialValue:)', expected: '(_:of:initial:)')
1 | public func getAssociatedValue<V>(_ key: String, of object: AnyObject, initial initialValue: @autoclosure () -> V) -> V
| `- note: incorrect labels for candidate (have: '(key:object:initialValue:)', expected: '(_:of:initial:)')
FZSwiftUtils.getAssociatedValue:1:13: note: incorrect labels for candidate (have: '(key:object:initialValue:)', expected: '(_:of:initial:)')
1 | public func getAssociatedValue<V>(_ key: String, of object: AnyObject, initial initialValue: @autoclosure () -> V?) -> V?
| `- note: incorrect labels for candidate (have: '(key:object:initialValue:)', expected: '(_:of:initial:)')
/Users/admin/builder/spi-builder-workspace/Sources/FZQuicklook/NSTableView/NSTableCellView+Quicklook.swift:22:16: error: cannot find 'set' in scope
20 | public var quicklookPreview: QuicklookPreviewable? {
21 | get { getAssociatedValue(key: "quicklookPreview", object: self, initialValue: nil) }
22 | set { set(associatedValue: newValue, key: "quicklookPreview", object: self)
| `- error: cannot find 'set' in scope
23 | if newValue != nil {
24 | self.tableView?.isQuicklookPreviewable = true
/Users/admin/builder/spi-builder-workspace/Sources/FZQuicklook/NSTableView/NSTableView+Qucklook.swift:50:15: error: generic parameter 'V' could not be inferred
48 | */
49 | public var isQuicklookPreviewable: Bool {
50 | get { getAssociatedValue(key: "isQuicklookPreviewable", object: self, initialValue: false) }
| `- error: generic parameter 'V' could not be inferred
51 | set { set(associatedValue: newValue, key: "isQuicklookPreviewable", object: self)
52 | self.setupKeyDownMonitor()
FZSwiftUtils.getAssociatedValue:1:13: note: in call to function 'getAssociatedValue(_:of:as:)'
1 | public func getAssociatedValue<V>(_ key: String, of object: AnyObject, as type: V.Type = V.self) -> V?
| `- note: in call to function 'getAssociatedValue(_:of:as:)'
/Users/admin/builder/spi-builder-workspace/Sources/FZQuicklook/NSTableView/NSTableView+Qucklook.swift:50:93: error: extra argument 'initialValue' in call
48 | */
49 | public var isQuicklookPreviewable: Bool {
50 | get { getAssociatedValue(key: "isQuicklookPreviewable", object: self, initialValue: false) }
| `- error: extra argument 'initialValue' in call
51 | set { set(associatedValue: newValue, key: "isQuicklookPreviewable", object: self)
52 | self.setupKeyDownMonitor()
/Users/admin/builder/spi-builder-workspace/Sources/FZQuicklook/NSTableView/NSTableView+Qucklook.swift:50:15: error: optional type 'V?' cannot be used as a boolean; test for '!= nil' instead
48 | */
49 | public var isQuicklookPreviewable: Bool {
50 | get { getAssociatedValue(key: "isQuicklookPreviewable", object: self, initialValue: false) }
| `- error: optional type 'V?' cannot be used as a boolean; test for '!= nil' instead
51 | set { set(associatedValue: newValue, key: "isQuicklookPreviewable", object: self)
52 | self.setupKeyDownMonitor()
/Users/admin/builder/spi-builder-workspace/Sources/FZQuicklook/NSTableView/NSTableView+Qucklook.swift:51:16: error: cannot find 'set' in scope
49 | public var isQuicklookPreviewable: Bool {
50 | get { getAssociatedValue(key: "isQuicklookPreviewable", object: self, initialValue: false) }
51 | set { set(associatedValue: newValue, key: "isQuicklookPreviewable", object: self)
| `- error: cannot find 'set' in scope
52 | self.setupKeyDownMonitor()
53 | }
Failed frontend command:
/Applications/Xcode-27.0.0-Release.Candidate.app/Contents/Developer/Toolchains/XcodeDefault.xctoolchain/usr/bin/swift-frontend -frontend -c /Users/admin/builder/spi-builder-workspace/Sources/FZQuicklook/Extensions/NSCollectionView+KeyDown.swift /Users/admin/builder/spi-builder-workspace/Sources/FZQuicklook/Extensions/NSTableCellView+.swift /Users/admin/builder/spi-builder-workspace/Sources/FZQuicklook/Extensions/NSTableRowView+.swift /Users/admin/builder/spi-builder-workspace/Sources/FZQuicklook/Extensions/NSTableView+KeyDown.swift /Users/admin/builder/spi-builder-workspace/Sources/FZQuicklook/Extensions/NSView+.swift /Users/admin/builder/spi-builder-workspace/Sources/FZQuicklook/NSCollectionView/NSCollectionView+Qucklook.swift /Users/admin/builder/spi-builder-workspace/Sources/FZQuicklook/NSCollectionView/NSCollectionViewDataSource+Quicklook.swift /Users/admin/builder/spi-builder-workspace/Sources/FZQuicklook/NSCollectionView/NSCollectionViewItem+Quicklook.swift -primary-file /Users/admin/builder/spi-builder-workspace/Sources/FZQuicklook/NSTableView/NSTableCellView+Quicklook.swift -primary-file /Users/admin/builder/spi-builder-workspace/Sources/FZQuicklook/NSTableView/NSTableView+Qucklook.swift /Users/admin/builder/spi-builder-workspace/Sources/FZQuicklook/NSTableView/NSTableViewDataSource+Quicklook.swift /Users/admin/builder/spi-builder-workspace/Sources/FZQuicklook/QuicklookItem.swift /Users/admin/builder/spi-builder-workspace/Sources/FZQuicklook/QuicklookPanel.swift /Users/admin/builder/spi-builder-workspace/Sources/FZQuicklook/QuicklookPreviewable+Item.swift /Users/admin/builder/spi-builder-workspace/Sources/FZQuicklook/QuicklookPreviewable.swift /Users/admin/builder/spi-builder-workspace/Sources/FZQuicklook/QuicklookView.swift -emit-dependencies-path /Users/admin/builder/spi-builder-workspace/.derivedData/Build/Intermediates.noindex/FZQuicklook.build/Debug/FZQuicklook-t.build/Objects-normal/arm64/NSTableCellView+Quicklook.d -emit-const-values-path /Users/admin/builder/spi-builder-workspace/.derivedData/Build/Intermediates.noindex/FZQuicklook.build/Debug/FZQuicklook-t.build/Objects-normal/arm64/NSTableCellView+Quicklook.swiftconstvalues -emit-reference-dependencies-path /Users/admin/builder/spi-builder-workspace/.derivedData/Build/Intermediates.noindex/FZQuicklook.build/Debug/FZQuicklook-t.build/Objects-normal/arm64/NSTableCellView+Quicklook.swiftdeps -serialize-diagnostics-path /Users/admin/builder/spi-builder-workspace/.derivedData/Build/Intermediates.noindex/FZQuicklook.build/Debug/FZQuicklook-t.build/Objects-normal/arm64/NSTableCellView+Quicklook.dia -emit-dependencies-path /Users/admin/builder/spi-builder-workspace/.derivedData/Build/Intermediates.noindex/FZQuicklook.build/Debug/FZQuicklook-t.build/Objects-normal/arm64/NSTableView+Qucklook.d -emit-const-values-path /Users/admin/builder/spi-builder-workspace/.derivedData/Build/Intermediates.noindex/FZQuicklook.build/Debug/FZQuicklook-t.build/Objects-normal/arm64/NSTableView+Qucklook.swiftconstvalues -emit-reference-dependencies-path /Users/admin/builder/spi-builder-workspace/.derivedData/Build/Intermediates.noindex/FZQuicklook.build/Debug/FZQuicklook-t.build/Objects-normal/arm64/NSTableView+Qucklook.swiftdeps -serialize-diagnostics-path /Users/admin/builder/spi-builder-workspace/.derivedData/Build/Intermediates.noindex/FZQuicklook.build/Debug/FZQuicklook-t.build/Objects-normal/arm64/NSTableView+Qucklook.dia -target arm64-apple-macos12.0 -disable-cross-import-overlay-search -swift-module-cross-import AVKit /Applications/Xcode-27.0.0-Release.Candidate.app/Contents/Developer/Platforms/MacOSX.platform/Developer/SDKs/MacOSX.sdk/System/Library/Frameworks/AVKit.framework/Modules/AVKit.swiftcrossimport/SwiftUI.swiftoverlay -swift-module-cross-import AVKit /Applications/Xcode-27.0.0-Release.Candidate.app/Contents/Developer/Platforms/MacOSX.platform/Developer/SDKs/MacOSX27.0.sdk/System/Library/Frameworks/AVKit.framework/Modules/AVKit.swiftcrossimport/SwiftUI.swiftoverlay -load-resolved-plugin /Applications/Xcode-27.0.0-Release.Candidate.app/Contents/Developer/Platforms/MacOSX.platform/Developer/usr/lib/swift/host/plugins/libFoundationMacros.dylib\#/Applications/Xcode-27.0.0-Release.Candidate.app/Contents/Developer/Platforms/MacOSX.platform/Developer/usr/bin/swift-plugin-server\#FoundationMacros -load-resolved-plugin /Applications/Xcode-27.0.0-Release.Candidate.app/Contents/Developer/Platforms/MacOSX.platform/Developer/usr/lib/swift/host/plugins/libObservationMacros.dylib\#/Applications/Xcode-27.0.0-Release.Candidate.app/Contents/Developer/Platforms/MacOSX.platform/Developer/usr/bin/swift-plugin-server\#ObservationMacros -load-resolved-plugin /Applications/Xcode-27.0.0-Release.Candidate.app/Contents/Developer/Platforms/MacOSX.platform/Developer/usr/lib/swift/host/plugins/libPreviewsMacros.dylib\#/Applications/Xcode-27.0.0-Release.Candidate.app/Contents/Developer/Platforms/MacOSX.platform/Developer/usr/bin/swift-plugin-server\#PreviewsMacros -load-resolved-plugin /Applications/Xcode-27.0.0-Release.Candidate.app/Contents/Developer/Platforms/MacOSX.platform/Developer/usr/lib/swift/host/plugins/libSwiftMacros.dylib\#/Applications/Xcode-27.0.0-Release.Candidate.app/Contents/Developer/Platforms/MacOSX.platform/Developer/usr/bin/swift-plugin-server\#SwiftMacros -load-resolved-plugin /Applications/Xcode-27.0.0-Release.Candidate.app/Contents/Developer/Platforms/MacOSX.platform/Developer/usr/lib/swift/host/plugins/libSwiftUIMacros.dylib\#/Applications/Xcode-27.0.0-Release.Candidate.app/Contents/Developer/Platforms/MacOSX.platform/Developer/usr/bin/swift-plugin-server\#SwiftUIMacros -disable-implicit-swift-modules -Xcc -fno-implicit-modules -Xcc -fno-implicit-module-maps -explicit-swift-module-map-file /Users/admin/builder/spi-builder-workspace/.derivedData/Build/Intermediates.noindex/FZQuicklook.build/Debug/FZQuicklook-t.build/Objects-normal/arm64/FZQuicklook-dependencies-1.json -Xllvm -aarch64-use-tbi -enable-objc-interop -stack-check -sdk /Applications/Xcode-27.0.0-Release.Candidate.app/Contents/Developer/Platforms/MacOSX.platform/Developer/SDKs/MacOSX27.0.sdk -I /Users/admin/builder/spi-builder-workspace/.derivedData/Build/Products/Debug -Isystem /Applications/Xcode-27.0.0-Release.Candidate.app/Contents/Developer/Platforms/MacOSX.platform/Developer/usr/lib -F /Users/admin/builder/spi-builder-workspace/.derivedData/Build/Products/Debug/PackageFrameworks -F /Users/admin/builder/spi-builder-workspace/.derivedData/Build/Products/Debug -F /Applications/Xcode-27.0.0-Release.Candidate.app/Contents/Developer/Platforms/MacOSX.platform/Developer/Library/Frameworks -module-cache-path /Users/admin/builder/spi-builder-workspace/.derivedData/Build/Intermediates.noindex/SwiftExplicitPrecompiledModules -no-color-diagnostics -Xcc -fno-color-diagnostics -enable-testing -g -debug-info-format\=dwarf -dwarf-version\=4 -swift-version 5 -Onone -D SWIFT_PACKAGE -D DEBUG -D SWIFT_MODULE_RESOURCE_BUNDLE_UNAVAILABLE -D Xcode -serialize-debugging-options -enable-experimental-feature DebugDescriptionMacro -empty-abi-descriptor -validate-clang-modules-once -clang-build-session-file /Users/admin/builder/spi-builder-workspace/.derivedData/ModuleCache.noindex/Session.modulevalidation -Xcc -working-directory -Xcc /Users/admin/builder/spi-builder-workspace/.swiftpm/xcode -enable-anonymous-context-mangled-names -file-compilation-dir /Users/admin/builder/spi-builder-workspace/.swiftpm/xcode -Xcc -fmodule-map-file\=/Users/admin/builder/spi-builder-workspace/.derivedData/Build/Intermediates.noindex/GeneratedModuleMaps/_FZSwiftUtilsObjC.modulemap -Xcc -fmodule-map-file\=/Users/admin/builder/spi-builder-workspace/.dependencies/checkouts/FZSwiftUtils/Sources/Libffi/include/module.modulemap -Xcc -D_LIBCPP_HARDENING_MODE\=_LIBCPP_HARDENING_MODE_DEBUG -Xcc -ivfsstatcache -Xcc /Users/admin/builder/spi-builder-workspace/.derivedData/SDKStatCaches.noindex/macosx27.0-26A425-e829b21a6f8c9b70876ba0858053c0446a22442a12e9d48fe1a705f55a1adfc4.sdkstatcache -Xcc -fmodules-prune-interval\=86400 -Xcc -fmodules-prune-after\=345600 -Xcc -I/Users/admin/builder/spi-builder-workspace/.dependencies/checkouts/FZSwiftUtils/Sources/FZSwiftUtils+ObjC/include -Xcc -I/Users/admin/builder/spi-builder-workspace/.dependencies/checkouts/FZSwiftUtils/Sources/Libffi/include -Xcc -I/Users/admin/builder/spi-builder-workspace/.derivedData/Build/Products/Debug/include -Xcc -I/Users/admin/builder/spi-builder-workspace/.derivedData/Build/Intermediates.noindex/FZQuicklook.build/Debug/FZQuicklook-t.build/DerivedSources-normal/arm64 -Xcc -I/Users/admin/builder/spi-builder-workspace/.derivedData/Build/Intermediates.noindex/FZQuicklook.build/Debug/FZQuicklook-t.build/DerivedSources/arm64 -Xcc -I/Users/admin/builder/spi-builder-workspace/.derivedData/Build/Intermediates.noindex/FZQuicklook.build/Debug/FZQuicklook-t.build/DerivedSources -Xcc -DSWIFT_PACKAGE -Xcc -DDEBUG\=1 -no-auto-bridging-header-chaining -module-name FZQuicklook -const-gather-protocols-file /Users/admin/builder/spi-builder-workspace/.derivedData/Build/Intermediates.noindex/FZQuicklook.build/Debug/FZQuicklook-t.build/Objects-normal/arm64/FZQuicklook_const_extract_protocols.json -disable-clang-spi -clang-target arm64-apple-macos27.0 -target-sdk-version 27.0 -target-sdk-name macosx27.0 -in-process-plugin-server-path /Applications/Xcode-27.0.0-Release.Candidate.app/Contents/Developer/Toolchains/XcodeDefault.xctoolchain/usr/lib/swift/host/libSwiftInProcPluginServer.dylib -parse-as-library -o /Users/admin/builder/spi-builder-workspace/.derivedData/Build/Intermediates.noindex/FZQuicklook.build/Debug/FZQuicklook-t.build/Objects-normal/arm64/NSTableCellView+Quicklook.o -o /Users/admin/builder/spi-builder-workspace/.derivedData/Build/Intermediates.noindex/FZQuicklook.build/Debug/FZQuicklook-t.build/Objects-normal/arm64/NSTableView+Qucklook.o -debug-module-path /Users/admin/builder/spi-builder-workspace/.derivedData/Build/Intermediates.noindex/FZQuicklook.build/Debug/FZQuicklook-t.build/Objects-normal/arm64/FZQuicklook.swiftmodule -index-unit-output-path /FZQuicklook.build/Debug/FZQuicklook-t.build/Objects-normal/arm64/NSTableCellView+Quicklook.o -index-unit-output-path /FZQuicklook.build/Debug/FZQuicklook-t.build/Objects-normal/arm64/NSTableView+Qucklook.o -index-store-path /Users/admin/builder/spi-builder-workspace/.derivedData/Index.noindex/DataStore -index-system-modules
SwiftCompile normal arm64 /Users/admin/builder/spi-builder-workspace/Sources/FZQuicklook/NSTableView/NSTableCellView+Quicklook.swift (in target 'FZQuicklook' from project 'FZQuicklook')
cd /Users/admin/builder/spi-builder-workspace/.swiftpm/xcode
builtin-SwiftPerFileCompile NSTableCellView+Quicklook.swift
SwiftCompile normal arm64 /Users/admin/builder/spi-builder-workspace/Sources/FZQuicklook/NSTableView/NSTableView+Qucklook.swift (in target 'FZQuicklook' from project 'FZQuicklook')
cd /Users/admin/builder/spi-builder-workspace/.swiftpm/xcode
builtin-SwiftPerFileCompile NSTableView+Qucklook.swift
SwiftCompile normal arm64 Compiling\ NSView+.swift,\ NSCollectionView+Qucklook.swift /Users/admin/builder/spi-builder-workspace/Sources/FZQuicklook/Extensions/NSView+.swift /Users/admin/builder/spi-builder-workspace/Sources/FZQuicklook/NSCollectionView/NSCollectionView+Qucklook.swift (in target 'FZQuicklook' from project 'FZQuicklook')
SwiftCompile normal arm64 /Users/admin/builder/spi-builder-workspace/Sources/FZQuicklook/Extensions/NSView+.swift (in target 'FZQuicklook' from project 'FZQuicklook')
cd /Users/admin/builder/spi-builder-workspace/.swiftpm/xcode
builtin-SwiftPerFileCompile NSView+.swift
SwiftCompile normal arm64 /Users/admin/builder/spi-builder-workspace/Sources/FZQuicklook/NSCollectionView/NSCollectionView+Qucklook.swift (in target 'FZQuicklook' from project 'FZQuicklook')
cd /Users/admin/builder/spi-builder-workspace/.swiftpm/xcode
builtin-SwiftPerFileCompile NSCollectionView+Qucklook.swift
PruneExplicitPrecompiledModules /Users/admin/builder/spi-builder-workspace/.derivedData/Build/Intermediates.noindex/SwiftExplicitPrecompiledModules
PruneExplicitPrecompiledModules /Users/admin/builder/spi-builder-workspace/.derivedData/Build/Intermediates.noindex/ExplicitPrecompiledModules
PruneExplicitPrecompiledModules /Users/admin/builder/spi-builder-workspace/.derivedData/SDKExplicitPrecompiledModules
2026-09-19 23:07:14.727 xcodebuild[683:4362] [MT] IDERunDestination: Supported platforms for the buildables in the current scheme is empty.
--- xcodebuild: WARNING: Using the first of multiple matching destinations:
{ platform:macOS, arch:arm64, id:3e110b89bd423d6bc4bc8af92575895dcd3439f9, name:My Mac }
{ platform:macOS, arch:arm64, variant:Mac Catalyst, id:3e110b89bd423d6bc4bc8af92575895dcd3439f9, name:My Mac }
{ platform:macOS, arch:arm64, variant:DriverKit, id:3e110b89bd423d6bc4bc8af92575895dcd3439f9, name:My Mac }
{ platform:macOS, arch:arm64, variant:Designed for [iPad,iPhone], id:3e110b89bd423d6bc4bc8af92575895dcd3439f9, name:My Mac }
** BUILD FAILED **
The following build commands failed:
SwiftCompile normal arm64 Compiling\ NSTableCellView+Quicklook.swift,\ NSTableView+Qucklook.swift /Users/admin/builder/spi-builder-workspace/Sources/FZQuicklook/NSTableView/NSTableCellView+Quicklook.swift /Users/admin/builder/spi-builder-workspace/Sources/FZQuicklook/NSTableView/NSTableView+Qucklook.swift (in target 'FZQuicklook' from project 'FZQuicklook')
SwiftCompile normal arm64 /Users/admin/builder/spi-builder-workspace/Sources/FZQuicklook/NSTableView/NSTableCellView+Quicklook.swift (in target 'FZQuicklook' from project 'FZQuicklook')
SwiftCompile normal arm64 /Users/admin/builder/spi-builder-workspace/Sources/FZQuicklook/NSTableView/NSTableView+Qucklook.swift (in target 'FZQuicklook' from project 'FZQuicklook')
Building workspace FZQuicklook with scheme FZQuicklook
(4 failures)
Command line invocation:
/Applications/Xcode-27.0.0-Release.Candidate.app/Contents/Developer/usr/bin/xcodebuild -IDEClonedSourcePackagesDirPathOverride=/Users/admin/builder/spi-builder-workspace/.dependencies -resolvePackageDependencies
Resolve Package Graph
Resolved source packages:
FZQuicklook: /Users/admin/builder/spi-builder-workspace
FZSwiftUtils: https://github.com/flocked/FZSwiftUtils.git @ main (f48ed95)
resolved source packages: FZQuicklook, FZSwiftUtils
2026-09-19 23:07:35.399 xcodebuild[899:5645] [MT] IDERunDestination: Supported platforms for the buildables in the current scheme is empty.
{
"dependencies" : [
{
"identity" : "fzswiftutils",
"requirement" : {
"branch" : [
"main"
]
},
"type" : "sourceControl",
"url" : "https://github.com/flocked/FZSwiftUtils.git"
}
],
"manifest_display_name" : "FZQuicklook",
"name" : "FZQuicklook",
"path" : "/Users/admin/builder/spi-builder-workspace",
"platforms" : [
{
"name" : "macos",
"version" : "10.15.1"
}
],
"products" : [
{
"name" : "FZQuicklook",
"targets" : [
"FZQuicklook"
],
"type" : {
"library" : [
"automatic"
]
}
}
],
"targets" : [
{
"c99name" : "FZQuicklook",
"module_type" : "SwiftTarget",
"name" : "FZQuicklook",
"path" : "Sources/FZQuicklook",
"product_dependencies" : [
"FZSwiftUtils"
],
"product_memberships" : [
"FZQuicklook"
],
"sources" : [
"Extensions/NSCollectionView+KeyDown.swift",
"Extensions/NSTableCellView+.swift",
"Extensions/NSTableRowView+.swift",
"Extensions/NSTableView+KeyDown.swift",
"Extensions/NSView+.swift",
"NSCollectionView/NSCollectionView+Qucklook.swift",
"NSCollectionView/NSCollectionViewDataSource+Quicklook.swift",
"NSCollectionView/NSCollectionViewItem+Quicklook.swift",
"NSTableView/NSTableCellView+Quicklook.swift",
"NSTableView/NSTableView+Qucklook.swift",
"NSTableView/NSTableViewDataSource+Quicklook.swift",
"QuicklookItem.swift",
"QuicklookPanel.swift",
"QuicklookPreviewable+Item.swift",
"QuicklookPreviewable.swift",
"QuicklookView.swift"
],
"type" : "library"
}
],
"tools_version" : "5.5"
}
{
"workspace" : {
"name" : "FZQuicklook",
"schemes" : [
"FZQuicklook"
]
}
}
2026-09-19 23:07:36.757 xcodebuild[907:5713] [MT] IDERunDestination: Supported platforms for the buildables in the current scheme is empty.
Running build ...
env DEVELOPER_DIR=/Applications/Xcode-27.0.0-Release.Candidate.app xcrun xcodebuild -IDEClonedSourcePackagesDirPathOverride=$PWD/.dependencies -skipMacroValidation -skipPackagePluginValidation -derivedDataPath $PWD/.derivedData build -scheme FZQuicklook -destination platform=macOS,arch=arm64
Command line invocation:
/Applications/Xcode-27.0.0-Release.Candidate.app/Contents/Developer/usr/bin/xcodebuild -IDEClonedSourcePackagesDirPathOverride=/Users/admin/builder/spi-builder-workspace/.dependencies -skipMacroValidation -skipPackagePluginValidation -derivedDataPath /Users/admin/builder/spi-builder-workspace/.derivedData build -scheme FZQuicklook -destination platform=macOS,arch=arm64
Resolve Package Graph
Resolved source packages:
FZSwiftUtils: https://github.com/flocked/FZSwiftUtils.git @ main (f48ed95)
FZQuicklook: /Users/admin/builder/spi-builder-workspace
ComputePackagePrebuildTargetDependencyGraph
Prepare packages
CreateBuildRequest
SendProjectDescription
CreateBuildOperation
ComputeTargetDependencyGraph
note: Building targets in dependency order
note: Target dependency graph (6 targets)
Target 'FZQuicklook-product' in project 'FZQuicklook'
➜ Explicit dependency on target 'FZQuicklook' in project 'FZQuicklook'
➜ Explicit dependency on target 'FZSwiftUtils-product' in project 'FZSwiftUtils'
Target 'FZQuicklook' in project 'FZQuicklook'
➜ Explicit dependency on target 'FZSwiftUtils-product' in project 'FZSwiftUtils'
Target 'FZSwiftUtils-product' in project 'FZSwiftUtils'
➜ Explicit dependency on target 'FZSwiftUtils' in project 'FZSwiftUtils'
➜ Explicit dependency on target '_Libffi' in project 'FZSwiftUtils'
➜ Explicit dependency on target '_FZSwiftUtilsObjC' in project 'FZSwiftUtils'
Target 'FZSwiftUtils' in project 'FZSwiftUtils'
➜ Explicit dependency on target '_Libffi' in project 'FZSwiftUtils'
➜ Explicit dependency on target '_FZSwiftUtilsObjC' in project 'FZSwiftUtils'
Target '_FZSwiftUtilsObjC' in project 'FZSwiftUtils'
➜ Explicit dependency on target '_Libffi' in project 'FZSwiftUtils'
Target '_Libffi' in project 'FZSwiftUtils' (no dependencies)
GatherProvisioningInputs
CreateBuildDescription
ClangStatCache /Applications/Xcode-27.0.0-Release.Candidate.app/Contents/Developer/Toolchains/XcodeDefault.xctoolchain/usr/bin/clang-stat-cache /Applications/Xcode-27.0.0-Release.Candidate.app/Contents/Developer/Platforms/MacOSX.platform/Developer/SDKs/MacOSX27.0.sdk /Users/admin/builder/spi-builder-workspace/.derivedData/SDKStatCaches.noindex/macosx27.0-26A425-e829b21a6f8c9b70876ba0858053c0446a22442a12e9d48fe1a705f55a1adfc4.sdkstatcache
cd /Users/admin/builder/spi-builder-workspace/.swiftpm/xcode
/Applications/Xcode-27.0.0-Release.Candidate.app/Contents/Developer/Toolchains/XcodeDefault.xctoolchain/usr/bin/clang-stat-cache /Applications/Xcode-27.0.0-Release.Candidate.app/Contents/Developer/Platforms/MacOSX.platform/Developer/SDKs/MacOSX27.0.sdk -o /Users/admin/builder/spi-builder-workspace/.derivedData/SDKStatCaches.noindex/macosx27.0-26A425-e829b21a6f8c9b70876ba0858053c0446a22442a12e9d48fe1a705f55a1adfc4.sdkstatcache
SwiftDriver FZSwiftUtils normal arm64 com.apple.xcode.tools.swift.compiler (in target 'FZSwiftUtils' from project 'FZSwiftUtils')
cd /Users/admin/builder/spi-builder-workspace/.swiftpm/xcode
builtin-SwiftDriver -- /Applications/Xcode-27.0.0-Release.Candidate.app/Contents/Developer/Toolchains/XcodeDefault.xctoolchain/usr/bin/swiftc -parse-as-library -module-name FZSwiftUtils -Onone @/Users/admin/builder/spi-builder-workspace/.derivedData/Build/Intermediates.noindex/FZSwiftUtils.build/Debug/FZSwiftUtils-t.build/Objects-normal/arm64/FZSwiftUtils.SwiftFileList -DSWIFT_PACKAGE -DDEBUG -DSWIFT_MODULE_RESOURCE_BUNDLE_UNAVAILABLE -Xcc -fmodule-map-file\=/Users/admin/builder/spi-builder-workspace/.derivedData/Build/Intermediates.noindex/GeneratedModuleMaps/_FZSwiftUtilsObjC.modulemap -Xcc -fmodule-map-file\=/Users/admin/builder/spi-builder-workspace/.dependencies/checkouts/FZSwiftUtils/Sources/Libffi/include/module.modulemap -DXcode -plugin-path /Applications/Xcode-27.0.0-Release.Candidate.app/Contents/Developer/Toolchains/XcodeDefault.xctoolchain/usr/lib/swift/host/plugins/testing -enable-experimental-feature DebugDescriptionMacro -sdk /Applications/Xcode-27.0.0-Release.Candidate.app/Contents/Developer/Platforms/MacOSX.platform/Developer/SDKs/MacOSX27.0.sdk -target arm64-apple-macos12.0 -g -module-cache-path /Users/admin/builder/spi-builder-workspace/.derivedData/ModuleCache.noindex -Xfrontend -serialize-debugging-options -enable-testing -suppress-warnings -index-store-path /Users/admin/builder/spi-builder-workspace/.derivedData/Index.noindex/DataStore -Xcc -D_LIBCPP_HARDENING_MODE\=_LIBCPP_HARDENING_MODE_DEBUG -swift-version 5 -I /Users/admin/builder/spi-builder-workspace/.derivedData/Build/Products/Debug -Isystem /Applications/Xcode-27.0.0-Release.Candidate.app/Contents/Developer/Platforms/MacOSX.platform/Developer/usr/lib -F /Users/admin/builder/spi-builder-workspace/.derivedData/Build/Products/Debug/PackageFrameworks -F /Users/admin/builder/spi-builder-workspace/.derivedData/Build/Products/Debug -F /Applications/Xcode-27.0.0-Release.Candidate.app/Contents/Developer/Platforms/MacOSX.platform/Developer/Library/Frameworks -c -j10 -enable-batch-mode -incremental -Xcc -ivfsstatcache -Xcc /Users/admin/builder/spi-builder-workspace/.derivedData/SDKStatCaches.noindex/macosx27.0-26A425-e829b21a6f8c9b70876ba0858053c0446a22442a12e9d48fe1a705f55a1adfc4.sdkstatcache -output-file-map /Users/admin/builder/spi-builder-workspace/.derivedData/Build/Intermediates.noindex/FZSwiftUtils.build/Debug/FZSwiftUtils-t.build/Objects-normal/arm64/FZSwiftUtils-OutputFileMap.json -save-temps -no-color-diagnostics -explicit-module-build -module-cache-path /Users/admin/builder/spi-builder-workspace/.derivedData/Build/Intermediates.noindex/SwiftExplicitPrecompiledModules -clang-scanner-module-cache-path /Users/admin/builder/spi-builder-workspace/.derivedData/ModuleCache.noindex -sdk-module-cache-path /Users/admin/builder/spi-builder-workspace/.derivedData/SDKExplicitPrecompiledModules -emit-dependencies -emit-module -emit-module-path /Users/admin/builder/spi-builder-workspace/.derivedData/Build/Intermediates.noindex/FZSwiftUtils.build/Debug/FZSwiftUtils-t.build/Objects-normal/arm64/FZSwiftUtils.swiftmodule -serialize-diagnostics -dependency-scan-serialize-diagnostics-path /Users/admin/builder/spi-builder-workspace/.derivedData/Build/Intermediates.noindex/FZSwiftUtils.build/Debug/FZSwiftUtils-t.build/Objects-normal/arm64/FZSwiftUtils-dependency-scan.dia -validate-clang-modules-once -clang-build-session-file /Users/admin/builder/spi-builder-workspace/.derivedData/ModuleCache.noindex/Session.modulevalidation -Xcc -fmodules-prune-interval\=86400 -Xcc -fmodules-prune-after\=345600 -package-name fzswiftutils -emit-const-values -const-gather-protocols-list /Users/admin/builder/spi-builder-workspace/.derivedData/Build/Intermediates.noindex/FZSwiftUtils.build/Debug/FZSwiftUtils-t.build/Objects-normal/arm64/FZSwiftUtils_const_extract_protocols.json -Xcc -I/Users/admin/builder/spi-builder-workspace/.dependencies/checkouts/FZSwiftUtils/Sources/FZSwiftUtils+ObjC/include -Xcc -I/Users/admin/builder/spi-builder-workspace/.dependencies/checkouts/FZSwiftUtils/Sources/Libffi/include -Xcc -I/Users/admin/builder/spi-builder-workspace/.derivedData/Build/Products/Debug/include -Xcc -I/Users/admin/builder/spi-builder-workspace/.derivedData/Build/Intermediates.noindex/FZSwiftUtils.build/Debug/FZSwiftUtils-t.build/DerivedSources-normal/arm64 -Xcc -I/Users/admin/builder/spi-builder-workspace/.derivedData/Build/Intermediates.noindex/FZSwiftUtils.build/Debug/FZSwiftUtils-t.build/DerivedSources/arm64 -Xcc -I/Users/admin/builder/spi-builder-workspace/.derivedData/Build/Intermediates.noindex/FZSwiftUtils.build/Debug/FZSwiftUtils-t.build/DerivedSources -Xcc -DSWIFT_PACKAGE -Xcc -DDEBUG\=1 -emit-objc-header -emit-objc-header-path /Users/admin/builder/spi-builder-workspace/.derivedData/Build/Intermediates.noindex/FZSwiftUtils.build/Debug/FZSwiftUtils-t.build/Objects-normal/arm64/FZSwiftUtils-Swift.h -working-directory /Users/admin/builder/spi-builder-workspace/.swiftpm/xcode -experimental-emit-module-separately -disable-cmo
SwiftDriver FZQuicklook normal arm64 com.apple.xcode.tools.swift.compiler (in target 'FZQuicklook' from project 'FZQuicklook')
cd /Users/admin/builder/spi-builder-workspace/.swiftpm/xcode
builtin-SwiftDriver -- /Applications/Xcode-27.0.0-Release.Candidate.app/Contents/Developer/Toolchains/XcodeDefault.xctoolchain/usr/bin/swiftc -parse-as-library -module-name FZQuicklook -Onone @/Users/admin/builder/spi-builder-workspace/.derivedData/Build/Intermediates.noindex/FZQuicklook.build/Debug/FZQuicklook-t.build/Objects-normal/arm64/FZQuicklook.SwiftFileList -DSWIFT_PACKAGE -DDEBUG -DSWIFT_MODULE_RESOURCE_BUNDLE_UNAVAILABLE -Xcc -fmodule-map-file\=/Users/admin/builder/spi-builder-workspace/.derivedData/Build/Intermediates.noindex/GeneratedModuleMaps/_FZSwiftUtilsObjC.modulemap -Xcc -fmodule-map-file\=/Users/admin/builder/spi-builder-workspace/.dependencies/checkouts/FZSwiftUtils/Sources/Libffi/include/module.modulemap -DXcode -plugin-path /Applications/Xcode-27.0.0-Release.Candidate.app/Contents/Developer/Toolchains/XcodeDefault.xctoolchain/usr/lib/swift/host/plugins/testing -enable-experimental-feature DebugDescriptionMacro -sdk /Applications/Xcode-27.0.0-Release.Candidate.app/Contents/Developer/Platforms/MacOSX.platform/Developer/SDKs/MacOSX27.0.sdk -target arm64-apple-macos12.0 -g -module-cache-path /Users/admin/builder/spi-builder-workspace/.derivedData/ModuleCache.noindex -Xfrontend -serialize-debugging-options -enable-testing -index-store-path /Users/admin/builder/spi-builder-workspace/.derivedData/Index.noindex/DataStore -Xcc -D_LIBCPP_HARDENING_MODE\=_LIBCPP_HARDENING_MODE_DEBUG -swift-version 5 -I /Users/admin/builder/spi-builder-workspace/.derivedData/Build/Products/Debug -Isystem /Applications/Xcode-27.0.0-Release.Candidate.app/Contents/Developer/Platforms/MacOSX.platform/Developer/usr/lib -F /Users/admin/builder/spi-builder-workspace/.derivedData/Build/Products/Debug/PackageFrameworks -F /Users/admin/builder/spi-builder-workspace/.derivedData/Build/Products/Debug -F /Applications/Xcode-27.0.0-Release.Candidate.app/Contents/Developer/Platforms/MacOSX.platform/Developer/Library/Frameworks -c -j10 -enable-batch-mode -incremental -Xcc -ivfsstatcache -Xcc /Users/admin/builder/spi-builder-workspace/.derivedData/SDKStatCaches.noindex/macosx27.0-26A425-e829b21a6f8c9b70876ba0858053c0446a22442a12e9d48fe1a705f55a1adfc4.sdkstatcache -output-file-map /Users/admin/builder/spi-builder-workspace/.derivedData/Build/Intermediates.noindex/FZQuicklook.build/Debug/FZQuicklook-t.build/Objects-normal/arm64/FZQuicklook-OutputFileMap.json -save-temps -no-color-diagnostics -explicit-module-build -module-cache-path /Users/admin/builder/spi-builder-workspace/.derivedData/Build/Intermediates.noindex/SwiftExplicitPrecompiledModules -clang-scanner-module-cache-path /Users/admin/builder/spi-builder-workspace/.derivedData/ModuleCache.noindex -sdk-module-cache-path /Users/admin/builder/spi-builder-workspace/.derivedData/SDKExplicitPrecompiledModules -emit-dependencies -emit-module -emit-module-path /Users/admin/builder/spi-builder-workspace/.derivedData/Build/Intermediates.noindex/FZQuicklook.build/Debug/FZQuicklook-t.build/Objects-normal/arm64/FZQuicklook.swiftmodule -serialize-diagnostics -dependency-scan-serialize-diagnostics-path /Users/admin/builder/spi-builder-workspace/.derivedData/Build/Intermediates.noindex/FZQuicklook.build/Debug/FZQuicklook-t.build/Objects-normal/arm64/FZQuicklook-dependency-scan.dia -validate-clang-modules-once -clang-build-session-file /Users/admin/builder/spi-builder-workspace/.derivedData/ModuleCache.noindex/Session.modulevalidation -Xcc -fmodules-prune-interval\=86400 -Xcc -fmodules-prune-after\=345600 -emit-const-values -const-gather-protocols-list /Users/admin/builder/spi-builder-workspace/.derivedData/Build/Intermediates.noindex/FZQuicklook.build/Debug/FZQuicklook-t.build/Objects-normal/arm64/FZQuicklook_const_extract_protocols.json -Xcc -I/Users/admin/builder/spi-builder-workspace/.dependencies/checkouts/FZSwiftUtils/Sources/FZSwiftUtils+ObjC/include -Xcc -I/Users/admin/builder/spi-builder-workspace/.dependencies/checkouts/FZSwiftUtils/Sources/Libffi/include -Xcc -I/Users/admin/builder/spi-builder-workspace/.derivedData/Build/Products/Debug/include -Xcc -I/Users/admin/builder/spi-builder-workspace/.derivedData/Build/Intermediates.noindex/FZQuicklook.build/Debug/FZQuicklook-t.build/DerivedSources-normal/arm64 -Xcc -I/Users/admin/builder/spi-builder-workspace/.derivedData/Build/Intermediates.noindex/FZQuicklook.build/Debug/FZQuicklook-t.build/DerivedSources/arm64 -Xcc -I/Users/admin/builder/spi-builder-workspace/.derivedData/Build/Intermediates.noindex/FZQuicklook.build/Debug/FZQuicklook-t.build/DerivedSources -Xcc -DSWIFT_PACKAGE -Xcc -DDEBUG\=1 -emit-objc-header -emit-objc-header-path /Users/admin/builder/spi-builder-workspace/.derivedData/Build/Intermediates.noindex/FZQuicklook.build/Debug/FZQuicklook-t.build/Objects-normal/arm64/FZQuicklook-Swift.h -working-directory /Users/admin/builder/spi-builder-workspace/.swiftpm/xcode -experimental-emit-module-separately -disable-cmo
SwiftEmitModule normal arm64 Emitting\ module\ for\ FZQuicklook (in target 'FZQuicklook' from project 'FZQuicklook')
SwiftCompile normal arm64 (in target 'FZQuicklook' from project 'FZQuicklook')
cd /Users/admin/builder/spi-builder-workspace/.swiftpm/xcode
SwiftCompile normal arm64 Compiling\ QuicklookPanel.swift /Users/admin/builder/spi-builder-workspace/Sources/FZQuicklook/QuicklookPanel.swift (in target 'FZQuicklook' from project 'FZQuicklook')
SwiftCompile normal arm64 /Users/admin/builder/spi-builder-workspace/Sources/FZQuicklook/QuicklookPanel.swift (in target 'FZQuicklook' from project 'FZQuicklook')
cd /Users/admin/builder/spi-builder-workspace/.swiftpm/xcode
builtin-SwiftPerFileCompile QuicklookPanel.swift
SwiftCompile normal arm64 Compiling\ NSTableViewDataSource+Quicklook.swift,\ QuicklookItem.swift /Users/admin/builder/spi-builder-workspace/Sources/FZQuicklook/NSTableView/NSTableViewDataSource+Quicklook.swift /Users/admin/builder/spi-builder-workspace/Sources/FZQuicklook/QuicklookItem.swift (in target 'FZQuicklook' from project 'FZQuicklook')
SwiftCompile normal arm64 /Users/admin/builder/spi-builder-workspace/Sources/FZQuicklook/NSTableView/NSTableViewDataSource+Quicklook.swift (in target 'FZQuicklook' from project 'FZQuicklook')
cd /Users/admin/builder/spi-builder-workspace/.swiftpm/xcode
builtin-SwiftPerFileCompile NSTableViewDataSource+Quicklook.swift
SwiftCompile normal arm64 /Users/admin/builder/spi-builder-workspace/Sources/FZQuicklook/QuicklookItem.swift (in target 'FZQuicklook' from project 'FZQuicklook')
cd /Users/admin/builder/spi-builder-workspace/.swiftpm/xcode
builtin-SwiftPerFileCompile QuicklookItem.swift
SwiftCompile normal arm64 Compiling\ NSTableCellView+Quicklook.swift,\ NSTableView+Qucklook.swift /Users/admin/builder/spi-builder-workspace/Sources/FZQuicklook/NSTableView/NSTableCellView+Quicklook.swift /Users/admin/builder/spi-builder-workspace/Sources/FZQuicklook/NSTableView/NSTableView+Qucklook.swift (in target 'FZQuicklook' from project 'FZQuicklook')
/Users/admin/builder/spi-builder-workspace/Sources/FZQuicklook/NSTableView/NSTableCellView+Quicklook.swift:21:15: error: no exact matches in call to global function 'getAssociatedValue'
19 | */
20 | public var quicklookPreview: QuicklookPreviewable? {
21 | get { getAssociatedValue(key: "quicklookPreview", object: self, initialValue: nil) }
| `- error: no exact matches in call to global function 'getAssociatedValue'
22 | set { set(associatedValue: newValue, key: "quicklookPreview", object: self)
23 | if newValue != nil {
FZSwiftUtils.getAssociatedValue:1:13: note: incorrect labels for candidate (have: '(key:object:initialValue:)', expected: '(_:of:initial:)')
1 | public func getAssociatedValue<V>(_ key: String, of object: AnyObject, initial initialValue: @autoclosure () -> V) -> V
| `- note: incorrect labels for candidate (have: '(key:object:initialValue:)', expected: '(_:of:initial:)')
FZSwiftUtils.getAssociatedValue:1:13: note: incorrect labels for candidate (have: '(key:object:initialValue:)', expected: '(_:of:initial:)')
1 | public func getAssociatedValue<V>(_ key: String, of object: AnyObject, initial initialValue: @autoclosure () -> V?) -> V?
| `- note: incorrect labels for candidate (have: '(key:object:initialValue:)', expected: '(_:of:initial:)')
/Users/admin/builder/spi-builder-workspace/Sources/FZQuicklook/NSTableView/NSTableCellView+Quicklook.swift:22:16: error: cannot find 'set' in scope
20 | public var quicklookPreview: QuicklookPreviewable? {
21 | get { getAssociatedValue(key: "quicklookPreview", object: self, initialValue: nil) }
22 | set { set(associatedValue: newValue, key: "quicklookPreview", object: self)
| `- error: cannot find 'set' in scope
23 | if newValue != nil {
24 | self.tableView?.isQuicklookPreviewable = true
/Users/admin/builder/spi-builder-workspace/Sources/FZQuicklook/NSTableView/NSTableView+Qucklook.swift:50:15: error: generic parameter 'V' could not be inferred
48 | */
49 | public var isQuicklookPreviewable: Bool {
50 | get { getAssociatedValue(key: "isQuicklookPreviewable", object: self, initialValue: false) }
| `- error: generic parameter 'V' could not be inferred
51 | set { set(associatedValue: newValue, key: "isQuicklookPreviewable", object: self)
52 | self.setupKeyDownMonitor()
FZSwiftUtils.getAssociatedValue:1:13: note: in call to function 'getAssociatedValue(_:of:as:)'
1 | public func getAssociatedValue<V>(_ key: String, of object: AnyObject, as type: V.Type = V.self) -> V?
| `- note: in call to function 'getAssociatedValue(_:of:as:)'
/Users/admin/builder/spi-builder-workspace/Sources/FZQuicklook/NSTableView/NSTableView+Qucklook.swift:50:93: error: extra argument 'initialValue' in call
48 | */
49 | public var isQuicklookPreviewable: Bool {
50 | get { getAssociatedValue(key: "isQuicklookPreviewable", object: self, initialValue: false) }
| `- error: extra argument 'initialValue' in call
51 | set { set(associatedValue: newValue, key: "isQuicklookPreviewable", object: self)
52 | self.setupKeyDownMonitor()
/Users/admin/builder/spi-builder-workspace/Sources/FZQuicklook/NSTableView/NSTableView+Qucklook.swift:50:15: error: optional type 'V?' cannot be used as a boolean; test for '!= nil' instead
48 | */
49 | public var isQuicklookPreviewable: Bool {
50 | get { getAssociatedValue(key: "isQuicklookPreviewable", object: self, initialValue: false) }
| `- error: optional type 'V?' cannot be used as a boolean; test for '!= nil' instead
51 | set { set(associatedValue: newValue, key: "isQuicklookPreviewable", object: self)
52 | self.setupKeyDownMonitor()
SwiftCompile normal arm64 /Users/admin/builder/spi-builder-workspace/Sources/FZQuicklook/NSTableView/NSTableCellView+Quicklook.swift (in target 'FZQuicklook' from project 'FZQuicklook')
cd /Users/admin/builder/spi-builder-workspace/.swiftpm/xcode
builtin-SwiftPerFileCompile NSTableCellView+Quicklook.swift
SwiftCompile normal arm64 /Users/admin/builder/spi-builder-workspace/Sources/FZQuicklook/NSTableView/NSTableView+Qucklook.swift (in target 'FZQuicklook' from project 'FZQuicklook')
cd /Users/admin/builder/spi-builder-workspace/.swiftpm/xcode
builtin-SwiftPerFileCompile NSTableView+Qucklook.swift
SwiftCompile normal arm64 Compiling\ QuicklookView.swift /Users/admin/builder/spi-builder-workspace/Sources/FZQuicklook/QuicklookView.swift (in target 'FZQuicklook' from project 'FZQuicklook')
SwiftCompile normal arm64 /Users/admin/builder/spi-builder-workspace/Sources/FZQuicklook/QuicklookView.swift (in target 'FZQuicklook' from project 'FZQuicklook')
cd /Users/admin/builder/spi-builder-workspace/.swiftpm/xcode
builtin-SwiftPerFileCompile QuicklookView.swift
SwiftCompile normal arm64 Compiling\ NSView+.swift,\ NSCollectionView+Qucklook.swift /Users/admin/builder/spi-builder-workspace/Sources/FZQuicklook/Extensions/NSView+.swift /Users/admin/builder/spi-builder-workspace/Sources/FZQuicklook/NSCollectionView/NSCollectionView+Qucklook.swift (in target 'FZQuicklook' from project 'FZQuicklook')
SwiftCompile normal arm64 /Users/admin/builder/spi-builder-workspace/Sources/FZQuicklook/Extensions/NSView+.swift (in target 'FZQuicklook' from project 'FZQuicklook')
cd /Users/admin/builder/spi-builder-workspace/.swiftpm/xcode
builtin-SwiftPerFileCompile NSView+.swift
SwiftCompile normal arm64 /Users/admin/builder/spi-builder-workspace/Sources/FZQuicklook/NSCollectionView/NSCollectionView+Qucklook.swift (in target 'FZQuicklook' from project 'FZQuicklook')
cd /Users/admin/builder/spi-builder-workspace/.swiftpm/xcode
builtin-SwiftPerFileCompile NSCollectionView+Qucklook.swift
SwiftCompile normal arm64 Compiling\ NSTableRowView+.swift,\ NSTableView+KeyDown.swift /Users/admin/builder/spi-builder-workspace/Sources/FZQuicklook/Extensions/NSTableRowView+.swift /Users/admin/builder/spi-builder-workspace/Sources/FZQuicklook/Extensions/NSTableView+KeyDown.swift (in target 'FZQuicklook' from project 'FZQuicklook')
/Users/admin/builder/spi-builder-workspace/Sources/FZQuicklook/Extensions/NSTableView+KeyDown.swift:15:15: error: no exact matches in call to global function 'getAssociatedValue'
13 | extension NSTableView {
14 | var keyDownMonitor: Any? {
15 | get { getAssociatedValue(key: "NSTableView_keyDownMonitor", object: self, initialValue: nil) }
| `- error: no exact matches in call to global function 'getAssociatedValue'
16 | set { set(associatedValue: newValue, key: "NSTableView_keyDownMonitor", object: self) }
17 | }
FZSwiftUtils.getAssociatedValue:1:13: note: incorrect labels for candidate (have: '(key:object:initialValue:)', expected: '(_:of:initial:)')
1 | public func getAssociatedValue<V>(_ key: String, of object: AnyObject, initial initialValue: @autoclosure () -> V) -> V
| `- note: incorrect labels for candidate (have: '(key:object:initialValue:)', expected: '(_:of:initial:)')
FZSwiftUtils.getAssociatedValue:1:13: note: incorrect labels for candidate (have: '(key:object:initialValue:)', expected: '(_:of:initial:)')
1 | public func getAssociatedValue<V>(_ key: String, of object: AnyObject, initial initialValue: @autoclosure () -> V?) -> V?
| `- note: incorrect labels for candidate (have: '(key:object:initialValue:)', expected: '(_:of:initial:)')
SwiftCompile normal arm64 /Users/admin/builder/spi-builder-workspace/Sources/FZQuicklook/Extensions/NSTableRowView+.swift (in target 'FZQuicklook' from project 'FZQuicklook')
cd /Users/admin/builder/spi-builder-workspace/.swiftpm/xcode
builtin-SwiftPerFileCompile NSTableRowView+.swift
SwiftCompile normal arm64 /Users/admin/builder/spi-builder-workspace/Sources/FZQuicklook/Extensions/NSTableView+KeyDown.swift (in target 'FZQuicklook' from project 'FZQuicklook')
cd /Users/admin/builder/spi-builder-workspace/.swiftpm/xcode
builtin-SwiftPerFileCompile NSTableView+KeyDown.swift
SwiftCompile normal arm64 Compiling\ NSCollectionViewDataSource+Quicklook.swift,\ NSCollectionViewItem+Quicklook.swift /Users/admin/builder/spi-builder-workspace/Sources/FZQuicklook/NSCollectionView/NSCollectionViewDataSource+Quicklook.swift /Users/admin/builder/spi-builder-workspace/Sources/FZQuicklook/NSCollectionView/NSCollectionViewItem+Quicklook.swift (in target 'FZQuicklook' from project 'FZQuicklook')
/Users/admin/builder/spi-builder-workspace/Sources/FZQuicklook/NSCollectionView/NSCollectionViewItem+Quicklook.swift:20:15: error: no exact matches in call to global function 'getAssociatedValue'
18 | */
19 | public var quicklookPreview: QuicklookPreviewable? {
20 | get { getAssociatedValue(key: "quicklookPreview", object: self, initialValue: nil) }
| `- error: no exact matches in call to global function 'getAssociatedValue'
21 | set { set(associatedValue: newValue, key: "quicklookPreview", object: self)
22 | if newValue != nil {
FZSwiftUtils.getAssociatedValue:1:13: note: incorrect labels for candidate (have: '(key:object:initialValue:)', expected: '(_:of:initial:)')
1 | public func getAssociatedValue<V>(_ key: String, of object: AnyObject, initial initialValue: @autoclosure () -> V) -> V
| `- note: incorrect labels for candidate (have: '(key:object:initialValue:)', expected: '(_:of:initial:)')
FZSwiftUtils.getAssociatedValue:1:13: note: incorrect labels for candidate (have: '(key:object:initialValue:)', expected: '(_:of:initial:)')
1 | public func getAssociatedValue<V>(_ key: String, of object: AnyObject, initial initialValue: @autoclosure () -> V?) -> V?
| `- note: incorrect labels for candidate (have: '(key:object:initialValue:)', expected: '(_:of:initial:)')
/Users/admin/builder/spi-builder-workspace/Sources/FZQuicklook/NSCollectionView/NSCollectionViewItem+Quicklook.swift:21:16: error: cannot find 'set' in scope
19 | public var quicklookPreview: QuicklookPreviewable? {
20 | get { getAssociatedValue(key: "quicklookPreview", object: self, initialValue: nil) }
21 | set { set(associatedValue: newValue, key: "quicklookPreview", object: self)
| `- error: cannot find 'set' in scope
22 | if newValue != nil {
23 | self.collectionView?.isQuicklookPreviewable = true
Failed frontend command:
/Applications/Xcode-27.0.0-Release.Candidate.app/Contents/Developer/Toolchains/XcodeDefault.xctoolchain/usr/bin/swift-frontend -frontend -c /Users/admin/builder/spi-builder-workspace/Sources/FZQuicklook/Extensions/NSCollectionView+KeyDown.swift /Users/admin/builder/spi-builder-workspace/Sources/FZQuicklook/Extensions/NSTableCellView+.swift /Users/admin/builder/spi-builder-workspace/Sources/FZQuicklook/Extensions/NSTableRowView+.swift /Users/admin/builder/spi-builder-workspace/Sources/FZQuicklook/Extensions/NSTableView+KeyDown.swift /Users/admin/builder/spi-builder-workspace/Sources/FZQuicklook/Extensions/NSView+.swift /Users/admin/builder/spi-builder-workspace/Sources/FZQuicklook/NSCollectionView/NSCollectionView+Qucklook.swift -primary-file /Users/admin/builder/spi-builder-workspace/Sources/FZQuicklook/NSCollectionView/NSCollectionViewDataSource+Quicklook.swift -primary-file /Users/admin/builder/spi-builder-workspace/Sources/FZQuicklook/NSCollectionView/NSCollectionViewItem+Quicklook.swift /Users/admin/builder/spi-builder-workspace/Sources/FZQuicklook/NSTableView/NSTableCellView+Quicklook.swift /Users/admin/builder/spi-builder-workspace/Sources/FZQuicklook/NSTableView/NSTableView+Qucklook.swift /Users/admin/builder/spi-builder-workspace/Sources/FZQuicklook/NSTableView/NSTableViewDataSource+Quicklook.swift /Users/admin/builder/spi-builder-workspace/Sources/FZQuicklook/QuicklookItem.swift /Users/admin/builder/spi-builder-workspace/Sources/FZQuicklook/QuicklookPanel.swift /Users/admin/builder/spi-builder-workspace/Sources/FZQuicklook/QuicklookPreviewable+Item.swift /Users/admin/builder/spi-builder-workspace/Sources/FZQuicklook/QuicklookPreviewable.swift /Users/admin/builder/spi-builder-workspace/Sources/FZQuicklook/QuicklookView.swift -emit-dependencies-path /Users/admin/builder/spi-builder-workspace/.derivedData/Build/Intermediates.noindex/FZQuicklook.build/Debug/FZQuicklook-t.build/Objects-normal/arm64/NSCollectionViewDataSource+Quicklook.d -emit-const-values-path /Users/admin/builder/spi-builder-workspace/.derivedData/Build/Intermediates.noindex/FZQuicklook.build/Debug/FZQuicklook-t.build/Objects-normal/arm64/NSCollectionViewDataSource+Quicklook.swiftconstvalues -emit-reference-dependencies-path /Users/admin/builder/spi-builder-workspace/.derivedData/Build/Intermediates.noindex/FZQuicklook.build/Debug/FZQuicklook-t.build/Objects-normal/arm64/NSCollectionViewDataSource+Quicklook.swiftdeps -serialize-diagnostics-path /Users/admin/builder/spi-builder-workspace/.derivedData/Build/Intermediates.noindex/FZQuicklook.build/Debug/FZQuicklook-t.build/Objects-normal/arm64/NSCollectionViewDataSource+Quicklook.dia -emit-dependencies-path /Users/admin/builder/spi-builder-workspace/.derivedData/Build/Intermediates.noindex/FZQuicklook.build/Debug/FZQuicklook-t.build/Objects-normal/arm64/NSCollectionViewItem+Quicklook.d -emit-const-values-path /Users/admin/builder/spi-builder-workspace/.derivedData/Build/Intermediates.noindex/FZQuicklook.build/Debug/FZQuicklook-t.build/Objects-normal/arm64/NSCollectionViewItem+Quicklook.swiftconstvalues -emit-reference-dependencies-path /Users/admin/builder/spi-builder-workspace/.derivedData/Build/Intermediates.noindex/FZQuicklook.build/Debug/FZQuicklook-t.build/Objects-normal/arm64/NSCollectionViewItem+Quicklook.swiftdeps -serialize-diagnostics-path /Users/admin/builder/spi-builder-workspace/.derivedData/Build/Intermediates.noindex/FZQuicklook.build/Debug/FZQuicklook-t.build/Objects-normal/arm64/NSCollectionViewItem+Quicklook.dia -target arm64-apple-macos12.0 -disable-cross-import-overlay-search -swift-module-cross-import AVKit /Applications/Xcode-27.0.0-Release.Candidate.app/Contents/Developer/Platforms/MacOSX.platform/Developer/SDKs/MacOSX.sdk/System/Library/Frameworks/AVKit.framework/Modules/AVKit.swiftcrossimport/SwiftUI.swiftoverlay -swift-module-cross-import AVKit /Applications/Xcode-27.0.0-Release.Candidate.app/Contents/Developer/Platforms/MacOSX.platform/Developer/SDKs/MacOSX27.0.sdk/System/Library/Frameworks/AVKit.framework/Modules/AVKit.swiftcrossimport/SwiftUI.swiftoverlay -load-resolved-plugin /Applications/Xcode-27.0.0-Release.Candidate.app/Contents/Developer/Platforms/MacOSX.platform/Developer/usr/lib/swift/host/plugins/libFoundationMacros.dylib\#/Applications/Xcode-27.0.0-Release.Candidate.app/Contents/Developer/Platforms/MacOSX.platform/Developer/usr/bin/swift-plugin-server\#FoundationMacros -load-resolved-plugin /Applications/Xcode-27.0.0-Release.Candidate.app/Contents/Developer/Platforms/MacOSX.platform/Developer/usr/lib/swift/host/plugins/libObservationMacros.dylib\#/Applications/Xcode-27.0.0-Release.Candidate.app/Contents/Developer/Platforms/MacOSX.platform/Developer/usr/bin/swift-plugin-server\#ObservationMacros -load-resolved-plugin /Applications/Xcode-27.0.0-Release.Candidate.app/Contents/Developer/Platforms/MacOSX.platform/Developer/usr/lib/swift/host/plugins/libPreviewsMacros.dylib\#/Applications/Xcode-27.0.0-Release.Candidate.app/Contents/Developer/Platforms/MacOSX.platform/Developer/usr/bin/swift-plugin-server\#PreviewsMacros -load-resolved-plugin /Applications/Xcode-27.0.0-Release.Candidate.app/Contents/Developer/Platforms/MacOSX.platform/Developer/usr/lib/swift/host/plugins/libSwiftMacros.dylib\#/Applications/Xcode-27.0.0-Release.Candidate.app/Contents/Developer/Platforms/MacOSX.platform/Developer/usr/bin/swift-plugin-server\#SwiftMacros -load-resolved-plugin /Applications/Xcode-27.0.0-Release.Candidate.app/Contents/Developer/Platforms/MacOSX.platform/Developer/usr/lib/swift/host/plugins/libSwiftUIMacros.dylib\#/Applications/Xcode-27.0.0-Release.Candidate.app/Contents/Developer/Platforms/MacOSX.platform/Developer/usr/bin/swift-plugin-server\#SwiftUIMacros -disable-implicit-swift-modules -Xcc -fno-implicit-modules -Xcc -fno-implicit-module-maps -explicit-swift-module-map-file /Users/admin/builder/spi-builder-workspace/.derivedData/Build/Intermediates.noindex/FZQuicklook.build/Debug/FZQuicklook-t.build/Objects-normal/arm64/FZQuicklook-dependencies-1.json -Xllvm -aarch64-use-tbi -enable-objc-interop -stack-check -sdk /Applications/Xcode-27.0.0-Release.Candidate.app/Contents/Developer/Platforms/MacOSX.platform/Developer/SDKs/MacOSX27.0.sdk -I /Users/admin/builder/spi-builder-workspace/.derivedData/Build/Products/Debug -Isystem /Applications/Xcode-27.0.0-Release.Candidate.app/Contents/Developer/Platforms/MacOSX.platform/Developer/usr/lib -F /Users/admin/builder/spi-builder-workspace/.derivedData/Build/Products/Debug/PackageFrameworks -F /Users/admin/builder/spi-builder-workspace/.derivedData/Build/Products/Debug -F /Applications/Xcode-27.0.0-Release.Candidate.app/Contents/Developer/Platforms/MacOSX.platform/Developer/Library/Frameworks -module-cache-path /Users/admin/builder/spi-builder-workspace/.derivedData/Build/Intermediates.noindex/SwiftExplicitPrecompiledModules -no-color-diagnostics -Xcc -fno-color-diagnostics -enable-testing -g -debug-info-format\=dwarf -dwarf-version\=4 -swift-version 5 -Onone -D SWIFT_PACKAGE -D DEBUG -D SWIFT_MODULE_RESOURCE_BUNDLE_UNAVAILABLE -D Xcode -serialize-debugging-options -enable-experimental-feature DebugDescriptionMacro -empty-abi-descriptor -validate-clang-modules-once -clang-build-session-file /Users/admin/builder/spi-builder-workspace/.derivedData/ModuleCache.noindex/Session.modulevalidation -Xcc -working-directory -Xcc /Users/admin/builder/spi-builder-workspace/.swiftpm/xcode -enable-anonymous-context-mangled-names -file-compilation-dir /Users/admin/builder/spi-builder-workspace/.swiftpm/xcode -Xcc -fmodule-map-file\=/Users/admin/builder/spi-builder-workspace/.derivedData/Build/Intermediates.noindex/GeneratedModuleMaps/_FZSwiftUtilsObjC.modulemap -Xcc -fmodule-map-file\=/Users/admin/builder/spi-builder-workspace/.dependencies/checkouts/FZSwiftUtils/Sources/Libffi/include/module.modulemap -Xcc -D_LIBCPP_HARDENING_MODE\=_LIBCPP_HARDENING_MODE_DEBUG -Xcc -ivfsstatcache -Xcc /Users/admin/builder/spi-builder-workspace/.derivedData/SDKStatCaches.noindex/macosx27.0-26A425-e829b21a6f8c9b70876ba0858053c0446a22442a12e9d48fe1a705f55a1adfc4.sdkstatcache -Xcc -fmodules-prune-interval\=86400 -Xcc -fmodules-prune-after\=345600 -Xcc -I/Users/admin/builder/spi-builder-workspace/.dependencies/checkouts/FZSwiftUtils/Sources/FZSwiftUtils+ObjC/include -Xcc -I/Users/admin/builder/spi-builder-workspace/.dependencies/checkouts/FZSwiftUtils/Sources/Libffi/include -Xcc -I/Users/admin/builder/spi-builder-workspace/.derivedData/Build/Products/Debug/include -Xcc -I/Users/admin/builder/spi-builder-workspace/.derivedData/Build/Intermediates.noindex/FZQuicklook.build/Debug/FZQuicklook-t.build/DerivedSources-normal/arm64 -Xcc -I/Users/admin/builder/spi-builder-workspace/.derivedData/Build/Intermediates.noindex/FZQuicklook.build/Debug/FZQuicklook-t.build/DerivedSources/arm64 -Xcc -I/Users/admin/builder/spi-builder-workspace/.derivedData/Build/Intermediates.noindex/FZQuicklook.build/Debug/FZQuicklook-t.build/DerivedSources -Xcc -DSWIFT_PACKAGE -Xcc -DDEBUG\=1 -no-auto-bridging-header-chaining -module-name FZQuicklook -const-gather-protocols-file /Users/admin/builder/spi-builder-workspace/.derivedData/Build/Intermediates.noindex/FZQuicklook.build/Debug/FZQuicklook-t.build/Objects-normal/arm64/FZQuicklook_const_extract_protocols.json -disable-clang-spi -clang-target arm64-apple-macos27.0 -target-sdk-version 27.0 -target-sdk-name macosx27.0 -in-process-plugin-server-path /Applications/Xcode-27.0.0-Release.Candidate.app/Contents/Developer/Toolchains/XcodeDefault.xctoolchain/usr/lib/swift/host/libSwiftInProcPluginServer.dylib -parse-as-library -o /Users/admin/builder/spi-builder-workspace/.derivedData/Build/Intermediates.noindex/FZQuicklook.build/Debug/FZQuicklook-t.build/Objects-normal/arm64/NSCollectionViewDataSource+Quicklook.o -o /Users/admin/builder/spi-builder-workspace/.derivedData/Build/Intermediates.noindex/FZQuicklook.build/Debug/FZQuicklook-t.build/Objects-normal/arm64/NSCollectionViewItem+Quicklook.o -debug-module-path /Users/admin/builder/spi-builder-workspace/.derivedData/Build/Intermediates.noindex/FZQuicklook.build/Debug/FZQuicklook-t.build/Objects-normal/arm64/FZQuicklook.swiftmodule -index-unit-output-path /FZQuicklook.build/Debug/FZQuicklook-t.build/Objects-normal/arm64/NSCollectionViewDataSource+Quicklook.o -index-unit-output-path /FZQuicklook.build/Debug/FZQuicklook-t.build/Objects-normal/arm64/NSCollectionViewItem+Quicklook.o -index-store-path /Users/admin/builder/spi-builder-workspace/.derivedData/Index.noindex/DataStore -index-system-modules
SwiftCompile normal arm64 /Users/admin/builder/spi-builder-workspace/Sources/FZQuicklook/NSCollectionView/NSCollectionViewDataSource+Quicklook.swift (in target 'FZQuicklook' from project 'FZQuicklook')
cd /Users/admin/builder/spi-builder-workspace/.swiftpm/xcode
builtin-SwiftPerFileCompile NSCollectionViewDataSource+Quicklook.swift
SwiftCompile normal arm64 /Users/admin/builder/spi-builder-workspace/Sources/FZQuicklook/NSCollectionView/NSCollectionViewItem+Quicklook.swift (in target 'FZQuicklook' from project 'FZQuicklook')
cd /Users/admin/builder/spi-builder-workspace/.swiftpm/xcode
builtin-SwiftPerFileCompile NSCollectionViewItem+Quicklook.swift
SwiftCompile normal arm64 Compiling\ NSCollectionView+KeyDown.swift,\ NSTableCellView+.swift /Users/admin/builder/spi-builder-workspace/Sources/FZQuicklook/Extensions/NSCollectionView+KeyDown.swift /Users/admin/builder/spi-builder-workspace/Sources/FZQuicklook/Extensions/NSTableCellView+.swift (in target 'FZQuicklook' from project 'FZQuicklook')
/Users/admin/builder/spi-builder-workspace/Sources/FZQuicklook/Extensions/NSCollectionView+KeyDown.swift:14:15: error: no exact matches in call to global function 'getAssociatedValue'
12 | extension NSCollectionView {
13 | var keyDownMonitor: Any? {
14 | get { getAssociatedValue(key: "NSCollectionView_keyDownMonitor", object: self, initialValue: nil) }
| `- error: no exact matches in call to global function 'getAssociatedValue'
15 | set { set(associatedValue: newValue, key: "NSCollectionView_keyDownMonitor", object: self) }
16 | }
FZSwiftUtils.getAssociatedValue:1:13: note: incorrect labels for candidate (have: '(key:object:initialValue:)', expected: '(_:of:initial:)')
1 | public func getAssociatedValue<V>(_ key: String, of object: AnyObject, initial initialValue: @autoclosure () -> V) -> V
| `- note: incorrect labels for candidate (have: '(key:object:initialValue:)', expected: '(_:of:initial:)')
FZSwiftUtils.getAssociatedValue:1:13: note: incorrect labels for candidate (have: '(key:object:initialValue:)', expected: '(_:of:initial:)')
1 | public func getAssociatedValue<V>(_ key: String, of object: AnyObject, initial initialValue: @autoclosure () -> V?) -> V?
| `- note: incorrect labels for candidate (have: '(key:object:initialValue:)', expected: '(_:of:initial:)')
/Users/admin/builder/spi-builder-workspace/Sources/FZQuicklook/Extensions/NSCollectionView+KeyDown.swift:15:16: error: cannot find 'set' in scope
13 | var keyDownMonitor: Any? {
14 | get { getAssociatedValue(key: "NSCollectionView_keyDownMonitor", object: self, initialValue: nil) }
15 | set { set(associatedValue: newValue, key: "NSCollectionView_keyDownMonitor", object: self) }
| `- error: cannot find 'set' in scope
16 | }
17 |
/Users/admin/builder/spi-builder-workspace/Sources/FZQuicklook/Extensions/NSCollectionView+KeyDown.swift:19:15: error: no exact matches in call to global function 'getAssociatedValue'
17 |
18 | var mouseDownMonitor: Any? {
19 | get { getAssociatedValue(key: "NSCollectionView_mouseDownMonitor", object: self, initialValue: nil) }
| `- error: no exact matches in call to global function 'getAssociatedValue'
20 | set { set(associatedValue: newValue, key: "NSCollectionView_mouseDownMonitor", object: self) }
21 | }
FZSwiftUtils.getAssociatedValue:1:13: note: incorrect labels for candidate (have: '(key:object:initialValue:)', expected: '(_:of:initial:)')
1 | public func getAssociatedValue<V>(_ key: String, of object: AnyObject, initial initialValue: @autoclosure () -> V) -> V
| `- note: incorrect labels for candidate (have: '(key:object:initialValue:)', expected: '(_:of:initial:)')
FZSwiftUtils.getAssociatedValue:1:13: note: incorrect labels for candidate (have: '(key:object:initialValue:)', expected: '(_:of:initial:)')
1 | public func getAssociatedValue<V>(_ key: String, of object: AnyObject, initial initialValue: @autoclosure () -> V?) -> V?
| `- note: incorrect labels for candidate (have: '(key:object:initialValue:)', expected: '(_:of:initial:)')
/Users/admin/builder/spi-builder-workspace/Sources/FZQuicklook/Extensions/NSCollectionView+KeyDown.swift:20:16: error: cannot find 'set' in scope
18 | var mouseDownMonitor: Any? {
19 | get { getAssociatedValue(key: "NSCollectionView_mouseDownMonitor", object: self, initialValue: nil) }
20 | set { set(associatedValue: newValue, key: "NSCollectionView_mouseDownMonitor", object: self) }
| `- error: cannot find 'set' in scope
21 | }
22 |
/Users/admin/builder/spi-builder-workspace/Sources/FZQuicklook/Extensions/NSCollectionView+KeyDown.swift:24:15: error: no exact matches in call to global function 'getAssociatedValue'
22 |
23 | var selectionObserver: NSKeyValueObservation? {
24 | get { getAssociatedValue(key: "NSCollectionView_selectionObserver_", object: self, initialValue: nil) }
| `- error: no exact matches in call to global function 'getAssociatedValue'
25 | set { set(associatedValue: newValue, key: "NSCollectionView_selectionObserver_", object: self) }
26 | }
FZSwiftUtils.getAssociatedValue:1:13: note: incorrect labels for candidate (have: '(key:object:initialValue:)', expected: '(_:of:initial:)')
1 | public func getAssociatedValue<V>(_ key: String, of object: AnyObject, initial initialValue: @autoclosure () -> V) -> V
| `- note: incorrect labels for candidate (have: '(key:object:initialValue:)', expected: '(_:of:initial:)')
FZSwiftUtils.getAssociatedValue:1:13: note: incorrect labels for candidate (have: '(key:object:initialValue:)', expected: '(_:of:initial:)')
1 | public func getAssociatedValue<V>(_ key: String, of object: AnyObject, initial initialValue: @autoclosure () -> V?) -> V?
| `- note: incorrect labels for candidate (have: '(key:object:initialValue:)', expected: '(_:of:initial:)')
FZSwiftUtils.getAssociatedValue:1:13: note: incorrect labels for candidate (have: '(key:object:initialValue:)', expected: '(_:of:weakInitial:)')
1 | public func getAssociatedValue<V>(_ key: String, of object: AnyObject, weakInitial initialValue: @autoclosure () -> V?) -> V? where V : AnyObject
| `- note: incorrect labels for candidate (have: '(key:object:initialValue:)', expected: '(_:of:weakInitial:)')
SwiftCompile normal arm64 /Users/admin/builder/spi-builder-workspace/Sources/FZQuicklook/Extensions/NSCollectionView+KeyDown.swift (in target 'FZQuicklook' from project 'FZQuicklook')
cd /Users/admin/builder/spi-builder-workspace/.swiftpm/xcode
builtin-SwiftPerFileCompile NSCollectionView+KeyDown.swift
SwiftCompile normal arm64 /Users/admin/builder/spi-builder-workspace/Sources/FZQuicklook/Extensions/NSTableCellView+.swift (in target 'FZQuicklook' from project 'FZQuicklook')
cd /Users/admin/builder/spi-builder-workspace/.swiftpm/xcode
builtin-SwiftPerFileCompile NSTableCellView+.swift
PruneExplicitPrecompiledModules /Users/admin/builder/spi-builder-workspace/.derivedData/Build/Intermediates.noindex/SwiftExplicitPrecompiledModules
PruneExplicitPrecompiledModules /Users/admin/builder/spi-builder-workspace/.derivedData/Build/Intermediates.noindex/ExplicitPrecompiledModules
PruneExplicitPrecompiledModules /Users/admin/builder/spi-builder-workspace/.derivedData/SDKExplicitPrecompiledModules
2026-09-19 23:07:37.852 xcodebuild[908:5736] [MT] IDERunDestination: Supported platforms for the buildables in the current scheme is empty.
--- xcodebuild: WARNING: Using the first of multiple matching destinations:
{ platform:macOS, arch:arm64, id:3e110b89bd423d6bc4bc8af92575895dcd3439f9, name:My Mac }
{ platform:macOS, arch:arm64, variant:Mac Catalyst, id:3e110b89bd423d6bc4bc8af92575895dcd3439f9, name:My Mac }
{ platform:macOS, arch:arm64, variant:DriverKit, id:3e110b89bd423d6bc4bc8af92575895dcd3439f9, name:My Mac }
{ platform:macOS, arch:arm64, variant:Designed for [iPad,iPhone], id:3e110b89bd423d6bc4bc8af92575895dcd3439f9, name:My Mac }
** BUILD FAILED **
The following build commands failed:
SwiftCompile normal arm64 Compiling\ NSCollectionViewDataSource+Quicklook.swift,\ NSCollectionViewItem+Quicklook.swift /Users/admin/builder/spi-builder-workspace/Sources/FZQuicklook/NSCollectionView/NSCollectionViewDataSource+Quicklook.swift /Users/admin/builder/spi-builder-workspace/Sources/FZQuicklook/NSCollectionView/NSCollectionViewItem+Quicklook.swift (in target 'FZQuicklook' from project 'FZQuicklook')
SwiftCompile normal arm64 /Users/admin/builder/spi-builder-workspace/Sources/FZQuicklook/NSCollectionView/NSCollectionViewItem+Quicklook.swift (in target 'FZQuicklook' from project 'FZQuicklook')
Building workspace FZQuicklook with scheme FZQuicklook
(3 failures)
BUILD FAILURE 6.4 macosXcodebuild