The Swift Package Index logo.Swift Package Index

Build Information

Failed to build PhoenixNectar, reference main (9e28f5), with Swift 6.4 for Wasm on 24 Sep 2026 11:23:55 UTC.

Build Command

bash -c docker run --pull=always --rm -v "checkouts-54344845-0":/host -w "$PWD" -e JAVA_HOME="/root/.sdkman/candidates/java/current" -e SPI_BUILD="1" -e SPI_PROCESSING="1" registry.gitlab.com/saguaro1/spi-images:wasm-6.4-latest swift build --swift-sdk swift-6.4.x-DEVELOPMENT-SNAPSHOT-2026-09-04-a_wasm 2>&1

Build Log

========================================
RunAll
========================================
Builder version: 5.1.0
Interrupt handler set up.
========================================
Checkout
========================================
Clone URL: https://github.com/jvdvleuten/PhoenixNectar.git
Reference: main
Initialized empty Git repository in /host/spi-builder-workspace/.git/
hint: Using 'master' as the name for the initial branch. This default branch name
hint: is subject to change. To configure the initial branch name to use in all
hint: of your new repositories, which will suppress this warning, call:
hint:
hint: 	git config --global init.defaultBranch <name>
hint:
hint: Names commonly chosen instead of 'master' are 'main', 'trunk' and
hint: 'development'. The just-created branch can be renamed via this command:
hint:
hint: 	git branch -m <name>
From https://github.com/jvdvleuten/PhoenixNectar
 * branch            main       -> FETCH_HEAD
 * [new branch]      main       -> origin/main
HEAD is now at 9e28f58 Harden Phoenix E2E readiness check
Cloned https://github.com/jvdvleuten/PhoenixNectar.git
Revision (git rev-parse @):
9e28f589752042f6d8f0ae4d2f103d72e54237d2
SUCCESS checkout https://github.com/jvdvleuten/PhoenixNectar.git at main
========================================
Build
========================================
Selected platform:         wasm
Swift version:             6.4
Building package at path:  $PWD
https://github.com/jvdvleuten/PhoenixNectar.git
Running build ...
bash -c docker run --pull=always --rm -v "checkouts-54344845-0":/host -w "$PWD" -e JAVA_HOME="/root/.sdkman/candidates/java/current" -e SPI_BUILD="1" -e SPI_PROCESSING="1" registry.gitlab.com/saguaro1/spi-images:wasm-6.4-latest swift build --swift-sdk swift-6.4.x-DEVELOPMENT-SNAPSHOT-2026-09-04-a_wasm 2>&1
wasm-6.4-latest: Pulling from saguaro1/spi-images
Digest: sha256:4328fdb43c680d205c1d6761b1e3267aa38277eefdda9ddfb17b6a0f1a77857a
Status: Image is up to date for registry.gitlab.com/saguaro1/spi-images:wasm-6.4-latest
Building for debugging...
[Planning deferred tasks]
error: SwiftCompile normal wasm32 failed with a nonzero exit code. Command line:     cd /host

/host/spi-builder-workspace/Sources/PhoenixNectar/ChannelHandle.swift:29:11: warning: 'nonisolated(unsafe)' is unnecessary for a constant with 'Sendable' type 'NSLock', consider removing it
 27 |   }
 28 |   #else
 29 |   private nonisolated(unsafe) let lock = NSLock()
    |           `- warning: 'nonisolated(unsafe)' is unnecessary for a constant with 'Sendable' type 'NSLock', consider removing it
 30 |   private nonisolated(unsafe) var _task: Task<Void, Never>?
 31 |
/host/spi-builder-workspace/Sources/PhoenixNectar/PhoenixTransport.swift:52:65: error: cannot find type 'URLSessionWebSocketDelegate' in scope
 50 |
 51 | @available(macOS 10.15, iOS 13, watchOS 6, tvOS 13, *)
 52 | private final class URLSessionWebSocketDelegateProxy: NSObject, URLSessionWebSocketDelegate {
    |                                                                 `- error: cannot find type 'URLSessionWebSocketDelegate' in scope
 53 |   private let onOpen: @Sendable () async -> Void
 54 |   private let onClose: @Sendable (Int, String?) async -> Void
/host/spi-builder-workspace/Sources/PhoenixNectar/PhoenixTransport.swift:67:57: error: cannot find type 'URLSessionWebSocketTask' in scope
 65 |   }
 66 |
 67 |   func urlSession(_ session: URLSession, webSocketTask: URLSessionWebSocketTask, didOpenWithProtocol protocol: String?) {
    |                                                         `- error: cannot find type 'URLSessionWebSocketTask' in scope
 68 |     Task { await onOpen() }
 69 |   }
/host/spi-builder-workspace/Sources/PhoenixNectar/PhoenixTransport.swift:67:30: error: 'URLSession' is unavailable: This type has moved to the FoundationNetworking module. Import that module to use it.
 65 |   }
 66 |
 67 |   func urlSession(_ session: URLSession, webSocketTask: URLSessionWebSocketTask, didOpenWithProtocol protocol: String?) {
    |                              `- error: 'URLSession' is unavailable: This type has moved to the FoundationNetworking module. Import that module to use it.
 68 |     Task { await onOpen() }
 69 |   }
Foundation.URLSession:2:18: note: 'URLSession' has been explicitly marked unavailable here
1 | @available(*, unavailable, message: "This type has moved to the FoundationNetworking module. Import that module to use it.")
2 | public typealias URLSession = AnyObject
  |                  `- note: 'URLSession' has been explicitly marked unavailable here
/host/spi-builder-workspace/Sources/PhoenixNectar/PhoenixTransport.swift:71:57: error: cannot find type 'URLSessionWebSocketTask' in scope
 69 |   }
 70 |
 71 |   func urlSession(_ session: URLSession, webSocketTask: URLSessionWebSocketTask, didCloseWith closeCode: URLSessionWebSocketTask.CloseCode, reason: Data?) {
    |                                                         `- error: cannot find type 'URLSessionWebSocketTask' in scope
 72 |     Task {
 73 |       await onClose(closeCode.rawValue, reason.flatMap { String(data: $0, encoding: .utf8) })
/host/spi-builder-workspace/Sources/PhoenixNectar/PhoenixTransport.swift:71:106: error: cannot find type 'URLSessionWebSocketTask' in scope
 69 |   }
 70 |
 71 |   func urlSession(_ session: URLSession, webSocketTask: URLSessionWebSocketTask, didCloseWith closeCode: URLSessionWebSocketTask.CloseCode, reason: Data?) {
    |                                                                                                          `- error: cannot find type 'URLSessionWebSocketTask' in scope
 72 |     Task {
 73 |       await onClose(closeCode.rawValue, reason.flatMap { String(data: $0, encoding: .utf8) })
/host/spi-builder-workspace/Sources/PhoenixNectar/PhoenixTransport.swift:71:30: error: 'URLSession' is unavailable: This type has moved to the FoundationNetworking module. Import that module to use it.
 69 |   }
 70 |
 71 |   func urlSession(_ session: URLSession, webSocketTask: URLSessionWebSocketTask, didCloseWith closeCode: URLSessionWebSocketTask.CloseCode, reason: Data?) {
    |                              `- error: 'URLSession' is unavailable: This type has moved to the FoundationNetworking module. Import that module to use it.
 72 |     Task {
 73 |       await onClose(closeCode.rawValue, reason.flatMap { String(data: $0, encoding: .utf8) })
Foundation.URLSession:2:18: note: 'URLSession' has been explicitly marked unavailable here
1 | @available(*, unavailable, message: "This type has moved to the FoundationNetworking module. Import that module to use it.")
2 | public typealias URLSession = AnyObject
  |                  `- note: 'URLSession' has been explicitly marked unavailable here
/host/spi-builder-workspace/Sources/PhoenixNectar/PhoenixTransport.swift:77:30: error: 'URLSession' is unavailable: This type has moved to the FoundationNetworking module. Import that module to use it.
 75 |   }
 76 |
 77 |   func urlSession(_ session: URLSession, task: URLSessionTask, didCompleteWithError error: Error?) {
    |                              `- error: 'URLSession' is unavailable: This type has moved to the FoundationNetworking module. Import that module to use it.
 78 |     guard let error else { return }
 79 |     Task { await onComplete(error) }
Foundation.URLSession:2:18: note: 'URLSession' has been explicitly marked unavailable here
1 | @available(*, unavailable, message: "This type has moved to the FoundationNetworking module. Import that module to use it.")
2 | public typealias URLSession = AnyObject
  |                  `- note: 'URLSession' has been explicitly marked unavailable here
/host/spi-builder-workspace/Sources/PhoenixNectar/PhoenixTransport.swift:77:48: error: 'URLSessionTask' is unavailable: This type has moved to the FoundationNetworking module. Import that module to use it.
 75 |   }
 76 |
 77 |   func urlSession(_ session: URLSession, task: URLSessionTask, didCompleteWithError error: Error?) {
    |                                                `- error: 'URLSessionTask' is unavailable: This type has moved to the FoundationNetworking module. Import that module to use it.
 78 |     guard let error else { return }
 79 |     Task { await onComplete(error) }
Foundation.URLSessionTask:2:18: note: 'URLSessionTask' has been explicitly marked unavailable here
1 | @available(*, unavailable, message: "This type has moved to the FoundationNetworking module. Import that module to use it.")
2 | public typealias URLSessionTask = AnyObject
  |                  `- note: 'URLSessionTask' has been explicitly marked unavailable here
/host/spi-builder-workspace/Sources/PhoenixNectar/PhoenixTransport.swift:86:31: error: 'URLSessionConfiguration' is unavailable: This type has moved to the FoundationNetworking module. Import that module to use it.
 84 | actor URLSessionTransport: PhoenixTransport {
 85 |   internal let url: URL
 86 |   internal let configuration: URLSessionConfiguration
    |                               `- error: 'URLSessionConfiguration' is unavailable: This type has moved to the FoundationNetworking module. Import that module to use it.
 87 |
 88 |   private let broadcaster = TransportEventBroadcaster()
Foundation.URLSessionConfiguration:2:18: note: 'URLSessionConfiguration' has been explicitly marked unavailable here
1 | @available(*, unavailable, message: "This type has moved to the FoundationNetworking module. Import that module to use it.")
2 | public typealias URLSessionConfiguration = AnyObject
  |                  `- note: 'URLSessionConfiguration' has been explicitly marked unavailable here
/host/spi-builder-workspace/Sources/PhoenixNectar/PhoenixTransport.swift:90:24: error: 'URLSession' is unavailable: This type has moved to the FoundationNetworking module. Import that module to use it.
 88 |   private let broadcaster = TransportEventBroadcaster()
 89 |   private var ready: PhoenixTransportReadyState = .closed
 90 |   private var session: URLSession?
    |                        `- error: 'URLSession' is unavailable: This type has moved to the FoundationNetworking module. Import that module to use it.
 91 |   private var task: URLSessionWebSocketTask?
 92 |   private var receiveTask: Task<Void, Never>?
Foundation.URLSession:2:18: note: 'URLSession' has been explicitly marked unavailable here
1 | @available(*, unavailable, message: "This type has moved to the FoundationNetworking module. Import that module to use it.")
2 | public typealias URLSession = AnyObject
  |                  `- note: 'URLSession' has been explicitly marked unavailable here
/host/spi-builder-workspace/Sources/PhoenixNectar/PhoenixTransport.swift:91:21: error: cannot find type 'URLSessionWebSocketTask' in scope
 89 |   private var ready: PhoenixTransportReadyState = .closed
 90 |   private var session: URLSession?
 91 |   private var task: URLSessionWebSocketTask?
    |                     `- error: cannot find type 'URLSessionWebSocketTask' in scope
 92 |   private var receiveTask: Task<Void, Never>?
 93 |   private var delegateProxy: URLSessionWebSocketDelegateProxy?
/host/spi-builder-workspace/Sources/PhoenixNectar/PhoenixTransport.swift:95:33: error: 'URLSessionConfiguration' is unavailable: This type has moved to the FoundationNetworking module. Import that module to use it.
 93 |   private var delegateProxy: URLSessionWebSocketDelegateProxy?
 94 |
 95 |   init(url: URL, configuration: URLSessionConfiguration = .default) {
    |                                 `- error: 'URLSessionConfiguration' is unavailable: This type has moved to the FoundationNetworking module. Import that module to use it.
 96 |     let endpoint = url.absoluteString
 97 |     let wsEndpoint = endpoint
Foundation.URLSessionConfiguration:2:18: note: 'URLSessionConfiguration' has been explicitly marked unavailable here
1 | @available(*, unavailable, message: "This type has moved to the FoundationNetworking module. Import that module to use it.")
2 | public typealias URLSessionConfiguration = AnyObject
  |                  `- note: 'URLSessionConfiguration' has been explicitly marked unavailable here
/host/spi-builder-workspace/Sources/PhoenixNectar/PhoenixTransport.swift:95:60: error: value of type '_' expected to be instance of class or class-constrained type
 93 |   private var delegateProxy: URLSessionWebSocketDelegateProxy?
 94 |
 95 |   init(url: URL, configuration: URLSessionConfiguration = .default) {
    |                                                            `- error: value of type '_' expected to be instance of class or class-constrained type
 96 |     let endpoint = url.absoluteString
 97 |     let wsEndpoint = endpoint
/host/spi-builder-workspace/Sources/PhoenixNectar/PhoenixTransport.swift:95:60: error: type 'URLSessionConfiguration' (aka 'AnyObject') has no member 'default'
 93 |   private var delegateProxy: URLSessionWebSocketDelegateProxy?
 94 |
 95 |   init(url: URL, configuration: URLSessionConfiguration = .default) {
    |                                                            `- error: type 'URLSessionConfiguration' (aka 'AnyObject') has no member 'default'
 96 |     let endpoint = url.absoluteString
 97 |     let wsEndpoint = endpoint
Failed frontend command:
/usr/bin/swift-frontend -frontend -emit-module -experimental-skip-non-inlinable-function-bodies-without-types /host/spi-builder-workspace/Sources/PhoenixNectar/ChannelHandle.swift /host/spi-builder-workspace/Sources/PhoenixNectar/ClockScheduler.swift /host/spi-builder-workspace/Sources/PhoenixNectar/Defaults.swift /host/spi-builder-workspace/Sources/PhoenixNectar/PhoenixAPI.swift /host/spi-builder-workspace/Sources/PhoenixNectar/PhoenixErrors.swift /host/spi-builder-workspace/Sources/PhoenixNectar/PhoenixEvents.swift /host/spi-builder-workspace/Sources/PhoenixNectar/PhoenixMessage.swift /host/spi-builder-workspace/Sources/PhoenixNectar/PhoenixNectar.swift /host/spi-builder-workspace/Sources/PhoenixNectar/PhoenixTransport.swift /host/spi-builder-workspace/Sources/PhoenixNectar/PhoenixValue.swift /host/spi-builder-workspace/Sources/PhoenixNectar/SocketClient.swift -target wasm32-unknown-wasip1 -disable-objc-interop -sdk /root/.swiftpm/swift-sdks/swift-6.4.x-DEVELOPMENT-SNAPSHOT-2026-09-04-a_wasm.artifactbundle/swift-6.4.x-DEVELOPMENT-SNAPSHOT-2026-09-04-a_wasm/wasm32-unknown-wasip1/WASI.sdk -sysroot /root/.swiftpm/swift-sdks/swift-6.4.x-DEVELOPMENT-SNAPSHOT-2026-09-04-a_wasm.artifactbundle/swift-6.4.x-DEVELOPMENT-SNAPSHOT-2026-09-04-a_wasm/wasm32-unknown-wasip1/WASI.sdk -I /host/spi-builder-workspace/.build/out/Products/Debug-webassembly-wasm32 -module-cache-path /host/spi-builder-workspace/.build/out/ModuleCache.noindex -color-diagnostics -Xcc -fcolor-diagnostics -enable-testing -g -debug-info-format\=dwarf -dwarf-version\=4 -swift-version 6 -Onone -D SWIFT_PACKAGE -D DEBUG -D SWIFT_MODULE_RESOURCE_BUNDLE_UNAVAILABLE -D Xcode -serialize-debugging-options -enable-experimental-feature DebugDescriptionMacro -empty-abi-descriptor -external-plugin-path /usr/lib/swift/host/plugins/testing\#/usr/bin/swift-plugin-server -validate-clang-modules-once -clang-build-session-file /host/spi-builder-workspace/.build/out/ModuleCache.noindex/Session.modulevalidation -Xcc -working-directory -Xcc /host -resource-dir /root/.swiftpm/swift-sdks/swift-6.4.x-DEVELOPMENT-SNAPSHOT-2026-09-04-a_wasm.artifactbundle/swift-6.4.x-DEVELOPMENT-SNAPSHOT-2026-09-04-a_wasm/wasm32-unknown-wasip1/swift.xctoolchain/usr/lib/swift_static -use-static-resource-dir -enable-anonymous-context-mangled-names -file-compilation-dir /host -Xcc -resource-dir -Xcc /root/.swiftpm/swift-sdks/swift-6.4.x-DEVELOPMENT-SNAPSHOT-2026-09-04-a_wasm.artifactbundle/swift-6.4.x-DEVELOPMENT-SNAPSHOT-2026-09-04-a_wasm/wasm32-unknown-wasip1/swift.xctoolchain/usr/lib/swift_static/clang -Xcc -D_LIBCPP_HARDENING_MODE\=_LIBCPP_HARDENING_MODE_DEBUG -Xcc -fmodules-prune-interval\=86400 -Xcc -fmodules-prune-after\=345600 -Xcc -I/host/spi-builder-workspace/.build/out/Products/Debug-webassembly-wasm32/include -Xcc -I/host/spi-builder-workspace/.build/out/Intermediates.noindex/PhoenixNectar.build/Debug-webassembly-wasm32/PhoenixNectar-t.build/DerivedSources-normal/wasm32 -Xcc -I/host/spi-builder-workspace/.build/out/Intermediates.noindex/PhoenixNectar.build/Debug-webassembly-wasm32/PhoenixNectar-t.build/DerivedSources/wasm32 -Xcc -I/host/spi-builder-workspace/.build/out/Intermediates.noindex/PhoenixNectar.build/Debug-webassembly-wasm32/PhoenixNectar-t.build/DerivedSources -Xcc -DSWIFT_PACKAGE -Xcc -DDEBUG\=1 -no-auto-bridging-header-chaining -module-name PhoenixNectar -package-name spi_builder_workspace -const-gather-protocols-file /host/spi-builder-workspace/.build/out/Intermediates.noindex/PhoenixNectar.build/Debug-webassembly-wasm32/PhoenixNectar-t.build/Objects-normal/wasm32/PhoenixNectar_const_extract_protocols.json -in-process-plugin-server-path /usr/lib/swift/host/libSwiftInProcPluginServer.so -plugin-path /usr/lib/swift/host/plugins -plugin-path /usr/local/lib/swift/host/plugins -emit-module-doc-path /host/spi-builder-workspace/.build/out/Intermediates.noindex/PhoenixNectar.build/Debug-webassembly-wasm32/PhoenixNectar-t.build/Objects-normal/wasm32/Modules/PhoenixNectar.swiftdoc -emit-module-source-info-path /host/spi-builder-workspace/.build/out/Intermediates.noindex/PhoenixNectar.build/Debug-webassembly-wasm32/PhoenixNectar-t.build/Objects-normal/wasm32/Modules/PhoenixNectar.swiftsourceinfo -emit-objc-header-path /host/spi-builder-workspace/.build/out/Intermediates.noindex/PhoenixNectar.build/Debug-webassembly-wasm32/PhoenixNectar-t.build/Objects-normal/wasm32/PhoenixNectar-Swift.h -serialize-diagnostics-path /host/spi-builder-workspace/.build/out/Intermediates.noindex/PhoenixNectar.build/Debug-webassembly-wasm32/PhoenixNectar-t.build/Objects-normal/wasm32/PhoenixNectar-primary-emit-module.dia -emit-dependencies-path /host/spi-builder-workspace/.build/out/Intermediates.noindex/PhoenixNectar.build/Debug-webassembly-wasm32/PhoenixNectar-t.build/Objects-normal/wasm32/PhoenixNectar-primary-emit-module.d -parse-as-library -o /host/spi-builder-workspace/.build/out/Intermediates.noindex/PhoenixNectar.build/Debug-webassembly-wasm32/PhoenixNectar-t.build/Objects-normal/wasm32/Modules/PhoenixNectar.swiftmodule
error: Build failed
BUILD FAILURE 6.4 wasm