Build Information
Failed to build azure-functions-swift, reference 0.6.2 (015026), with Swift 6.4 for watchOS using Xcode 27.0 on 17 Sep 2026 06:16:41 UTC.
Build Command
env DEVELOPER_DIR=/Applications/Xcode-27.0.0-Release.Candidate.app xcrun xcodebuild -IDEClonedSourcePackagesDirPathOverride=$PWD/.dependencies -skipMacroValidation -skipPackagePluginValidation -derivedDataPath $PWD/.derivedData build -scheme azure-functions-swift -destination generic/platform=watchOSBuild Log
SwiftProtobuf: https://github.com/apple/swift-protobuf.git @ 1.38.1
async-http-client: https://github.com/swift-server/async-http-client.git @ 1.36.1
Files: https://github.com/JohnSundell/Files @ 4.3.0
swift-metrics: https://github.com/apple/swift-metrics.git @ 2.11.0
PathKit: https://github.com/kylef/PathKit.git @ 1.0.1
swift-configuration: https://github.com/apple/swift-configuration.git @ 1.2.0
swift-log: https://github.com/apple/swift-log.git @ 1.15.1
swift-http-structured-headers: https://github.com/apple/swift-http-structured-headers.git @ 1.7.0
swift-crypto: https://github.com/apple/swift-crypto.git @ 4.5.2
swift-nio: https://github.com/apple/swift-nio.git @ 2.102.0
swift-system: https://github.com/apple/swift-system.git @ 1.8.1
swift-algorithms: https://github.com/apple/swift-algorithms.git @ 1.2.1
swift-async-algorithms: https://github.com/apple/swift-async-algorithms.git @ 1.1.5
websocket-kit: https://github.com/vapor/websocket-kit.git @ 2.16.2
ComputePackagePrebuildTargetDependencyGraph
Prepare packages
CreateBuildRequest
SendProjectDescription
CreateBuildOperation
ComputeTargetDependencyGraph
note: Building targets in dependency order
note: Target dependency graph (141 targets)
Target 'AzureFunctions-product' in project 'azure-functions-swift'
➜ Explicit dependency on target 'AzureFunctions' in project 'azure-functions-swift'
➜ Explicit dependency on target 'Files-product' in project 'Files'
➜ Explicit dependency on target 'Stencil-product' in project 'Stencil'
➜ Explicit dependency on target 'AnyCodable-product' in project 'AnyCodable'
➜ Explicit dependency on target 'Vapor-product' in project 'vapor'
➜ Explicit dependency on target 'GRPC-product' in project 'grpc-swift'
Target 'AzureFunctions' in project 'azure-functions-swift'
➜ Explicit dependency on target 'Files-product' in project 'Files'
➜ Explicit dependency on target 'Stencil-product' in project 'Stencil'
➜ Explicit dependency on target 'AnyCodable-product' in project 'AnyCodable'
➜ Explicit dependency on target 'Vapor-product' in project 'vapor'
➜ Explicit dependency on target 'GRPC-product' in project 'grpc-swift'
Target 'GRPC-product' in project 'grpc-swift'
➜ Explicit dependency on target 'GRPC' in project 'grpc-swift'
➜ Explicit dependency on target 'CGRPCZlib' in project 'grpc-swift'
➜ Explicit dependency on target 'NIO-product' in project 'swift-nio'
➜ Explicit dependency on target 'NIOFoundationCompat-product' in project 'swift-nio'
➜ Explicit dependency on target 'NIOTransportServices-product' in project 'swift-nio-transport-services'
➜ Explicit dependency on target 'NIOHTTP1-product' in project 'swift-nio'
➜ Explicit dependency on target 'NIOHTTP2-product' in project 'swift-nio-http2'
➜ Explicit dependency on target 'NIOSSL-product' in project 'swift-nio-ssl'
➜ Explicit dependency on target 'SwiftProtobuf-product' in project 'SwiftProtobuf'
➜ Explicit dependency on target 'Logging-product' in project 'swift-log'
Target 'GRPC' in project 'grpc-swift'
➜ Explicit dependency on target 'CGRPCZlib' in project 'grpc-swift'
➜ Explicit dependency on target 'NIO-product' in project 'swift-nio'
➜ Explicit dependency on target 'NIOFoundationCompat-product' in project 'swift-nio'
➜ Explicit dependency on target 'NIOTransportServices-product' in project 'swift-nio-transport-services'
➜ Explicit dependency on target 'NIOHTTP1-product' in project 'swift-nio'
➜ Explicit dependency on target 'NIOHTTP2-product' in project 'swift-nio-http2'
➜ Explicit dependency on target 'NIOSSL-product' in project 'swift-nio-ssl'
➜ Explicit dependency on target 'SwiftProtobuf-product' in project 'SwiftProtobuf'
➜ Explicit dependency on target 'Logging-product' in project 'swift-log'
Target 'SwiftProtobuf-product' in project 'SwiftProtobuf'
➜ Explicit dependency on target 'SwiftProtobuf' in project 'SwiftProtobuf'
➜ Explicit dependency on target 'SwiftProtobuf_SwiftProtobuf' in project 'SwiftProtobuf'
Target 'SwiftProtobuf' in project 'SwiftProtobuf'
➜ Explicit dependency on target 'SwiftProtobuf_SwiftProtobuf' in project 'SwiftProtobuf'
Target 'SwiftProtobuf_SwiftProtobuf' in project 'SwiftProtobuf' (no dependencies)
Target 'CGRPCZlib' in project 'grpc-swift' (no dependencies)
Target 'Vapor-product' in project 'vapor'
➜ Explicit dependency on target 'Vapor' in project 'vapor'
➜ Explicit dependency on target 'CVaporBcrypt' in project 'vapor'
➜ Explicit dependency on target 'AsyncHTTPClient-product' in project 'async-http-client'
➜ Explicit dependency on target 'AsyncKit-product' in project 'async-kit'
➜ Explicit dependency on target 'ConsoleKit-product' in project 'console-kit'
➜ Explicit dependency on target 'Logging-product' in project 'swift-log'
➜ Explicit dependency on target 'Metrics-product' in project 'swift-metrics'
➜ Explicit dependency on target 'Tracing-product' in project 'swift-distributed-tracing'
➜ Explicit dependency on target 'ServiceContextModule-product' in project 'swift-service-context'
➜ Explicit dependency on target 'NIO-product' in project 'swift-nio'
➜ Explicit dependency on target 'NIOConcurrencyHelpers-product' in project 'swift-nio'
➜ Explicit dependency on target 'NIOCore-product' in project 'swift-nio'
➜ Explicit dependency on target 'NIOExtras-product' in project 'swift-nio-extras'
➜ Explicit dependency on target 'NIOFoundationCompat-product' in project 'swift-nio'
➜ Explicit dependency on target 'NIOHTTPCompression-product' in project 'swift-nio-extras'
➜ Explicit dependency on target 'NIOHTTP1-product' in project 'swift-nio'
➜ Explicit dependency on target 'NIOHTTP2-product' in project 'swift-nio-http2'
➜ Explicit dependency on target 'NIOSSL-product' in project 'swift-nio-ssl'
➜ Explicit dependency on target 'NIOWebSocket-product' in project 'swift-nio'
➜ Explicit dependency on target 'Crypto-product' in project 'swift-crypto'
➜ Explicit dependency on target 'Algorithms-product' in project 'swift-algorithms'
➜ Explicit dependency on target 'RoutingKit-product' in project 'routing-kit'
➜ Explicit dependency on target 'WebSocketKit-product' in project 'websocket-kit'
➜ Explicit dependency on target 'MultipartKit-product' in project 'multipart-kit'
➜ Explicit dependency on target 'Atomics-product' in project 'swift-atomics'
➜ Explicit dependency on target '_NIOFileSystem-product' in project 'swift-nio'
➜ Explicit dependency on target '_NIOFileSystemFoundationCompat-product' in project 'swift-nio'
➜ Explicit dependency on target 'X509-product' in project 'swift-certificates'
➜ Explicit dependency on target 'SwiftASN1-product' in project 'swift-asn1'
Target 'Vapor' in project 'vapor'
➜ Explicit dependency on target 'CVaporBcrypt' in project 'vapor'
➜ Explicit dependency on target 'AsyncHTTPClient-product' in project 'async-http-client'
➜ Explicit dependency on target 'AsyncKit-product' in project 'async-kit'
➜ Explicit dependency on target 'ConsoleKit-product' in project 'console-kit'
➜ Explicit dependency on target 'Logging-product' in project 'swift-log'
➜ Explicit dependency on target 'Metrics-product' in project 'swift-metrics'
➜ Explicit dependency on target 'Tracing-product' in project 'swift-distributed-tracing'
➜ Explicit dependency on target 'ServiceContextModule-product' in project 'swift-service-context'
➜ Explicit dependency on target 'NIO-product' in project 'swift-nio'
➜ Explicit dependency on target 'NIOConcurrencyHelpers-product' in project 'swift-nio'
➜ Explicit dependency on target 'NIOCore-product' in project 'swift-nio'
➜ Explicit dependency on target 'NIOExtras-product' in project 'swift-nio-extras'
➜ Explicit dependency on target 'NIOFoundationCompat-product' in project 'swift-nio'
➜ Explicit dependency on target 'NIOHTTPCompression-product' in project 'swift-nio-extras'
➜ Explicit dependency on target 'NIOHTTP1-product' in project 'swift-nio'
➜ Explicit dependency on target 'NIOHTTP2-product' in project 'swift-nio-http2'
➜ Explicit dependency on target 'NIOSSL-product' in project 'swift-nio-ssl'
➜ Explicit dependency on target 'NIOWebSocket-product' in project 'swift-nio'
➜ Explicit dependency on target 'Crypto-product' in project 'swift-crypto'
➜ Explicit dependency on target 'Algorithms-product' in project 'swift-algorithms'
➜ Explicit dependency on target 'RoutingKit-product' in project 'routing-kit'
➜ Explicit dependency on target 'WebSocketKit-product' in project 'websocket-kit'
➜ Explicit dependency on target 'MultipartKit-product' in project 'multipart-kit'
➜ Explicit dependency on target 'Atomics-product' in project 'swift-atomics'
➜ Explicit dependency on target '_NIOFileSystem-product' in project 'swift-nio'
➜ Explicit dependency on target '_NIOFileSystemFoundationCompat-product' in project 'swift-nio'
➜ Explicit dependency on target 'X509-product' in project 'swift-certificates'
➜ Explicit dependency on target 'SwiftASN1-product' in project 'swift-asn1'
Target 'X509-product' in project 'swift-certificates'
➜ Explicit dependency on target 'X509' in project 'swift-certificates'
➜ Explicit dependency on target '_CertificateInternals' in project 'swift-certificates'
➜ Explicit dependency on target 'SwiftASN1-product' in project 'swift-asn1'
➜ Explicit dependency on target 'Crypto-product' in project 'swift-crypto'
➜ Explicit dependency on target '_CryptoExtras-product' in project 'swift-crypto'
Target 'X509' in project 'swift-certificates'
➜ Explicit dependency on target '_CertificateInternals' in project 'swift-certificates'
➜ Explicit dependency on target 'SwiftASN1-product' in project 'swift-asn1'
➜ Explicit dependency on target 'Crypto-product' in project 'swift-crypto'
➜ Explicit dependency on target '_CryptoExtras-product' in project 'swift-crypto'
Target '_CryptoExtras-product' in project 'swift-crypto'
➜ Explicit dependency on target '_CryptoExtras' in project 'swift-crypto'
➜ Explicit dependency on target 'CCryptoBoringSSL' in project 'swift-crypto'
➜ Explicit dependency on target 'CCryptoBoringSSLShims' in project 'swift-crypto'
➜ Explicit dependency on target 'CryptoBoringWrapper' in project 'swift-crypto'
➜ Explicit dependency on target 'Crypto' in project 'swift-crypto'
➜ Explicit dependency on target 'CryptoExtras' in project 'swift-crypto'
➜ Explicit dependency on target 'SwiftASN1-product' in project 'swift-asn1'
Target '_CryptoExtras' in project 'swift-crypto'
➜ Explicit dependency on target 'CCryptoBoringSSL' in project 'swift-crypto'
➜ Explicit dependency on target 'CCryptoBoringSSLShims' in project 'swift-crypto'
➜ Explicit dependency on target 'CryptoBoringWrapper' in project 'swift-crypto'
➜ Explicit dependency on target 'Crypto' in project 'swift-crypto'
➜ Explicit dependency on target 'CryptoExtras' in project 'swift-crypto'
➜ Explicit dependency on target 'SwiftASN1-product' in project 'swift-asn1'
Target 'CryptoExtras' in project 'swift-crypto'
➜ Explicit dependency on target 'swift-crypto_CryptoExtras' in project 'swift-crypto'
➜ Explicit dependency on target 'CCryptoBoringSSL' in project 'swift-crypto'
➜ Explicit dependency on target 'CCryptoBoringSSLShims' in project 'swift-crypto'
➜ Explicit dependency on target 'CryptoBoringWrapper' in project 'swift-crypto'
➜ Explicit dependency on target 'Crypto' in project 'swift-crypto'
➜ Explicit dependency on target 'SwiftASN1-product' in project 'swift-asn1'
Target 'swift-crypto_CryptoExtras' in project 'swift-crypto' (no dependencies)
Target 'CryptoBoringWrapper' in project 'swift-crypto'
➜ Explicit dependency on target 'swift-crypto_CryptoBoringWrapper' in project 'swift-crypto'
➜ Explicit dependency on target 'CCryptoBoringSSL' in project 'swift-crypto'
➜ Explicit dependency on target 'CCryptoBoringSSLShims' in project 'swift-crypto'
Target 'swift-crypto_CryptoBoringWrapper' in project 'swift-crypto' (no dependencies)
Target 'CCryptoBoringSSLShims' in project 'swift-crypto'
➜ Explicit dependency on target 'swift-crypto_CCryptoBoringSSLShims' in project 'swift-crypto'
➜ Explicit dependency on target 'CCryptoBoringSSL' in project 'swift-crypto'
Target 'swift-crypto_CCryptoBoringSSLShims' in project 'swift-crypto' (no dependencies)
Target 'CCryptoBoringSSL' in project 'swift-crypto'
➜ Explicit dependency on target 'swift-crypto_CCryptoBoringSSL' in project 'swift-crypto'
Target 'swift-crypto_CCryptoBoringSSL' in project 'swift-crypto' (no dependencies)
Target 'SwiftASN1-product' in project 'swift-asn1'
➜ Explicit dependency on target 'SwiftASN1' in project 'swift-asn1'
Target 'SwiftASN1' in project 'swift-asn1' (no dependencies)
Target '_CertificateInternals' in project 'swift-certificates' (no dependencies)
Target '_NIOFileSystemFoundationCompat-product' in project 'swift-nio'
➜ Explicit dependency on target '_NIOFileSystemFoundationCompat' in project 'swift-nio'
➜ Explicit dependency on target 'CNIOAtomics' in project 'swift-nio'
➜ Explicit dependency on target 'NIOConcurrencyHelpers' in project 'swift-nio'
➜ Explicit dependency on target '_NIOBase64' in project 'swift-nio'
➜ Explicit dependency on target 'CNIOOpenBSD' in project 'swift-nio'
➜ Explicit dependency on target 'CNIOFreeBSD' in project 'swift-nio'
➜ Explicit dependency on target 'CNIODarwin' in project 'swift-nio'
➜ Explicit dependency on target 'CNIOLinux' in project 'swift-nio'
➜ Explicit dependency on target 'CNIOWindows' in project 'swift-nio'
➜ Explicit dependency on target 'CNIOWASI' in project 'swift-nio'
➜ Explicit dependency on target '_NIODataStructures' in project 'swift-nio'
➜ Explicit dependency on target 'NIOCore' in project 'swift-nio'
➜ Explicit dependency on target 'CNIOPosix' in project 'swift-nio'
➜ Explicit dependency on target 'NIOPosix' in project 'swift-nio'
➜ Explicit dependency on target '_NIOFileSystem' in project 'swift-nio'
➜ Explicit dependency on target 'NIOFoundationEssentialsCompat' in project 'swift-nio'
➜ Explicit dependency on target 'DequeModule-product' in project 'swift-collections'
➜ Explicit dependency on target 'Atomics-product' in project 'swift-atomics'
➜ Explicit dependency on target 'SystemPackage-product' in project 'swift-system'
Target '_NIOFileSystemFoundationCompat' in project 'swift-nio'
➜ Explicit dependency on target 'CNIOAtomics' in project 'swift-nio'
➜ Explicit dependency on target 'NIOConcurrencyHelpers' in project 'swift-nio'
➜ Explicit dependency on target '_NIOBase64' in project 'swift-nio'
➜ Explicit dependency on target 'CNIOOpenBSD' in project 'swift-nio'
➜ Explicit dependency on target 'CNIOFreeBSD' in project 'swift-nio'
➜ Explicit dependency on target 'CNIODarwin' in project 'swift-nio'
➜ Explicit dependency on target 'CNIOLinux' in project 'swift-nio'
➜ Explicit dependency on target 'CNIOWindows' in project 'swift-nio'
➜ Explicit dependency on target 'CNIOWASI' in project 'swift-nio'
➜ Explicit dependency on target '_NIODataStructures' in project 'swift-nio'
➜ Explicit dependency on target 'NIOCore' in project 'swift-nio'
➜ Explicit dependency on target 'CNIOPosix' in project 'swift-nio'
➜ Explicit dependency on target 'NIOPosix' in project 'swift-nio'
➜ Explicit dependency on target '_NIOFileSystem' in project 'swift-nio'
➜ Explicit dependency on target 'NIOFoundationEssentialsCompat' in project 'swift-nio'
➜ Explicit dependency on target 'DequeModule-product' in project 'swift-collections'
➜ Explicit dependency on target 'Atomics-product' in project 'swift-atomics'
➜ Explicit dependency on target 'SystemPackage-product' in project 'swift-system'
Target '_NIOFileSystem-product' in project 'swift-nio'
➜ Explicit dependency on target '_NIOFileSystem' in project 'swift-nio'
➜ Explicit dependency on target 'NIOFileSystem' in project 'swift-nio'
➜ Explicit dependency on target 'swift-nio__NIOFileSystem' in project 'swift-nio'
➜ Explicit dependency on target 'CNIOAtomics' in project 'swift-nio'
➜ Explicit dependency on target 'NIOConcurrencyHelpers' in project 'swift-nio'
➜ Explicit dependency on target '_NIOBase64' in project 'swift-nio'
➜ Explicit dependency on target 'CNIOOpenBSD' in project 'swift-nio'
➜ Explicit dependency on target 'CNIOFreeBSD' in project 'swift-nio'
➜ Explicit dependency on target 'CNIODarwin' in project 'swift-nio'
➜ Explicit dependency on target 'CNIOLinux' in project 'swift-nio'
➜ Explicit dependency on target 'CNIOWindows' in project 'swift-nio'
➜ Explicit dependency on target 'CNIOWASI' in project 'swift-nio'
➜ Explicit dependency on target '_NIODataStructures' in project 'swift-nio'
➜ Explicit dependency on target 'NIOCore' in project 'swift-nio'
➜ Explicit dependency on target 'CNIOPosix' in project 'swift-nio'
➜ Explicit dependency on target 'NIOPosix' in project 'swift-nio'
➜ Explicit dependency on target 'DequeModule-product' in project 'swift-collections'
➜ Explicit dependency on target 'Atomics-product' in project 'swift-atomics'
➜ Explicit dependency on target 'SystemPackage-product' in project 'swift-system'
Target 'NIOFileSystem' in project 'swift-nio'
➜ Explicit dependency on target 'CNIOAtomics' in project 'swift-nio'
➜ Explicit dependency on target 'NIOConcurrencyHelpers' in project 'swift-nio'
➜ Explicit dependency on target '_NIOBase64' in project 'swift-nio'
➜ Explicit dependency on target 'CNIOOpenBSD' in project 'swift-nio'
➜ Explicit dependency on target 'CNIOFreeBSD' in project 'swift-nio'
➜ Explicit dependency on target 'CNIODarwin' in project 'swift-nio'
➜ Explicit dependency on target 'CNIOLinux' in project 'swift-nio'
➜ Explicit dependency on target 'CNIOWindows' in project 'swift-nio'
➜ Explicit dependency on target 'CNIOWASI' in project 'swift-nio'
➜ Explicit dependency on target '_NIODataStructures' in project 'swift-nio'
➜ Explicit dependency on target 'NIOCore' in project 'swift-nio'
➜ Explicit dependency on target 'CNIOPosix' in project 'swift-nio'
➜ Explicit dependency on target 'NIOPosix' in project 'swift-nio'
➜ Explicit dependency on target '_NIOFileSystem' in project 'swift-nio'
➜ Explicit dependency on target 'DequeModule-product' in project 'swift-collections'
➜ Explicit dependency on target 'Atomics-product' in project 'swift-atomics'
➜ Explicit dependency on target 'SystemPackage-product' in project 'swift-system'
Target '_NIOFileSystem' in project 'swift-nio'
➜ Explicit dependency on target 'swift-nio__NIOFileSystem' in project 'swift-nio'
➜ Explicit dependency on target 'CNIOAtomics' in project 'swift-nio'
➜ Explicit dependency on target 'NIOConcurrencyHelpers' in project 'swift-nio'
➜ Explicit dependency on target '_NIOBase64' in project 'swift-nio'
➜ Explicit dependency on target 'CNIOOpenBSD' in project 'swift-nio'
➜ Explicit dependency on target 'CNIOFreeBSD' in project 'swift-nio'
➜ Explicit dependency on target 'CNIODarwin' in project 'swift-nio'
➜ Explicit dependency on target 'CNIOLinux' in project 'swift-nio'
➜ Explicit dependency on target 'CNIOWindows' in project 'swift-nio'
➜ Explicit dependency on target 'CNIOWASI' in project 'swift-nio'
➜ Explicit dependency on target '_NIODataStructures' in project 'swift-nio'
➜ Explicit dependency on target 'NIOCore' in project 'swift-nio'
➜ Explicit dependency on target 'CNIOPosix' in project 'swift-nio'
➜ Explicit dependency on target 'NIOPosix' in project 'swift-nio'
➜ Explicit dependency on target 'DequeModule-product' in project 'swift-collections'
➜ Explicit dependency on target 'Atomics-product' in project 'swift-atomics'
➜ Explicit dependency on target 'SystemPackage-product' in project 'swift-system'
Target 'swift-nio__NIOFileSystem' in project 'swift-nio' (no dependencies)
Target 'MultipartKit-product' in project 'multipart-kit'
➜ Explicit dependency on target 'MultipartKit' in project 'multipart-kit'
➜ Explicit dependency on target 'NIO-product' in project 'swift-nio'
➜ Explicit dependency on target 'NIOHTTP1-product' in project 'swift-nio'
➜ Explicit dependency on target 'Collections-product' in project 'swift-collections'
Target 'MultipartKit' in project 'multipart-kit'
➜ Explicit dependency on target 'NIO-product' in project 'swift-nio'
➜ Explicit dependency on target 'NIOHTTP1-product' in project 'swift-nio'
➜ Explicit dependency on target 'Collections-product' in project 'swift-collections'
Target 'WebSocketKit-product' in project 'websocket-kit'
➜ Explicit dependency on target 'WebSocketKit' in project 'websocket-kit'
➜ Explicit dependency on target 'NIOCore-product' in project 'swift-nio'
➜ Explicit dependency on target 'NIOConcurrencyHelpers-product' in project 'swift-nio'
➜ Explicit dependency on target 'NIOExtras-product' in project 'swift-nio-extras'
➜ Explicit dependency on target 'NIOFoundationCompat-product' in project 'swift-nio'
➜ Explicit dependency on target 'NIOHTTP1-product' in project 'swift-nio'
➜ Explicit dependency on target 'NIOSSL-product' in project 'swift-nio-ssl'
➜ Explicit dependency on target 'NIOWebSocket-product' in project 'swift-nio'
➜ Explicit dependency on target 'NIOTransportServices-product' in project 'swift-nio-transport-services'
➜ Explicit dependency on target 'Atomics-product' in project 'swift-atomics'
Target 'WebSocketKit' in project 'websocket-kit'
➜ Explicit dependency on target 'NIOCore-product' in project 'swift-nio'
➜ Explicit dependency on target 'NIOConcurrencyHelpers-product' in project 'swift-nio'
➜ Explicit dependency on target 'NIOExtras-product' in project 'swift-nio-extras'
➜ Explicit dependency on target 'NIOFoundationCompat-product' in project 'swift-nio'
➜ Explicit dependency on target 'NIOHTTP1-product' in project 'swift-nio'
➜ Explicit dependency on target 'NIOSSL-product' in project 'swift-nio-ssl'
➜ Explicit dependency on target 'NIOWebSocket-product' in project 'swift-nio'
➜ Explicit dependency on target 'NIOTransportServices-product' in project 'swift-nio-transport-services'
➜ Explicit dependency on target 'Atomics-product' in project 'swift-atomics'
Target 'RoutingKit-product' in project 'routing-kit'
➜ Explicit dependency on target 'RoutingKit' in project 'routing-kit'
➜ Explicit dependency on target 'Logging-product' in project 'swift-log'
Target 'RoutingKit' in project 'routing-kit'
➜ Explicit dependency on target 'Logging-product' in project 'swift-log'
Target 'Crypto-product' in project 'swift-crypto'
➜ Explicit dependency on target 'Crypto' in project 'swift-crypto'
➜ Explicit dependency on target 'swift-crypto_Crypto' in project 'swift-crypto'
Target 'Crypto' in project 'swift-crypto'
➜ Explicit dependency on target 'swift-crypto_Crypto' in project 'swift-crypto'
Target 'swift-crypto_Crypto' in project 'swift-crypto' (no dependencies)
Target 'NIOWebSocket-product' in project 'swift-nio'
➜ Explicit dependency on target 'NIOWebSocket' in project 'swift-nio'
➜ Explicit dependency on target 'CNIOAtomics' in project 'swift-nio'
➜ Explicit dependency on target 'NIOConcurrencyHelpers' in project 'swift-nio'
➜ Explicit dependency on target '_NIOBase64' in project 'swift-nio'
➜ Explicit dependency on target 'CNIOOpenBSD' in project 'swift-nio'
➜ Explicit dependency on target 'CNIOFreeBSD' in project 'swift-nio'
➜ Explicit dependency on target 'CNIODarwin' in project 'swift-nio'
➜ Explicit dependency on target 'CNIOLinux' in project 'swift-nio'
➜ Explicit dependency on target 'CNIOWindows' in project 'swift-nio'
➜ Explicit dependency on target 'CNIOWASI' in project 'swift-nio'
➜ Explicit dependency on target '_NIODataStructures' in project 'swift-nio'
➜ Explicit dependency on target 'NIOCore' in project 'swift-nio'
➜ Explicit dependency on target 'NIOEmbedded' in project 'swift-nio'
➜ Explicit dependency on target 'CNIOPosix' in project 'swift-nio'
➜ Explicit dependency on target 'NIOPosix' in project 'swift-nio'
➜ Explicit dependency on target 'NIO' in project 'swift-nio'
➜ Explicit dependency on target 'CNIOLLHTTP' in project 'swift-nio'
➜ Explicit dependency on target 'NIOHTTP1' in project 'swift-nio'
➜ Explicit dependency on target 'CNIOSHA1' in project 'swift-nio'
➜ Explicit dependency on target 'DequeModule-product' in project 'swift-collections'
➜ Explicit dependency on target 'Atomics-product' in project 'swift-atomics'
Target 'NIOWebSocket' in project 'swift-nio'
➜ Explicit dependency on target 'CNIOAtomics' in project 'swift-nio'
➜ Explicit dependency on target 'NIOConcurrencyHelpers' in project 'swift-nio'
➜ Explicit dependency on target '_NIOBase64' in project 'swift-nio'
➜ Explicit dependency on target 'CNIOOpenBSD' in project 'swift-nio'
➜ Explicit dependency on target 'CNIOFreeBSD' in project 'swift-nio'
➜ Explicit dependency on target 'CNIODarwin' in project 'swift-nio'
➜ Explicit dependency on target 'CNIOLinux' in project 'swift-nio'
➜ Explicit dependency on target 'CNIOWindows' in project 'swift-nio'
➜ Explicit dependency on target 'CNIOWASI' in project 'swift-nio'
➜ Explicit dependency on target '_NIODataStructures' in project 'swift-nio'
➜ Explicit dependency on target 'NIOCore' in project 'swift-nio'
➜ Explicit dependency on target 'NIOEmbedded' in project 'swift-nio'
➜ Explicit dependency on target 'CNIOPosix' in project 'swift-nio'
➜ Explicit dependency on target 'NIOPosix' in project 'swift-nio'
➜ Explicit dependency on target 'NIO' in project 'swift-nio'
➜ Explicit dependency on target 'CNIOLLHTTP' in project 'swift-nio'
➜ Explicit dependency on target 'NIOHTTP1' in project 'swift-nio'
➜ Explicit dependency on target 'CNIOSHA1' in project 'swift-nio'
➜ Explicit dependency on target 'DequeModule-product' in project 'swift-collections'
➜ Explicit dependency on target 'Atomics-product' in project 'swift-atomics'
Target 'CNIOSHA1' in project 'swift-nio' (no dependencies)
Target 'NIOExtras-product' in project 'swift-nio-extras'
➜ Explicit dependency on target 'NIOExtras' in project 'swift-nio-extras'
➜ Explicit dependency on target 'NIO-product' in project 'swift-nio'
➜ Explicit dependency on target 'NIOCore-product' in project 'swift-nio'
➜ Explicit dependency on target 'NIOHTTP1-product' in project 'swift-nio'
Target 'NIOExtras' in project 'swift-nio-extras'
➜ Explicit dependency on target 'NIO-product' in project 'swift-nio'
➜ Explicit dependency on target 'NIOCore-product' in project 'swift-nio'
➜ Explicit dependency on target 'NIOHTTP1-product' in project 'swift-nio'
Target 'Metrics-product' in project 'swift-metrics'
➜ Explicit dependency on target 'Metrics' in project 'swift-metrics'
➜ Explicit dependency on target 'CoreMetrics' in project 'swift-metrics'
Target 'Metrics' in project 'swift-metrics'
➜ Explicit dependency on target 'CoreMetrics' in project 'swift-metrics'
Target 'CoreMetrics' in project 'swift-metrics' (no dependencies)
Target 'ConsoleKit-product' in project 'console-kit'
➜ Explicit dependency on target 'ConsoleKit' in project 'console-kit'
➜ Explicit dependency on target 'ConsoleKitTerminal' in project 'console-kit'
➜ Explicit dependency on target 'ConsoleKitCommands' in project 'console-kit'
➜ Explicit dependency on target 'Logging-product' in project 'swift-log'
➜ Explicit dependency on target 'NIOConcurrencyHelpers-product' in project 'swift-nio'
Target 'ConsoleKit' in project 'console-kit'
➜ Explicit dependency on target 'ConsoleKitTerminal' in project 'console-kit'
➜ Explicit dependency on target 'ConsoleKitCommands' in project 'console-kit'
➜ Explicit dependency on target 'Logging-product' in project 'swift-log'
➜ Explicit dependency on target 'NIOConcurrencyHelpers-product' in project 'swift-nio'
Target 'ConsoleKitCommands' in project 'console-kit'
➜ Explicit dependency on target 'ConsoleKitTerminal' in project 'console-kit'
➜ Explicit dependency on target 'Logging-product' in project 'swift-log'
➜ Explicit dependency on target 'NIOConcurrencyHelpers-product' in project 'swift-nio'
Target 'ConsoleKitTerminal' in project 'console-kit'
➜ Explicit dependency on target 'Logging-product' in project 'swift-log'
➜ Explicit dependency on target 'NIOConcurrencyHelpers-product' in project 'swift-nio'
Target 'AsyncKit-product' in project 'async-kit'
➜ Explicit dependency on target 'AsyncKit' in project 'async-kit'
➜ Explicit dependency on target 'Logging-product' in project 'swift-log'
➜ Explicit dependency on target 'NIOCore-product' in project 'swift-nio'
➜ Explicit dependency on target 'NIOEmbedded-product' in project 'swift-nio'
➜ Explicit dependency on target 'NIOPosix-product' in project 'swift-nio'
➜ Explicit dependency on target 'Collections-product' in project 'swift-collections'
➜ Explicit dependency on target 'Algorithms-product' in project 'swift-algorithms'
Target 'AsyncKit' in project 'async-kit'
➜ Explicit dependency on target 'Logging-product' in project 'swift-log'
➜ Explicit dependency on target 'NIOCore-product' in project 'swift-nio'
➜ Explicit dependency on target 'NIOEmbedded-product' in project 'swift-nio'
➜ Explicit dependency on target 'NIOPosix-product' in project 'swift-nio'
➜ Explicit dependency on target 'Collections-product' in project 'swift-collections'
➜ Explicit dependency on target 'Algorithms-product' in project 'swift-algorithms'
Target 'Collections-product' in project 'swift-collections'
➜ Explicit dependency on target 'Collections' in project 'swift-collections'
➜ Explicit dependency on target 'InternalCollectionsUtilities' in project 'swift-collections'
➜ Explicit dependency on target 'BitCollections' in project 'swift-collections'
➜ Explicit dependency on target 'ContainersPreview' in project 'swift-collections'
➜ Explicit dependency on target 'DequeModule' in project 'swift-collections'
➜ Explicit dependency on target 'HashTreeCollections' in project 'swift-collections'
➜ Explicit dependency on target 'HeapModule' in project 'swift-collections'
➜ Explicit dependency on target 'OrderedCollections' in project 'swift-collections'
➜ Explicit dependency on target '_RopeModule' in project 'swift-collections'
Target 'Collections' in project 'swift-collections'
➜ Explicit dependency on target 'InternalCollectionsUtilities' in project 'swift-collections'
➜ Explicit dependency on target 'BitCollections' in project 'swift-collections'
➜ Explicit dependency on target 'ContainersPreview' in project 'swift-collections'
➜ Explicit dependency on target 'DequeModule' in project 'swift-collections'
➜ Explicit dependency on target 'HashTreeCollections' in project 'swift-collections'
➜ Explicit dependency on target 'HeapModule' in project 'swift-collections'
➜ Explicit dependency on target 'OrderedCollections' in project 'swift-collections'
➜ Explicit dependency on target '_RopeModule' in project 'swift-collections'
Target '_RopeModule' in project 'swift-collections'
➜ Explicit dependency on target 'InternalCollectionsUtilities' in project 'swift-collections'
Target 'OrderedCollections' in project 'swift-collections'
➜ Explicit dependency on target 'InternalCollectionsUtilities' in project 'swift-collections'
Target 'HeapModule' in project 'swift-collections'
➜ Explicit dependency on target 'InternalCollectionsUtilities' in project 'swift-collections'
Target 'HashTreeCollections' in project 'swift-collections'
➜ Explicit dependency on target 'InternalCollectionsUtilities' in project 'swift-collections'
Target 'BitCollections' in project 'swift-collections'
➜ Explicit dependency on target 'InternalCollectionsUtilities' in project 'swift-collections'
Target 'NIOEmbedded-product' in project 'swift-nio'
➜ Explicit dependency on target 'NIOEmbedded' in project 'swift-nio'
➜ Explicit dependency on target 'CNIOAtomics' in project 'swift-nio'
➜ Explicit dependency on target 'NIOConcurrencyHelpers' in project 'swift-nio'
➜ Explicit dependency on target '_NIOBase64' in project 'swift-nio'
➜ Explicit dependency on target 'CNIOOpenBSD' in project 'swift-nio'
➜ Explicit dependency on target 'CNIOFreeBSD' in project 'swift-nio'
➜ Explicit dependency on target 'CNIODarwin' in project 'swift-nio'
➜ Explicit dependency on target 'CNIOLinux' in project 'swift-nio'
➜ Explicit dependency on target 'CNIOWindows' in project 'swift-nio'
➜ Explicit dependency on target 'CNIOWASI' in project 'swift-nio'
➜ Explicit dependency on target '_NIODataStructures' in project 'swift-nio'
➜ Explicit dependency on target 'NIOCore' in project 'swift-nio'
➜ Explicit dependency on target 'DequeModule-product' in project 'swift-collections'
➜ Explicit dependency on target 'Atomics-product' in project 'swift-atomics'
Target 'AsyncHTTPClient-product' in project 'async-http-client'
➜ Explicit dependency on target 'AsyncHTTPClient' in project 'async-http-client'
➜ Explicit dependency on target 'CAsyncHTTPClient' in project 'async-http-client'
➜ Explicit dependency on target 'NIO-product' in project 'swift-nio'
➜ Explicit dependency on target 'NIOTLS-product' in project 'swift-nio'
➜ Explicit dependency on target 'NIOCore-product' in project 'swift-nio'
➜ Explicit dependency on target 'NIOPosix-product' in project 'swift-nio'
➜ Explicit dependency on target 'NIOHTTP1-product' in project 'swift-nio'
➜ Explicit dependency on target 'NIOConcurrencyHelpers-product' in project 'swift-nio'
➜ Explicit dependency on target 'NIOHTTP2-product' in project 'swift-nio-http2'
➜ Explicit dependency on target 'NIOSSL-product' in project 'swift-nio-ssl'
➜ Explicit dependency on target 'NIOHTTPCompression-product' in project 'swift-nio-extras'
➜ Explicit dependency on target 'NIOSOCKS-product' in project 'swift-nio-extras'
➜ Explicit dependency on target 'NIOTransportServices-product' in project 'swift-nio-transport-services'
➜ Explicit dependency on target 'Atomics-product' in project 'swift-atomics'
➜ Explicit dependency on target 'Algorithms-product' in project 'swift-algorithms'
➜ Explicit dependency on target 'Configuration-product' in project 'swift-configuration'
➜ Explicit dependency on target 'Logging-product' in project 'swift-log'
➜ Explicit dependency on target 'Tracing-product' in project 'swift-distributed-tracing'
➜ Explicit dependency on target 'ServiceContextModule-product' in project 'swift-service-context'
Target 'AsyncHTTPClient' in project 'async-http-client'
➜ Explicit dependency on target 'CAsyncHTTPClient' in project 'async-http-client'
➜ Explicit dependency on target 'NIO-product' in project 'swift-nio'
➜ Explicit dependency on target 'NIOTLS-product' in project 'swift-nio'
➜ Explicit dependency on target 'NIOCore-product' in project 'swift-nio'
➜ Explicit dependency on target 'NIOPosix-product' in project 'swift-nio'
➜ Explicit dependency on target 'NIOHTTP1-product' in project 'swift-nio'
➜ Explicit dependency on target 'NIOConcurrencyHelpers-product' in project 'swift-nio'
➜ Explicit dependency on target 'NIOHTTP2-product' in project 'swift-nio-http2'
➜ Explicit dependency on target 'NIOSSL-product' in project 'swift-nio-ssl'
➜ Explicit dependency on target 'NIOHTTPCompression-product' in project 'swift-nio-extras'
➜ Explicit dependency on target 'NIOSOCKS-product' in project 'swift-nio-extras'
➜ Explicit dependency on target 'NIOTransportServices-product' in project 'swift-nio-transport-services'
➜ Explicit dependency on target 'Atomics-product' in project 'swift-atomics'
➜ Explicit dependency on target 'Algorithms-product' in project 'swift-algorithms'
➜ Explicit dependency on target 'Configuration-product' in project 'swift-configuration'
➜ Explicit dependency on target 'Logging-product' in project 'swift-log'
➜ Explicit dependency on target 'Tracing-product' in project 'swift-distributed-tracing'
➜ Explicit dependency on target 'ServiceContextModule-product' in project 'swift-service-context'
Target 'Tracing-product' in project 'swift-distributed-tracing'
➜ Explicit dependency on target 'Tracing' in project 'swift-distributed-tracing'
➜ Explicit dependency on target 'Instrumentation' in project 'swift-distributed-tracing'
➜ Explicit dependency on target 'ServiceContextModule-product' in project 'swift-service-context'
Target 'Tracing' in project 'swift-distributed-tracing'
➜ Explicit dependency on target 'Instrumentation' in project 'swift-distributed-tracing'
➜ Explicit dependency on target 'ServiceContextModule-product' in project 'swift-service-context'
Target 'Instrumentation' in project 'swift-distributed-tracing'
➜ Explicit dependency on target 'ServiceContextModule-product' in project 'swift-service-context'
Target 'ServiceContextModule-product' in project 'swift-service-context'
➜ Explicit dependency on target 'ServiceContextModule' in project 'swift-service-context'
Target 'ServiceContextModule' in project 'swift-service-context' (no dependencies)
Target 'Logging-product' in project 'swift-log'
➜ Explicit dependency on target 'Logging' in project 'swift-log'
Target 'Logging' in project 'swift-log' (no dependencies)
Target 'Configuration-product' in project 'swift-configuration'
➜ Explicit dependency on target 'Configuration' in project 'swift-configuration'
➜ Explicit dependency on target 'SystemPackage-product' in project 'swift-system'
➜ Explicit dependency on target 'DequeModule-product' in project 'swift-collections'
Target 'Configuration' in project 'swift-configuration'
➜ Explicit dependency on target 'SystemPackage-product' in project 'swift-system'
➜ Explicit dependency on target 'DequeModule-product' in project 'swift-collections'
Target 'SystemPackage-product' in project 'swift-system'
➜ Explicit dependency on target 'SystemPackage' in project 'swift-system'
➜ Explicit dependency on target 'CSystem' in project 'swift-system'
Target 'SystemPackage' in project 'swift-system'
➜ Explicit dependency on target 'CSystem' in project 'swift-system'
Target 'CSystem' in project 'swift-system' (no dependencies)
Target 'Algorithms-product' in project 'swift-algorithms'
➜ Explicit dependency on target 'Algorithms' in project 'swift-algorithms'
➜ Explicit dependency on target 'RealModule-product' in project 'swift-numerics'
Target 'Algorithms' in project 'swift-algorithms'
➜ Explicit dependency on target 'RealModule-product' in project 'swift-numerics'
Target 'RealModule-product' in project 'swift-numerics'
➜ Explicit dependency on target 'RealModule' in project 'swift-numerics'
➜ Explicit dependency on target '_NumericsShims' in project 'swift-numerics'
Target 'RealModule' in project 'swift-numerics'
➜ Explicit dependency on target '_NumericsShims' in project 'swift-numerics'
Target '_NumericsShims' in project 'swift-numerics' (no dependencies)
Target 'NIOTransportServices-product' in project 'swift-nio-transport-services'
➜ Explicit dependency on target 'NIOTransportServices' in project 'swift-nio-transport-services'
➜ Explicit dependency on target 'NIO-product' in project 'swift-nio'
➜ Explicit dependency on target 'NIOCore-product' in project 'swift-nio'
➜ Explicit dependency on target 'NIOFoundationCompat-product' in project 'swift-nio'
➜ Explicit dependency on target 'NIOTLS-product' in project 'swift-nio'
➜ Explicit dependency on target 'Atomics-product' in project 'swift-atomics'
Target 'NIOTransportServices' in project 'swift-nio-transport-services'
➜ Explicit dependency on target 'NIO-product' in project 'swift-nio'
➜ Explicit dependency on target 'NIOCore-product' in project 'swift-nio'
➜ Explicit dependency on target 'NIOFoundationCompat-product' in project 'swift-nio'
➜ Explicit dependency on target 'NIOTLS-product' in project 'swift-nio'
➜ Explicit dependency on target 'Atomics-product' in project 'swift-atomics'
Target 'NIOFoundationCompat-product' in project 'swift-nio'
➜ Explicit dependency on target 'NIOFoundationCompat' in project 'swift-nio'
➜ Explicit dependency on target 'CNIOAtomics' in project 'swift-nio'
➜ Explicit dependency on target 'NIOConcurrencyHelpers' in project 'swift-nio'
➜ Explicit dependency on target '_NIOBase64' in project 'swift-nio'
➜ Explicit dependency on target 'CNIOOpenBSD' in project 'swift-nio'
➜ Explicit dependency on target 'CNIOFreeBSD' in project 'swift-nio'
➜ Explicit dependency on target 'CNIODarwin' in project 'swift-nio'
➜ Explicit dependency on target 'CNIOLinux' in project 'swift-nio'
➜ Explicit dependency on target 'CNIOWindows' in project 'swift-nio'
➜ Explicit dependency on target 'CNIOWASI' in project 'swift-nio'
➜ Explicit dependency on target '_NIODataStructures' in project 'swift-nio'
➜ Explicit dependency on target 'NIOCore' in project 'swift-nio'
➜ Explicit dependency on target 'NIOEmbedded' in project 'swift-nio'
➜ Explicit dependency on target 'CNIOPosix' in project 'swift-nio'
➜ Explicit dependency on target 'NIOPosix' in project 'swift-nio'
➜ Explicit dependency on target 'NIO' in project 'swift-nio'
➜ Explicit dependency on target 'NIOFoundationEssentialsCompat' in project 'swift-nio'
➜ Explicit dependency on target 'DequeModule-product' in project 'swift-collections'
➜ Explicit dependency on target 'Atomics-product' in project 'swift-atomics'
Target 'NIOFoundationCompat' in project 'swift-nio'
➜ Explicit dependency on target 'CNIOAtomics' in project 'swift-nio'
➜ Explicit dependency on target 'NIOConcurrencyHelpers' in project 'swift-nio'
➜ Explicit dependency on target '_NIOBase64' in project 'swift-nio'
➜ Explicit dependency on target 'CNIOOpenBSD' in project 'swift-nio'
➜ Explicit dependency on target 'CNIOFreeBSD' in project 'swift-nio'
➜ Explicit dependency on target 'CNIODarwin' in project 'swift-nio'
➜ Explicit dependency on target 'CNIOLinux' in project 'swift-nio'
➜ Explicit dependency on target 'CNIOWindows' in project 'swift-nio'
➜ Explicit dependency on target 'CNIOWASI' in project 'swift-nio'
➜ Explicit dependency on target '_NIODataStructures' in project 'swift-nio'
➜ Explicit dependency on target 'NIOCore' in project 'swift-nio'
➜ Explicit dependency on target 'NIOEmbedded' in project 'swift-nio'
➜ Explicit dependency on target 'CNIOPosix' in project 'swift-nio'
➜ Explicit dependency on target 'NIOPosix' in project 'swift-nio'
➜ Explicit dependency on target 'NIO' in project 'swift-nio'
➜ Explicit dependency on target 'NIOFoundationEssentialsCompat' in project 'swift-nio'
➜ Explicit dependency on target 'DequeModule-product' in project 'swift-collections'
➜ Explicit dependency on target 'Atomics-product' in project 'swift-atomics'
Target 'NIOFoundationEssentialsCompat' in project 'swift-nio'
➜ Explicit dependency on target 'CNIOAtomics' in project 'swift-nio'
➜ Explicit dependency on target 'NIOConcurrencyHelpers' in project 'swift-nio'
➜ Explicit dependency on target '_NIOBase64' in project 'swift-nio'
➜ Explicit dependency on target 'CNIOOpenBSD' in project 'swift-nio'
➜ Explicit dependency on target 'CNIOFreeBSD' in project 'swift-nio'
➜ Explicit dependency on target 'CNIODarwin' in project 'swift-nio'
➜ Explicit dependency on target 'CNIOLinux' in project 'swift-nio'
➜ Explicit dependency on target 'CNIOWindows' in project 'swift-nio'
➜ Explicit dependency on target 'CNIOWASI' in project 'swift-nio'
➜ Explicit dependency on target '_NIODataStructures' in project 'swift-nio'
➜ Explicit dependency on target 'NIOCore' in project 'swift-nio'
➜ Explicit dependency on target 'DequeModule-product' in project 'swift-collections'
➜ Explicit dependency on target 'Atomics-product' in project 'swift-atomics'
Target 'NIOSOCKS-product' in project 'swift-nio-extras'
➜ Explicit dependency on target 'NIOSOCKS' in project 'swift-nio-extras'
➜ Explicit dependency on target 'NIO-product' in project 'swift-nio'
➜ Explicit dependency on target 'NIOCore-product' in project 'swift-nio'
Target 'NIOSOCKS' in project 'swift-nio-extras'
➜ Explicit dependency on target 'NIO-product' in project 'swift-nio'
➜ Explicit dependency on target 'NIOCore-product' in project 'swift-nio'
Target 'NIOHTTPCompression-product' in project 'swift-nio-extras'
➜ Explicit dependency on target 'NIOHTTPCompression' in project 'swift-nio-extras'
➜ Explicit dependency on target 'CNIOExtrasZlib' in project 'swift-nio-extras'
➜ Explicit dependency on target 'NIO-product' in project 'swift-nio'
➜ Explicit dependency on target 'NIOCore-product' in project 'swift-nio'
➜ Explicit dependency on target 'NIOHTTP1-product' in project 'swift-nio'
Target 'NIOHTTPCompression' in project 'swift-nio-extras'
➜ Explicit dependency on target 'CNIOExtrasZlib' in project 'swift-nio-extras'
➜ Explicit dependency on target 'NIO-product' in project 'swift-nio'
➜ Explicit dependency on target 'NIOCore-product' in project 'swift-nio'
➜ Explicit dependency on target 'NIOHTTP1-product' in project 'swift-nio'
Target 'CNIOExtrasZlib' in project 'swift-nio-extras' (no dependencies)
Target 'NIOSSL-product' in project 'swift-nio-ssl'
➜ Explicit dependency on target 'NIOSSL' in project 'swift-nio-ssl'
➜ Explicit dependency on target 'swift-nio-ssl_NIOSSL' in project 'swift-nio-ssl'
➜ Explicit dependency on target 'CNIOBoringSSL' in project 'swift-nio-ssl'
➜ Explicit dependency on target 'CNIOBoringSSLShims' in project 'swift-nio-ssl'
➜ Explicit dependency on target 'NIO-product' in project 'swift-nio'
➜ Explicit dependency on target 'NIOCore-product' in project 'swift-nio'
➜ Explicit dependency on target 'NIOConcurrencyHelpers-product' in project 'swift-nio'
➜ Explicit dependency on target 'NIOTLS-product' in project 'swift-nio'
Target 'NIOSSL' in project 'swift-nio-ssl'
➜ Explicit dependency on target 'swift-nio-ssl_NIOSSL' in project 'swift-nio-ssl'
➜ Explicit dependency on target 'CNIOBoringSSL' in project 'swift-nio-ssl'
➜ Explicit dependency on target 'CNIOBoringSSLShims' in project 'swift-nio-ssl'
➜ Explicit dependency on target 'NIO-product' in project 'swift-nio'
➜ Explicit dependency on target 'NIOCore-product' in project 'swift-nio'
➜ Explicit dependency on target 'NIOConcurrencyHelpers-product' in project 'swift-nio'
➜ Explicit dependency on target 'NIOTLS-product' in project 'swift-nio'
Target 'CNIOBoringSSLShims' in project 'swift-nio-ssl'
➜ Explicit dependency on target 'CNIOBoringSSL' in project 'swift-nio-ssl'
Target 'CNIOBoringSSL' in project 'swift-nio-ssl' (no dependencies)
Target 'swift-nio-ssl_NIOSSL' in project 'swift-nio-ssl' (no dependencies)
Target 'NIOHTTP2-product' in project 'swift-nio-http2'
➜ Explicit dependency on target 'NIOHTTP2' in project 'swift-nio-http2'
➜ Explicit dependency on target 'NIOHPACK' in project 'swift-nio-http2'
➜ Explicit dependency on target 'NIO-product' in project 'swift-nio'
➜ Explicit dependency on target 'NIOCore-product' in project 'swift-nio'
➜ Explicit dependency on target 'NIOConcurrencyHelpers-product' in project 'swift-nio'
➜ Explicit dependency on target 'NIOHTTP1-product' in project 'swift-nio'
➜ Explicit dependency on target 'NIOTLS-product' in project 'swift-nio'
➜ Explicit dependency on target 'Atomics-product' in project 'swift-atomics'
Target 'NIOHTTP2' in project 'swift-nio-http2'
➜ Explicit dependency on target 'NIOHPACK' in project 'swift-nio-http2'
➜ Explicit dependency on target 'NIO-product' in project 'swift-nio'
➜ Explicit dependency on target 'NIOCore-product' in project 'swift-nio'
➜ Explicit dependency on target 'NIOConcurrencyHelpers-product' in project 'swift-nio'
➜ Explicit dependency on target 'NIOHTTP1-product' in project 'swift-nio'
➜ Explicit dependency on target 'NIOTLS-product' in project 'swift-nio'
➜ Explicit dependency on target 'Atomics-product' in project 'swift-atomics'
Target 'NIOHPACK' in project 'swift-nio-http2'
➜ Explicit dependency on target 'NIO-product' in project 'swift-nio'
➜ Explicit dependency on target 'NIOCore-product' in project 'swift-nio'
➜ Explicit dependency on target 'NIOConcurrencyHelpers-product' in project 'swift-nio'
➜ Explicit dependency on target 'NIOHTTP1-product' in project 'swift-nio'
Target 'NIOConcurrencyHelpers-product' in project 'swift-nio'
➜ Explicit dependency on target 'NIOConcurrencyHelpers' in project 'swift-nio'
➜ Explicit dependency on target 'CNIOAtomics' in project 'swift-nio'
Target 'NIOHTTP1-product' in project 'swift-nio'
➜ Explicit dependency on target 'NIOHTTP1' in project 'swift-nio'
➜ Explicit dependency on target 'CNIOAtomics' in project 'swift-nio'
➜ Explicit dependency on target 'NIOConcurrencyHelpers' in project 'swift-nio'
➜ Explicit dependency on target '_NIOBase64' in project 'swift-nio'
➜ Explicit dependency on target 'CNIOOpenBSD' in project 'swift-nio'
➜ Explicit dependency on target 'CNIOFreeBSD' in project 'swift-nio'
➜ Explicit dependency on target 'CNIODarwin' in project 'swift-nio'
➜ Explicit dependency on target 'CNIOLinux' in project 'swift-nio'
➜ Explicit dependency on target 'CNIOWindows' in project 'swift-nio'
➜ Explicit dependency on target 'CNIOWASI' in project 'swift-nio'
➜ Explicit dependency on target '_NIODataStructures' in project 'swift-nio'
➜ Explicit dependency on target 'NIOCore' in project 'swift-nio'
➜ Explicit dependency on target 'NIOEmbedded' in project 'swift-nio'
➜ Explicit dependency on target 'CNIOPosix' in project 'swift-nio'
➜ Explicit dependency on target 'NIOPosix' in project 'swift-nio'
➜ Explicit dependency on target 'NIO' in project 'swift-nio'
➜ Explicit dependency on target 'CNIOLLHTTP' in project 'swift-nio'
➜ Explicit dependency on target 'DequeModule-product' in project 'swift-collections'
➜ Explicit dependency on target 'Atomics-product' in project 'swift-atomics'
Target 'NIOHTTP1' in project 'swift-nio'
➜ Explicit dependency on target 'CNIOAtomics' in project 'swift-nio'
➜ Explicit dependency on target 'NIOConcurrencyHelpers' in project 'swift-nio'
➜ Explicit dependency on target '_NIOBase64' in project 'swift-nio'
➜ Explicit dependency on target 'CNIOOpenBSD' in project 'swift-nio'
➜ Explicit dependency on target 'CNIOFreeBSD' in project 'swift-nio'
➜ Explicit dependency on target 'CNIODarwin' in project 'swift-nio'
➜ Explicit dependency on target 'CNIOLinux' in project 'swift-nio'
➜ Explicit dependency on target 'CNIOWindows' in project 'swift-nio'
➜ Explicit dependency on target 'CNIOWASI' in project 'swift-nio'
➜ Explicit dependency on target '_NIODataStructures' in project 'swift-nio'
➜ Explicit dependency on target 'NIOCore' in project 'swift-nio'
➜ Explicit dependency on target 'NIOEmbedded' in project 'swift-nio'
➜ Explicit dependency on target 'CNIOPosix' in project 'swift-nio'
➜ Explicit dependency on target 'NIOPosix' in project 'swift-nio'
➜ Explicit dependency on target 'NIO' in project 'swift-nio'
➜ Explicit dependency on target 'CNIOLLHTTP' in project 'swift-nio'
➜ Explicit dependency on target 'DequeModule-product' in project 'swift-collections'
➜ Explicit dependency on target 'Atomics-product' in project 'swift-atomics'
Target 'CNIOLLHTTP' in project 'swift-nio' (no dependencies)
Target 'NIOPosix-product' in project 'swift-nio'
➜ Explicit dependency on target 'NIOPosix' in project 'swift-nio'
➜ Explicit dependency on target 'swift-nio_NIOPosix' in project 'swift-nio'
➜ Explicit dependency on target 'CNIOOpenBSD' in project 'swift-nio'
➜ Explicit dependency on target 'CNIOLinux' in project 'swift-nio'
➜ Explicit dependency on target 'CNIODarwin' in project 'swift-nio'
➜ Explicit dependency on target 'CNIOWindows' in project 'swift-nio'
➜ Explicit dependency on target 'CNIOAtomics' in project 'swift-nio'
➜ Explicit dependency on target 'NIOConcurrencyHelpers' in project 'swift-nio'
➜ Explicit dependency on target '_NIOBase64' in project 'swift-nio'
➜ Explicit dependency on target 'CNIOFreeBSD' in project 'swift-nio'
➜ Explicit dependency on target 'CNIOWASI' in project 'swift-nio'
➜ Explicit dependency on target '_NIODataStructures' in project 'swift-nio'
➜ Explicit dependency on target 'NIOCore' in project 'swift-nio'
➜ Explicit dependency on target 'CNIOPosix' in project 'swift-nio'
➜ Explicit dependency on target 'DequeModule-product' in project 'swift-collections'
➜ Explicit dependency on target 'Atomics-product' in project 'swift-atomics'
Target 'NIOCore-product' in project 'swift-nio'
➜ Explicit dependency on target 'NIOCore' in project 'swift-nio'
➜ Explicit dependency on target 'CNIOAtomics' in project 'swift-nio'
➜ Explicit dependency on target 'NIOConcurrencyHelpers' in project 'swift-nio'
➜ Explicit dependency on target '_NIOBase64' in project 'swift-nio'
➜ Explicit dependency on target 'CNIOOpenBSD' in project 'swift-nio'
➜ Explicit dependency on target 'CNIOFreeBSD' in project 'swift-nio'
➜ Explicit dependency on target 'CNIODarwin' in project 'swift-nio'
➜ Explicit dependency on target 'CNIOLinux' in project 'swift-nio'
➜ Explicit dependency on target 'CNIOWindows' in project 'swift-nio'
➜ Explicit dependency on target 'CNIOWASI' in project 'swift-nio'
➜ Explicit dependency on target '_NIODataStructures' in project 'swift-nio'
➜ Explicit dependency on target 'DequeModule-product' in project 'swift-collections'
➜ Explicit dependency on target 'Atomics-product' in project 'swift-atomics'
Target 'NIOTLS-product' in project 'swift-nio'
➜ Explicit dependency on target 'NIOTLS' in project 'swift-nio'
➜ Explicit dependency on target 'CNIOAtomics' in project 'swift-nio'
➜ Explicit dependency on target 'NIOConcurrencyHelpers' in project 'swift-nio'
➜ Explicit dependency on target '_NIOBase64' in project 'swift-nio'
➜ Explicit dependency on target 'CNIOOpenBSD' in project 'swift-nio'
➜ Explicit dependency on target 'CNIOFreeBSD' in project 'swift-nio'
➜ Explicit dependency on target 'CNIODarwin' in project 'swift-nio'
➜ Explicit dependency on target 'CNIOLinux' in project 'swift-nio'
➜ Explicit dependency on target 'CNIOWindows' in project 'swift-nio'
➜ Explicit dependency on target 'CNIOWASI' in project 'swift-nio'
➜ Explicit dependency on target '_NIODataStructures' in project 'swift-nio'
➜ Explicit dependency on target 'NIOCore' in project 'swift-nio'
➜ Explicit dependency on target 'NIOEmbedded' in project 'swift-nio'
➜ Explicit dependency on target 'CNIOPosix' in project 'swift-nio'
➜ Explicit dependency on target 'NIOPosix' in project 'swift-nio'
➜ Explicit dependency on target 'NIO' in project 'swift-nio'
➜ Explicit dependency on target 'DequeModule-product' in project 'swift-collections'
➜ Explicit dependency on target 'Atomics-product' in project 'swift-atomics'
Target 'NIOTLS' in project 'swift-nio'
➜ Explicit dependency on target 'CNIOAtomics' in project 'swift-nio'
➜ Explicit dependency on target 'NIOConcurrencyHelpers' in project 'swift-nio'
➜ Explicit dependency on target '_NIOBase64' in project 'swift-nio'
➜ Explicit dependency on target 'CNIOOpenBSD' in project 'swift-nio'
➜ Explicit dependency on target 'CNIOFreeBSD' in project 'swift-nio'
➜ Explicit dependency on target 'CNIODarwin' in project 'swift-nio'
➜ Explicit dependency on target 'CNIOLinux' in project 'swift-nio'
➜ Explicit dependency on target 'CNIOWindows' in project 'swift-nio'
➜ Explicit dependency on target 'CNIOWASI' in project 'swift-nio'
➜ Explicit dependency on target '_NIODataStructures' in project 'swift-nio'
➜ Explicit dependency on target 'NIOCore' in project 'swift-nio'
➜ Explicit dependency on target 'NIOEmbedded' in project 'swift-nio'
➜ Explicit dependency on target 'CNIOPosix' in project 'swift-nio'
➜ Explicit dependency on target 'NIOPosix' in project 'swift-nio'
➜ Explicit dependency on target 'NIO' in project 'swift-nio'
➜ Explicit dependency on target 'DequeModule-product' in project 'swift-collections'
➜ Explicit dependency on target 'Atomics-product' in project 'swift-atomics'
Target 'NIO-product' in project 'swift-nio'
➜ Explicit dependency on target 'NIO' in project 'swift-nio'
➜ Explicit dependency on target 'CNIOAtomics' in project 'swift-nio'
➜ Explicit dependency on target 'NIOConcurrencyHelpers' in project 'swift-nio'
➜ Explicit dependency on target '_NIOBase64' in project 'swift-nio'
➜ Explicit dependency on target 'CNIOOpenBSD' in project 'swift-nio'
➜ Explicit dependency on target 'CNIOFreeBSD' in project 'swift-nio'
➜ Explicit dependency on target 'CNIODarwin' in project 'swift-nio'
➜ Explicit dependency on target 'CNIOLinux' in project 'swift-nio'
➜ Explicit dependency on target 'CNIOWindows' in project 'swift-nio'
➜ Explicit dependency on target 'CNIOWASI' in project 'swift-nio'
➜ Explicit dependency on target '_NIODataStructures' in project 'swift-nio'
➜ Explicit dependency on target 'NIOCore' in project 'swift-nio'
➜ Explicit dependency on target 'NIOEmbedded' in project 'swift-nio'
➜ Explicit dependency on target 'CNIOPosix' in project 'swift-nio'
➜ Explicit dependency on target 'NIOPosix' in project 'swift-nio'
➜ Explicit dependency on target 'DequeModule-product' in project 'swift-collections'
➜ Explicit dependency on target 'Atomics-product' in project 'swift-atomics'
Target 'NIO' in project 'swift-nio'
➜ Explicit dependency on target 'CNIOAtomics' in project 'swift-nio'
➜ Explicit dependency on target 'NIOConcurrencyHelpers' in project 'swift-nio'
➜ Explicit dependency on target '_NIOBase64' in project 'swift-nio'
➜ Explicit dependency on target 'CNIOOpenBSD' in project 'swift-nio'
➜ Explicit dependency on target 'CNIOFreeBSD' in project 'swift-nio'
➜ Explicit dependency on target 'CNIODarwin' in project 'swift-nio'
➜ Explicit dependency on target 'CNIOLinux' in project 'swift-nio'
➜ Explicit dependency on target 'CNIOWindows' in project 'swift-nio'
➜ Explicit dependency on target 'CNIOWASI' in project 'swift-nio'
➜ Explicit dependency on target '_NIODataStructures' in project 'swift-nio'
➜ Explicit dependency on target 'NIOCore' in project 'swift-nio'
➜ Explicit dependency on target 'NIOEmbedded' in project 'swift-nio'
➜ Explicit dependency on target 'CNIOPosix' in project 'swift-nio'
➜ Explicit dependency on target 'NIOPosix' in project 'swift-nio'
➜ Explicit dependency on target 'DequeModule-product' in project 'swift-collections'
➜ Explicit dependency on target 'Atomics-product' in project 'swift-atomics'
Target 'NIOPosix' in project 'swift-nio'
➜ Explicit dependency on target 'swift-nio_NIOPosix' in project 'swift-nio'
➜ Explicit dependency on target 'CNIOOpenBSD' in project 'swift-nio'
➜ Explicit dependency on target 'CNIOLinux' in project 'swift-nio'
➜ Explicit dependency on target 'CNIODarwin' in project 'swift-nio'
➜ Explicit dependency on target 'CNIOWindows' in project 'swift-nio'
➜ Explicit dependency on target 'CNIOAtomics' in project 'swift-nio'
➜ Explicit dependency on target 'NIOConcurrencyHelpers' in project 'swift-nio'
➜ Explicit dependency on target '_NIOBase64' in project 'swift-nio'
➜ Explicit dependency on target 'CNIOFreeBSD' in project 'swift-nio'
➜ Explicit dependency on target 'CNIOWASI' in project 'swift-nio'
➜ Explicit dependency on target '_NIODataStructures' in project 'swift-nio'
➜ Explicit dependency on target 'NIOCore' in project 'swift-nio'
➜ Explicit dependency on target 'CNIOPosix' in project 'swift-nio'
➜ Explicit dependency on target 'DequeModule-product' in project 'swift-collections'
➜ Explicit dependency on target 'Atomics-product' in project 'swift-atomics'
Target 'swift-nio_NIOPosix' in project 'swift-nio' (no dependencies)
Target 'CNIOPosix' in project 'swift-nio' (no dependencies)
Target 'NIOEmbedded' in project 'swift-nio'
➜ Explicit dependency on target 'CNIOAtomics' in project 'swift-nio'
➜ Explicit dependency on target 'NIOConcurrencyHelpers' in project 'swift-nio'
➜ Explicit dependency on target '_NIOBase64' in project 'swift-nio'
➜ Explicit dependency on target 'CNIOOpenBSD' in project 'swift-nio'
➜ Explicit dependency on target 'CNIOFreeBSD' in project 'swift-nio'
➜ Explicit dependency on target 'CNIODarwin' in project 'swift-nio'
➜ Explicit dependency on target 'CNIOLinux' in project 'swift-nio'
➜ Explicit dependency on target 'CNIOWindows' in project 'swift-nio'
➜ Explicit dependency on target 'CNIOWASI' in project 'swift-nio'
➜ Explicit dependency on target '_NIODataStructures' in project 'swift-nio'
➜ Explicit dependency on target 'NIOCore' in project 'swift-nio'
➜ Explicit dependency on target 'DequeModule-product' in project 'swift-collections'
➜ Explicit dependency on target 'Atomics-product' in project 'swift-atomics'
Target 'NIOCore' in project 'swift-nio'
➜ Explicit dependency on target 'CNIOAtomics' in project 'swift-nio'
➜ Explicit dependency on target 'NIOConcurrencyHelpers' in project 'swift-nio'
➜ Explicit dependency on target '_NIOBase64' in project 'swift-nio'
➜ Explicit dependency on target 'CNIOOpenBSD' in project 'swift-nio'
➜ Explicit dependency on target 'CNIOFreeBSD' in project 'swift-nio'
➜ Explicit dependency on target 'CNIODarwin' in project 'swift-nio'
➜ Explicit dependency on target 'CNIOLinux' in project 'swift-nio'
➜ Explicit dependency on target 'CNIOWindows' in project 'swift-nio'
➜ Explicit dependency on target 'CNIOWASI' in project 'swift-nio'
➜ Explicit dependency on target '_NIODataStructures' in project 'swift-nio'
➜ Explicit dependency on target 'DequeModule-product' in project 'swift-collections'
➜ Explicit dependency on target 'Atomics-product' in project 'swift-atomics'
Target 'Atomics-product' in project 'swift-atomics'
➜ Explicit dependency on target 'Atomics' in project 'swift-atomics'
➜ Explicit dependency on target '_AtomicsShims' in project 'swift-atomics'
Target 'Atomics' in project 'swift-atomics'
➜ Explicit dependency on target '_AtomicsShims' in project 'swift-atomics'
Target '_AtomicsShims' in project 'swift-atomics' (no dependencies)
Target 'DequeModule-product' in project 'swift-collections'
➜ Explicit dependency on target 'DequeModule' in project 'swift-collections'
➜ Explicit dependency on target 'InternalCollectionsUtilities' in project 'swift-collections'
➜ Explicit dependency on target 'ContainersPreview' in project 'swift-collections'
Target 'DequeModule' in project 'swift-collections'
➜ Explicit dependency on target 'InternalCollectionsUtilities' in project 'swift-collections'
➜ Explicit dependency on target 'ContainersPreview' in project 'swift-collections'
Target 'ContainersPreview' in project 'swift-collections'
➜ Explicit dependency on target 'InternalCollectionsUtilities' in project 'swift-collections'
Target 'InternalCollectionsUtilities' in project 'swift-collections' (no dependencies)
Target '_NIODataStructures' in project 'swift-nio' (no dependencies)
Target 'CNIOWASI' in project 'swift-nio' (no dependencies)
Target 'CNIOWindows' in project 'swift-nio' (no dependencies)
Target 'CNIOLinux' in project 'swift-nio' (no dependencies)
Target 'CNIODarwin' in project 'swift-nio' (no dependencies)
Target 'CNIOFreeBSD' in project 'swift-nio' (no dependencies)
Target 'CNIOOpenBSD' in project 'swift-nio' (no dependencies)
Target '_NIOBase64' in project 'swift-nio' (no dependencies)
Target 'NIOConcurrencyHelpers' in project 'swift-nio'
➜ Explicit dependency on target 'CNIOAtomics' in project 'swift-nio'
Target 'CNIOAtomics' in project 'swift-nio' (no dependencies)
Target 'CAsyncHTTPClient' in project 'async-http-client' (no dependencies)
Target 'CVaporBcrypt' in project 'vapor' (no dependencies)
Target 'AnyCodable-product' in project 'AnyCodable'
➜ Explicit dependency on target 'AnyCodable' in project 'AnyCodable'
Target 'AnyCodable' in project 'AnyCodable' (no dependencies)
Target 'Stencil-product' in project 'Stencil'
➜ Explicit dependency on target 'Stencil' in project 'Stencil'
➜ Explicit dependency on target 'PathKit-product' in project 'PathKit'
Target 'Stencil' in project 'Stencil'
➜ Explicit dependency on target 'PathKit-product' in project 'PathKit'
Target 'PathKit-product' in project 'PathKit'
➜ Explicit dependency on target 'PathKit' in project 'PathKit'
Target 'PathKit' in project 'PathKit' (no dependencies)
Target 'Files-product' in project 'Files'
➜ Explicit dependency on target 'Files' in project 'Files'
Target 'Files' in project 'Files' (no dependencies)
GatherProvisioningInputs
CreateBuildDescription
ClangStatCache /Applications/Xcode-27.0.0-Release.Candidate.app/Contents/Developer/Toolchains/XcodeDefault.xctoolchain/usr/bin/clang-stat-cache /Applications/Xcode-27.0.0-Release.Candidate.app/Contents/Developer/Platforms/WatchOS.platform/Developer/SDKs/WatchOS27.0.sdk /Users/admin/builder/spi-builder-workspace/.derivedData/SDKStatCaches.noindex/watchos27.0-24R360-e829b21a6f8c9b70876ba0858053c04477534ef55a1706bf4c1112bbb242f0a2.sdkstatcache
cd /Users/admin/builder/spi-builder-workspace/.swiftpm/xcode
/Applications/Xcode-27.0.0-Release.Candidate.app/Contents/Developer/Toolchains/XcodeDefault.xctoolchain/usr/bin/clang-stat-cache /Applications/Xcode-27.0.0-Release.Candidate.app/Contents/Developer/Platforms/WatchOS.platform/Developer/SDKs/WatchOS27.0.sdk -o /Users/admin/builder/spi-builder-workspace/.derivedData/SDKStatCaches.noindex/watchos27.0-24R360-e829b21a6f8c9b70876ba0858053c04477534ef55a1706bf4c1112bbb242f0a2.sdkstatcache
SwiftDriver Vapor normal arm64 com.apple.xcode.tools.swift.compiler (in target 'Vapor' from project 'vapor')
cd /Users/admin/builder/spi-builder-workspace/.swiftpm/xcode
builtin-SwiftDriver -- /Applications/Xcode-27.0.0-Release.Candidate.app/Contents/Developer/Toolchains/XcodeDefault.xctoolchain/usr/bin/swiftc -parse-as-library -module-name Vapor -Onone @/Users/admin/builder/spi-builder-workspace/.derivedData/Build/Intermediates.noindex/vapor.build/Debug-watchos/Vapor-t.build/Objects-normal/arm64/Vapor.SwiftFileList -DSWIFT_PACKAGE -DDEBUG -DSWIFT_MODULE_RESOURCE_BUNDLE_UNAVAILABLE -Xcc -fmodule-map-file\=/Users/admin/builder/spi-builder-workspace/.derivedData/Build/Intermediates.noindex/GeneratedModuleMaps-watchos/CAsyncHTTPClient.modulemap -Xcc -fmodule-map-file\=/Users/admin/builder/spi-builder-workspace/.derivedData/Build/Intermediates.noindex/GeneratedModuleMaps-watchos/CNIOExtrasZlib.modulemap -Xcc -fmodule-map-file\=/Users/admin/builder/spi-builder-workspace/.derivedData/Build/Intermediates.noindex/GeneratedModuleMaps-watchos/CNIOBoringSSLShims.modulemap -Xcc -fmodule-map-file\=/Users/admin/builder/spi-builder-workspace/.dependencies/checkouts/swift-nio-ssl/Sources/CNIOBoringSSL/include/module.modulemap -Xcc -fmodule-map-file\=/Users/admin/builder/spi-builder-workspace/.derivedData/Build/Intermediates.noindex/GeneratedModuleMaps-watchos/CNIOSHA1.modulemap -Xcc -fmodule-map-file\=/Users/admin/builder/spi-builder-workspace/.derivedData/Build/Intermediates.noindex/GeneratedModuleMaps-watchos/CNIOLLHTTP.modulemap -Xcc -fmodule-map-file\=/Users/admin/builder/spi-builder-workspace/.dependencies/checkouts/swift-numerics/Sources/_NumericsShims/include/module.modulemap -Xcc -fmodule-map-file\=/Users/admin/builder/spi-builder-workspace/.dependencies/checkouts/swift-atomics/Sources/_AtomicsShims/include/module.modulemap -Xcc -fmodule-map-file\=/Users/admin/builder/spi-builder-workspace/.dependencies/checkouts/swift-system/Sources/CSystem/include/module.modulemap -Xcc -fmodule-map-file\=/Users/admin/builder/spi-builder-workspace/.derivedData/Build/Intermediates.noindex/GeneratedModuleMaps-watchos/CNIOPosix.modulemap -Xcc -fmodule-map-file\=/Users/admin/builder/spi-builder-workspace/.derivedData/Build/Intermediates.noindex/GeneratedModuleMaps-watchos/CNIOWASI.modulemap -Xcc -fmodule-map-file\=/Users/admin/builder/spi-builder-workspace/.dependencies/checkouts/swift-nio/Sources/CNIOWindows/include/module.modulemap -Xcc -fmodule-map-file\=/Users/admin/builder/spi-builder-workspace/.derivedData/Build/Intermediates.noindex/GeneratedModuleMaps-watchos/CNIOLinux.modulemap -Xcc -fmodule-map-file\=/Users/admin/builder/spi-builder-workspace/.derivedData/Build/Intermediates.noindex/GeneratedModuleMaps-watchos/CNIODarwin.modulemap -Xcc -fmodule-map-file\=/Users/admin/builder/spi-builder-workspace/.derivedData/Build/Intermediates.noindex/GeneratedModuleMaps-watchos/CNIOFreeBSD.modulemap -Xcc -fmodule-map-file\=/Users/admin/builder/spi-builder-workspace/.derivedData/Build/Intermediates.noindex/GeneratedModuleMaps-watchos/CNIOOpenBSD.modulemap -Xcc -fmodule-map-file\=/Users/admin/builder/spi-builder-workspace/.derivedData/Build/Intermediates.noindex/GeneratedModuleMaps-watchos/CNIOAtomics.modulemap -Xcc -fmodule-map-file\=/Users/admin/builder/spi-builder-workspace/.dependencies/checkouts/swift-crypto/Sources/CCryptoBoringSSLShims/include/module.modulemap -Xcc -fmodule-map-file\=/Users/admin/builder/spi-builder-workspace/.dependencies/checkouts/swift-crypto/Sources/CCryptoBoringSSL/include/module.modulemap -Xcc -fmodule-map-file\=/Users/admin/builder/spi-builder-workspace/.dependencies/checkouts/vapor/Sources/CVaporBcrypt/include/module.modulemap -DXcode -enable-upcoming-feature MemberImportVisibility -enable-upcoming-feature InferIsolatedConformances -enable-upcoming-feature ImmutableWeakCaptures -plugin-path /Applications/Xcode-27.0.0-Release.Candidate.app/Contents/Developer/Toolchains/XcodeDefault.xctoolchain/usr/lib/swift/host/plugins/testing -enable-experimental-feature DebugDescriptionMacro -sdk /Applications/Xcode-27.0.0-Release.Candidate.app/Contents/Developer/Platforms/WatchOS.platform/Developer/SDKs/WatchOS27.0.sdk -target arm64-apple-watchos9.0 -g -module-cache-path /Users/admin/builder/spi-builder-workspace/.derivedData/ModuleCache.noindex -Xfrontend -serialize-debugging-options -profile-coverage-mapping -profile-generate -enable-testing -suppress-warnings -index-store-path /Users/admin/builder/spi-builder-workspace/.derivedData/Index.noindex/DataStore -Xcc -D_LIBCPP_HARDENING_MODE\=_LIBCPP_HARDENING_MODE_DEBUG -swift-version 6 -I /Users/admin/builder/spi-builder-workspace/.derivedData/Build/Products/Debug-watchos -Isystem /Applications/Xcode-27.0.0-Release.Candidate.app/Contents/Developer/Platforms/WatchOS.platform/Developer/usr/lib -F /Users/admin/builder/spi-builder-workspace/.derivedData/Build/Products/Debug-watchos/PackageFrameworks -F /Users/admin/builder/spi-builder-workspace/.derivedData/Build/Products/Debug-watchos -F /Applications/Xcode-27.0.0-Release.Candidate.app/Contents/Developer/Platforms/WatchOS.platform/Developer/Library/Frameworks -F /Applications/Xcode-27.0.0-Release.Candidate.app/Contents/Developer/Platforms/WatchOS.platform/Developer/SDKs/WatchOS27.0.sdk/Developer/Library/Frameworks -c -j10 -enable-batch-mode -incremental -Xcc -ivfsstatcache -Xcc /Users/admin/builder/spi-builder-workspace/.derivedData/SDKStatCaches.noindex/watchos27.0-24R360-e829b21a6f8c9b70876ba0858053c04477534ef55a1706bf4c1112bbb242f0a2.sdkstatcache -output-file-map /Users/admin/builder/spi-builder-workspace/.derivedData/Build/Intermediates.noindex/vapor.build/Debug-watchos/Vapor-t.build/Objects-normal/arm64/Vapor-OutputFileMap.json -save-temps -no-color-diagnostics -explicit-module-build -module-cache-path /Users/admin/builder/spi-builder-workspace/.derivedData/Build/Intermediates.noindex/SwiftExplicitPrecompiledModules -clang-scanner-module-cache-path /Users/admin/builder/spi-builder-workspace/.derivedData/ModuleCache.noindex -sdk-module-cache-path /Users/admin/builder/spi-builder-workspace/.derivedData/SDKExplicitPrecompiledModules -emit-dependencies -emit-module -emit-module-path /Users/admin/builder/spi-builder-workspace/.derivedData/Build/Intermediates.noindex/vapor.build/Debug-watchos/Vapor-t.build/Objects-normal/arm64/Vapor.swiftmodule -serialize-diagnostics -dependency-scan-serialize-diagnostics-path /Users/admin/builder/spi-builder-workspace/.derivedData/Build/Intermediates.noindex/vapor.build/Debug-watchos/Vapor-t.build/Objects-normal/arm64/Vapor-dependency-scan.dia -user-module-version 4.122.1 -validate-clang-modules-once -clang-build-session-file /Users/admin/builder/spi-builder-workspace/.derivedData/ModuleCache.noindex/Session.modulevalidation -Xcc -fmodules-prune-interval\=86400 -Xcc -fmodules-prune-after\=345600 -package-name vapor -emit-const-values -const-gather-protocols-list /Users/admin/builder/spi-builder-workspace/.derivedData/Build/Intermediates.noindex/vapor.build/Debug-watchos/Vapor-t.build/Objects-normal/arm64/Vapor_const_extract_protocols.json -Xcc -I/Users/admin/builder/spi-builder-workspace/.dependencies/checkouts/async-http-client/Sources/CAsyncHTTPClient/include -Xcc -I/Users/admin/builder/spi-builder-workspace/.dependencies/checkouts/swift-nio-extras/Sources/CNIOExtrasZlib/include -Xcc -I/Users/admin/builder/spi-builder-workspace/.dependencies/checkouts/swift-nio-ssl/Sources/CNIOBoringSSLShims/include -Xcc -I/Users/admin/builder/spi-builder-workspace/.dependencies/checkouts/swift-nio-ssl/Sources/CNIOBoringSSL/include -Xcc -I/Users/admin/builder/spi-builder-workspace/.dependencies/checkouts/swift-nio/Sources/CNIOSHA1/include -Xcc -I/Users/admin/builder/spi-builder-workspace/.dependencies/checkouts/swift-nio/Sources/CNIOLLHTTP/include -Xcc -I/Users/admin/builder/spi-builder-workspace/.dependencies/checkouts/swift-numerics/Sources/_NumericsShims/include -Xcc -I/Users/admin/builder/spi-builder-workspace/.dependencies/checkouts/swift-atomics/Sources/_AtomicsShims/include -Xcc -I/Users/admin/builder/spi-builder-workspace/.dependencies/checkouts/swift-system/Sources/CSystem/include -Xcc -I/Users/admin/builder/spi-builder-workspace/.dependencies/checkouts/swift-nio/Sources/CNIOPosix/include -Xcc -I/Users/admin/builder/spi-builder-workspace/.dependencies/checkouts/swift-nio/Sources/CNIOWASI/include -Xcc -I/Users/admin/builder/spi-builder-workspace/.dependencies/checkouts/swift-nio/Sources/CNIOWindows/include -Xcc -I/Users/admin/builder/spi-builder-workspace/.dependencies/checkouts/swift-nio/Sources/CNIOLinux/include -Xcc -I/Users/admin/builder/spi-builder-workspace/.dependencies/checkouts/swift-nio/Sources/CNIODarwin/include -Xcc -I/Users/admin/builder/spi-builder-workspace/.dependencies/checkouts/swift-nio/Sources/CNIOFreeBSD/include -Xcc -I/Users/admin/builder/spi-builder-workspace/.dependencies/checkouts/swift-nio/Sources/CNIOOpenBSD/include -Xcc -I/Users/admin/builder/spi-builder-workspace/.dependencies/checkouts/swift-nio/Sources/CNIOAtomics/include -Xcc -I/Users/admin/builder/spi-builder-workspace/.dependencies/checkouts/swift-crypto/Sources/CCryptoBoringSSLShims/include -Xcc -I/Users/admin/builder/spi-builder-workspace/.dependencies/checkouts/swift-crypto/Sources/CCryptoBoringSSL/include -Xcc -I/Users/admin/builder/spi-builder-workspace/.dependencies/checkouts/vapor/Sources/CVaporBcrypt/include -Xcc -I/Users/admin/builder/spi-builder-workspace/.derivedData/Build/Products/Debug-watchos/include -Xcc -I/Users/admin/builder/spi-builder-workspace/.derivedData/Build/Intermediates.noindex/vapor.build/Debug-watchos/Vapor-t.build/DerivedSources-normal/arm64 -Xcc -I/Users/admin/builder/spi-builder-workspace/.derivedData/Build/Intermediates.noindex/vapor.build/Debug-watchos/Vapor-t.build/DerivedSources/arm64 -Xcc -I/Users/admin/builder/spi-builder-workspace/.derivedData/Build/Intermediates.noindex/vapor.build/Debug-watchos/Vapor-t.build/DerivedSources -Xcc -DSWIFT_PACKAGE -Xcc -DDEBUG\=1 -emit-objc-header -emit-objc-header-path /Users/admin/builder/spi-builder-workspace/.derivedData/Build/Intermediates.noindex/vapor.build/Debug-watchos/Vapor-t.build/Objects-normal/arm64/Vapor-Swift.h -working-directory /Users/admin/builder/spi-builder-workspace/.swiftpm/xcode -experimental-emit-module-separately -disable-cmo
SwiftDriver Vapor normal arm64_32 com.apple.xcode.tools.swift.compiler (in target 'Vapor' from project 'vapor')
cd /Users/admin/builder/spi-builder-workspace/.swiftpm/xcode
builtin-SwiftDriver -- /Applications/Xcode-27.0.0-Release.Candidate.app/Contents/Developer/Toolchains/XcodeDefault.xctoolchain/usr/bin/swiftc -parse-as-library -module-name Vapor -Onone @/Users/admin/builder/spi-builder-workspace/.derivedData/Build/Intermediates.noindex/vapor.build/Debug-watchos/Vapor-t.build/Objects-normal/arm64_32/Vapor.SwiftFileList -DSWIFT_PACKAGE -DDEBUG -DSWIFT_MODULE_RESOURCE_BUNDLE_UNAVAILABLE -Xcc -fmodule-map-file\=/Users/admin/builder/spi-builder-workspace/.derivedData/Build/Intermediates.noindex/GeneratedModuleMaps-watchos/CAsyncHTTPClient.modulemap -Xcc -fmodule-map-file\=/Users/admin/builder/spi-builder-workspace/.derivedData/Build/Intermediates.noindex/GeneratedModuleMaps-watchos/CNIOExtrasZlib.modulemap -Xcc -fmodule-map-file\=/Users/admin/builder/spi-builder-workspace/.derivedData/Build/Intermediates.noindex/GeneratedModuleMaps-watchos/CNIOBoringSSLShims.modulemap -Xcc -fmodule-map-file\=/Users/admin/builder/spi-builder-workspace/.dependencies/checkouts/swift-nio-ssl/Sources/CNIOBoringSSL/include/module.modulemap -Xcc -fmodule-map-file\=/Users/admin/builder/spi-builder-workspace/.derivedData/Build/Intermediates.noindex/GeneratedModuleMaps-watchos/CNIOSHA1.modulemap -Xcc -fmodule-map-file\=/Users/admin/builder/spi-builder-workspace/.derivedData/Build/Intermediates.noindex/GeneratedModuleMaps-watchos/CNIOLLHTTP.modulemap -Xcc -fmodule-map-file\=/Users/admin/builder/spi-builder-workspace/.dependencies/checkouts/swift-numerics/Sources/_NumericsShims/include/module.modulemap -Xcc -fmodule-map-file\=/Users/admin/builder/spi-builder-workspace/.dependencies/checkouts/swift-atomics/Sources/_AtomicsShims/include/module.modulemap -Xcc -fmodule-map-file\=/Users/admin/builder/spi-builder-workspace/.dependencies/checkouts/swift-system/Sources/CSystem/include/module.modulemap -Xcc -fmodule-map-file\=/Users/admin/builder/spi-builder-workspace/.derivedData/Build/Intermediates.noindex/GeneratedModuleMaps-watchos/CNIOPosix.modulemap -Xcc -fmodule-map-file\=/Users/admin/builder/spi-builder-workspace/.derivedData/Build/Intermediates.noindex/GeneratedModuleMaps-watchos/CNIOWASI.modulemap -Xcc -fmodule-map-file\=/Users/admin/builder/spi-builder-workspace/.dependencies/checkouts/swift-nio/Sources/CNIOWindows/include/module.modulemap -Xcc -fmodule-map-file\=/Users/admin/builder/spi-builder-workspace/.derivedData/Build/Intermediates.noindex/GeneratedModuleMaps-watchos/CNIOLinux.modulemap -Xcc -fmodule-map-file\=/Users/admin/builder/spi-builder-workspace/.derivedData/Build/Intermediates.noindex/GeneratedModuleMaps-watchos/CNIODarwin.modulemap -Xcc -fmodule-map-file\=/Users/admin/builder/spi-builder-workspace/.derivedData/Build/Intermediates.noindex/GeneratedModuleMaps-watchos/CNIOFreeBSD.modulemap -Xcc -fmodule-map-file\=/Users/admin/builder/spi-builder-workspace/.derivedData/Build/Intermediates.noindex/GeneratedModuleMaps-watchos/CNIOOpenBSD.modulemap -Xcc -fmodule-map-file\=/Users/admin/builder/spi-builder-workspace/.derivedData/Build/Intermediates.noindex/GeneratedModuleMaps-watchos/CNIOAtomics.modulemap -Xcc -fmodule-map-file\=/Users/admin/builder/spi-builder-workspace/.dependencies/checkouts/swift-crypto/Sources/CCryptoBoringSSLShims/include/module.modulemap -Xcc -fmodule-map-file\=/Users/admin/builder/spi-builder-workspace/.dependencies/checkouts/swift-crypto/Sources/CCryptoBoringSSL/include/module.modulemap -Xcc -fmodule-map-file\=/Users/admin/builder/spi-builder-workspace/.dependencies/checkouts/vapor/Sources/CVaporBcrypt/include/module.modulemap -DXcode -enable-upcoming-feature MemberImportVisibility -enable-upcoming-feature InferIsolatedConformances -enable-upcoming-feature ImmutableWeakCaptures -plugin-path /Applications/Xcode-27.0.0-Release.Candidate.app/Contents/Developer/Toolchains/XcodeDefault.xctoolchain/usr/lib/swift/host/plugins/testing -enable-experimental-feature DebugDescriptionMacro -sdk /Applications/Xcode-27.0.0-Release.Candidate.app/Contents/Developer/Platforms/WatchOS.platform/Developer/SDKs/WatchOS27.0.sdk -target arm64_32-apple-watchos9.0 -g -module-cache-path /Users/admin/builder/spi-builder-workspace/.derivedData/ModuleCache.noindex -Xfrontend -serialize-debugging-options -profile-coverage-mapping -profile-generate -enable-testing -suppress-warnings -index-store-path /Users/admin/builder/spi-builder-workspace/.derivedData/Index.noindex/DataStore -Xcc -D_LIBCPP_HARDENING_MODE\=_LIBCPP_HARDENING_MODE_DEBUG -swift-version 6 -I /Users/admin/builder/spi-builder-workspace/.derivedData/Build/Products/Debug-watchos -Isystem /Applications/Xcode-27.0.0-Release.Candidate.app/Contents/Developer/Platforms/WatchOS.platform/Developer/usr/lib -F /Users/admin/builder/spi-builder-workspace/.derivedData/Build/Products/Debug-watchos/PackageFrameworks -F /Users/admin/builder/spi-builder-workspace/.derivedData/Build/Products/Debug-watchos -F /Applications/Xcode-27.0.0-Release.Candidate.app/Contents/Developer/Platforms/WatchOS.platform/Developer/Library/Frameworks -F /Applications/Xcode-27.0.0-Release.Candidate.app/Contents/Developer/Platforms/WatchOS.platform/Developer/SDKs/WatchOS27.0.sdk/Developer/Library/Frameworks -c -j10 -enable-batch-mode -incremental -Xcc -ivfsstatcache -Xcc /Users/admin/builder/spi-builder-workspace/.derivedData/SDKStatCaches.noindex/watchos27.0-24R360-e829b21a6f8c9b70876ba0858053c04477534ef55a1706bf4c1112bbb242f0a2.sdkstatcache -output-file-map /Users/admin/builder/spi-builder-workspace/.derivedData/Build/Intermediates.noindex/vapor.build/Debug-watchos/Vapor-t.build/Objects-normal/arm64_32/Vapor-OutputFileMap.json -save-temps -no-color-diagnostics -explicit-module-build -module-cache-path /Users/admin/builder/spi-builder-workspace/.derivedData/Build/Intermediates.noindex/SwiftExplicitPrecompiledModules -clang-scanner-module-cache-path /Users/admin/builder/spi-builder-workspace/.derivedData/ModuleCache.noindex -sdk-module-cache-path /Users/admin/builder/spi-builder-workspace/.derivedData/SDKExplicitPrecompiledModules -emit-dependencies -emit-module -emit-module-path /Users/admin/builder/spi-builder-workspace/.derivedData/Build/Intermediates.noindex/vapor.build/Debug-watchos/Vapor-t.build/Objects-normal/arm64_32/Vapor.swiftmodule -serialize-diagnostics -dependency-scan-serialize-diagnostics-path /Users/admin/builder/spi-builder-workspace/.derivedData/Build/Intermediates.noindex/vapor.build/Debug-watchos/Vapor-t.build/Objects-normal/arm64_32/Vapor-dependency-scan.dia -user-module-version 4.122.1 -validate-clang-modules-once -clang-build-session-file /Users/admin/builder/spi-builder-workspace/.derivedData/ModuleCache.noindex/Session.modulevalidation -Xcc -fmodules-prune-interval\=86400 -Xcc -fmodules-prune-after\=345600 -package-name vapor -emit-const-values -const-gather-protocols-list /Users/admin/builder/spi-builder-workspace/.derivedData/Build/Intermediates.noindex/vapor.build/Debug-watchos/Vapor-t.build/Objects-normal/arm64_32/Vapor_const_extract_protocols.json -Xcc -I/Users/admin/builder/spi-builder-workspace/.dependencies/checkouts/async-http-client/Sources/CAsyncHTTPClient/include -Xcc -I/Users/admin/builder/spi-builder-workspace/.dependencies/checkouts/swift-nio-extras/Sources/CNIOExtrasZlib/include -Xcc -I/Users/admin/builder/spi-builder-workspace/.dependencies/checkouts/swift-nio-ssl/Sources/CNIOBoringSSLShims/include -Xcc -I/Users/admin/builder/spi-builder-workspace/.dependencies/checkouts/swift-nio-ssl/Sources/CNIOBoringSSL/include -Xcc -I/Users/admin/builder/spi-builder-workspace/.dependencies/checkouts/swift-nio/Sources/CNIOSHA1/include -Xcc -I/Users/admin/builder/spi-builder-workspace/.dependencies/checkouts/swift-nio/Sources/CNIOLLHTTP/include -Xcc -I/Users/admin/builder/spi-builder-workspace/.dependencies/checkouts/swift-numerics/Sources/_NumericsShims/include -Xcc -I/Users/admin/builder/spi-builder-workspace/.dependencies/checkouts/swift-atomics/Sources/_AtomicsShims/include -Xcc -I/Users/admin/builder/spi-builder-workspace/.dependencies/checkouts/swift-system/Sources/CSystem/include -Xcc -I/Users/admin/builder/spi-builder-workspace/.dependencies/checkouts/swift-nio/Sources/CNIOPosix/include -Xcc -I/Users/admin/builder/spi-builder-workspace/.dependencies/checkouts/swift-nio/Sources/CNIOWASI/include -Xcc -I/Users/admin/builder/spi-builder-workspace/.dependencies/checkouts/swift-nio/Sources/CNIOWindows/include -Xcc -I/Users/admin/builder/spi-builder-workspace/.dependencies/checkouts/swift-nio/Sources/CNIOLinux/include -Xcc -I/Users/admin/builder/spi-builder-workspace/.dependencies/checkouts/swift-nio/Sources/CNIODarwin/include -Xcc -I/Users/admin/builder/spi-builder-workspace/.dependencies/checkouts/swift-nio/Sources/CNIOFreeBSD/include -Xcc -I/Users/admin/builder/spi-builder-workspace/.dependencies/checkouts/swift-nio/Sources/CNIOOpenBSD/include -Xcc -I/Users/admin/builder/spi-builder-workspace/.dependencies/checkouts/swift-nio/Sources/CNIOAtomics/include -Xcc -I/Users/admin/builder/spi-builder-workspace/.dependencies/checkouts/swift-crypto/Sources/CCryptoBoringSSLShims/include -Xcc -I/Users/admin/builder/spi-builder-workspace/.dependencies/checkouts/swift-crypto/Sources/CCryptoBoringSSL/include -Xcc -I/Users/admin/builder/spi-builder-workspace/.dependencies/checkouts/vapor/Sources/CVaporBcrypt/include -Xcc -I/Users/admin/builder/spi-builder-workspace/.derivedData/Build/Products/Debug-watchos/include -Xcc -I/Users/admin/builder/spi-builder-workspace/.derivedData/Build/Intermediates.noindex/vapor.build/Debug-watchos/Vapor-t.build/DerivedSources-normal/arm64_32 -Xcc -I/Users/admin/builder/spi-builder-workspace/.derivedData/Build/Intermediates.noindex/vapor.build/Debug-watchos/Vapor-t.build/DerivedSources/arm64_32 -Xcc -I/Users/admin/builder/spi-builder-workspace/.derivedData/Build/Intermediates.noindex/vapor.build/Debug-watchos/Vapor-t.build/DerivedSources -Xcc -DSWIFT_PACKAGE -Xcc -DDEBUG\=1 -emit-objc-header -emit-objc-header-path /Users/admin/builder/spi-builder-workspace/.derivedData/Build/Intermediates.noindex/vapor.build/Debug-watchos/Vapor-t.build/Objects-normal/arm64_32/Vapor-Swift.h -working-directory /Users/admin/builder/spi-builder-workspace/.swiftpm/xcode -experimental-emit-module-separately -disable-cmo
SwiftDriver AzureFunctions normal arm64_32 com.apple.xcode.tools.swift.compiler (in target 'AzureFunctions' from project 'azure-functions-swift')
cd /Users/admin/builder/spi-builder-workspace/.swiftpm/xcode
builtin-SwiftDriver -- /Applications/Xcode-27.0.0-Release.Candidate.app/Contents/Developer/Toolchains/XcodeDefault.xctoolchain/usr/bin/swiftc -parse-as-library -module-name AzureFunctions -Onone @/Users/admin/builder/spi-builder-workspace/.derivedData/Build/Intermediates.noindex/azure-functions-swift.build/Debug-watchos/AzureFunctions-t.build/Objects-normal/arm64_32/AzureFunctions.SwiftFileList -DSWIFT_PACKAGE -DDEBUG -DSWIFT_MODULE_RESOURCE_BUNDLE_UNAVAILABLE -Xcc -fmodule-map-file\=/Users/admin/builder/spi-builder-workspace/.derivedData/Build/Intermediates.noindex/GeneratedModuleMaps-watchos/CAsyncHTTPClient.modulemap -Xcc -fmodule-map-file\=/Users/admin/builder/spi-builder-workspace/.derivedData/Build/Intermediates.noindex/GeneratedModuleMaps-watchos/CNIOExtrasZlib.modulemap -Xcc -fmodule-map-file\=/Users/admin/builder/spi-builder-workspace/.derivedData/Build/Intermediates.noindex/GeneratedModuleMaps-watchos/CNIOSHA1.modulemap -Xcc -fmodule-map-file\=/Users/admin/builder/spi-builder-workspace/.dependencies/checkouts/swift-numerics/Sources/_NumericsShims/include/module.modulemap -Xcc -fmodule-map-file\=/Users/admin/builder/spi-builder-workspace/.dependencies/checkouts/swift-system/Sources/CSystem/include/module.modulemap -Xcc -fmodule-map-file\=/Users/admin/builder/spi-builder-workspace/.dependencies/checkouts/swift-crypto/Sources/CCryptoBoringSSLShims/include/module.modulemap -Xcc -fmodule-map-file\=/Users/admin/builder/spi-builder-workspace/.dependencies/checkouts/swift-crypto/Sources/CCryptoBoringSSL/include/module.modulemap -Xcc -fmodule-map-file\=/Users/admin/builder/spi-builder-workspace/.dependencies/checkouts/vapor/Sources/CVaporBcrypt/include/module.modulemap -Xcc -fmodule-map-file\=/Users/admin/builder/spi-builder-workspace/.derivedData/Build/Intermediates.noindex/GeneratedModuleMaps-watchos/CNIOLLHTTP.modulemap -Xcc -fmodule-map-file\=/Users/admin/builder/spi-builder-workspace/.dependencies/checkouts/swift-atomics/Sources/_AtomicsShims/include/module.modulemap -Xcc -fmodule-map-file\=/Users/admin/builder/spi-builder-workspace/.derivedData/Build/Intermediates.noindex/GeneratedModuleMaps-watchos/CNIOPosix.modulemap -Xcc -fmodule-map-file\=/Users/admin/builder/spi-builder-workspace/.derivedData/Build/Intermediates.noindex/GeneratedModuleMaps-watchos/CNIOWASI.modulemap -Xcc -fmodule-map-file\=/Users/admin/builder/spi-builder-workspace/.dependencies/checkouts/swift-nio/Sources/CNIOWindows/include/module.modulemap -Xcc -fmodule-map-file\=/Users/admin/builder/spi-builder-workspace/.derivedData/Build/Intermediates.noindex/GeneratedModuleMaps-watchos/CNIOLinux.modulemap -Xcc -fmodule-map-file\=/Users/admin/builder/spi-builder-workspace/.derivedData/Build/Intermediates.noindex/GeneratedModuleMaps-watchos/CNIODarwin.modulemap -Xcc -fmodule-map-file\=/Users/admin/builder/spi-builder-workspace/.derivedData/Build/Intermediates.noindex/GeneratedModuleMaps-watchos/CNIOFreeBSD.modulemap -Xcc -fmodule-map-file\=/Users/admin/builder/spi-builder-workspace/.derivedData/Build/Intermediates.noindex/GeneratedModuleMaps-watchos/CNIOOpenBSD.modulemap -Xcc -fmodule-map-file\=/Users/admin/builder/spi-builder-workspace/.derivedData/Build/Intermediates.noindex/GeneratedModuleMaps-watchos/CNIOAtomics.modulemap -Xcc -fmodule-map-file\=/Users/admin/builder/spi-builder-workspace/.derivedData/Build/Intermediates.noindex/GeneratedModuleMaps-watchos/CNIOBoringSSLShims.modulemap -Xcc -fmodule-map-file\=/Users/admin/builder/spi-builder-workspace/.dependencies/checkouts/swift-nio-ssl/Sources/CNIOBoringSSL/include/module.modulemap -Xcc -fmodule-map-file\=/Users/admin/builder/spi-builder-workspace/.derivedData/Build/Intermediates.noindex/GeneratedModuleMaps-watchos/CGRPCZlib.modulemap -DXcode -plugin-path /Applications/Xcode-27.0.0-Release.Candidate.app/Contents/Developer/Toolchains/XcodeDefault.xctoolchain/usr/lib/swift/host/plugins/testing -enable-experimental-feature DebugDescriptionMacro -sdk /Applications/Xcode-27.0.0-Release.Candidate.app/Contents/Developer/Platforms/WatchOS.platform/Developer/SDKs/WatchOS27.0.sdk -target arm64_32-apple-watchos9.0 -g -module-cache-path /Users/admin/builder/spi-builder-workspace/.derivedData/ModuleCache.noindex -Xfrontend -serialize-debugging-options -profile-coverage-mapping -profile-generate -enable-testing -index-store-path /Users/admin/builder/spi-builder-workspace/.derivedData/Index.noindex/DataStore -Xcc -D_LIBCPP_HARDENING_MODE\=_LIBCPP_HARDENING_MODE_DEBUG -swift-version 5 -I /Users/admin/builder/spi-builder-workspace/.derivedData/Build/Products/Debug-watchos -Isystem /Applications/Xcode-27.0.0-Release.Candidate.app/Contents/Developer/Platforms/WatchOS.platform/Developer/usr/lib -F /Users/admin/builder/spi-builder-workspace/.derivedData/Build/Products/Debug-watchos/PackageFrameworks -F /Users/admin/builder/spi-builder-workspace/.derivedData/Build/Products/Debug-watchos -F /Applications/Xcode-27.0.0-Release.Candidate.app/Contents/Developer/Platforms/WatchOS.platform/Developer/Library/Frameworks -F /Applications/Xcode-27.0.0-Release.Candidate.app/Contents/Developer/Platforms/WatchOS.platform/Developer/SDKs/WatchOS27.0.sdk/Developer/Library/Frameworks -c -j10 -enable-batch-mode -incremental -Xcc -ivfsstatcache -Xcc /Users/admin/builder/spi-builder-workspace/.derivedData/SDKStatCaches.noindex/watchos27.0-24R360-e829b21a6f8c9b70876ba0858053c04477534ef55a1706bf4c1112bbb242f0a2.sdkstatcache -output-file-map /Users/admin/builder/spi-builder-workspace/.derivedData/Build/Intermediates.noindex/azure-functions-swift.build/Debug-watchos/AzureFunctions-t.build/Objects-normal/arm64_32/AzureFunctions-OutputFileMap.json -save-temps -no-color-diagnostics -explicit-module-build -module-cache-path /Users/admin/builder/spi-builder-workspace/.derivedData/Build/Intermediates.noindex/SwiftExplicitPrecompiledModules -clang-scanner-module-cache-path /Users/admin/builder/spi-builder-workspace/.derivedData/ModuleCache.noindex -sdk-module-cache-path /Users/admin/builder/spi-builder-workspace/.derivedData/SDKExplicitPrecompiledModules -emit-dependencies -emit-module -emit-module-path /Users/admin/builder/spi-builder-workspace/.derivedData/Build/Intermediates.noindex/azure-functions-swift.build/Debug-watchos/AzureFunctions-t.build/Objects-normal/arm64_32/AzureFunctions.swiftmodule -serialize-diagnostics -dependency-scan-serialize-diagnostics-path /Users/admin/builder/spi-builder-workspace/.derivedData/Build/Intermediates.noindex/azure-functions-swift.build/Debug-watchos/AzureFunctions-t.build/Objects-normal/arm64_32/AzureFunctions-dependency-scan.dia -validate-clang-modules-once -clang-build-session-file /Users/admin/builder/spi-builder-workspace/.derivedData/ModuleCache.noindex/Session.modulevalidation -Xcc -fmodules-prune-interval\=86400 -Xcc -fmodules-prune-after\=345600 -emit-const-values -const-gather-protocols-list /Users/admin/builder/spi-builder-workspace/.derivedData/Build/Intermediates.noindex/azure-functions-swift.build/Debug-watchos/AzureFunctions-t.build/Objects-normal/arm64_32/AzureFunctions_const_extract_protocols.json -Xcc -I/Users/admin/builder/spi-builder-workspace/.dependencies/checkouts/async-http-client/Sources/CAsyncHTTPClient/include -Xcc -I/Users/admin/builder/spi-builder-workspace/.dependencies/checkouts/swift-nio-extras/Sources/CNIOExtrasZlib/include -Xcc -I/Users/admin/builder/spi-builder-workspace/.dependencies/checkouts/swift-nio/Sources/CNIOSHA1/include -Xcc -I/Users/admin/builder/spi-builder-workspace/.dependencies/checkouts/swift-numerics/Sources/_NumericsShims/include -Xcc -I/Users/admin/builder/spi-builder-workspace/.dependencies/checkouts/swift-system/Sources/CSystem/include -Xcc -I/Users/admin/builder/spi-builder-workspace/.dependencies/checkouts/swift-crypto/Sources/CCryptoBoringSSLShims/include -Xcc -I/Users/admin/builder/spi-builder-workspace/.dependencies/checkouts/swift-crypto/Sources/CCryptoBoringSSL/include -Xcc -I/Users/admin/builder/spi-builder-workspace/.dependencies/checkouts/vapor/Sources/CVaporBcrypt/include -Xcc -I/Users/admin/builder/spi-builder-workspace/.dependencies/checkouts/swift-nio/Sources/CNIOLLHTTP/include -Xcc -I/Users/admin/builder/spi-builder-workspace/.dependencies/checkouts/swift-atomics/Sources/_AtomicsShims/include -Xcc -I/Users/admin/builder/spi-builder-workspace/.dependencies/checkouts/swift-nio/Sources/CNIOPosix/include -Xcc -I/Users/admin/builder/spi-builder-workspace/.dependencies/checkouts/swift-nio/Sources/CNIOWASI/include -Xcc -I/Users/admin/builder/spi-builder-workspace/.dependencies/checkouts/swift-nio/Sources/CNIOWindows/include -Xcc -I/Users/admin/builder/spi-builder-workspace/.dependencies/checkouts/swift-nio/Sources/CNIOLinux/include -Xcc -I/Users/admin/builder/spi-builder-workspace/.dependencies/checkouts/swift-nio/Sources/CNIODarwin/include -Xcc -I/Users/admin/builder/spi-builder-workspace/.dependencies/checkouts/swift-nio/Sources/CNIOFreeBSD/include -Xcc -I/Users/admin/builder/spi-builder-workspace/.dependencies/checkouts/swift-nio/Sources/CNIOOpenBSD/include -Xcc -I/Users/admin/builder/spi-builder-workspace/.dependencies/checkouts/swift-nio/Sources/CNIOAtomics/include -Xcc -I/Users/admin/builder/spi-builder-workspace/.dependencies/checkouts/swift-nio-ssl/Sources/CNIOBoringSSLShims/include -Xcc -I/Users/admin/builder/spi-builder-workspace/.dependencies/checkouts/swift-nio-ssl/Sources/CNIOBoringSSL/include -Xcc -I/Users/admin/builder/spi-builder-workspace/.dependencies/checkouts/grpc-swift/Sources/CGRPCZlib/include -Xcc -I/Users/admin/builder/spi-builder-workspace/.derivedData/Build/Products/Debug-watchos/include -Xcc -I/Users/admin/builder/spi-builder-workspace/.derivedData/Build/Intermediates.noindex/azure-functions-swift.build/Debug-watchos/AzureFunctions-t.build/DerivedSources-normal/arm64_32 -Xcc -I/Users/admin/builder/spi-builder-workspace/.derivedData/Build/Intermediates.noindex/azure-functions-swift.build/Debug-watchos/AzureFunctions-t.build/DerivedSources/arm64_32 -Xcc -I/Users/admin/builder/spi-builder-workspace/.derivedData/Build/Intermediates.noindex/azure-functions-swift.build/Debug-watchos/AzureFunctions-t.build/DerivedSources -Xcc -DSWIFT_PACKAGE -Xcc -DDEBUG\=1 -emit-objc-header -emit-objc-header-path /Users/admin/builder/spi-builder-workspace/.derivedData/Build/Intermediates.noindex/azure-functions-swift.build/Debug-watchos/AzureFunctions-t.build/Objects-normal/arm64_32/AzureFunctions-Swift.h -working-directory /Users/admin/builder/spi-builder-workspace/.swiftpm/xcode -experimental-emit-module-separately -disable-cmo
SwiftDriver AzureFunctions normal arm64 com.apple.xcode.tools.swift.compiler (in target 'AzureFunctions' from project 'azure-functions-swift')
cd /Users/admin/builder/spi-builder-workspace/.swiftpm/xcode
builtin-SwiftDriver -- /Applications/Xcode-27.0.0-Release.Candidate.app/Contents/Developer/Toolchains/XcodeDefault.xctoolchain/usr/bin/swiftc -parse-as-library -module-name AzureFunctions -Onone @/Users/admin/builder/spi-builder-workspace/.derivedData/Build/Intermediates.noindex/azure-functions-swift.build/Debug-watchos/AzureFunctions-t.build/Objects-normal/arm64/AzureFunctions.SwiftFileList -DSWIFT_PACKAGE -DDEBUG -DSWIFT_MODULE_RESOURCE_BUNDLE_UNAVAILABLE -Xcc -fmodule-map-file\=/Users/admin/builder/spi-builder-workspace/.derivedData/Build/Intermediates.noindex/GeneratedModuleMaps-watchos/CAsyncHTTPClient.modulemap -Xcc -fmodule-map-file\=/Users/admin/builder/spi-builder-workspace/.derivedData/Build/Intermediates.noindex/GeneratedModuleMaps-watchos/CNIOExtrasZlib.modulemap -Xcc -fmodule-map-file\=/Users/admin/builder/spi-builder-workspace/.derivedData/Build/Intermediates.noindex/GeneratedModuleMaps-watchos/CNIOSHA1.modulemap -Xcc -fmodule-map-file\=/Users/admin/builder/spi-builder-workspace/.dependencies/checkouts/swift-numerics/Sources/_NumericsShims/include/module.modulemap -Xcc -fmodule-map-file\=/Users/admin/builder/spi-builder-workspace/.dependencies/checkouts/swift-system/Sources/CSystem/include/module.modulemap -Xcc -fmodule-map-file\=/Users/admin/builder/spi-builder-workspace/.dependencies/checkouts/swift-crypto/Sources/CCryptoBoringSSLShims/include/module.modulemap -Xcc -fmodule-map-file\=/Users/admin/builder/spi-builder-workspace/.dependencies/checkouts/swift-crypto/Sources/CCryptoBoringSSL/include/module.modulemap -Xcc -fmodule-map-file\=/Users/admin/builder/spi-builder-workspace/.dependencies/checkouts/vapor/Sources/CVaporBcrypt/include/module.modulemap -Xcc -fmodule-map-file\=/Users/admin/builder/spi-builder-workspace/.derivedData/Build/Intermediates.noindex/GeneratedModuleMaps-watchos/CNIOLLHTTP.modulemap -Xcc -fmodule-map-file\=/Users/admin/builder/spi-builder-workspace/.dependencies/checkouts/swift-atomics/Sources/_AtomicsShims/include/module.modulemap -Xcc -fmodule-map-file\=/Users/admin/builder/spi-builder-workspace/.derivedData/Build/Intermediates.noindex/GeneratedModuleMaps-watchos/CNIOPosix.modulemap -Xcc -fmodule-map-file\=/Users/admin/builder/spi-builder-workspace/.derivedData/Build/Intermediates.noindex/GeneratedModuleMaps-watchos/CNIOWASI.modulemap -Xcc -fmodule-map-file\=/Users/admin/builder/spi-builder-workspace/.dependencies/checkouts/swift-nio/Sources/CNIOWindows/include/module.modulemap -Xcc -fmodule-map-file\=/Users/admin/builder/spi-builder-workspace/.derivedData/Build/Intermediates.noindex/GeneratedModuleMaps-watchos/CNIOLinux.modulemap -Xcc -fmodule-map-file\=/Users/admin/builder/spi-builder-workspace/.derivedData/Build/Intermediates.noindex/GeneratedModuleMaps-watchos/CNIODarwin.modulemap -Xcc -fmodule-map-file\=/Users/admin/builder/spi-builder-workspace/.derivedData/Build/Intermediates.noindex/GeneratedModuleMaps-watchos/CNIOFreeBSD.modulemap -Xcc -fmodule-map-file\=/Users/admin/builder/spi-builder-workspace/.derivedData/Build/Intermediates.noindex/GeneratedModuleMaps-watchos/CNIOOpenBSD.modulemap -Xcc -fmodule-map-file\=/Users/admin/builder/spi-builder-workspace/.derivedData/Build/Intermediates.noindex/GeneratedModuleMaps-watchos/CNIOAtomics.modulemap -Xcc -fmodule-map-file\=/Users/admin/builder/spi-builder-workspace/.derivedData/Build/Intermediates.noindex/GeneratedModuleMaps-watchos/CNIOBoringSSLShims.modulemap -Xcc -fmodule-map-file\=/Users/admin/builder/spi-builder-workspace/.dependencies/checkouts/swift-nio-ssl/Sources/CNIOBoringSSL/include/module.modulemap -Xcc -fmodule-map-file\=/Users/admin/builder/spi-builder-workspace/.derivedData/Build/Intermediates.noindex/GeneratedModuleMaps-watchos/CGRPCZlib.modulemap -DXcode -plugin-path /Applications/Xcode-27.0.0-Release.Candidate.app/Contents/Developer/Toolchains/XcodeDefault.xctoolchain/usr/lib/swift/host/plugins/testing -enable-experimental-feature DebugDescriptionMacro -sdk /Applications/Xcode-27.0.0-Release.Candidate.app/Contents/Developer/Platforms/WatchOS.platform/Developer/SDKs/WatchOS27.0.sdk -target arm64-apple-watchos9.0 -g -module-cache-path /Users/admin/builder/spi-builder-workspace/.derivedData/ModuleCache.noindex -Xfrontend -serialize-debugging-options -profile-coverage-mapping -profile-generate -enable-testing -index-store-path /Users/admin/builder/spi-builder-workspace/.derivedData/Index.noindex/DataStore -Xcc -D_LIBCPP_HARDENING_MODE\=_LIBCPP_HARDENING_MODE_DEBUG -swift-version 5 -I /Users/admin/builder/spi-builder-workspace/.derivedData/Build/Products/Debug-watchos -Isystem /Applications/Xcode-27.0.0-Release.Candidate.app/Contents/Developer/Platforms/WatchOS.platform/Developer/usr/lib -F /Users/admin/builder/spi-builder-workspace/.derivedData/Build/Products/Debug-watchos/PackageFrameworks -F /Users/admin/builder/spi-builder-workspace/.derivedData/Build/Products/Debug-watchos -F /Applications/Xcode-27.0.0-Release.Candidate.app/Contents/Developer/Platforms/WatchOS.platform/Developer/Library/Frameworks -F /Applications/Xcode-27.0.0-Release.Candidate.app/Contents/Developer/Platforms/WatchOS.platform/Developer/SDKs/WatchOS27.0.sdk/Developer/Library/Frameworks -c -j10 -enable-batch-mode -incremental -Xcc -ivfsstatcache -Xcc /Users/admin/builder/spi-builder-workspace/.derivedData/SDKStatCaches.noindex/watchos27.0-24R360-e829b21a6f8c9b70876ba0858053c04477534ef55a1706bf4c1112bbb242f0a2.sdkstatcache -output-file-map /Users/admin/builder/spi-builder-workspace/.derivedData/Build/Intermediates.noindex/azure-functions-swift.build/Debug-watchos/AzureFunctions-t.build/Objects-normal/arm64/AzureFunctions-OutputFileMap.json -save-temps -no-color-diagnostics -explicit-module-build -module-cache-path /Users/admin/builder/spi-builder-workspace/.derivedData/Build/Intermediates.noindex/SwiftExplicitPrecompiledModules -clang-scanner-module-cache-path /Users/admin/builder/spi-builder-workspace/.derivedData/ModuleCache.noindex -sdk-module-cache-path /Users/admin/builder/spi-builder-workspace/.derivedData/SDKExplicitPrecompiledModules -emit-dependencies -emit-module -emit-module-path /Users/admin/builder/spi-builder-workspace/.derivedData/Build/Intermediates.noindex/azure-functions-swift.build/Debug-watchos/AzureFunctions-t.build/Objects-normal/arm64/AzureFunctions.swiftmodule -serialize-diagnostics -dependency-scan-serialize-diagnostics-path /Users/admin/builder/spi-builder-workspace/.derivedData/Build/Intermediates.noindex/azure-functions-swift.build/Debug-watchos/AzureFunctions-t.build/Objects-normal/arm64/AzureFunctions-dependency-scan.dia -validate-clang-modules-once -clang-build-session-file /Users/admin/builder/spi-builder-workspace/.derivedData/ModuleCache.noindex/Session.modulevalidation -Xcc -fmodules-prune-interval\=86400 -Xcc -fmodules-prune-after\=345600 -emit-const-values -const-gather-protocols-list /Users/admin/builder/spi-builder-workspace/.derivedData/Build/Intermediates.noindex/azure-functions-swift.build/Debug-watchos/AzureFunctions-t.build/Objects-normal/arm64/AzureFunctions_const_extract_protocols.json -Xcc -I/Users/admin/builder/spi-builder-workspace/.dependencies/checkouts/async-http-client/Sources/CAsyncHTTPClient/include -Xcc -I/Users/admin/builder/spi-builder-workspace/.dependencies/checkouts/swift-nio-extras/Sources/CNIOExtrasZlib/include -Xcc -I/Users/admin/builder/spi-builder-workspace/.dependencies/checkouts/swift-nio/Sources/CNIOSHA1/include -Xcc -I/Users/admin/builder/spi-builder-workspace/.dependencies/checkouts/swift-numerics/Sources/_NumericsShims/include -Xcc -I/Users/admin/builder/spi-builder-workspace/.dependencies/checkouts/swift-system/Sources/CSystem/include -Xcc -I/Users/admin/builder/spi-builder-workspace/.dependencies/checkouts/swift-crypto/Sources/CCryptoBoringSSLShims/include -Xcc -I/Users/admin/builder/spi-builder-workspace/.dependencies/checkouts/swift-crypto/Sources/CCryptoBoringSSL/include -Xcc -I/Users/admin/builder/spi-builder-workspace/.dependencies/checkouts/vapor/Sources/CVaporBcrypt/include -Xcc -I/Users/admin/builder/spi-builder-workspace/.dependencies/checkouts/swift-nio/Sources/CNIOLLHTTP/include -Xcc -I/Users/admin/builder/spi-builder-workspace/.dependencies/checkouts/swift-atomics/Sources/_AtomicsShims/include -Xcc -I/Users/admin/builder/spi-builder-workspace/.dependencies/checkouts/swift-nio/Sources/CNIOPosix/include -Xcc -I/Users/admin/builder/spi-builder-workspace/.dependencies/checkouts/swift-nio/Sources/CNIOWASI/include -Xcc -I/Users/admin/builder/spi-builder-workspace/.dependencies/checkouts/swift-nio/Sources/CNIOWindows/include -Xcc -I/Users/admin/builder/spi-builder-workspace/.dependencies/checkouts/swift-nio/Sources/CNIOLinux/include -Xcc -I/Users/admin/builder/spi-builder-workspace/.dependencies/checkouts/swift-nio/Sources/CNIODarwin/include -Xcc -I/Users/admin/builder/spi-builder-workspace/.dependencies/checkouts/swift-nio/Sources/CNIOFreeBSD/include -Xcc -I/Users/admin/builder/spi-builder-workspace/.dependencies/checkouts/swift-nio/Sources/CNIOOpenBSD/include -Xcc -I/Users/admin/builder/spi-builder-workspace/.dependencies/checkouts/swift-nio/Sources/CNIOAtomics/include -Xcc -I/Users/admin/builder/spi-builder-workspace/.dependencies/checkouts/swift-nio-ssl/Sources/CNIOBoringSSLShims/include -Xcc -I/Users/admin/builder/spi-builder-workspace/.dependencies/checkouts/swift-nio-ssl/Sources/CNIOBoringSSL/include -Xcc -I/Users/admin/builder/spi-builder-workspace/.dependencies/checkouts/grpc-swift/Sources/CGRPCZlib/include -Xcc -I/Users/admin/builder/spi-builder-workspace/.derivedData/Build/Products/Debug-watchos/include -Xcc -I/Users/admin/builder/spi-builder-workspace/.derivedData/Build/Intermediates.noindex/azure-functions-swift.build/Debug-watchos/AzureFunctions-t.build/DerivedSources-normal/arm64 -Xcc -I/Users/admin/builder/spi-builder-workspace/.derivedData/Build/Intermediates.noindex/azure-functions-swift.build/Debug-watchos/AzureFunctions-t.build/DerivedSources/arm64 -Xcc -I/Users/admin/builder/spi-builder-workspace/.derivedData/Build/Intermediates.noindex/azure-functions-swift.build/Debug-watchos/AzureFunctions-t.build/DerivedSources -Xcc -DSWIFT_PACKAGE -Xcc -DDEBUG\=1 -emit-objc-header -emit-objc-header-path /Users/admin/builder/spi-builder-workspace/.derivedData/Build/Intermediates.noindex/azure-functions-swift.build/Debug-watchos/AzureFunctions-t.build/Objects-normal/arm64/AzureFunctions-Swift.h -working-directory /Users/admin/builder/spi-builder-workspace/.swiftpm/xcode -experimental-emit-module-separately -disable-cmo
SwiftEmitModule normal arm64_32 Emitting\ module\ for\ AzureFunctions (in target 'AzureFunctions' from project 'azure-functions-swift')
/Users/admin/builder/spi-builder-workspace/Sources/AzureFunctions/Bindings/models/InvocationRequest.swift:15:16: warning: stored property 'data' of 'Sendable'-conforming struct 'InvocationRequest' contains non-Sendable type 'AnyCodable'; this is an error in the Swift 6 language mode
13 |
14 | /// Trigger/Bindings data (values).
15 | public var data: [String:AnyCodable]?
| `- warning: stored property 'data' of 'Sendable'-conforming struct 'InvocationRequest' contains non-Sendable type 'AnyCodable'; this is an error in the Swift 6 language mode
16 | /// Trigger/Bindings metadata.
17 | public var metadata: [String:AnyCodable]?
AnyCodable.AnyCodable:1:23: note: struct 'AnyCodable' does not conform to the 'Sendable' protocol
1 | @frozen public struct AnyCodable : Codable {
| `- note: struct 'AnyCodable' does not conform to the 'Sendable' protocol
2 | public let value: Any
3 | public init<T>(_ value: T?)
/Users/admin/builder/spi-builder-workspace/Sources/AzureFunctions/Bindings/models/InvocationRequest.swift:9:1: warning: add '@preconcurrency' to suppress 'Sendable'-related warnings from module 'AnyCodable' [#AddPreconcurrencyImport]
7 |
8 | import Foundation
9 | import AnyCodable
| `- warning: add '@preconcurrency' to suppress 'Sendable'-related warnings from module 'AnyCodable' [#AddPreconcurrencyImport]
10 | import Vapor
11 |
/Users/admin/builder/spi-builder-workspace/Sources/AzureFunctions/Bindings/models/InvocationRequest.swift:17:16: warning: stored property 'metadata' of 'Sendable'-conforming struct 'InvocationRequest' contains non-Sendable type 'AnyCodable'; this is an error in the Swift 6 language mode
15 | public var data: [String:AnyCodable]?
16 | /// Trigger/Bindings metadata.
17 | public var metadata: [String:AnyCodable]?
| `- warning: stored property 'metadata' of 'Sendable'-conforming struct 'InvocationRequest' contains non-Sendable type 'AnyCodable'; this is an error in the Swift 6 language mode
18 |
19 | public enum CodingKeys: String, CodingKey {
AnyCodable.AnyCodable:1:23: note: struct 'AnyCodable' does not conform to the 'Sendable' protocol
1 | @frozen public struct AnyCodable : Codable {
| `- note: struct 'AnyCodable' does not conform to the 'Sendable' protocol
2 | public let value: Any
3 | public init<T>(_ value: T?)
/Users/admin/builder/spi-builder-workspace/Sources/AzureFunctions/Bindings/models/InvocationResponse.swift:15:16: warning: stored property 'outputs' of 'Sendable'-conforming struct 'InvocationResponse' contains non-Sendable type 'AnyCodable'; this is an error in the Swift 6 language mode
13 |
14 | /// Output bindings values dictionary
15 | public var outputs: [String:AnyCodable]?
| `- warning: stored property 'outputs' of 'Sendable'-conforming struct 'InvocationResponse' contains non-Sendable type 'AnyCodable'; this is an error in the Swift 6 language mode
16 | /// Functions logs array. These will be logged when the Function is executed
17 | public var logs: [String] = []
AnyCodable.AnyCodable:1:23: note: struct 'AnyCodable' does not conform to the 'Sendable' protocol
1 | @frozen public struct AnyCodable : Codable {
| `- note: struct 'AnyCodable' does not conform to the 'Sendable' protocol
2 | public let value: Any
3 | public init<T>(_ value: T?)
/Users/admin/builder/spi-builder-workspace/Sources/AzureFunctions/Bindings/models/InvocationResponse.swift:9:1: warning: add '@preconcurrency' to suppress 'Sendable'-related warnings from module 'AnyCodable' [#AddPreconcurrencyImport]
7 |
8 | import Foundation
9 | import AnyCodable
| `- warning: add '@preconcurrency' to suppress 'Sendable'-related warnings from module 'AnyCodable' [#AddPreconcurrencyImport]
10 | import Vapor
11 |
/Users/admin/builder/spi-builder-workspace/Sources/AzureFunctions/Bindings/models/InvocationResponse.swift:19:16: warning: stored property 'returnValue' of 'Sendable'-conforming struct 'InvocationResponse' contains non-Sendable type 'AnyCodable'; this is an error in the Swift 6 language mode
17 | public var logs: [String] = []
18 | /// The $return binding value
19 | public var returnValue: AnyCodable?
| `- warning: stored property 'returnValue' of 'Sendable'-conforming struct 'InvocationResponse' contains non-Sendable type 'AnyCodable'; this is an error in the Swift 6 language mode
20 |
21 | enum CodingKeys: String, CodingKey {
AnyCodable.AnyCodable:1:23: note: struct 'AnyCodable' does not conform to the 'Sendable' protocol
1 | @frozen public struct AnyCodable : Codable {
| `- note: struct 'AnyCodable' does not conform to the 'Sendable' protocol
2 | public let value: Any
3 | public init<T>(_ value: T?)
/Users/admin/builder/spi-builder-workspace/Sources/AzureFunctions/protobuf/FunctionRpc.pb.swift:1471:58: warning: 'init(dictionaryLiteral:)' is deprecated: Please regenerate your .pb.swift files with the current version of the SwiftProtobuf protoc plugin. [#DeprecatedDeclaration]
1469 | extension AzureFunctionsRpcMessages_StreamingMessage: SwiftProtobuf.Message, SwiftProtobuf._MessageImplementationBase, SwiftProtobuf._ProtoNameProviding {
1470 | static let protoMessageName: String = _protobuf_package + ".StreamingMessage"
1471 | static let _protobuf_nameMap: SwiftProtobuf._NameMap = [
| `- warning: 'init(dictionaryLiteral:)' is deprecated: Please regenerate your .pb.swift files with the current version of the SwiftProtobuf protoc plugin. [#DeprecatedDeclaration]
1472 | 1: .standard(proto: "request_id"),
1473 | 20: .standard(proto: "start_stream"),
/Users/admin/builder/spi-builder-workspace/Sources/AzureFunctions/protobuf/FunctionRpc.pb.swift:1725:58: warning: 'init(dictionaryLiteral:)' is deprecated: Please regenerate your .pb.swift files with the current version of the SwiftProtobuf protoc plugin. [#DeprecatedDeclaration]
1723 | extension AzureFunctionsRpcMessages_StartStream: SwiftProtobuf.Message, SwiftProtobuf._MessageImplementationBase, SwiftProtobuf._ProtoNameProviding {
1724 | static let protoMessageName: String = _protobuf_package + ".StartStream"
1725 | static let _protobuf_nameMap: SwiftProtobuf._NameMap = [
| `- warning: 'init(dictionaryLiteral:)' is deprecated: Please regenerate your .pb.swift files with the current version of the SwiftProtobuf protoc plugin. [#DeprecatedDeclaration]
1726 | 2: .standard(proto: "worker_id"),
1727 | ]
/Users/admin/builder/spi-builder-workspace/Sources/AzureFunctions/protobuf/FunctionRpc.pb.swift:1754:58: warning: 'init(dictionaryLiteral:)' is deprecated: Please regenerate your .pb.swift files with the current version of the SwiftProtobuf protoc plugin. [#DeprecatedDeclaration]
1752 | extension AzureFunctionsRpcMessages_WorkerInitRequest: SwiftProtobuf.Message, SwiftProtobuf._MessageImplementationBase, SwiftProtobuf._ProtoNameProviding {
1753 | static let protoMessageName: String = _protobuf_package + ".WorkerInitRequest"
1754 | static let _protobuf_nameMap: SwiftProtobuf._NameMap = [
| `- warning: 'init(dictionaryLiteral:)' is deprecated: Please regenerate your .pb.swift files with the current version of the SwiftProtobuf protoc plugin. [#DeprecatedDeclaration]
1755 | 1: .standard(proto: "host_version"),
1756 | 2: .same(proto: "capabilities"),
/Users/admin/builder/spi-builder-workspace/Sources/AzureFunctions/protobuf/FunctionRpc.pb.swift:1795:58: warning: 'init(dictionaryLiteral:)' is deprecated: Please regenerate your .pb.swift files with the current version of the SwiftProtobuf protoc plugin. [#DeprecatedDeclaration]
1793 | extension AzureFunctionsRpcMessages_WorkerInitResponse: SwiftProtobuf.Message, SwiftProtobuf._MessageImplementationBase, SwiftProtobuf._ProtoNameProviding {
1794 | static let protoMessageName: String = _protobuf_package + ".WorkerInitResponse"
1795 | static let _protobuf_nameMap: SwiftProtobuf._NameMap = [
| `- warning: 'init(dictionaryLiteral:)' is deprecated: Please regenerate your .pb.swift files with the current version of the SwiftProtobuf protoc plugin. [#DeprecatedDeclaration]
1796 | 1: .standard(proto: "worker_version"),
1797 | 2: .same(proto: "capabilities"),
/Users/admin/builder/spi-builder-workspace/Sources/AzureFunctions/protobuf/FunctionRpc.pb.swift:1836:58: warning: 'init(dictionaryLiteral:)' is deprecated: Please regenerate your .pb.swift files with the current version of the SwiftProtobuf protoc plugin. [#DeprecatedDeclaration]
1834 | extension AzureFunctionsRpcMessages_StatusResult: SwiftProtobuf.Message, SwiftProtobuf._MessageImplementationBase, SwiftProtobuf._ProtoNameProviding {
1835 | static let protoMessageName: String = _protobuf_package + ".StatusResult"
1836 | static let _protobuf_nameMap: SwiftProtobuf._NameMap = [
| `- warning: 'init(dictionaryLiteral:)' is deprecated: Please regenerate your .pb.swift files with the current version of the SwiftProtobuf protoc plugin. [#DeprecatedDeclaration]
1837 | 4: .same(proto: "status"),
1838 | 1: .same(proto: "result"),
/Users/admin/builder/spi-builder-workspace/Sources/AzureFunctions/protobuf/FunctionRpc.pb.swift:1882:58: warning: 'init(dictionaryLiteral:)' is deprecated: Please regenerate your .pb.swift files with the current version of the SwiftProtobuf protoc plugin. [#DeprecatedDeclaration]
1880 |
1881 | extension AzureFunctionsRpcMessages_StatusResult.Status: SwiftProtobuf._ProtoNameProviding {
1882 | static let _protobuf_nameMap: SwiftProtobuf._NameMap = [
| `- warning: 'init(dictionaryLiteral:)' is deprecated: Please regenerate your .pb.swift files with the current version of the SwiftProtobuf protoc plugin. [#DeprecatedDeclaration]
1883 | 0: .same(proto: "Failure"),
1884 | 1: .same(proto: "Success"),
/Users/admin/builder/spi-builder-workspace/Sources/AzureFunctions/protobuf/FunctionRpc.pb.swift:1910:58: warning: 'init(dictionaryLiteral:)' is deprecated: Please regenerate your .pb.swift files with the current version of the SwiftProtobuf protoc plugin. [#DeprecatedDeclaration]
1908 | extension AzureFunctionsRpcMessages_WorkerTerminate: SwiftProtobuf.Message, SwiftProtobuf._MessageImplementationBase, SwiftProtobuf._ProtoNameProviding {
1909 | static let protoMessageName: String = _protobuf_package + ".WorkerTerminate"
1910 | static let _protobuf_nameMap: SwiftProtobuf._NameMap = [
| `- warning: 'init(dictionaryLiteral:)' is deprecated: Please regenerate your .pb.swift files with the current version of the SwiftProtobuf protoc plugin. [#DeprecatedDeclaration]
1911 | 1: .standard(proto: "grace_period"),
1912 | ]
/Users/admin/builder/spi-builder-workspace/Sources/AzureFunctions/protobuf/FunctionRpc.pb.swift:1939:58: warning: 'init(dictionaryLiteral:)' is deprecated: Please regenerate your .pb.swift files with the current version of the SwiftProtobuf protoc plugin. [#DeprecatedDeclaration]
1937 | extension AzureFunctionsRpcMessages_FileChangeEventRequest: SwiftProtobuf.Message, SwiftProtobuf._MessageImplementationBase, SwiftProtobuf._ProtoNameProviding {
1938 | static let protoMessageName: String = _protobuf_package + ".FileChangeEventRequest"
1939 | static let _protobuf_nameMap: SwiftProtobuf._NameMap = [
| `- warning: 'init(dictionaryLiteral:)' is deprecated: Please regenerate your .pb.swift files with the current version of the SwiftProtobuf protoc plugin. [#DeprecatedDeclaration]
1940 | 1: .same(proto: "type"),
1941 | 2: .standard(proto: "full_path"),
/Users/admin/builder/spi-builder-workspace/Sources/AzureFunctions/protobuf/FunctionRpc.pb.swift:1979:58: warning: 'init(dictionaryLiteral:)' is deprecated: Please regenerate your .pb.swift files with the current version of the SwiftProtobuf protoc plugin. [#DeprecatedDeclaration]
1977 |
1978 | extension AzureFunctionsRpcMessages_FileChangeEventRequest.TypeEnum: SwiftProtobuf._ProtoNameProviding {
1979 | static let _protobuf_nameMap: SwiftProtobuf._NameMap = [
| `- warning: 'init(dictionaryLiteral:)' is deprecated: Please regenerate your .pb.swift files with the current version of the SwiftProtobuf protoc plugin. [#DeprecatedDeclaration]
1980 | 0: .same(proto: "Unknown"),
1981 | 1: .same(proto: "Created"),
/Users/admin/builder/spi-builder-workspace/Sources/AzureFunctions/protobuf/FunctionRpc.pb.swift:1991:58: warning: 'init(dictionaryLiteral:)' is deprecated: Please regenerate your .pb.swift files with the current version of the SwiftProtobuf protoc plugin. [#DeprecatedDeclaration]
1989 | extension AzureFunctionsRpcMessages_WorkerActionResponse: SwiftProtobuf.Message, SwiftProtobuf._MessageImplementationBase, SwiftProtobuf._ProtoNameProviding {
1990 | static let protoMessageName: String = _protobuf_package + ".WorkerActionResponse"
1991 | static let _protobuf_nameMap: SwiftProtobuf._NameMap = [
| `- warning: 'init(dictionaryLiteral:)' is deprecated: Please regenerate your .pb.swift files with the current version of the SwiftProtobuf protoc plugin. [#DeprecatedDeclaration]
1992 | 1: .same(proto: "action"),
1993 | 2: .same(proto: "reason"),
/Users/admin/builder/spi-builder-workspace/Sources/AzureFunctions/protobuf/FunctionRpc.pb.swift:2025:58: warning: 'init(dictionaryLiteral:)' is deprecated: Please regenerate your .pb.swift files with the current version of the SwiftProtobuf protoc plugin. [#DeprecatedDeclaration]
2023 |
2024 | extension AzureFunctionsRpcMessages_WorkerActionResponse.Action: SwiftProtobuf._ProtoNameProviding {
2025 | static let _protobuf_nameMap: SwiftProtobuf._NameMap = [
| `- warning: 'init(dictionaryLiteral:)' is deprecated: Please regenerate your .pb.swift files with the current version of the SwiftProtobuf protoc plugin. [#DeprecatedDeclaration]
2026 | 0: .same(proto: "Restart"),
2027 | 1: .same(proto: "Reload"),
/Users/admin/builder/spi-builder-workspace/Sources/AzureFunctions/protobuf/FunctionRpc.pb.swift:2071:58: warning: 'init(dictionaryLiteral:)' is deprecated: Please regenerate your .pb.swift files with the current version of the SwiftProtobuf protoc plugin. [#DeprecatedDeclaration]
2069 | extension AzureFunctionsRpcMessages_FunctionEnvironmentReloadRequest: SwiftProtobuf.Message, SwiftProtobuf._MessageImplementationBase, SwiftProtobuf._ProtoNameProviding {
2070 | static let protoMessageName: String = _protobuf_package + ".FunctionEnvironmentReloadRequest"
2071 | static let _protobuf_nameMap: SwiftProtobuf._NameMap = [
| `- warning: 'init(dictionaryLiteral:)' is deprecated: Please regenerate your .pb.swift files with the current version of the SwiftProtobuf protoc plugin. [#DeprecatedDeclaration]
2072 | 1: .standard(proto: "environment_variables"),
2073 | ]
/Users/admin/builder/spi-builder-workspace/Sources/AzureFunctions/protobuf/FunctionRpc.pb.swift:2100:58: warning: 'init(dictionaryLiteral:)' is deprecated: Please regenerate your .pb.swift files with the current version of the SwiftProtobuf protoc plugin. [#DeprecatedDeclaration]
2098 | extension AzureFunctionsRpcMessages_FunctionEnvironmentReloadResponse: SwiftProtobuf.Message, SwiftProtobuf._MessageImplementationBase, SwiftProtobuf._ProtoNameProviding {
2099 | static let protoMessageName: String = _protobuf_package + ".FunctionEnvironmentReloadResponse"
2100 | static let _protobuf_nameMap: SwiftProtobuf._NameMap = [
| `- warning: 'init(dictionaryLiteral:)' is deprecated: Please regenerate your .pb.swift files with the current version of the SwiftProtobuf protoc plugin. [#DeprecatedDeclaration]
2101 | 3: .same(proto: "result"),
2102 | ]
/Users/admin/builder/spi-builder-workspace/Sources/AzureFunctions/protobuf/FunctionRpc.pb.swift:2129:58: warning: 'init(dictionaryLiteral:)' is deprecated: Please regenerate your .pb.swift files with the current version of the SwiftProtobuf protoc plugin. [#DeprecatedDeclaration]
2127 | extension AzureFunctionsRpcMessages_FunctionLoadRequest: SwiftProtobuf.Message, SwiftProtobuf._MessageImplementationBase, SwiftProtobuf._ProtoNameProviding {
2128 | static let protoMessageName: String = _protobuf_package + ".FunctionLoadRequest"
2129 | static let _protobuf_nameMap: SwiftProtobuf._NameMap = [
| `- warning: 'init(dictionaryLiteral:)' is deprecated: Please regenerate your .pb.swift files with the current version of the SwiftProtobuf protoc plugin. [#DeprecatedDeclaration]
2130 | 1: .standard(proto: "function_id"),
2131 | 2: .same(proto: "metadata"),
/Users/admin/builder/spi-builder-workspace/Sources/AzureFunctions/protobuf/FunctionRpc.pb.swift:2170:58: warning: 'init(dictionaryLiteral:)' is deprecated: Please regenerate your .pb.swift files with the current version of the SwiftProtobuf protoc plugin. [#DeprecatedDeclaration]
2168 | extension AzureFunctionsRpcMessages_FunctionLoadResponse: SwiftProtobuf.Message, SwiftProtobuf._MessageImplementationBase, SwiftProtobuf._ProtoNameProviding {
2169 | static let protoMessageName: String = _protobuf_package + ".FunctionLoadResponse"
2170 | static let _protobuf_nameMap: SwiftProtobuf._NameMap = [
| `- warning: 'init(dictionaryLiteral:)' is deprecated: Please regenerate your .pb.swift files with the current version of the SwiftProtobuf protoc plugin. [#DeprecatedDeclaration]
2171 | 1: .standard(proto: "function_id"),
2172 | 2: .same(proto: "result"),
/Users/admin/builder/spi-builder-workspace/Sources/AzureFunctions/protobuf/FunctionRpc.pb.swift:2211:58: warning: 'init(dictionaryLiteral:)' is deprecated: Please regenerate your .pb.swift files with the current version of the SwiftProtobuf protoc plugin. [#DeprecatedDeclaration]
2209 | extension AzureFunctionsRpcMessages_RpcFunctionMetadata: SwiftProtobuf.Message, SwiftProtobuf._MessageImplementationBase, SwiftProtobuf._ProtoNameProviding {
2210 | static let protoMessageName: String = _protobuf_package + ".RpcFunctionMetadata"
2211 | static let _protobuf_nameMap: SwiftProtobuf._NameMap = [
| `- warning: 'init(dictionaryLiteral:)' is deprecated: Please regenerate your .pb.swift files with the current version of the SwiftProtobuf protoc plugin. [#DeprecatedDeclaration]
2212 | 4: .same(proto: "name"),
2213 | 1: .same(proto: "directory"),
/Users/admin/builder/spi-builder-workspace/Sources/AzureFunctions/protobuf/FunctionRpc.pb.swift:2270:58: warning: 'init(dictionaryLiteral:)' is deprecated: Please regenerate your .pb.swift files with the current version of the SwiftProtobuf protoc plugin. [#DeprecatedDeclaration]
2268 | extension AzureFunctionsRpcMessages_InvocationRequest: SwiftProtobuf.Message, SwiftProtobuf._MessageImplementationBase, SwiftProtobuf._ProtoNameProviding {
2269 | static let protoMessageName: String = _protobuf_package + ".InvocationRequest"
2270 | static let _protobuf_nameMap: SwiftProtobuf._NameMap = [
| `- warning: 'init(dictionaryLiteral:)' is deprecated: Please regenerate your .pb.swift files with the current version of the SwiftProtobuf protoc plugin. [#DeprecatedDeclaration]
2271 | 1: .standard(proto: "invocation_id"),
2272 | 2: .standard(proto: "function_id"),
/Users/admin/builder/spi-builder-workspace/Sources/AzureFunctions/protobuf/FunctionRpc.pb.swift:2317:58: warning: 'init(dictionaryLiteral:)' is deprecated: Please regenerate your .pb.swift files with the current version of the SwiftProtobuf protoc plugin. [#DeprecatedDeclaration]
2315 | extension AzureFunctionsRpcMessages_InvocationCancel: SwiftProtobuf.Message, SwiftProtobuf._MessageImplementationBase, SwiftProtobuf._ProtoNameProviding {
2316 | static let protoMessageName: String = _protobuf_package + ".InvocationCancel"
2317 | static let _protobuf_nameMap: SwiftProtobuf._NameMap = [
| `- warning: 'init(dictionaryLiteral:)' is deprecated: Please regenerate your .pb.swift files with the current version of the SwiftProtobuf protoc plugin. [#DeprecatedDeclaration]
2318 | 2: .standard(proto: "invocation_id"),
2319 | 1: .standard(proto: "grace_period"),
/Users/admin/builder/spi-builder-workspace/Sources/AzureFunctions/protobuf/FunctionRpc.pb.swift:2352:58: warning: 'init(dictionaryLiteral:)' is deprecated: Please regenerate your .pb.swift files with the current version of the SwiftProtobuf protoc plugin. [#DeprecatedDeclaration]
2350 | extension AzureFunctionsRpcMessages_InvocationResponse: SwiftProtobuf.Message, SwiftProtobuf._MessageImplementationBase, SwiftProtobuf._ProtoNameProviding {
2351 | static let protoMessageName: String = _protobuf_package + ".InvocationResponse"
2352 | static let _protobuf_nameMap: SwiftProtobuf._NameMap = [
| `- warning: 'init(dictionaryLiteral:)' is deprecated: Please regenerate your .pb.swift files with the current version of the SwiftProtobuf protoc plugin. [#DeprecatedDeclaration]
2353 | 1: .standard(proto: "invocation_id"),
2354 | 2: .standard(proto: "output_data"),
/Users/admin/builder/spi-builder-workspace/Sources/AzureFunctions/protobuf/FunctionRpc.pb.swift:2399:58: warning: 'init(dictionaryLiteral:)' is deprecated: Please regenerate your .pb.swift files with the current version of the SwiftProtobuf protoc plugin. [#DeprecatedDeclaration]
2397 | extension AzureFunctionsRpcMessages_TypedData: SwiftProtobuf.Message, SwiftProtobuf._MessageImplementationBase, SwiftProtobuf._ProtoNameProviding {
2398 | static let protoMessageName: String = _protobuf_package + ".TypedData"
2399 | static let _protobuf_nameMap: SwiftProtobuf._NameMap = [
| `- warning: 'init(dictionaryLiteral:)' is deprecated: Please regenerate your .pb.swift files with the current version of the SwiftProtobuf protoc plugin. [#DeprecatedDeclaration]
2400 | 1: .same(proto: "string"),
2401 | 2: .same(proto: "json"),
/Users/admin/builder/spi-builder-workspace/Sources/AzureFunctions/protobuf/FunctionRpc.pb.swift:2561:58: warning: 'init(dictionaryLiteral:)' is deprecated: Please regenerate your .pb.swift files with the current version of the SwiftProtobuf protoc plugin. [#DeprecatedDeclaration]
2559 | extension AzureFunctionsRpcMessages_CollectionString: SwiftProtobuf.Message, SwiftProtobuf._MessageImplementationBase, SwiftProtobuf._ProtoNameProviding {
2560 | static let protoMessageName: String = _protobuf_package + ".CollectionString"
2561 | static let _protobuf_nameMap: SwiftProtobuf._NameMap = [
| `- warning: 'init(dictionaryLiteral:)' is deprecated: Please regenerate your .pb.swift files with the current version of the SwiftProtobuf protoc plugin. [#DeprecatedDeclaration]
2562 | 1: .same(proto: "string"),
2563 | ]
/Users/admin/builder/spi-builder-workspace/Sources/AzureFunctions/protobuf/FunctionRpc.pb.swift:2590:58: warning: 'init(dictionaryLiteral:)' is deprecated: Please regenerate your .pb.swift files with the current version of the SwiftProtobuf protoc plugin. [#DeprecatedDeclaration]
2588 | extension AzureFunctionsRpcMessages_CollectionBytes: SwiftProtobuf.Message, SwiftProtobuf._MessageImplementationBase, SwiftProtobuf._ProtoNameProviding {
2589 | static let protoMessageName: String = _protobuf_package + ".CollectionBytes"
2590 | static let _protobuf_nameMap: SwiftProtobuf._NameMap = [
| `- warning: 'init(dictionaryLiteral:)' is deprecated: Please regenerate your .pb.swift files with the current version of the SwiftProtobuf protoc plugin. [#DeprecatedDeclaration]
2591 | 1: .same(proto: "bytes"),
2592 | ]
/Users/admin/builder/spi-builder-workspace/Sources/AzureFunctions/protobuf/FunctionRpc.pb.swift:2619:58: warning: 'init(dictionaryLiteral:)' is deprecated: Please regenerate your .pb.swift files with the current version of the SwiftProtobuf protoc plugin. [#DeprecatedDeclaration]
2617 | extension AzureFunctionsRpcMessages_CollectionDouble: SwiftProtobuf.Message, SwiftProtobuf._MessageImplementationBase, SwiftProtobuf._ProtoNameProviding {
2618 | static let protoMessageName: String = _protobuf_package + ".CollectionDouble"
2619 | static let _protobuf_nameMap: SwiftProtobuf._NameMap = [
| `- warning: 'init(dictionaryLiteral:)' is deprecated: Please regenerate your .pb.swift files with the current version of the SwiftProtobuf protoc plugin. [#DeprecatedDeclaration]
2620 | 1: .same(proto: "double"),
2621 | ]
/Users/admin/builder/spi-builder-workspace/Sources/AzureFunctions/protobuf/FunctionRpc.pb.swift:2648:58: warning: 'init(dictionaryLiteral:)' is deprecated: Please regenerate your .pb.swift files with the current version of the SwiftProtobuf protoc plugin. [#DeprecatedDeclaration]
2646 | extension AzureFunctionsRpcMessages_CollectionSInt64: SwiftProtobuf.Message, SwiftProtobuf._MessageImplementationBase, SwiftProtobuf._ProtoNameProviding {
2647 | static let protoMessageName: String = _protobuf_package + ".CollectionSInt64"
2648 | static let _protobuf_nameMap: SwiftProtobuf._NameMap = [
| `- warning: 'init(dictionaryLiteral:)' is deprecated: Please regenerate your .pb.swift files with the current version of the SwiftProtobuf protoc plugin. [#DeprecatedDeclaration]
2649 | 1: .same(proto: "sint64"),
2650 | ]
/Users/admin/builder/spi-builder-workspace/Sources/AzureFunctions/protobuf/FunctionRpc.pb.swift:2677:58: warning: 'init(dictionaryLiteral:)' is deprecated: Please regenerate your .pb.swift files with the current version of the SwiftProtobuf protoc plugin. [#DeprecatedDeclaration]
2675 | extension AzureFunctionsRpcMessages_ParameterBinding: SwiftProtobuf.Message, SwiftProtobuf._MessageImplementationBase, SwiftProtobuf._ProtoNameProviding {
2676 | static let protoMessageName: String = _protobuf_package + ".ParameterBinding"
2677 | static let _protobuf_nameMap: SwiftProtobuf._NameMap = [
| `- warning: 'init(dictionaryLiteral:)' is deprecated: Please regenerate your .pb.swift files with the current version of the SwiftProtobuf protoc plugin. [#DeprecatedDeclaration]
2678 | 1: .same(proto: "name"),
2679 | 2: .same(proto: "data"),
/Users/admin/builder/spi-builder-workspace/Sources/AzureFunctions/protobuf/FunctionRpc.pb.swift:2712:58: warning: 'init(dictionaryLiteral:)' is deprecated: Please regenerate your .pb.swift files with the current version of the SwiftProtobuf protoc plugin. [#DeprecatedDeclaration]
2710 | extension AzureFunctionsRpcMessages_BindingInfo: SwiftProtobuf.Message, SwiftProtobuf._MessageImplementationBase, SwiftProtobuf._ProtoNameProviding {
2711 | static let protoMessageName: String = _protobuf_package + ".BindingInfo"
2712 | static let _protobuf_nameMap: SwiftProtobuf._NameMap = [
| `- warning: 'init(dictionaryLiteral:)' is deprecated: Please regenerate your .pb.swift files with the current version of the SwiftProtobuf protoc plugin. [#DeprecatedDeclaration]
2713 | 2: .same(proto: "type"),
2714 | 3: .same(proto: "direction"),
/Users/admin/builder/spi-builder-workspace/Sources/AzureFunctions/protobuf/FunctionRpc.pb.swift:2752:58: warning: 'init(dictionaryLiteral:)' is deprecated: Please regenerate your .pb.swift files with the current version of the SwiftProtobuf protoc plugin. [#DeprecatedDeclaration]
2750 |
2751 | extension AzureFunctionsRpcMessages_BindingInfo.Direction: SwiftProtobuf._ProtoNameProviding {
2752 | static let _protobuf_nameMap: SwiftProtobuf._NameMap = [
| `- warning: 'init(dictionaryLiteral:)' is deprecated: Please regenerate your .pb.swift files with the current version of the SwiftProtobuf protoc plugin. [#DeprecatedDeclaration]
2753 | 0: .same(proto: "in"),
2754 | 1: .same(proto: "out"),
/Users/admin/builder/spi-builder-workspace/Sources/AzureFunctions/protobuf/FunctionRpc.pb.swift:2760:58: warning: 'init(dictionaryLiteral:)' is deprecated: Please regenerate your .pb.swift files with the current version of the SwiftProtobuf protoc plugin. [#DeprecatedDeclaration]
2758 |
2759 | extension AzureFunctionsRpcMessages_BindingInfo.DataType: SwiftProtobuf._ProtoNameProviding {
2760 | static let _protobuf_nameMap: SwiftProtobuf._NameMap = [
| `- warning: 'init(dictionaryLiteral:)' is deprecated: Please regenerate your .pb.swift files with the current version of the SwiftProtobuf protoc plugin. [#DeprecatedDeclaration]
2761 | 0: .same(proto: "undefined"),
2762 | 1: .same(proto: "string"),
/Users/admin/builder/spi-builder-workspace/Sources/AzureFunctions/protobuf/FunctionRpc.pb.swift:2770:58: warning: 'init(dictionaryLiteral:)' is deprecated: Please regenerate your .pb.swift files with the current version of the SwiftProtobuf protoc plugin. [#DeprecatedDeclaration]
2768 | extension AzureFunctionsRpcMessages_RpcLog: SwiftProtobuf.Message, SwiftProtobuf._MessageImplementationBase, SwiftProtobuf._ProtoNameProviding {
2769 | static let protoMessageName: String = _protobuf_package + ".RpcLog"
2770 | static let _protobuf_nameMap: SwiftProtobuf._NameMap = [
| `- warning: 'init(dictionaryLiteral:)' is deprecated: Please regenerate your .pb.swift files with the current version of the SwiftProtobuf protoc plugin. [#DeprecatedDeclaration]
2771 | 1: .standard(proto: "invocation_id"),
2772 | 2: .same(proto: "category"),
/Users/admin/builder/spi-builder-workspace/Sources/AzureFunctions/protobuf/FunctionRpc.pb.swift:2834:58: warning: 'init(dictionaryLiteral:)' is deprecated: Please regenerate your .pb.swift files with the current version of the SwiftProtobuf protoc plugin. [#DeprecatedDeclaration]
2832 |
2833 | extension AzureFunctionsRpcMessages_RpcLog.Level: SwiftProtobuf._ProtoNameProviding {
2834 | static let _protobuf_nameMap: SwiftProtobuf._NameMap = [
| `- warning: 'init(dictionaryLiteral:)' is deprecated: Please regenerate your .pb.swift files with the current version of the SwiftProtobuf protoc plugin. [#DeprecatedDeclaration]
2835 | 0: .same(proto: "Trace"),
2836 | 1: .same(proto: "Debug"),
/Users/admin/builder/spi-builder-workspace/Sources/AzureFunctions/protobuf/FunctionRpc.pb.swift:2847:58: warning: 'init(dictionaryLiteral:)' is deprecated: Please regenerate your .pb.swift files with the current version of the SwiftProtobuf protoc plugin. [#DeprecatedDeclaration]
2845 | extension AzureFunctionsRpcMessages_RpcException: SwiftProtobuf.Message, SwiftProtobuf._MessageImplementationBase, SwiftProtobuf._ProtoNameProviding {
2846 | static let protoMessageName: String = _protobuf_package + ".RpcException"
2847 | static let _protobuf_nameMap: SwiftProtobuf._NameMap = [
| `- warning: 'init(dictionaryLiteral:)' is deprecated: Please regenerate your .pb.swift files with the current version of the SwiftProtobuf protoc plugin. [#DeprecatedDeclaration]
2848 | 3: .same(proto: "source"),
2849 | 1: .standard(proto: "stack_trace"),
/Users/admin/builder/spi-builder-workspace/Sources/AzureFunctions/protobuf/FunctionRpc.pb.swift:2888:58: warning: 'init(dictionaryLiteral:)' is deprecated: Please regenerate your .pb.swift files with the current version of the SwiftProtobuf protoc plugin. [#DeprecatedDeclaration]
2886 | extension AzureFunctionsRpcMessages_RpcHttpCookie: SwiftProtobuf.Message, SwiftProtobuf._MessageImplementationBase, SwiftProtobuf._ProtoNameProviding {
2887 | static let protoMessageName: String = _protobuf_package + ".RpcHttpCookie"
2888 | static let _protobuf_nameMap: SwiftProtobuf._NameMap = [
| `- warning: 'init(dictionaryLiteral:)' is deprecated: Please regenerate your .pb.swift files with the current version of the SwiftProtobuf protoc plugin. [#DeprecatedDeclaration]
2889 | 1: .same(proto: "name"),
2890 | 2: .same(proto: "value"),
/Users/admin/builder/spi-builder-workspace/Sources/AzureFunctions/protobuf/FunctionRpc.pb.swift:2964:58: warning: 'init(dictionaryLiteral:)' is deprecated: Please regenerate your .pb.swift files with the current version of the SwiftProtobuf protoc plugin. [#DeprecatedDeclaration]
2962 |
2963 | extension AzureFunctionsRpcMessages_RpcHttpCookie.SameSite: SwiftProtobuf._ProtoNameProviding {
2964 | static let _protobuf_nameMap: SwiftProtobuf._NameMap = [
| `- warning: 'init(dictionaryLiteral:)' is deprecated: Please regenerate your .pb.swift files with the current version of the SwiftProtobuf protoc plugin. [#DeprecatedDeclaration]
2965 | 0: .same(proto: "None"),
2966 | 1: .same(proto: "Lax"),
/Users/admin/builder/spi-builder-workspace/Sources/AzureFunctions/protobuf/FunctionRpc.pb.swift:2973:58: warning: 'init(dictionaryLiteral:)' is deprecated: Please regenerate your .pb.swift files with the current version of the SwiftProtobuf protoc plugin. [#DeprecatedDeclaration]
2971 | extension AzureFunctionsRpcMessages_RpcHttp: SwiftProtobuf.Message, SwiftProtobuf._MessageImplementationBase, SwiftProtobuf._ProtoNameProviding {
2972 | static let protoMessageName: String = _protobuf_package + ".RpcHttp"
2973 | static let _protobuf_nameMap: SwiftProtobuf._NameMap = [
| `- warning: 'init(dictionaryLiteral:)' is deprecated: Please regenerate your .pb.swift files with the current version of the SwiftProtobuf protoc plugin. [#DeprecatedDeclaration]
2974 | 1: .same(proto: "method"),
2975 | 2: .same(proto: "url"),
/Users/admin/builder/spi-builder-workspace/Sources/AzureFunctions/protobuf/identity/ClaimsIdentityRpc.pb.swift:93:58: warning: 'init(dictionaryLiteral:)' is deprecated: Please regenerate your .pb.swift files with the current version of the SwiftProtobuf protoc plugin. [#DeprecatedDeclaration]
91 | extension RpcClaimsIdentity: SwiftProtobuf.Message, SwiftProtobuf._MessageImplementationBase, SwiftProtobuf._ProtoNameProviding {
92 | static let protoMessageName: String = "RpcClaimsIdentity"
93 | static let _protobuf_nameMap: SwiftProtobuf._NameMap = [
| `- warning: 'init(dictionaryLiteral:)' is deprecated: Please regenerate your .pb.swift files with the current version of the SwiftProtobuf protoc plugin. [#DeprecatedDeclaration]
94 | 1: .standard(proto: "authentication_type"),
95 | 2: .standard(proto: "name_claim_type"),
/Users/admin/builder/spi-builder-workspace/Sources/AzureFunctions/protobuf/identity/ClaimsIdentityRpc.pb.swift:140:58: warning: 'init(dictionaryLiteral:)' is deprecated: Please regenerate your .pb.swift files with the current version of the SwiftProtobuf protoc plugin. [#DeprecatedDeclaration]
138 | extension RpcClaim: SwiftProtobuf.Message, SwiftProtobuf._MessageImplementationBase, SwiftProtobuf._ProtoNameProviding {
139 | static let protoMessageName: String = "RpcClaim"
140 | static let _protobuf_nameMap: SwiftProtobuf._NameMap = [
| `- warning: 'init(dictionaryLiteral:)' is deprecated: Please regenerate your .pb.swift files with the current version of the SwiftProtobuf protoc plugin. [#DeprecatedDeclaration]
141 | 1: .same(proto: "value"),
142 | 2: .same(proto: "type"),
/Users/admin/builder/spi-builder-workspace/Sources/AzureFunctions/protobuf/shared/NullableTypes.pb.swift:156:58: warning: 'init(dictionaryLiteral:)' is deprecated: Please regenerate your .pb.swift files with the current version of the SwiftProtobuf protoc plugin. [#DeprecatedDeclaration]
154 | extension NullableString: SwiftProtobuf.Message, SwiftProtobuf._MessageImplementationBase, SwiftProtobuf._ProtoNameProviding {
155 | static let protoMessageName: String = "NullableString"
156 | static let _protobuf_nameMap: SwiftProtobuf._NameMap = [
| `- warning: 'init(dictionaryLiteral:)' is deprecated: Please regenerate your .pb.swift files with the current version of the SwiftProtobuf protoc plugin. [#DeprecatedDeclaration]
157 | 1: .same(proto: "value"),
158 | ]
/Users/admin/builder/spi-builder-workspace/Sources/AzureFunctions/protobuf/shared/NullableTypes.pb.swift:189:58: warning: 'init(dictionaryLiteral:)' is deprecated: Please regenerate your .pb.swift files with the current version of the SwiftProtobuf protoc plugin. [#DeprecatedDeclaration]
187 | extension NullableDouble: SwiftProtobuf.Message, SwiftProtobuf._MessageImplementationBase, SwiftProtobuf._ProtoNameProviding {
188 | static let protoMessageName: String = "NullableDouble"
189 | static let _protobuf_nameMap: SwiftProtobuf._NameMap = [
| `- warning: 'init(dictionaryLiteral:)' is deprecated: Please regenerate your .pb.swift files with the current version of the SwiftProtobuf protoc plugin. [#DeprecatedDeclaration]
190 | 1: .same(proto: "value"),
191 | ]
/Users/admin/builder/spi-builder-workspace/Sources/AzureFunctions/protobuf/shared/NullableTypes.pb.swift:222:58: warning: 'init(dictionaryLiteral:)' is deprecated: Please regenerate your .pb.swift files with the current version of the SwiftProtobuf protoc plugin. [#DeprecatedDeclaration]
220 | extension NullableBool: SwiftProtobuf.Message, SwiftProtobuf._MessageImplementationBase, SwiftProtobuf._ProtoNameProviding {
221 | static let protoMessageName: String = "NullableBool"
222 | static let _protobuf_nameMap: SwiftProtobuf._NameMap = [
| `- warning: 'init(dictionaryLiteral:)' is deprecated: Please regenerate your .pb.swift files with the current version of the SwiftProtobuf protoc plugin. [#DeprecatedDeclaration]
223 | 1: .same(proto: "value"),
224 | ]
SwiftCompile normal arm64_32 (in target 'AzureFunctions' from project 'azure-functions-swift')
cd /Users/admin/builder/spi-builder-workspace/.swiftpm/xcode
SwiftCompile normal arm64_32 Compiling\ BindingFactory.swift,\ Blob.swift,\ Queue.swift /Users/admin/builder/spi-builder-workspace/Sources/AzureFunctions/Bindings/BindingFactory.swift /Users/admin/builder/spi-builder-workspace/Sources/AzureFunctions/Bindings/Blob.swift /Users/admin/builder/spi-builder-workspace/Sources/AzureFunctions/Bindings/Queue.swift (in target 'AzureFunctions' from project 'azure-functions-swift')
SwiftCompile normal arm64_32 /Users/admin/builder/spi-builder-workspace/Sources/AzureFunctions/Bindings/BindingFactory.swift (in target 'AzureFunctions' from project 'azure-functions-swift')
cd /Users/admin/builder/spi-builder-workspace/.swiftpm/xcode
builtin-SwiftPerFileCompile BindingFactory.swift
SwiftCompile normal arm64_32 /Users/admin/builder/spi-builder-workspace/Sources/AzureFunctions/Bindings/Blob.swift (in target 'AzureFunctions' from project 'azure-functions-swift')
cd /Users/admin/builder/spi-builder-workspace/.swiftpm/xcode
builtin-SwiftPerFileCompile Blob.swift
SwiftCompile normal arm64_32 /Users/admin/builder/spi-builder-workspace/Sources/AzureFunctions/Bindings/Queue.swift (in target 'AzureFunctions' from project 'azure-functions-swift')
cd /Users/admin/builder/spi-builder-workspace/.swiftpm/xcode
builtin-SwiftPerFileCompile Queue.swift
SwiftCompile normal arm64_32 Compiling\ InvocationResponse.swift,\ Broker.swift,\ CodeGen.swift /Users/admin/builder/spi-builder-workspace/Sources/AzureFunctions/Bindings/models/InvocationResponse.swift /Users/admin/builder/spi-builder-workspace/Sources/AzureFunctions/Broker.swift /Users/admin/builder/spi-builder-workspace/Sources/AzureFunctions/CodeGen.swift (in target 'AzureFunctions' from project 'azure-functions-swift')
/Users/admin/builder/spi-builder-workspace/Sources/AzureFunctions/Bindings/models/InvocationResponse.swift:15:16: warning: stored property 'outputs' of 'Sendable'-conforming struct 'InvocationResponse' contains non-Sendable type 'AnyCodable'; this is an error in the Swift 6 language mode
13 |
14 | /// Output bindings values dictionary
15 | public var outputs: [String:AnyCodable]?
| `- warning: stored property 'outputs' of 'Sendable'-conforming struct 'InvocationResponse' contains non-Sendable type 'AnyCodable'; this is an error in the Swift 6 language mode
16 | /// Functions logs array. These will be logged when the Function is executed
17 | public var logs: [String] = []
AnyCodable.AnyCodable:1:23: note: struct 'AnyCodable' does not conform to the 'Sendable' protocol
1 | @frozen public struct AnyCodable : Codable {
| `- note: struct 'AnyCodable' does not conform to the 'Sendable' protocol
2 | public let value: Any
3 | public init<T>(_ value: T?)
/Users/admin/builder/spi-builder-workspace/Sources/AzureFunctions/Bindings/models/InvocationResponse.swift:9:1: warning: add '@preconcurrency' to suppress 'Sendable'-related warnings from module 'AnyCodable' [#AddPreconcurrencyImport]
7 |
8 | import Foundation
9 | import AnyCodable
| `- warning: add '@preconcurrency' to suppress 'Sendable'-related warnings from module 'AnyCodable' [#AddPreconcurrencyImport]
10 | import Vapor
11 |
/Users/admin/builder/spi-builder-workspace/Sources/AzureFunctions/Bindings/models/InvocationResponse.swift:19:16: warning: stored property 'returnValue' of 'Sendable'-conforming struct 'InvocationResponse' contains non-Sendable type 'AnyCodable'; this is an error in the Swift 6 language mode
17 | public var logs: [String] = []
18 | /// The $return binding value
19 | public var returnValue: AnyCodable?
| `- warning: stored property 'returnValue' of 'Sendable'-conforming struct 'InvocationResponse' contains non-Sendable type 'AnyCodable'; this is an error in the Swift 6 language mode
20 |
21 | enum CodingKeys: String, CodingKey {
AnyCodable.AnyCodable:1:23: note: struct 'AnyCodable' does not conform to the 'Sendable' protocol
1 | @frozen public struct AnyCodable : Codable {
| `- note: struct 'AnyCodable' does not conform to the 'Sendable' protocol
2 | public let value: Any
3 | public init<T>(_ value: T?)
[#AddPreconcurrencyImport]: <https://docs.swift.org/compiler/documentation/diagnostics/add-preconcurrency-import>
SwiftCompile normal arm64_32 /Users/admin/builder/spi-builder-workspace/Sources/AzureFunctions/Bindings/models/InvocationResponse.swift (in target 'AzureFunctions' from project 'azure-functions-swift')
cd /Users/admin/builder/spi-builder-workspace/.swiftpm/xcode
builtin-SwiftPerFileCompile InvocationResponse.swift
SwiftCompile normal arm64_32 /Users/admin/builder/spi-builder-workspace/Sources/AzureFunctions/Broker.swift (in target 'AzureFunctions' from project 'azure-functions-swift')
cd /Users/admin/builder/spi-builder-workspace/.swiftpm/xcode
builtin-SwiftPerFileCompile Broker.swift
SwiftCompile normal arm64_32 /Users/admin/builder/spi-builder-workspace/Sources/AzureFunctions/CodeGen.swift (in target 'AzureFunctions' from project 'azure-functions-swift')
cd /Users/admin/builder/spi-builder-workspace/.swiftpm/xcode
builtin-SwiftPerFileCompile CodeGen.swift
SwiftCompile normal arm64_32 Compiling\ Context.swift,\ Definitions.swift,\ Extentions.swift /Users/admin/builder/spi-builder-workspace/Sources/AzureFunctions/Context.swift /Users/admin/builder/spi-builder-workspace/Sources/AzureFunctions/Definitions.swift /Users/admin/builder/spi-builder-workspace/Sources/AzureFunctions/Extentions.swift (in target 'AzureFunctions' from project 'azure-functions-swift')
SwiftCompile normal arm64_32 /Users/admin/builder/spi-builder-workspace/Sources/AzureFunctions/Context.swift (in target 'AzureFunctions' from project 'azure-functions-swift')
cd /Users/admin/builder/spi-builder-workspace/.swiftpm/xcode
builtin-SwiftPerFileCompile Context.swift
SwiftCompile normal arm64_32 /Users/admin/builder/spi-builder-workspace/Sources/AzureFunctions/Definitions.swift (in target 'AzureFunctions' from project 'azure-functions-swift')
cd /Users/admin/builder/spi-builder-workspace/.swiftpm/xcode
builtin-SwiftPerFileCompile Definitions.swift
SwiftCompile normal arm64_32 /Users/admin/builder/spi-builder-workspace/Sources/AzureFunctions/Extentions.swift (in target 'AzureFunctions' from project 'azure-functions-swift')
cd /Users/admin/builder/spi-builder-workspace/.swiftpm/xcode
builtin-SwiftPerFileCompile Extentions.swift
SwiftCompile normal arm64_32 Compiling\ ServiceBusMessage.swift,\ Table.swift,\ Timer.swift /Users/admin/builder/spi-builder-workspace/Sources/AzureFunctions/Bindings/ServiceBusMessage.swift /Users/admin/builder/spi-builder-workspace/Sources/AzureFunctions/Bindings/Table.swift /Users/admin/builder/spi-builder-workspace/Sources/AzureFunctions/Bindings/Timer.swift (in target 'AzureFunctions' from project 'azure-functions-swift')
SwiftCompile normal arm64_32 /Users/admin/builder/spi-builder-workspace/Sources/AzureFunctions/Bindings/ServiceBusMessage.swift (in target 'AzureFunctions' from project 'azure-functions-swift')
cd /Users/admin/builder/spi-builder-workspace/.swiftpm/xcode
builtin-SwiftPerFileCompile ServiceBusMessage.swift
SwiftCompile normal arm64_32 /Users/admin/builder/spi-builder-workspace/Sources/AzureFunctions/Bindings/Table.swift (in target 'AzureFunctions' from project 'azure-functions-swift')
cd /Users/admin/builder/spi-builder-workspace/.swiftpm/xcode
builtin-SwiftPerFileCompile Table.swift
SwiftCompile normal arm64_32 /Users/admin/builder/spi-builder-workspace/Sources/AzureFunctions/Bindings/Timer.swift (in target 'AzureFunctions' from project 'azure-functions-swift')
cd /Users/admin/builder/spi-builder-workspace/.swiftpm/xcode
builtin-SwiftPerFileCompile Timer.swift
SwiftCompile normal arm64_32 Compiling\ HttpRequest.swift,\ HttpResponse.swift,\ InvocationRequest.swift /Users/admin/builder/spi-builder-workspace/Sources/AzureFunctions/Bindings/http/HttpRequest.swift /Users/admin/builder/spi-builder-workspace/Sources/AzureFunctions/Bindings/http/HttpResponse.swift /Users/admin/builder/spi-builder-workspace/Sources/AzureFunctions/Bindings/models/InvocationRequest.swift (in target 'AzureFunctions' from project 'azure-functions-swift')
/Users/admin/builder/spi-builder-workspace/Sources/AzureFunctions/Bindings/models/InvocationRequest.swift:15:16: warning: stored property 'data' of 'Sendable'-conforming struct 'InvocationRequest' contains non-Sendable type 'AnyCodable'; this is an error in the Swift 6 language mode
13 |
14 | /// Trigger/Bindings data (values).
15 | public var data: [String:AnyCodable]?
| `- warning: stored property 'data' of 'Sendable'-conforming struct 'InvocationRequest' contains non-Sendable type 'AnyCodable'; this is an error in the Swift 6 language mode
16 | /// Trigger/Bindings metadata.
17 | public var metadata: [String:AnyCodable]?
AnyCodable.AnyCodable:1:23: note: struct 'AnyCodable' does not conform to the 'Sendable' protocol
1 | @frozen public struct AnyCodable : Codable {
| `- note: struct 'AnyCodable' does not conform to the 'Sendable' protocol
2 | public let value: Any
3 | public init<T>(_ value: T?)
/Users/admin/builder/spi-builder-workspace/Sources/AzureFunctions/Bindings/models/InvocationRequest.swift:9:1: warning: add '@preconcurrency' to suppress 'Sendable'-related warnings from module 'AnyCodable' [#AddPreconcurrencyImport]
7 |
8 | import Foundation
9 | import AnyCodable
| `- warning: add '@preconcurrency' to suppress 'Sendable'-related warnings from module 'AnyCodable' [#AddPreconcurrencyImport]
10 | import Vapor
11 |
/Users/admin/builder/spi-builder-workspace/Sources/AzureFunctions/Bindings/models/InvocationRequest.swift:17:16: warning: stored property 'metadata' of 'Sendable'-conforming struct 'InvocationRequest' contains non-Sendable type 'AnyCodable'; this is an error in the Swift 6 language mode
15 | public var data: [String:AnyCodable]?
16 | /// Trigger/Bindings metadata.
17 | public var metadata: [String:AnyCodable]?
| `- warning: stored property 'metadata' of 'Sendable'-conforming struct 'InvocationRequest' contains non-Sendable type 'AnyCodable'; this is an error in the Swift 6 language mode
18 |
19 | public enum CodingKeys: String, CodingKey {
AnyCodable.AnyCodable:1:23: note: struct 'AnyCodable' does not conform to the 'Sendable' protocol
1 | @frozen public struct AnyCodable : Codable {
| `- note: struct 'AnyCodable' does not conform to the 'Sendable' protocol
2 | public let value: Any
3 | public init<T>(_ value: T?)
[#AddPreconcurrencyImport]: <https://docs.swift.org/compiler/documentation/diagnostics/add-preconcurrency-import>
SwiftCompile normal arm64_32 /Users/admin/builder/spi-builder-workspace/Sources/AzureFunctions/Bindings/http/HttpRequest.swift (in target 'AzureFunctions' from project 'azure-functions-swift')
cd /Users/admin/builder/spi-builder-workspace/.swiftpm/xcode
builtin-SwiftPerFileCompile HttpRequest.swift
SwiftCompile normal arm64_32 /Users/admin/builder/spi-builder-workspace/Sources/AzureFunctions/Bindings/http/HttpResponse.swift (in target 'AzureFunctions' from project 'azure-functions-swift')
cd /Users/admin/builder/spi-builder-workspace/.swiftpm/xcode
builtin-SwiftPerFileCompile HttpResponse.swift
SwiftCompile normal arm64_32 /Users/admin/builder/spi-builder-workspace/Sources/AzureFunctions/Bindings/models/InvocationRequest.swift (in target 'AzureFunctions' from project 'azure-functions-swift')
cd /Users/admin/builder/spi-builder-workspace/.swiftpm/xcode
builtin-SwiftPerFileCompile InvocationRequest.swift
SwiftCompile normal arm64_32 Compiling\ FunctionInfo.swift,\ FunctionRegistry.swift,\ HandlerHTTPServer.swift /Users/admin/builder/spi-builder-workspace/Sources/AzureFunctions/FunctionInfo.swift /Users/admin/builder/spi-builder-workspace/Sources/AzureFunctions/FunctionRegistry.swift /Users/admin/builder/spi-builder-workspace/Sources/AzureFunctions/HandlerHTTPServer.swift (in target 'AzureFunctions' from project 'azure-functions-swift')
/Users/admin/builder/spi-builder-workspace/Sources/AzureFunctions/HandlerHTTPServer.swift:18:27: warning: 'init(_:_:)' is deprecated: Migrate to using the async APIs. Use use Application.make(_:_:) instead [#DeprecatedDeclaration]
16 |
17 | private init() {
18 | app = Application.init()
| `- warning: 'init(_:_:)' is deprecated: Migrate to using the async APIs. Use use Application.make(_:_:) instead [#DeprecatedDeclaration]
19 | app.environment = .production
20 | }
[#DeprecatedDeclaration]: <https://docs.swift.org/compiler/documentation/diagnostics/deprecated-declaration>
SwiftCompile normal arm64_32 /Users/admin/builder/spi-builder-workspace/Sources/AzureFunctions/FunctionInfo.swift (in target 'AzureFunctions' from project 'azure-functions-swift')
cd /Users/admin/builder/spi-builder-workspace/.swiftpm/xcode
builtin-SwiftPerFileCompile FunctionInfo.swift
SwiftCompile normal arm64_32 /Users/admin/builder/spi-builder-workspace/Sources/AzureFunctions/FunctionRegistry.swift (in target 'AzureFunctions' from project 'azure-functions-swift')
cd /Users/admin/builder/spi-builder-workspace/.swiftpm/xcode
builtin-SwiftPerFileCompile FunctionRegistry.swift
SwiftCompile normal arm64_32 /Users/admin/builder/spi-builder-workspace/Sources/AzureFunctions/HandlerHTTPServer.swift (in target 'AzureFunctions' from project 'azure-functions-swift')
cd /Users/admin/builder/spi-builder-workspace/.swiftpm/xcode
builtin-SwiftPerFileCompile HandlerHTTPServer.swift
SwiftCompile normal arm64_32 Compiling\ Logger.swift,\ RpcConverter.swift,\ Templates.swift /Users/admin/builder/spi-builder-workspace/Sources/AzureFunctions/Logger.swift /Users/admin/builder/spi-builder-workspace/Sources/AzureFunctions/RpcConverter.swift /Users/admin/builder/spi-builder-workspace/Sources/AzureFunctions/Templates.swift (in target 'AzureFunctions' from project 'azure-functions-swift')
SwiftCompile normal arm64_32 /Users/admin/builder/spi-builder-workspace/Sources/AzureFunctions/Logger.swift (in target 'AzureFunctions' from project 'azure-functions-swift')
cd /Users/admin/builder/spi-builder-workspace/.swiftpm/xcode
builtin-SwiftPerFileCompile Logger.swift
SwiftCompile normal arm64_32 /Users/admin/builder/spi-builder-workspace/Sources/AzureFunctions/RpcConverter.swift (in target 'AzureFunctions' from project 'azure-functions-swift')
cd /Users/admin/builder/spi-builder-workspace/.swiftpm/xcode
builtin-SwiftPerFileCompile RpcConverter.swift
SwiftCompile normal arm64_32 /Users/admin/builder/spi-builder-workspace/Sources/AzureFunctions/Templates.swift (in target 'AzureFunctions' from project 'azure-functions-swift')
cd /Users/admin/builder/spi-builder-workspace/.swiftpm/xcode
builtin-SwiftPerFileCompile Templates.swift
SwiftEmitModule normal arm64 Emitting\ module\ for\ AzureFunctions (in target 'AzureFunctions' from project 'azure-functions-swift')
/Users/admin/builder/spi-builder-workspace/Sources/AzureFunctions/Bindings/models/InvocationRequest.swift:15:16: warning: stored property 'data' of 'Sendable'-conforming struct 'InvocationRequest' contains non-Sendable type 'AnyCodable'; this is an error in the Swift 6 language mode
13 |
14 | /// Trigger/Bindings data (values).
15 | public var data: [String:AnyCodable]?
| `- warning: stored property 'data' of 'Sendable'-conforming struct 'InvocationRequest' contains non-Sendable type 'AnyCodable'; this is an error in the Swift 6 language mode
16 | /// Trigger/Bindings metadata.
17 | public var metadata: [String:AnyCodable]?
AnyCodable.AnyCodable:1:23: note: struct 'AnyCodable' does not conform to the 'Sendable' protocol
1 | @frozen public struct AnyCodable : Codable {
| `- note: struct 'AnyCodable' does not conform to the 'Sendable' protocol
2 | public let value: Any
3 | public init<T>(_ value: T?)
/Users/admin/builder/spi-builder-workspace/Sources/AzureFunctions/Bindings/models/InvocationRequest.swift:9:1: warning: add '@preconcurrency' to suppress 'Sendable'-related warnings from module 'AnyCodable' [#AddPreconcurrencyImport]
7 |
8 | import Foundation
9 | import AnyCodable
| `- warning: add '@preconcurrency' to suppress 'Sendable'-related warnings from module 'AnyCodable' [#AddPreconcurrencyImport]
10 | import Vapor
11 |
/Users/admin/builder/spi-builder-workspace/Sources/AzureFunctions/Bindings/models/InvocationRequest.swift:17:16: warning: stored property 'metadata' of 'Sendable'-conforming struct 'InvocationRequest' contains non-Sendable type 'AnyCodable'; this is an error in the Swift 6 language mode
15 | public var data: [String:AnyCodable]?
16 | /// Trigger/Bindings metadata.
17 | public var metadata: [String:AnyCodable]?
| `- warning: stored property 'metadata' of 'Sendable'-conforming struct 'InvocationRequest' contains non-Sendable type 'AnyCodable'; this is an error in the Swift 6 language mode
18 |
19 | public enum CodingKeys: String, CodingKey {
AnyCodable.AnyCodable:1:23: note: struct 'AnyCodable' does not conform to the 'Sendable' protocol
1 | @frozen public struct AnyCodable : Codable {
| `- note: struct 'AnyCodable' does not conform to the 'Sendable' protocol
2 | public let value: Any
3 | public init<T>(_ value: T?)
/Users/admin/builder/spi-builder-workspace/Sources/AzureFunctions/Bindings/models/InvocationResponse.swift:15:16: warning: stored property 'outputs' of 'Sendable'-conforming struct 'InvocationResponse' contains non-Sendable type 'AnyCodable'; this is an error in the Swift 6 language mode
13 |
14 | /// Output bindings values dictionary
15 | public var outputs: [String:AnyCodable]?
| `- warning: stored property 'outputs' of 'Sendable'-conforming struct 'InvocationResponse' contains non-Sendable type 'AnyCodable'; this is an error in the Swift 6 language mode
16 | /// Functions logs array. These will be logged when the Function is executed
17 | public var logs: [String] = []
AnyCodable.AnyCodable:1:23: note: struct 'AnyCodable' does not conform to the 'Sendable' protocol
1 | @frozen public struct AnyCodable : Codable {
| `- note: struct 'AnyCodable' does not conform to the 'Sendable' protocol
2 | public let value: Any
3 | public init<T>(_ value: T?)
/Users/admin/builder/spi-builder-workspace/Sources/AzureFunctions/Bindings/models/InvocationResponse.swift:9:1: warning: add '@preconcurrency' to suppress 'Sendable'-related warnings from module 'AnyCodable' [#AddPreconcurrencyImport]
7 |
8 | import Foundation
9 | import AnyCodable
| `- warning: add '@preconcurrency' to suppress 'Sendable'-related warnings from module 'AnyCodable' [#AddPreconcurrencyImport]
10 | import Vapor
11 |
SwiftCompile normal arm64 (in target 'AzureFunctions' from project 'azure-functions-swift')
cd /Users/admin/builder/spi-builder-workspace/.swiftpm/xcode
SwiftDriverJobDiscovery normal arm64_32 Compiling Context.swift, Definitions.swift, Extentions.swift (in target 'AzureFunctions' from project 'azure-functions-swift')
SwiftCompile normal arm64 Compiling\ WorkerChannel.swift,\ WorkerChannelProtocol.swift,\ FunctionRpc.grpc.swift /Users/admin/builder/spi-builder-workspace/Sources/AzureFunctions/WorkerChannel.swift /Users/admin/builder/spi-builder-workspace/Sources/AzureFunctions/WorkerChannelProtocol.swift /Users/admin/builder/spi-builder-workspace/Sources/AzureFunctions/protobuf/FunctionRpc.grpc.swift (in target 'AzureFunctions' from project 'azure-functions-swift')
/Users/admin/builder/spi-builder-workspace/Sources/AzureFunctions/WorkerChannel.swift:237:9: error: cannot find 'Process' in scope
235 |
236 | envVars.merge(msg.environmentVariables) { (_, new) -> String in new }
237 | Process().environment = envVars
| `- error: cannot find 'Process' in scope
238 | stRes.status = .success
239 |
Failed frontend command:
/Applications/Xcode-27.0.0-Release.Candidate.app/Contents/Developer/Toolchains/XcodeDefault.xctoolchain/usr/bin/swift-frontend -frontend -c /Users/admin/builder/spi-builder-workspace/Sources/AzureFunctions/AzureFunction.swift /Users/admin/builder/spi-builder-workspace/Sources/AzureFunctions/AzureFunctionsWorker.swift /Users/admin/builder/spi-builder-workspace/Sources/AzureFunctions/Bindings/Binding.swift /Users/admin/builder/spi-builder-workspace/Sources/AzureFunctions/Bindings/BindingFactory.swift /Users/admin/builder/spi-builder-workspace/Sources/AzureFunctions/Bindings/Blob.swift /Users/admin/builder/spi-builder-workspace/Sources/AzureFunctions/Bindings/Queue.swift /Users/admin/builder/spi-builder-workspace/Sources/AzureFunctions/Bindings/ServiceBusMessage.swift /Users/admin/builder/spi-builder-workspace/Sources/AzureFunctions/Bindings/Table.swift /Users/admin/builder/spi-builder-workspace/Sources/AzureFunctions/Bindings/Timer.swift /Users/admin/builder/spi-builder-workspace/Sources/AzureFunctions/Bindings/http/HttpRequest.swift /Users/admin/builder/spi-builder-workspace/Sources/AzureFunctions/Bindings/http/HttpResponse.swift /Users/admin/builder/spi-builder-workspace/Sources/AzureFunctions/Bindings/models/InvocationRequest.swift /Users/admin/builder/spi-builder-workspace/Sources/AzureFunctions/Bindings/models/InvocationResponse.swift /Users/admin/builder/spi-builder-workspace/Sources/AzureFunctions/Broker.swift /Users/admin/builder/spi-builder-workspace/Sources/AzureFunctions/CodeGen.swift /Users/admin/builder/spi-builder-workspace/Sources/AzureFunctions/Context.swift /Users/admin/builder/spi-builder-workspace/Sources/AzureFunctions/Definitions.swift /Users/admin/builder/spi-builder-workspace/Sources/AzureFunctions/Extentions.swift /Users/admin/builder/spi-builder-workspace/Sources/AzureFunctions/FunctionInfo.swift /Users/admin/builder/spi-builder-workspace/Sources/AzureFunctions/FunctionRegistry.swift /Users/admin/builder/spi-builder-workspace/Sources/AzureFunctions/HandlerHTTPServer.swift /Users/admin/builder/spi-builder-workspace/Sources/AzureFunctions/Logger.swift /Users/admin/builder/spi-builder-workspace/Sources/AzureFunctions/RpcConverter.swift /Users/admin/builder/spi-builder-workspace/Sources/AzureFunctions/Templates.swift -primary-file /Users/admin/builder/spi-builder-workspace/Sources/AzureFunctions/WorkerChannel.swift -primary-file /Users/admin/builder/spi-builder-workspace/Sources/AzureFunctions/WorkerChannelProtocol.swift -primary-file /Users/admin/builder/spi-builder-workspace/Sources/AzureFunctions/protobuf/FunctionRpc.grpc.swift /Users/admin/builder/spi-builder-workspace/Sources/AzureFunctions/protobuf/FunctionRpc.pb.swift /Users/admin/builder/spi-builder-workspace/Sources/AzureFunctions/protobuf/identity/ClaimsIdentityRpc.pb.swift /Users/admin/builder/spi-builder-workspace/Sources/AzureFunctions/protobuf/shared/NullableTypes.pb.swift -supplementary-output-file-map /Users/admin/builder/spi-builder-workspace/.derivedData/Build/Intermediates.noindex/azure-functions-swift.build/Debug-watchos/AzureFunctions-t.build/Objects-normal/arm64/supplementaryOutputs-17 -target arm64-apple-watchos9.0 -disable-cross-import-overlay-search -swift-module-cross-import Darwin /Applications/Xcode-27.0.0-Release.Candidate.app/Contents/Developer/Platforms/WatchOS.platform/Developer/SDKs/WatchOS.sdk/usr/include/Darwin.swiftcrossimport/xlocale.swiftoverlay -load-resolved-plugin /Applications/Xcode-27.0.0-Release.Candidate.app/Contents/Developer/Platforms/WatchOS.platform/Developer/usr/lib/swift/host/plugins/libFoundationMacros.dylib\#/Applications/Xcode-27.0.0-Release.Candidate.app/Contents/Developer/Platforms/WatchOS.platform/Developer/usr/bin/swift-plugin-server\#FoundationMacros -load-resolved-plugin /Applications/Xcode-27.0.0-Release.Candidate.app/Contents/Developer/Platforms/WatchOS.platform/Developer/usr/lib/swift/host/plugins/libObservationMacros.dylib\#/Applications/Xcode-27.0.0-Release.Candidate.app/Contents/Developer/Platforms/WatchOS.platform/Developer/usr/bin/swift-plugin-server\#ObservationMacros -load-resolved-plugin /Applications/Xcode-27.0.0-Release.Candidate.app/Contents/Developer/Platforms/WatchOS.platform/Developer/usr/lib/swift/host/plugins/libSwiftMacros.dylib\#/Applications/Xcode-27.0.0-Release.Candidate.app/Contents/Developer/Platforms/WatchOS.platform/Developer/usr/bin/swift-plugin-server\#SwiftMacros -disable-implicit-swift-modules -Xcc -fno-implicit-modules -Xcc -fno-implicit-module-maps -explicit-swift-module-map-file /Users/admin/builder/spi-builder-workspace/.derivedData/Build/Intermediates.noindex/azure-functions-swift.build/Debug-watchos/AzureFunctions-t.build/Objects-normal/arm64/AzureFunctions-dependencies-1.json -Xllvm -aarch64-use-tbi -enable-objc-interop -stack-check -sdk /Applications/Xcode-27.0.0-Release.Candidate.app/Contents/Developer/Platforms/WatchOS.platform/Developer/SDKs/WatchOS27.0.sdk -I /Users/admin/builder/spi-builder-workspace/.derivedData/Build/Products/Debug-watchos -Isystem /Applications/Xcode-27.0.0-Release.Candidate.app/Contents/Developer/Platforms/WatchOS.platform/Developer/usr/lib -F /Users/admin/builder/spi-builder-workspace/.derivedData/Build/Products/Debug-watchos/PackageFrameworks -F /Users/admin/builder/spi-builder-workspace/.derivedData/Build/Products/Debug-watchos -F /Applications/Xcode-27.0.0-Release.Candidate.app/Contents/Developer/Platforms/WatchOS.platform/Developer/Library/Frameworks -F /Applications/Xcode-27.0.0-Release.Candidate.app/Contents/Developer/Platforms/WatchOS.platform/Developer/SDKs/WatchOS27.0.sdk/Developer/Library/Frameworks -module-cache-path /Users/admin/builder/spi-builder-workspace/.derivedData/Build/Intermediates.noindex/SwiftExplicitPrecompiledModules -no-color-diagnostics -Xcc -fno-color-diagnostics -enable-testing -g -debug-info-format\=dwarf -dwarf-version\=4 -profile-generate -profile-coverage-mapping -swift-version 5 -Onone -D SWIFT_PACKAGE -D DEBUG -D SWIFT_MODULE_RESOURCE_BUNDLE_UNAVAILABLE -D Xcode -serialize-debugging-options -enable-experimental-feature DebugDescriptionMacro -empty-abi-descriptor -validate-clang-modules-once -clang-build-session-file /Users/admin/builder/spi-builder-workspace/.derivedData/ModuleCache.noindex/Session.modulevalidation -Xcc -working-directory -Xcc /Users/admin/builder/spi-builder-workspace/.swiftpm/xcode -enable-anonymous-context-mangled-names -file-compilation-dir /Users/admin/builder/spi-builder-workspace/.swiftpm/xcode -Xcc -fmodule-map-file\=/Users/admin/builder/spi-builder-workspace/.derivedData/Build/Intermediates.noindex/GeneratedModuleMaps-watchos/CAsyncHTTPClient.modulemap -Xcc -fmodule-map-file\=/Users/admin/builder/spi-builder-workspace/.derivedData/Build/Intermediates.noindex/GeneratedModuleMaps-watchos/CNIOExtrasZlib.modulemap -Xcc -fmodule-map-file\=/Users/admin/builder/spi-builder-workspace/.derivedData/Build/Intermediates.noindex/GeneratedModuleMaps-watchos/CNIOSHA1.modulemap -Xcc -fmodule-map-file\=/Users/admin/builder/spi-builder-workspace/.dependencies/checkouts/swift-numerics/Sources/_NumericsShims/include/module.modulemap -Xcc -fmodule-map-file\=/Users/admin/builder/spi-builder-workspace/.dependencies/checkouts/swift-system/Sources/CSystem/include/module.modulemap -Xcc -fmodule-map-file\=/Users/admin/builder/spi-builder-workspace/.dependencies/checkouts/swift-crypto/Sources/CCryptoBoringSSLShims/include/module.modulemap -Xcc -fmodule-map-file\=/Users/admin/builder/spi-builder-workspace/.dependencies/checkouts/swift-crypto/Sources/CCryptoBoringSSL/include/module.modulemap -Xcc -fmodule-map-file\=/Users/admin/builder/spi-builder-workspace/.dependencies/checkouts/vapor/Sources/CVaporBcrypt/include/module.modulemap -Xcc -fmodule-map-file\=/Users/admin/builder/spi-builder-workspace/.derivedData/Build/Intermediates.noindex/GeneratedModuleMaps-watchos/CNIOLLHTTP.modulemap -Xcc -fmodule-map-file\=/Users/admin/builder/spi-builder-workspace/.dependencies/checkouts/swift-atomics/Sources/_AtomicsShims/include/module.modulemap -Xcc -fmodule-map-file\=/Users/admin/builder/spi-builder-workspace/.derivedData/Build/Intermediates.noindex/GeneratedModuleMaps-watchos/CNIOPosix.modulemap -Xcc -fmodule-map-file\=/Users/admin/builder/spi-builder-workspace/.derivedData/Build/Intermediates.noindex/GeneratedModuleMaps-watchos/CNIOWASI.modulemap -Xcc -fmodule-map-file\=/Users/admin/builder/spi-builder-workspace/.dependencies/checkouts/swift-nio/Sources/CNIOWindows/include/module.modulemap -Xcc -fmodule-map-file\=/Users/admin/builder/spi-builder-workspace/.derivedData/Build/Intermediates.noindex/GeneratedModuleMaps-watchos/CNIOLinux.modulemap -Xcc -fmodule-map-file\=/Users/admin/builder/spi-builder-workspace/.derivedData/Build/Intermediates.noindex/GeneratedModuleMaps-watchos/CNIODarwin.modulemap -Xcc -fmodule-map-file\=/Users/admin/builder/spi-builder-workspace/.derivedData/Build/Intermediates.noindex/GeneratedModuleMaps-watchos/CNIOFreeBSD.modulemap -Xcc -fmodule-map-file\=/Users/admin/builder/spi-builder-workspace/.derivedData/Build/Intermediates.noindex/GeneratedModuleMaps-watchos/CNIOOpenBSD.modulemap -Xcc -fmodule-map-file\=/Users/admin/builder/spi-builder-workspace/.derivedData/Build/Intermediates.noindex/GeneratedModuleMaps-watchos/CNIOAtomics.modulemap -Xcc -fmodule-map-file\=/Users/admin/builder/spi-builder-workspace/.derivedData/Build/Intermediates.noindex/GeneratedModuleMaps-watchos/CNIOBoringSSLShims.modulemap -Xcc -fmodule-map-file\=/Users/admin/builder/spi-builder-workspace/.dependencies/checkouts/swift-nio-ssl/Sources/CNIOBoringSSL/include/module.modulemap -Xcc -fmodule-map-file\=/Users/admin/builder/spi-builder-workspace/.derivedData/Build/Intermediates.noindex/GeneratedModuleMaps-watchos/CGRPCZlib.modulemap -Xcc -D_LIBCPP_HARDENING_MODE\=_LIBCPP_HARDENING_MODE_DEBUG -Xcc -ivfsstatcache -Xcc /Users/admin/builder/spi-builder-workspace/.derivedData/SDKStatCaches.noindex/watchos27.0-24R360-e829b21a6f8c9b70876ba0858053c04477534ef55a1706bf4c1112bbb242f0a2.sdkstatcache -Xcc -fmodules-prune-interval\=86400 -Xcc -fmodules-prune-after\=345600 -Xcc -I/Users/admin/builder/spi-builder-workspace/.dependencies/checkouts/async-http-client/Sources/CAsyncHTTPClient/include -Xcc -I/Users/admin/builder/spi-builder-workspace/.dependencies/checkouts/swift-nio-extras/Sources/CNIOExtrasZlib/include -Xcc -I/Users/admin/builder/spi-builder-workspace/.dependencies/checkouts/swift-nio/Sources/CNIOSHA1/include -Xcc -I/Users/admin/builder/spi-builder-workspace/.dependencies/checkouts/swift-numerics/Sources/_NumericsShims/include -Xcc -I/Users/admin/builder/spi-builder-workspace/.dependencies/checkouts/swift-system/Sources/CSystem/include -Xcc -I/Users/admin/builder/spi-builder-workspace/.dependencies/checkouts/swift-crypto/Sources/CCryptoBoringSSLShims/include -Xcc -I/Users/admin/builder/spi-builder-workspace/.dependencies/checkouts/swift-crypto/Sources/CCryptoBoringSSL/include -Xcc -I/Users/admin/builder/spi-builder-workspace/.dependencies/checkouts/vapor/Sources/CVaporBcrypt/include -Xcc -I/Users/admin/builder/spi-builder-workspace/.dependencies/checkouts/swift-nio/Sources/CNIOLLHTTP/include -Xcc -I/Users/admin/builder/spi-builder-workspace/.dependencies/checkouts/swift-atomics/Sources/_AtomicsShims/include -Xcc -I/Users/admin/builder/spi-builder-workspace/.dependencies/checkouts/swift-nio/Sources/CNIOPosix/include -Xcc -I/Users/admin/builder/spi-builder-workspace/.dependencies/checkouts/swift-nio/Sources/CNIOWASI/include -Xcc -I/Users/admin/builder/spi-builder-workspace/.dependencies/checkouts/swift-nio/Sources/CNIOWindows/include -Xcc -I/Users/admin/builder/spi-builder-workspace/.dependencies/checkouts/swift-nio/Sources/CNIOLinux/include -Xcc -I/Users/admin/builder/spi-builder-workspace/.dependencies/checkouts/swift-nio/Sources/CNIODarwin/include -Xcc -I/Users/admin/builder/spi-builder-workspace/.dependencies/checkouts/swift-nio/Sources/CNIOFreeBSD/include -Xcc -I/Users/admin/builder/spi-builder-workspace/.dependencies/checkouts/swift-nio/Sources/CNIOOpenBSD/include -Xcc -I/Users/admin/builder/spi-builder-workspace/.dependencies/checkouts/swift-nio/Sources/CNIOAtomics/include -Xcc -I/Users/admin/builder/spi-builder-workspace/.dependencies/checkouts/swift-nio-ssl/Sources/CNIOBoringSSLShims/include -Xcc -I/Users/admin/builder/spi-builder-workspace/.dependencies/checkouts/swift-nio-ssl/Sources/CNIOBoringSSL/include -Xcc -I/Users/admin/builder/spi-builder-workspace/.dependencies/checkouts/grpc-swift/Sources/CGRPCZlib/include -Xcc -I/Users/admin/builder/spi-builder-workspace/.derivedData/Build/Products/Debug-watchos/include -Xcc -I/Users/admin/builder/spi-builder-workspace/.derivedData/Build/Intermediates.noindex/azure-functions-swift.build/Debug-watchos/AzureFunctions-t.build/DerivedSources-normal/arm64 -Xcc -I/Users/admin/builder/spi-builder-workspace/.derivedData/Build/Intermediates.noindex/azure-functions-swift.build/Debug-watchos/AzureFunctions-t.build/DerivedSources/arm64 -Xcc -I/Users/admin/builder/spi-builder-workspace/.derivedData/Build/Intermediates.noindex/azure-functions-swift.build/Debug-watchos/AzureFunctions-t.build/DerivedSources -Xcc -DSWIFT_PACKAGE -Xcc -DDEBUG\=1 -no-auto-bridging-header-chaining -module-name AzureFunctions -const-gather-protocols-file /Users/admin/builder/spi-builder-workspace/.derivedData/Build/Intermediates.noindex/azure-functions-swift.build/Debug-watchos/AzureFunctions-t.build/Objects-normal/arm64/AzureFunctions_const_extract_protocols.json -disable-clang-spi -clang-target arm64-apple-watchos27.0 -target-sdk-version 27.0 -target-sdk-name watchos27.0 -in-process-plugin-server-path /Applications/Xcode-27.0.0-Release.Candidate.app/Contents/Developer/Toolchains/XcodeDefault.xctoolchain/usr/lib/swift/host/libSwiftInProcPluginServer.dylib -parse-as-library -o /Users/admin/builder/spi-builder-workspace/.derivedData/Build/Intermediates.noindex/azure-functions-swift.build/Debug-watchos/AzureFunctions-t.build/Objects-normal/arm64/WorkerChannel.o -o /Users/admin/builder/spi-builder-workspace/.derivedData/Build/Intermediates.noindex/azure-functions-swift.build/Debug-watchos/AzureFunctions-t.build/Objects-normal/arm64/WorkerChannelProtocol.o -o /Users/admin/builder/spi-builder-workspace/.derivedData/Build/Intermediates.noindex/azure-functions-swift.build/Debug-watchos/AzureFunctions-t.build/Objects-normal/arm64/FunctionRpc.grpc.o -debug-module-path /Users/admin/builder/spi-builder-workspace/.derivedData/Build/Intermediates.noindex/azure-functions-swift.build/Debug-watchos/AzureFunctions-t.build/Objects-normal/arm64/AzureFunctions.swiftmodule -index-unit-output-path /azure-functions-swift.build/Debug-watchos/AzureFunctions-t.build/Objects-normal/arm64/WorkerChannel.o -index-unit-output-path /azure-functions-swift.build/Debug-watchos/AzureFunctions-t.build/Objects-normal/arm64/WorkerChannelProtocol.o -index-unit-output-path /azure-functions-swift.build/Debug-watchos/AzureFunctions-t.build/Objects-normal/arm64/FunctionRpc.grpc.o -index-store-path /Users/admin/builder/spi-builder-workspace/.derivedData/Index.noindex/DataStore -index-system-modules
SwiftCompile normal arm64 /Users/admin/builder/spi-builder-workspace/Sources/AzureFunctions/WorkerChannel.swift (in target 'AzureFunctions' from project 'azure-functions-swift')
cd /Users/admin/builder/spi-builder-workspace/.swiftpm/xcode
builtin-SwiftPerFileCompile WorkerChannel.swift
SwiftCompile normal arm64 /Users/admin/builder/spi-builder-workspace/Sources/AzureFunctions/WorkerChannelProtocol.swift (in target 'AzureFunctions' from project 'azure-functions-swift')
cd /Users/admin/builder/spi-builder-workspace/.swiftpm/xcode
builtin-SwiftPerFileCompile WorkerChannelProtocol.swift
SwiftCompile normal arm64 /Users/admin/builder/spi-builder-workspace/Sources/AzureFunctions/protobuf/FunctionRpc.grpc.swift (in target 'AzureFunctions' from project 'azure-functions-swift')
cd /Users/admin/builder/spi-builder-workspace/.swiftpm/xcode
builtin-SwiftPerFileCompile FunctionRpc.grpc.swift
SwiftCompile normal arm64 Compiling\ InvocationResponse.swift,\ Broker.swift,\ CodeGen.swift /Users/admin/builder/spi-builder-workspace/Sources/AzureFunctions/Bindings/models/InvocationResponse.swift /Users/admin/builder/spi-builder-workspace/Sources/AzureFunctions/Broker.swift /Users/admin/builder/spi-builder-workspace/Sources/AzureFunctions/CodeGen.swift (in target 'AzureFunctions' from project 'azure-functions-swift')
/Users/admin/builder/spi-builder-workspace/Sources/AzureFunctions/Bindings/models/InvocationResponse.swift:15:16: warning: stored property 'outputs' of 'Sendable'-conforming struct 'InvocationResponse' contains non-Sendable type 'AnyCodable'; this is an error in the Swift 6 language mode
13 |
14 | /// Output bindings values dictionary
15 | public var outputs: [String:AnyCodable]?
| `- warning: stored property 'outputs' of 'Sendable'-conforming struct 'InvocationResponse' contains non-Sendable type 'AnyCodable'; this is an error in the Swift 6 language mode
16 | /// Functions logs array. These will be logged when the Function is executed
17 | public var logs: [String] = []
AnyCodable.AnyCodable:1:23: note: struct 'AnyCodable' does not conform to the 'Sendable' protocol
1 | @frozen public struct AnyCodable : Codable {
| `- note: struct 'AnyCodable' does not conform to the 'Sendable' protocol
2 | public let value: Any
3 | public init<T>(_ value: T?)
/Users/admin/builder/spi-builder-workspace/Sources/AzureFunctions/Bindings/models/InvocationResponse.swift:9:1: warning: add '@preconcurrency' to suppress 'Sendable'-related warnings from module 'AnyCodable' [#AddPreconcurrencyImport]
7 |
8 | import Foundation
9 | import AnyCodable
| `- warning: add '@preconcurrency' to suppress 'Sendable'-related warnings from module 'AnyCodable' [#AddPreconcurrencyImport]
10 | import Vapor
11 |
SwiftCompile normal arm64 /Users/admin/builder/spi-builder-workspace/Sources/AzureFunctions/Bindings/models/InvocationResponse.swift (in target 'AzureFunctions' from project 'azure-functions-swift')
cd /Users/admin/builder/spi-builder-workspace/.swiftpm/xcode
builtin-SwiftPerFileCompile InvocationResponse.swift
SwiftCompile normal arm64 /Users/admin/builder/spi-builder-workspace/Sources/AzureFunctions/Broker.swift (in target 'AzureFunctions' from project 'azure-functions-swift')
cd /Users/admin/builder/spi-builder-workspace/.swiftpm/xcode
builtin-SwiftPerFileCompile Broker.swift
SwiftCompile normal arm64 /Users/admin/builder/spi-builder-workspace/Sources/AzureFunctions/CodeGen.swift (in target 'AzureFunctions' from project 'azure-functions-swift')
cd /Users/admin/builder/spi-builder-workspace/.swiftpm/xcode
builtin-SwiftPerFileCompile CodeGen.swift
SwiftCompile normal arm64 Compiling\ FunctionRpc.pb.swift,\ ClaimsIdentityRpc.pb.swift,\ NullableTypes.pb.swift /Users/admin/builder/spi-builder-workspace/Sources/AzureFunctions/protobuf/FunctionRpc.pb.swift /Users/admin/builder/spi-builder-workspace/Sources/AzureFunctions/protobuf/identity/ClaimsIdentityRpc.pb.swift /Users/admin/builder/spi-builder-workspace/Sources/AzureFunctions/protobuf/shared/NullableTypes.pb.swift (in target 'AzureFunctions' from project 'azure-functions-swift')
SwiftCompile normal arm64 /Users/admin/builder/spi-builder-workspace/Sources/AzureFunctions/protobuf/FunctionRpc.pb.swift (in target 'AzureFunctions' from project 'azure-functions-swift')
cd /Users/admin/builder/spi-builder-workspace/.swiftpm/xcode
builtin-SwiftPerFileCompile FunctionRpc.pb.swift
SwiftCompile normal arm64 /Users/admin/builder/spi-builder-workspace/Sources/AzureFunctions/protobuf/identity/ClaimsIdentityRpc.pb.swift (in target 'AzureFunctions' from project 'azure-functions-swift')
cd /Users/admin/builder/spi-builder-workspace/.swiftpm/xcode
builtin-SwiftPerFileCompile ClaimsIdentityRpc.pb.swift
SwiftCompile normal arm64 /Users/admin/builder/spi-builder-workspace/Sources/AzureFunctions/protobuf/shared/NullableTypes.pb.swift (in target 'AzureFunctions' from project 'azure-functions-swift')
cd /Users/admin/builder/spi-builder-workspace/.swiftpm/xcode
builtin-SwiftPerFileCompile NullableTypes.pb.swift
SwiftCompile normal arm64 Compiling\ ServiceBusMessage.swift,\ Table.swift,\ Timer.swift /Users/admin/builder/spi-builder-workspace/Sources/AzureFunctions/Bindings/ServiceBusMessage.swift /Users/admin/builder/spi-builder-workspace/Sources/AzureFunctions/Bindings/Table.swift /Users/admin/builder/spi-builder-workspace/Sources/AzureFunctions/Bindings/Timer.swift (in target 'AzureFunctions' from project 'azure-functions-swift')
SwiftCompile normal arm64 /Users/admin/builder/spi-builder-workspace/Sources/AzureFunctions/Bindings/ServiceBusMessage.swift (in target 'AzureFunctions' from project 'azure-functions-swift')
cd /Users/admin/builder/spi-builder-workspace/.swiftpm/xcode
builtin-SwiftPerFileCompile ServiceBusMessage.swift
SwiftCompile normal arm64 /Users/admin/builder/spi-builder-workspace/Sources/AzureFunctions/Bindings/Table.swift (in target 'AzureFunctions' from project 'azure-functions-swift')
cd /Users/admin/builder/spi-builder-workspace/.swiftpm/xcode
builtin-SwiftPerFileCompile Table.swift
SwiftCompile normal arm64 /Users/admin/builder/spi-builder-workspace/Sources/AzureFunctions/Bindings/Timer.swift (in target 'AzureFunctions' from project 'azure-functions-swift')
cd /Users/admin/builder/spi-builder-workspace/.swiftpm/xcode
builtin-SwiftPerFileCompile Timer.swift
SwiftCompile normal arm64 Compiling\ Logger.swift,\ RpcConverter.swift,\ Templates.swift /Users/admin/builder/spi-builder-workspace/Sources/AzureFunctions/Logger.swift /Users/admin/builder/spi-builder-workspace/Sources/AzureFunctions/RpcConverter.swift /Users/admin/builder/spi-builder-workspace/Sources/AzureFunctions/Templates.swift (in target 'AzureFunctions' from project 'azure-functions-swift')
SwiftCompile normal arm64 /Users/admin/builder/spi-builder-workspace/Sources/AzureFunctions/Logger.swift (in target 'AzureFunctions' from project 'azure-functions-swift')
cd /Users/admin/builder/spi-builder-workspace/.swiftpm/xcode
builtin-SwiftPerFileCompile Logger.swift
SwiftCompile normal arm64 /Users/admin/builder/spi-builder-workspace/Sources/AzureFunctions/RpcConverter.swift (in target 'AzureFunctions' from project 'azure-functions-swift')
cd /Users/admin/builder/spi-builder-workspace/.swiftpm/xcode
builtin-SwiftPerFileCompile RpcConverter.swift
SwiftCompile normal arm64 /Users/admin/builder/spi-builder-workspace/Sources/AzureFunctions/Templates.swift (in target 'AzureFunctions' from project 'azure-functions-swift')
cd /Users/admin/builder/spi-builder-workspace/.swiftpm/xcode
builtin-SwiftPerFileCompile Templates.swift
SwiftCompile normal arm64 Compiling\ Context.swift,\ Definitions.swift,\ Extentions.swift /Users/admin/builder/spi-builder-workspace/Sources/AzureFunctions/Context.swift /Users/admin/builder/spi-builder-workspace/Sources/AzureFunctions/Definitions.swift /Users/admin/builder/spi-builder-workspace/Sources/AzureFunctions/Extentions.swift (in target 'AzureFunctions' from project 'azure-functions-swift')
SwiftCompile normal arm64 /Users/admin/builder/spi-builder-workspace/Sources/AzureFunctions/Context.swift (in target 'AzureFunctions' from project 'azure-functions-swift')
cd /Users/admin/builder/spi-builder-workspace/.swiftpm/xcode
builtin-SwiftPerFileCompile Context.swift
SwiftCompile normal arm64 /Users/admin/builder/spi-builder-workspace/Sources/AzureFunctions/Definitions.swift (in target 'AzureFunctions' from project 'azure-functions-swift')
cd /Users/admin/builder/spi-builder-workspace/.swiftpm/xcode
builtin-SwiftPerFileCompile Definitions.swift
SwiftCompile normal arm64 /Users/admin/builder/spi-builder-workspace/Sources/AzureFunctions/Extentions.swift (in target 'AzureFunctions' from project 'azure-functions-swift')
cd /Users/admin/builder/spi-builder-workspace/.swiftpm/xcode
builtin-SwiftPerFileCompile Extentions.swift
SwiftDriverJobDiscovery normal arm64_32 Compiling BindingFactory.swift, Blob.swift, Queue.swift (in target 'AzureFunctions' from project 'azure-functions-swift')
SwiftDriverJobDiscovery normal arm64_32 Compiling ServiceBusMessage.swift, Table.swift, Timer.swift (in target 'AzureFunctions' from project 'azure-functions-swift')
SwiftDriverJobDiscovery normal arm64_32 Compiling FunctionInfo.swift, FunctionRegistry.swift, HandlerHTTPServer.swift (in target 'AzureFunctions' from project 'azure-functions-swift')
SwiftDriverJobDiscovery normal arm64_32 Compiling Logger.swift, RpcConverter.swift, Templates.swift (in target 'AzureFunctions' from project 'azure-functions-swift')
SwiftDriverJobDiscovery normal arm64_32 Compiling HttpRequest.swift, HttpResponse.swift, InvocationRequest.swift (in target 'AzureFunctions' from project 'azure-functions-swift')
SwiftDriverJobDiscovery normal arm64_32 Compiling InvocationResponse.swift, Broker.swift, CodeGen.swift (in target 'AzureFunctions' from project 'azure-functions-swift')
SwiftCompile normal arm64 Compiling\ BindingFactory.swift,\ Blob.swift,\ Queue.swift /Users/admin/builder/spi-builder-workspace/Sources/AzureFunctions/Bindings/BindingFactory.swift /Users/admin/builder/spi-builder-workspace/Sources/AzureFunctions/Bindings/Blob.swift /Users/admin/builder/spi-builder-workspace/Sources/AzureFunctions/Bindings/Queue.swift (in target 'AzureFunctions' from project 'azure-functions-swift')
SwiftCompile normal arm64 /Users/admin/builder/spi-builder-workspace/Sources/AzureFunctions/Bindings/BindingFactory.swift (in target 'AzureFunctions' from project 'azure-functions-swift')
cd /Users/admin/builder/spi-builder-workspace/.swiftpm/xcode
builtin-SwiftPerFileCompile BindingFactory.swift
SwiftCompile normal arm64 /Users/admin/builder/spi-builder-workspace/Sources/AzureFunctions/Bindings/Blob.swift (in target 'AzureFunctions' from project 'azure-functions-swift')
cd /Users/admin/builder/spi-builder-workspace/.swiftpm/xcode
builtin-SwiftPerFileCompile Blob.swift
SwiftCompile normal arm64 /Users/admin/builder/spi-builder-workspace/Sources/AzureFunctions/Bindings/Queue.swift (in target 'AzureFunctions' from project 'azure-functions-swift')
cd /Users/admin/builder/spi-builder-workspace/.swiftpm/xcode
builtin-SwiftPerFileCompile Queue.swift
PruneExplicitPrecompiledModules /Users/admin/builder/spi-builder-workspace/.derivedData/Build/Intermediates.noindex/ExplicitPrecompiledModules
PruneExplicitPrecompiledModules /Users/admin/builder/spi-builder-workspace/.derivedData/Build/Intermediates.noindex/SwiftExplicitPrecompiledModules
PruneExplicitPrecompiledModules /Users/admin/builder/spi-builder-workspace/.derivedData/SDKExplicitPrecompiledModules
2026-09-17 02:16:33.921 xcodebuild[7865:28482] [MT] IDERunDestination: Supported platforms for the buildables in the current scheme is empty.
** BUILD FAILED **
The following build commands failed:
SwiftCompile normal arm64 Compiling\ WorkerChannel.swift,\ WorkerChannelProtocol.swift,\ FunctionRpc.grpc.swift /Users/admin/builder/spi-builder-workspace/Sources/AzureFunctions/WorkerChannel.swift /Users/admin/builder/spi-builder-workspace/Sources/AzureFunctions/WorkerChannelProtocol.swift /Users/admin/builder/spi-builder-workspace/Sources/AzureFunctions/protobuf/FunctionRpc.grpc.swift (in target 'AzureFunctions' from project 'azure-functions-swift')
SwiftCompile normal arm64 /Users/admin/builder/spi-builder-workspace/Sources/AzureFunctions/WorkerChannel.swift (in target 'AzureFunctions' from project 'azure-functions-swift')
Building workspace azure-functions-swift with scheme azure-functions-swift
(3 failures)
BUILD FAILURE 6.4 watchOS