Build Information
Failed to build ClarioKit, reference main (18591f), with Swift 6.4 for tvOS using Xcode 27.0 on 22 Sep 2026 14:21:20 UTC.
Build Command
env DEVELOPER_DIR=/Applications/Xcode-27.0.0-Release.Candidate.app xcrun xcodebuild -IDEClonedSourcePackagesDirPathOverride=$PWD/.dependencies -skipMacroValidation -skipPackagePluginValidation -derivedDataPath $PWD/.derivedData build -scheme ClarioKit -destination generic/platform=tvOSBuild Log
========================================
RunAll
========================================
Builder version: 5.1.0
Interrupt handler set up.
========================================
Checkout
========================================
Clone URL: https://github.com/yohannescodes/ClarioKit.git
Reference: main
Initialized empty Git repository in /Users/admin/builder/spi-builder-workspace/.git/
From https://github.com/yohannescodes/ClarioKit
* branch main -> FETCH_HEAD
* [new branch] main -> origin/main
HEAD is now at 18591f5 Merge pull request #5 from yohannescodes/yohannescodes-patch-3
Cloned https://github.com/yohannescodes/ClarioKit.git
Revision (git rev-parse @):
18591f5bc2e45b6bc7ada1216644134cf03421b8
SUCCESS checkout https://github.com/yohannescodes/ClarioKit.git at main
========================================
Build
========================================
Selected platform: tvOS
Swift version: 6.4
Building package at path: $PWD
https://github.com/yohannescodes/ClarioKit.git
Command line invocation:
/Applications/Xcode-27.0.0-Release.Candidate.app/Contents/Developer/usr/bin/xcodebuild -IDEClonedSourcePackagesDirPathOverride=/Users/admin/builder/spi-builder-workspace/.dependencies -resolvePackageDependencies
Resolve Package Graph
Resolve Package Graph
Resolved source packages:
ClarioKit: /Users/admin/builder/spi-builder-workspace
resolved source packages: ClarioKit
2026-09-22 10:20:42.596 xcodebuild[529:3024] [MT] IDERunDestination: Supported platforms for the buildables in the current scheme is empty.
{
"dependencies" : [
],
"manifest_display_name" : "ClarioKit",
"name" : "ClarioKit",
"path" : "/Users/admin/builder/spi-builder-workspace",
"platforms" : [
{
"name" : "ios",
"version" : "15.0"
}
],
"products" : [
{
"name" : "ClarioKit",
"targets" : [
"ClarioKit"
],
"type" : {
"library" : [
"automatic"
]
}
}
],
"targets" : [
{
"c99name" : "ClarioKit",
"module_type" : "BinaryTarget",
"name" : "ClarioKit",
"path" : "remote/archive/ClarioKit.xcframework.zip",
"product_memberships" : [
"ClarioKit"
],
"sources" : [
],
"type" : "binary"
}
],
"tools_version" : "5.10"
}
{
"workspace" : {
"name" : "ClarioKit",
"schemes" : [
"ClarioKit"
]
}
}
2026-09-22 10:21:14.543 xcodebuild[638:3840] [MT] IDERunDestination: Supported platforms for the buildables in the current scheme is empty.
Running build ...
env DEVELOPER_DIR=/Applications/Xcode-27.0.0-Release.Candidate.app xcrun xcodebuild -IDEClonedSourcePackagesDirPathOverride=$PWD/.dependencies -skipMacroValidation -skipPackagePluginValidation -derivedDataPath $PWD/.derivedData build -scheme ClarioKit -destination generic/platform=tvOS
Command line invocation:
/Applications/Xcode-27.0.0-Release.Candidate.app/Contents/Developer/usr/bin/xcodebuild -IDEClonedSourcePackagesDirPathOverride=/Users/admin/builder/spi-builder-workspace/.dependencies -skipMacroValidation -skipPackagePluginValidation -derivedDataPath /Users/admin/builder/spi-builder-workspace/.derivedData build -scheme ClarioKit -destination generic/platform=tvOS
Resolve Package Graph
Resolved source packages:
ClarioKit: /Users/admin/builder/spi-builder-workspace
ComputePackagePrebuildTargetDependencyGraph
Prepare packages
CreateBuildRequest
SendProjectDescription
CreateBuildOperation
ComputeTargetDependencyGraph
note: Building targets in dependency order
note: Target dependency graph (1 target)
Target 'ClarioKit-product' in project 'ClarioKit' (no dependencies)
GatherProvisioningInputs
CreateBuildDescription
ExecuteExternalTool /Applications/Xcode-27.0.0-Release.Candidate.app/Contents/Developer/Toolchains/XcodeDefault.xctoolchain/usr/bin/clang -v -E -dM -isysroot /Applications/Xcode-27.0.0-Release.Candidate.app/Contents/Developer/Platforms/AppleTVOS.platform/Developer/SDKs/AppleTVOS27.0.sdk -x c -c /dev/null
Build description signature: 0ad3afe2998bf547411045a70e7fd0ad
Build description path: /Users/admin/builder/spi-builder-workspace/.derivedData/Build/Intermediates.noindex/XCBuildData/0ad3afe2998bf547411045a70e7fd0ad.xcbuilddata
/Users/admin/builder/spi-builder-workspace/.dependencies/artifacts/spi-builder-workspace/ClarioKit/ClarioKit.xcframework:1:1: error: While building for tvOS, no library for this platform was found in '/Users/admin/builder/spi-builder-workspace/.dependencies/artifacts/spi-builder-workspace/ClarioKit/ClarioKit.xcframework'. (in target 'ClarioKit-product' from project 'ClarioKit')
2026-09-22 10:21:16.081 xcodebuild[639:3884] [MT] IDERunDestination: Supported platforms for the buildables in the current scheme is empty.
** BUILD FAILED **
The following build commands failed:
Building workspace ClarioKit with scheme ClarioKit
(1 failure)
Command line invocation:
/Applications/Xcode-27.0.0-Release.Candidate.app/Contents/Developer/usr/bin/xcodebuild -IDEClonedSourcePackagesDirPathOverride=/Users/admin/builder/spi-builder-workspace/.dependencies -resolvePackageDependencies
Resolve Package Graph
Resolved source packages:
ClarioKit: /Users/admin/builder/spi-builder-workspace
resolved source packages: ClarioKit
2026-09-22 10:21:17.599 xcodebuild[651:3980] [MT] IDERunDestination: Supported platforms for the buildables in the current scheme is empty.
{
"dependencies" : [
],
"manifest_display_name" : "ClarioKit",
"name" : "ClarioKit",
"path" : "/Users/admin/builder/spi-builder-workspace",
"platforms" : [
{
"name" : "ios",
"version" : "15.0"
}
],
"products" : [
{
"name" : "ClarioKit",
"targets" : [
"ClarioKit"
],
"type" : {
"library" : [
"automatic"
]
}
}
],
"targets" : [
{
"c99name" : "ClarioKit",
"module_type" : "BinaryTarget",
"name" : "ClarioKit",
"path" : "remote/archive/ClarioKit.xcframework.zip",
"product_memberships" : [
"ClarioKit"
],
"sources" : [
],
"type" : "binary"
}
],
"tools_version" : "5.10"
}
{
"workspace" : {
"name" : "ClarioKit",
"schemes" : [
"ClarioKit"
]
}
}
2026-09-22 10:21:18.759 xcodebuild[659:4038] [MT] IDERunDestination: Supported platforms for the buildables in the current scheme is empty.
Running build ...
env DEVELOPER_DIR=/Applications/Xcode-27.0.0-Release.Candidate.app xcrun xcodebuild -IDEClonedSourcePackagesDirPathOverride=$PWD/.dependencies -skipMacroValidation -skipPackagePluginValidation -derivedDataPath $PWD/.derivedData build -scheme ClarioKit -destination generic/platform=tvOS
Command line invocation:
/Applications/Xcode-27.0.0-Release.Candidate.app/Contents/Developer/usr/bin/xcodebuild -IDEClonedSourcePackagesDirPathOverride=/Users/admin/builder/spi-builder-workspace/.dependencies -skipMacroValidation -skipPackagePluginValidation -derivedDataPath /Users/admin/builder/spi-builder-workspace/.derivedData build -scheme ClarioKit -destination generic/platform=tvOS
Resolve Package Graph
Resolved source packages:
ClarioKit: /Users/admin/builder/spi-builder-workspace
ComputePackagePrebuildTargetDependencyGraph
Prepare packages
CreateBuildRequest
SendProjectDescription
CreateBuildOperation
ComputeTargetDependencyGraph
note: Building targets in dependency order
note: Target dependency graph (1 target)
Target 'ClarioKit-product' in project 'ClarioKit' (no dependencies)
GatherProvisioningInputs
CreateBuildDescription
/Users/admin/builder/spi-builder-workspace/.dependencies/artifacts/spi-builder-workspace/ClarioKit/ClarioKit.xcframework:1:1: error: While building for tvOS, no library for this platform was found in '/Users/admin/builder/spi-builder-workspace/.dependencies/artifacts/spi-builder-workspace/ClarioKit/ClarioKit.xcframework'. (in target 'ClarioKit-product' from project 'ClarioKit')
2026-09-22 10:21:19.770 xcodebuild[661:4084] [MT] IDERunDestination: Supported platforms for the buildables in the current scheme is empty.
** BUILD FAILED **
The following build commands failed:
Building workspace ClarioKit with scheme ClarioKit
(1 failure)
BUILD FAILURE 6.4 tvOS