Build Information
Failed to build MapboxSearch, reference 2.34.1 (13b786), with Swift 6.4 for tvOS using Xcode 27.0 on 31 Oct 2026 10:41:43 UTC.
Build Command
No build command. This typically means the build failed at an early stage where we determine the build command.Build Log
========================================
RunAll
========================================
Builder version: 5.1.4
Interrupt handler set up.
========================================
Checkout
========================================
Clone URL: https://github.com/mapbox/mapbox-search-ios.git
Reference: 2.34.1
Initialized empty Git repository in /Users/admin/builder/spi-builder-workspace/.git/
From https://github.com/mapbox/mapbox-search-ios
* tag 2.34.1 -> FETCH_HEAD
HEAD is now at 13b7862 Internal changes
Cloned https://github.com/mapbox/mapbox-search-ios.git
Revision (git rev-parse @):
13b78622a306b156ec0b5dc2d2820f321482e1a5
SUCCESS checkout https://github.com/mapbox/mapbox-search-ios.git at 2.34.1
========================================
Build
========================================
Selected platform: tvOS
Swift version: 6.4
Building package at path: $PWD
https://github.com/mapbox/mapbox-search-ios.git
Command line invocation:
/Applications/Xcode-27.0.0.app/Contents/Developer/usr/bin/xcodebuild -IDEClonedSourcePackagesDirPathOverride=/Users/admin/builder/spi-builder-workspace/.dependencies -resolvePackageDependencies
Resolve Package Graph
the package at '/Users/admin/builder/mapbox-search-ios' cannot be accessed (/Users/admin/builder/mapbox-search-ios doesn't exist in file system)
2026-10-31 06:41:41.249 xcodebuild[560:3036] Writing error result bundle to /var/folders/xq/y_g06wb113726d38xsyx71_h0000gn/T/ResultBundle_2026-31-10_06-41-0041.xcresult
xcodebuild: error: Could not resolve package dependencies:
the package at '/Users/admin/builder/mapbox-search-ios' cannot be accessed (/Users/admin/builder/mapbox-search-ios doesn't exist in file system)
Command line invocation:
/Applications/Xcode-27.0.0.app/Contents/Developer/usr/bin/xcodebuild -IDEClonedSourcePackagesDirPathOverride=/Users/admin/builder/spi-builder-workspace/.dependencies -resolvePackageDependencies
Resolve Package Graph
the package at '/Users/admin/builder/mapbox-search-ios' cannot be accessed (/Users/admin/builder/mapbox-search-ios doesn't exist in file system)
2026-10-31 06:41:43.111 xcodebuild[612:3451] Writing error result bundle to /var/folders/xq/y_g06wb113726d38xsyx71_h0000gn/T/ResultBundle_2026-31-10_06-41-0043.xcresult
xcodebuild: error: Could not resolve package dependencies:
the package at '/Users/admin/builder/mapbox-search-ios' cannot be accessed (/Users/admin/builder/mapbox-search-ios doesn't exist in file system)
BUILD FAILURE 6.4 tvOS