The Swift Package Index logo.Swift Package Index

Build Information

Failed to build swift-service-discovery, reference main (1779ec), with Swift 6.2 for Wasm on 12 Oct 2026 05:08:39 UTC.

Build Command

bash -c docker run --pull=always --rm -v "checkouts-54344849-1":/host -w "$PWD" -e JAVA_HOME="/root/.sdkman/candidates/java/current" -e SPI_BUILD="1" -e SPI_PROCESSING="1" registry.gitlab.com/saguaro1/spi-images:wasm-6.2-latest swift build --swift-sdk swift-6.2-RELEASE_wasm 2>&1

Build Log

========================================
RunAll
========================================
Builder version: 5.1.1
Interrupt handler set up.
========================================
Checkout
========================================
Clone URL: https://github.com/apple/swift-service-discovery.git
Reference: main
Initialized empty Git repository in /host/spi-builder-workspace/.git/
hint: Using 'master' as the name for the initial branch. This default branch name
hint: is subject to change. To configure the initial branch name to use in all
hint: of your new repositories, which will suppress this warning, call:
hint:
hint: 	git config --global init.defaultBranch <name>
hint:
hint: Names commonly chosen instead of 'master' are 'main', 'trunk' and
hint: 'development'. The just-created branch can be renamed via this command:
hint:
hint: 	git branch -m <name>
From https://github.com/apple/swift-service-discovery
 * branch            main       -> FETCH_HEAD
 * [new branch]      main       -> origin/main
HEAD is now at 1779ec3 Disable Swift 6.1 macOS Tests (#89)
Cloned https://github.com/apple/swift-service-discovery.git
Revision (git rev-parse @):
1779ec3197037c050142024e613a2590e7ac856f
SPI manifest file found: $PWD/.spi.yml
SUCCESS checkout https://github.com/apple/swift-service-discovery.git at main
========================================
Build
========================================
Selected platform:         wasm
Swift version:             6.2
Building package at path:  $PWD
https://github.com/apple/swift-service-discovery.git
Running build ...
bash -c docker run --pull=always --rm -v "checkouts-54344849-1":/host -w "$PWD" -e JAVA_HOME="/root/.sdkman/candidates/java/current" -e SPI_BUILD="1" -e SPI_PROCESSING="1" registry.gitlab.com/saguaro1/spi-images:wasm-6.2-latest swift build --swift-sdk swift-6.2-RELEASE_wasm 2>&1
wasm-6.2-latest: Pulling from saguaro1/spi-images
Digest: sha256:c092ff8dc506a2a30e6239b6992792fd4f7dfaaa46cac3b3c48d8fe35e954282
Status: Image is up to date for registry.gitlab.com/saguaro1/spi-images:wasm-6.2-latest
Fetching https://github.com/apple/swift-atomics
Fetching https://github.com/apple/swift-log
[1/8257] Fetching swift-log
[2/10146] Fetching swift-log, swift-atomics
Fetched https://github.com/apple/swift-atomics from cache (0.48s)
Fetched https://github.com/apple/swift-log from cache (0.48s)
Computing version for https://github.com/apple/swift-atomics
Computed https://github.com/apple/swift-atomics at 1.3.1 (0.67s)
Computing version for https://github.com/apple/swift-log
Computed https://github.com/apple/swift-log at 1.16.1 (0.15s)
Creating working copy for https://github.com/apple/swift-atomics
Working copy of https://github.com/apple/swift-atomics resolved at 1.3.1
Creating working copy for https://github.com/apple/swift-log
Working copy of https://github.com/apple/swift-log resolved at 1.16.1
Building for debugging...
[0/5] Write sources
[3/5] Compiling _AtomicsShims.c
[3/5] Write swift-version-24593BA9C3E375BF.txt
[6/34] Compiling Atomics IntegerConformances.swift
[7/34] Compiling Atomics PointerConformances.swift
[8/34] Compiling Atomics Primitives.native.swift
[9/36] Emitting module Atomics
[10/36] Compiling Atomics UnsafeAtomic.swift
[11/36] Compiling Atomics UnsafeAtomicLazyReference.swift
[12/36] Compiling Logging LoggingSystem.swift
[13/37] Compiling Atomics IntegerOperations.swift
[14/37] Compiling Atomics Unmanaged extensions.swift
[15/37] Compiling Atomics OptionalRawRepresentable.swift
[16/37] Compiling Atomics RawRepresentable.swift
[17/37] Compiling Atomics AtomicBool.swift
[18/37] Compiling Atomics AtomicStorage.swift
[19/37] Compiling Atomics AtomicValue.swift
[20/37] Compiling Atomics ManagedAtomic.swift
[21/37] Compiling Atomics ManagedAtomicLazyReference.swift
[22/37] Compiling Atomics AtomicInteger.swift
[23/37] Compiling Atomics AtomicOptionalWrappable.swift
[24/37] Compiling Atomics AtomicReference.swift
[25/37] Compiling Atomics AtomicMemoryOrderings.swift
[26/37] Compiling Atomics DoubleWord.swift
[28/38] Compiling Logging Logger+With.swift
[29/38] Compiling Logging Logger+Attributes.swift
[30/38] Compiling Logging Logger.swift
[31/38] Compiling Logging MetadataProvider.swift
[38/38] Emitting module Logging
[40/48] Compiling ServiceDiscovery ServiceDiscovery+AsyncAwait.swift
/host/spi-builder-workspace/Sources/ServiceDiscovery/FilterInstanceServiceDiscovery.swift:15:8: error: no such module 'Dispatch'
13 | //===----------------------------------------------------------------------===//
14 |
15 | import Dispatch
   |        `- error: no such module 'Dispatch'
16 |
17 | /// A service discovery implementation that filters instances using a predicate.
[41/48] Compiling ServiceDiscovery MapServiceServiceDiscovery.swift
/host/spi-builder-workspace/Sources/ServiceDiscovery/FilterInstanceServiceDiscovery.swift:15:8: error: no such module 'Dispatch'
13 | //===----------------------------------------------------------------------===//
14 |
15 | import Dispatch
   |        `- error: no such module 'Dispatch'
16 |
17 | /// A service discovery implementation that filters instances using a predicate.
[42/49] Compiling ServiceDiscovery ServiceDiscovery.swift
/host/spi-builder-workspace/Sources/ServiceDiscovery/FilterInstanceServiceDiscovery.swift:15:8: error: no such module 'Dispatch'
13 | //===----------------------------------------------------------------------===//
14 |
15 | import Dispatch
   |        `- error: no such module 'Dispatch'
16 |
17 | /// A service discovery implementation that filters instances using a predicate.
[43/49] Compiling ServiceDiscovery ServiceDiscovery+TypeErased.swift
/host/spi-builder-workspace/Sources/ServiceDiscovery/FilterInstanceServiceDiscovery.swift:15:8: error: no such module 'Dispatch'
13 | //===----------------------------------------------------------------------===//
14 |
15 | import Dispatch
   |        `- error: no such module 'Dispatch'
16 |
17 | /// A service discovery implementation that filters instances using a predicate.
[44/49] Compiling ServiceDiscovery ServiceDiscovery+Combinators.swift
/host/spi-builder-workspace/Sources/ServiceDiscovery/FilterInstanceServiceDiscovery.swift:15:8: error: no such module 'Dispatch'
13 | //===----------------------------------------------------------------------===//
14 |
15 | import Dispatch
   |        `- error: no such module 'Dispatch'
16 |
17 | /// A service discovery implementation that filters instances using a predicate.
[45/49] Compiling ServiceDiscovery MapInstanceServiceDiscovery.swift
/host/spi-builder-workspace/Sources/ServiceDiscovery/FilterInstanceServiceDiscovery.swift:15:8: error: no such module 'Dispatch'
13 | //===----------------------------------------------------------------------===//
14 |
15 | import Dispatch
   |        `- error: no such module 'Dispatch'
16 |
17 | /// A service discovery implementation that filters instances using a predicate.
error: emit-module command failed with exit code 1 (use -v to see invocation)
[46/49] Emitting module ServiceDiscovery
/host/spi-builder-workspace/Sources/ServiceDiscovery/FilterInstanceServiceDiscovery.swift:15:8: error: no such module 'Dispatch'
13 | //===----------------------------------------------------------------------===//
14 |
15 | import Dispatch
   |        `- error: no such module 'Dispatch'
16 |
17 | /// A service discovery implementation that filters instances using a predicate.
[47/49] Compiling ServiceDiscovery InMemoryServiceDiscovery.swift
/host/spi-builder-workspace/Sources/ServiceDiscovery/FilterInstanceServiceDiscovery.swift:15:8: error: no such module 'Dispatch'
13 | //===----------------------------------------------------------------------===//
14 |
15 | import Dispatch
   |        `- error: no such module 'Dispatch'
16 |
17 | /// A service discovery implementation that filters instances using a predicate.
[48/49] Compiling ServiceDiscovery FilterInstanceServiceDiscovery.swift
/host/spi-builder-workspace/Sources/ServiceDiscovery/FilterInstanceServiceDiscovery.swift:15:8: error: no such module 'Dispatch'
13 | //===----------------------------------------------------------------------===//
14 |
15 | import Dispatch
   |        `- error: no such module 'Dispatch'
16 |
17 | /// A service discovery implementation that filters instances using a predicate.
[49/49] Compiling ServiceDiscovery HostPort.swift
/host/spi-builder-workspace/Sources/ServiceDiscovery/FilterInstanceServiceDiscovery.swift:15:8: error: no such module 'Dispatch'
13 | //===----------------------------------------------------------------------===//
14 |
15 | import Dispatch
   |        `- error: no such module 'Dispatch'
16 |
17 | /// A service discovery implementation that filters instances using a predicate.
BUILD FAILURE 6.2 wasm