Build Information
Failed to build Hermit, reference main (60f6d9), with Swift 6.4 for tvOS using Xcode 27.0 on 26 Sep 2026 12:15:14 UTC.
Build Command
env DEVELOPER_DIR=/Applications/Xcode-27.0.0-Release.Candidate.app xcrun xcodebuild -IDEClonedSourcePackagesDirPathOverride=$PWD/.dependencies -skipMacroValidation -skipPackagePluginValidation -derivedDataPath $PWD/.derivedData build -scheme Hermit-Package -destination generic/platform=tvOSBuild Log
cd /Users/admin/builder/spi-builder-workspace/.swiftpm/xcode
builtin-SwiftPerFileCompile RequestOptions.swift
SwiftCompile normal arm64 /Users/admin/builder/spi-builder-workspace/.dependencies/checkouts/async-http-client/Sources/AsyncHTTPClient/ConnectionPool/State\ Machine/HTTPConnectionPool+Backoff.swift (in target 'AsyncHTTPClient' from project 'async-http-client')
cd /Users/admin/builder/spi-builder-workspace/.swiftpm/xcode
builtin-SwiftPerFileCompile HTTPConnectionPool+Backoff.swift
SwiftCompile normal arm64 /Users/admin/builder/spi-builder-workspace/.dependencies/checkouts/async-http-client/Sources/AsyncHTTPClient/ConnectionPool/State\ Machine/HTTPConnectionPool+HTTP1Connections.swift (in target 'AsyncHTTPClient' from project 'async-http-client')
cd /Users/admin/builder/spi-builder-workspace/.swiftpm/xcode
builtin-SwiftPerFileCompile HTTPConnectionPool+HTTP1Connections.swift
SwiftCompile normal arm64 /Users/admin/builder/spi-builder-workspace/.dependencies/checkouts/async-http-client/Sources/AsyncHTTPClient/ConnectionPool/State\ Machine/HTTPConnectionPool+HTTP1StateMachine.swift (in target 'AsyncHTTPClient' from project 'async-http-client')
cd /Users/admin/builder/spi-builder-workspace/.swiftpm/xcode
builtin-SwiftPerFileCompile HTTPConnectionPool+HTTP1StateMachine.swift
SwiftCompile normal arm64 /Users/admin/builder/spi-builder-workspace/.dependencies/checkouts/async-http-client/Sources/AsyncHTTPClient/ConnectionPool/State\ Machine/HTTPConnectionPool+HTTP2Connections.swift (in target 'AsyncHTTPClient' from project 'async-http-client')
cd /Users/admin/builder/spi-builder-workspace/.swiftpm/xcode
builtin-SwiftPerFileCompile HTTPConnectionPool+HTTP2Connections.swift
SwiftCompile normal arm64 /Users/admin/builder/spi-builder-workspace/.dependencies/checkouts/async-http-client/Sources/AsyncHTTPClient/ConnectionPool/State\ Machine/HTTPConnectionPool+HTTP2StateMachine.swift (in target 'AsyncHTTPClient' from project 'async-http-client')
cd /Users/admin/builder/spi-builder-workspace/.swiftpm/xcode
builtin-SwiftPerFileCompile HTTPConnectionPool+HTTP2StateMachine.swift
SwiftCompile normal arm64 /Users/admin/builder/spi-builder-workspace/.dependencies/checkouts/async-http-client/Sources/AsyncHTTPClient/ConnectionPool/State\ Machine/HTTPConnectionPool+RequestQueue.swift (in target 'AsyncHTTPClient' from project 'async-http-client')
cd /Users/admin/builder/spi-builder-workspace/.swiftpm/xcode
builtin-SwiftPerFileCompile HTTPConnectionPool+RequestQueue.swift
SwiftCompile normal arm64 Compiling\ HTTP1Connection.swift,\ HTTP1ConnectionStateMachine.swift,\ HTTP2ClientRequestHandler.swift,\ HTTP2Connection.swift,\ HTTP2IdleHandler.swift,\ HTTPConnectionEvent.swift,\ HTTPConnectionPool+Factory.swift /Users/admin/builder/spi-builder-workspace/.dependencies/checkouts/async-http-client/Sources/AsyncHTTPClient/ConnectionPool/HTTP1/HTTP1Connection.swift /Users/admin/builder/spi-builder-workspace/.dependencies/checkouts/async-http-client/Sources/AsyncHTTPClient/ConnectionPool/HTTP1/HTTP1ConnectionStateMachine.swift /Users/admin/builder/spi-builder-workspace/.dependencies/checkouts/async-http-client/Sources/AsyncHTTPClient/ConnectionPool/HTTP2/HTTP2ClientRequestHandler.swift /Users/admin/builder/spi-builder-workspace/.dependencies/checkouts/async-http-client/Sources/AsyncHTTPClient/ConnectionPool/HTTP2/HTTP2Connection.swift /Users/admin/builder/spi-builder-workspace/.dependencies/checkouts/async-http-client/Sources/AsyncHTTPClient/ConnectionPool/HTTP2/HTTP2IdleHandler.swift /Users/admin/builder/spi-builder-workspace/.dependencies/checkouts/async-http-client/Sources/AsyncHTTPClient/ConnectionPool/HTTPConnectionEvent.swift /Users/admin/builder/spi-builder-workspace/.dependencies/checkouts/async-http-client/Sources/AsyncHTTPClient/ConnectionPool/HTTPConnectionPool+Factory.swift (in target 'AsyncHTTPClient' from project 'async-http-client')
SwiftCompile normal arm64 /Users/admin/builder/spi-builder-workspace/.dependencies/checkouts/async-http-client/Sources/AsyncHTTPClient/ConnectionPool/HTTP1/HTTP1Connection.swift (in target 'AsyncHTTPClient' from project 'async-http-client')
cd /Users/admin/builder/spi-builder-workspace/.swiftpm/xcode
builtin-SwiftPerFileCompile HTTP1Connection.swift
SwiftCompile normal arm64 /Users/admin/builder/spi-builder-workspace/.dependencies/checkouts/async-http-client/Sources/AsyncHTTPClient/ConnectionPool/HTTP1/HTTP1ConnectionStateMachine.swift (in target 'AsyncHTTPClient' from project 'async-http-client')
cd /Users/admin/builder/spi-builder-workspace/.swiftpm/xcode
builtin-SwiftPerFileCompile HTTP1ConnectionStateMachine.swift
SwiftCompile normal arm64 /Users/admin/builder/spi-builder-workspace/.dependencies/checkouts/async-http-client/Sources/AsyncHTTPClient/ConnectionPool/HTTP2/HTTP2ClientRequestHandler.swift (in target 'AsyncHTTPClient' from project 'async-http-client')
cd /Users/admin/builder/spi-builder-workspace/.swiftpm/xcode
builtin-SwiftPerFileCompile HTTP2ClientRequestHandler.swift
SwiftCompile normal arm64 /Users/admin/builder/spi-builder-workspace/.dependencies/checkouts/async-http-client/Sources/AsyncHTTPClient/ConnectionPool/HTTP2/HTTP2Connection.swift (in target 'AsyncHTTPClient' from project 'async-http-client')
cd /Users/admin/builder/spi-builder-workspace/.swiftpm/xcode
builtin-SwiftPerFileCompile HTTP2Connection.swift
SwiftCompile normal arm64 /Users/admin/builder/spi-builder-workspace/.dependencies/checkouts/async-http-client/Sources/AsyncHTTPClient/ConnectionPool/HTTP2/HTTP2IdleHandler.swift (in target 'AsyncHTTPClient' from project 'async-http-client')
cd /Users/admin/builder/spi-builder-workspace/.swiftpm/xcode
builtin-SwiftPerFileCompile HTTP2IdleHandler.swift
SwiftCompile normal arm64 /Users/admin/builder/spi-builder-workspace/.dependencies/checkouts/async-http-client/Sources/AsyncHTTPClient/ConnectionPool/HTTPConnectionEvent.swift (in target 'AsyncHTTPClient' from project 'async-http-client')
cd /Users/admin/builder/spi-builder-workspace/.swiftpm/xcode
builtin-SwiftPerFileCompile HTTPConnectionEvent.swift
SwiftCompile normal arm64 /Users/admin/builder/spi-builder-workspace/.dependencies/checkouts/async-http-client/Sources/AsyncHTTPClient/ConnectionPool/HTTPConnectionPool+Factory.swift (in target 'AsyncHTTPClient' from project 'async-http-client')
cd /Users/admin/builder/spi-builder-workspace/.swiftpm/xcode
builtin-SwiftPerFileCompile HTTPConnectionPool+Factory.swift
SwiftCompile normal arm64 Compiling\ HTTPConnectionPool+Manager.swift,\ HTTPConnectionPool.swift,\ HTTPExecutableRequest.swift,\ HTTPRequestStateMachine+Demand.swift,\ HTTPRequestStateMachine.swift,\ RequestBodyLength.swift,\ RequestFramingMetadata.swift /Users/admin/builder/spi-builder-workspace/.dependencies/checkouts/async-http-client/Sources/AsyncHTTPClient/ConnectionPool/HTTPConnectionPool+Manager.swift /Users/admin/builder/spi-builder-workspace/.dependencies/checkouts/async-http-client/Sources/AsyncHTTPClient/ConnectionPool/HTTPConnectionPool.swift /Users/admin/builder/spi-builder-workspace/.dependencies/checkouts/async-http-client/Sources/AsyncHTTPClient/ConnectionPool/HTTPExecutableRequest.swift /Users/admin/builder/spi-builder-workspace/.dependencies/checkouts/async-http-client/Sources/AsyncHTTPClient/ConnectionPool/HTTPRequestStateMachine+Demand.swift /Users/admin/builder/spi-builder-workspace/.dependencies/checkouts/async-http-client/Sources/AsyncHTTPClient/ConnectionPool/HTTPRequestStateMachine.swift /Users/admin/builder/spi-builder-workspace/.dependencies/checkouts/async-http-client/Sources/AsyncHTTPClient/ConnectionPool/RequestBodyLength.swift /Users/admin/builder/spi-builder-workspace/.dependencies/checkouts/async-http-client/Sources/AsyncHTTPClient/ConnectionPool/RequestFramingMetadata.swift (in target 'AsyncHTTPClient' from project 'async-http-client')
SwiftCompile normal arm64 /Users/admin/builder/spi-builder-workspace/.dependencies/checkouts/async-http-client/Sources/AsyncHTTPClient/ConnectionPool/HTTPConnectionPool+Manager.swift (in target 'AsyncHTTPClient' from project 'async-http-client')
cd /Users/admin/builder/spi-builder-workspace/.swiftpm/xcode
builtin-SwiftPerFileCompile HTTPConnectionPool+Manager.swift
SwiftCompile normal arm64 /Users/admin/builder/spi-builder-workspace/.dependencies/checkouts/async-http-client/Sources/AsyncHTTPClient/ConnectionPool/HTTPConnectionPool.swift (in target 'AsyncHTTPClient' from project 'async-http-client')
cd /Users/admin/builder/spi-builder-workspace/.swiftpm/xcode
builtin-SwiftPerFileCompile HTTPConnectionPool.swift
SwiftCompile normal arm64 /Users/admin/builder/spi-builder-workspace/.dependencies/checkouts/async-http-client/Sources/AsyncHTTPClient/ConnectionPool/HTTPExecutableRequest.swift (in target 'AsyncHTTPClient' from project 'async-http-client')
cd /Users/admin/builder/spi-builder-workspace/.swiftpm/xcode
builtin-SwiftPerFileCompile HTTPExecutableRequest.swift
SwiftCompile normal arm64 /Users/admin/builder/spi-builder-workspace/.dependencies/checkouts/async-http-client/Sources/AsyncHTTPClient/ConnectionPool/HTTPRequestStateMachine+Demand.swift (in target 'AsyncHTTPClient' from project 'async-http-client')
cd /Users/admin/builder/spi-builder-workspace/.swiftpm/xcode
builtin-SwiftPerFileCompile HTTPRequestStateMachine+Demand.swift
SwiftCompile normal arm64 /Users/admin/builder/spi-builder-workspace/.dependencies/checkouts/async-http-client/Sources/AsyncHTTPClient/ConnectionPool/HTTPRequestStateMachine.swift (in target 'AsyncHTTPClient' from project 'async-http-client')
cd /Users/admin/builder/spi-builder-workspace/.swiftpm/xcode
builtin-SwiftPerFileCompile HTTPRequestStateMachine.swift
SwiftCompile normal arm64 /Users/admin/builder/spi-builder-workspace/.dependencies/checkouts/async-http-client/Sources/AsyncHTTPClient/ConnectionPool/RequestBodyLength.swift (in target 'AsyncHTTPClient' from project 'async-http-client')
cd /Users/admin/builder/spi-builder-workspace/.swiftpm/xcode
builtin-SwiftPerFileCompile RequestBodyLength.swift
SwiftCompile normal arm64 /Users/admin/builder/spi-builder-workspace/.dependencies/checkouts/async-http-client/Sources/AsyncHTTPClient/ConnectionPool/RequestFramingMetadata.swift (in target 'AsyncHTTPClient' from project 'async-http-client')
cd /Users/admin/builder/spi-builder-workspace/.swiftpm/xcode
builtin-SwiftPerFileCompile RequestFramingMetadata.swift
SwiftCompile normal arm64 Compiling\ HTTPClient+StructuredConcurrency.swift,\ HTTPClient.swift,\ HTTPClientConfiguration+SwiftConfiguration.swift,\ HTTPHandler.swift,\ LRUCache.swift,\ NIOLoopBound+Execute.swift,\ NWErrorHandler.swift /Users/admin/builder/spi-builder-workspace/.dependencies/checkouts/async-http-client/Sources/AsyncHTTPClient/HTTPClient+StructuredConcurrency.swift /Users/admin/builder/spi-builder-workspace/.dependencies/checkouts/async-http-client/Sources/AsyncHTTPClient/HTTPClient.swift /Users/admin/builder/spi-builder-workspace/.dependencies/checkouts/async-http-client/Sources/AsyncHTTPClient/HTTPClientConfiguration+SwiftConfiguration.swift /Users/admin/builder/spi-builder-workspace/.dependencies/checkouts/async-http-client/Sources/AsyncHTTPClient/HTTPHandler.swift /Users/admin/builder/spi-builder-workspace/.dependencies/checkouts/async-http-client/Sources/AsyncHTTPClient/LRUCache.swift /Users/admin/builder/spi-builder-workspace/.dependencies/checkouts/async-http-client/Sources/AsyncHTTPClient/NIOLoopBound+Execute.swift /Users/admin/builder/spi-builder-workspace/.dependencies/checkouts/async-http-client/Sources/AsyncHTTPClient/NIOTransportServices/NWErrorHandler.swift (in target 'AsyncHTTPClient' from project 'async-http-client')
SwiftCompile normal arm64 /Users/admin/builder/spi-builder-workspace/.dependencies/checkouts/async-http-client/Sources/AsyncHTTPClient/HTTPClient+StructuredConcurrency.swift (in target 'AsyncHTTPClient' from project 'async-http-client')
cd /Users/admin/builder/spi-builder-workspace/.swiftpm/xcode
builtin-SwiftPerFileCompile HTTPClient+StructuredConcurrency.swift
SwiftCompile normal arm64 /Users/admin/builder/spi-builder-workspace/.dependencies/checkouts/async-http-client/Sources/AsyncHTTPClient/HTTPClient.swift (in target 'AsyncHTTPClient' from project 'async-http-client')
cd /Users/admin/builder/spi-builder-workspace/.swiftpm/xcode
builtin-SwiftPerFileCompile HTTPClient.swift
SwiftCompile normal arm64 /Users/admin/builder/spi-builder-workspace/.dependencies/checkouts/async-http-client/Sources/AsyncHTTPClient/HTTPClientConfiguration+SwiftConfiguration.swift (in target 'AsyncHTTPClient' from project 'async-http-client')
cd /Users/admin/builder/spi-builder-workspace/.swiftpm/xcode
builtin-SwiftPerFileCompile HTTPClientConfiguration+SwiftConfiguration.swift
SwiftCompile normal arm64 /Users/admin/builder/spi-builder-workspace/.dependencies/checkouts/async-http-client/Sources/AsyncHTTPClient/HTTPHandler.swift (in target 'AsyncHTTPClient' from project 'async-http-client')
cd /Users/admin/builder/spi-builder-workspace/.swiftpm/xcode
builtin-SwiftPerFileCompile HTTPHandler.swift
SwiftCompile normal arm64 /Users/admin/builder/spi-builder-workspace/.dependencies/checkouts/async-http-client/Sources/AsyncHTTPClient/LRUCache.swift (in target 'AsyncHTTPClient' from project 'async-http-client')
cd /Users/admin/builder/spi-builder-workspace/.swiftpm/xcode
builtin-SwiftPerFileCompile LRUCache.swift
SwiftCompile normal arm64 /Users/admin/builder/spi-builder-workspace/.dependencies/checkouts/async-http-client/Sources/AsyncHTTPClient/NIOLoopBound+Execute.swift (in target 'AsyncHTTPClient' from project 'async-http-client')
cd /Users/admin/builder/spi-builder-workspace/.swiftpm/xcode
builtin-SwiftPerFileCompile NIOLoopBound+Execute.swift
SwiftCompile normal arm64 /Users/admin/builder/spi-builder-workspace/.dependencies/checkouts/async-http-client/Sources/AsyncHTTPClient/NIOTransportServices/NWErrorHandler.swift (in target 'AsyncHTTPClient' from project 'async-http-client')
cd /Users/admin/builder/spi-builder-workspace/.swiftpm/xcode
builtin-SwiftPerFileCompile NWErrorHandler.swift
SwiftCompile normal arm64 Compiling\ HTTPClientRequest.swift,\ HTTPClientResponse.swift,\ SingleIteratorPrecondition.swift,\ Transaction+StateMachine.swift,\ Transaction.swift,\ Base64.swift,\ BasicAuth.swift /Users/admin/builder/spi-builder-workspace/.dependencies/checkouts/async-http-client/Sources/AsyncHTTPClient/AsyncAwait/HTTPClientRequest.swift /Users/admin/builder/spi-builder-workspace/.dependencies/checkouts/async-http-client/Sources/AsyncHTTPClient/AsyncAwait/HTTPClientResponse.swift /Users/admin/builder/spi-builder-workspace/.dependencies/checkouts/async-http-client/Sources/AsyncHTTPClient/AsyncAwait/SingleIteratorPrecondition.swift /Users/admin/builder/spi-builder-workspace/.dependencies/checkouts/async-http-client/Sources/AsyncHTTPClient/AsyncAwait/Transaction+StateMachine.swift /Users/admin/builder/spi-builder-workspace/.dependencies/checkouts/async-http-client/Sources/AsyncHTTPClient/AsyncAwait/Transaction.swift /Users/admin/builder/spi-builder-workspace/.dependencies/checkouts/async-http-client/Sources/AsyncHTTPClient/Base64.swift /Users/admin/builder/spi-builder-workspace/.dependencies/checkouts/async-http-client/Sources/AsyncHTTPClient/BasicAuth.swift (in target 'AsyncHTTPClient' from project 'async-http-client')
SwiftCompile normal arm64 /Users/admin/builder/spi-builder-workspace/.dependencies/checkouts/async-http-client/Sources/AsyncHTTPClient/AsyncAwait/HTTPClientRequest.swift (in target 'AsyncHTTPClient' from project 'async-http-client')
cd /Users/admin/builder/spi-builder-workspace/.swiftpm/xcode
builtin-SwiftPerFileCompile HTTPClientRequest.swift
SwiftCompile normal arm64 /Users/admin/builder/spi-builder-workspace/.dependencies/checkouts/async-http-client/Sources/AsyncHTTPClient/AsyncAwait/HTTPClientResponse.swift (in target 'AsyncHTTPClient' from project 'async-http-client')
cd /Users/admin/builder/spi-builder-workspace/.swiftpm/xcode
builtin-SwiftPerFileCompile HTTPClientResponse.swift
SwiftCompile normal arm64 /Users/admin/builder/spi-builder-workspace/.dependencies/checkouts/async-http-client/Sources/AsyncHTTPClient/AsyncAwait/SingleIteratorPrecondition.swift (in target 'AsyncHTTPClient' from project 'async-http-client')
cd /Users/admin/builder/spi-builder-workspace/.swiftpm/xcode
builtin-SwiftPerFileCompile SingleIteratorPrecondition.swift
SwiftCompile normal arm64 /Users/admin/builder/spi-builder-workspace/.dependencies/checkouts/async-http-client/Sources/AsyncHTTPClient/AsyncAwait/Transaction+StateMachine.swift (in target 'AsyncHTTPClient' from project 'async-http-client')
cd /Users/admin/builder/spi-builder-workspace/.swiftpm/xcode
builtin-SwiftPerFileCompile Transaction+StateMachine.swift
SwiftCompile normal arm64 /Users/admin/builder/spi-builder-workspace/.dependencies/checkouts/async-http-client/Sources/AsyncHTTPClient/AsyncAwait/Transaction.swift (in target 'AsyncHTTPClient' from project 'async-http-client')
cd /Users/admin/builder/spi-builder-workspace/.swiftpm/xcode
builtin-SwiftPerFileCompile Transaction.swift
SwiftCompile normal arm64 /Users/admin/builder/spi-builder-workspace/.dependencies/checkouts/async-http-client/Sources/AsyncHTTPClient/Base64.swift (in target 'AsyncHTTPClient' from project 'async-http-client')
cd /Users/admin/builder/spi-builder-workspace/.swiftpm/xcode
builtin-SwiftPerFileCompile Base64.swift
SwiftCompile normal arm64 /Users/admin/builder/spi-builder-workspace/.dependencies/checkouts/async-http-client/Sources/AsyncHTTPClient/BasicAuth.swift (in target 'AsyncHTTPClient' from project 'async-http-client')
cd /Users/admin/builder/spi-builder-workspace/.swiftpm/xcode
builtin-SwiftPerFileCompile BasicAuth.swift
SwiftDriverJobDiscovery normal arm64 Compiling HTTP2ChannelHandler+InboundStreamMultiplexer.swift, HTTP2ChannelHandler+InlineStreamMultiplexer.swift, HTTP2ChannelHandler.swift, HTTP2CommonInboundStreamMultiplexer.swift, HTTP2ConnectionStateChange.swift, HTTP2Error.swift, HTTP2ErrorCode.swift (in target 'NIOHTTP2' from project 'swift-nio-http2')
SwiftCompile normal arm64 Compiling\ AnyAsyncSequence.swift,\ AnyAsyncSequenceProucerDelete.swift,\ AsyncLazySequence.swift,\ HTTPClient+execute.swift,\ HTTPClient+shutdown.swift,\ HTTPClient+tracing.swift,\ HTTPClientRequest+Prepared.swift,\ HTTPClientRequest+auth.swift /Users/admin/builder/spi-builder-workspace/.dependencies/checkouts/async-http-client/Sources/AsyncHTTPClient/AsyncAwait/AnyAsyncSequence.swift /Users/admin/builder/spi-builder-workspace/.dependencies/checkouts/async-http-client/Sources/AsyncHTTPClient/AsyncAwait/AnyAsyncSequenceProucerDelete.swift /Users/admin/builder/spi-builder-workspace/.dependencies/checkouts/async-http-client/Sources/AsyncHTTPClient/AsyncAwait/AsyncLazySequence.swift /Users/admin/builder/spi-builder-workspace/.dependencies/checkouts/async-http-client/Sources/AsyncHTTPClient/AsyncAwait/HTTPClient+execute.swift /Users/admin/builder/spi-builder-workspace/.dependencies/checkouts/async-http-client/Sources/AsyncHTTPClient/AsyncAwait/HTTPClient+shutdown.swift /Users/admin/builder/spi-builder-workspace/.dependencies/checkouts/async-http-client/Sources/AsyncHTTPClient/AsyncAwait/HTTPClient+tracing.swift /Users/admin/builder/spi-builder-workspace/.dependencies/checkouts/async-http-client/Sources/AsyncHTTPClient/AsyncAwait/HTTPClientRequest+Prepared.swift /Users/admin/builder/spi-builder-workspace/.dependencies/checkouts/async-http-client/Sources/AsyncHTTPClient/AsyncAwait/HTTPClientRequest+auth.swift (in target 'AsyncHTTPClient' from project 'async-http-client')
SwiftCompile normal arm64 /Users/admin/builder/spi-builder-workspace/.dependencies/checkouts/async-http-client/Sources/AsyncHTTPClient/AsyncAwait/AnyAsyncSequence.swift (in target 'AsyncHTTPClient' from project 'async-http-client')
cd /Users/admin/builder/spi-builder-workspace/.swiftpm/xcode
builtin-SwiftPerFileCompile AnyAsyncSequence.swift
SwiftCompile normal arm64 /Users/admin/builder/spi-builder-workspace/.dependencies/checkouts/async-http-client/Sources/AsyncHTTPClient/AsyncAwait/AnyAsyncSequenceProucerDelete.swift (in target 'AsyncHTTPClient' from project 'async-http-client')
cd /Users/admin/builder/spi-builder-workspace/.swiftpm/xcode
builtin-SwiftPerFileCompile AnyAsyncSequenceProucerDelete.swift
SwiftCompile normal arm64 /Users/admin/builder/spi-builder-workspace/.dependencies/checkouts/async-http-client/Sources/AsyncHTTPClient/AsyncAwait/AsyncLazySequence.swift (in target 'AsyncHTTPClient' from project 'async-http-client')
cd /Users/admin/builder/spi-builder-workspace/.swiftpm/xcode
builtin-SwiftPerFileCompile AsyncLazySequence.swift
SwiftCompile normal arm64 /Users/admin/builder/spi-builder-workspace/.dependencies/checkouts/async-http-client/Sources/AsyncHTTPClient/AsyncAwait/HTTPClient+execute.swift (in target 'AsyncHTTPClient' from project 'async-http-client')
cd /Users/admin/builder/spi-builder-workspace/.swiftpm/xcode
builtin-SwiftPerFileCompile HTTPClient+execute.swift
SwiftCompile normal arm64 /Users/admin/builder/spi-builder-workspace/.dependencies/checkouts/async-http-client/Sources/AsyncHTTPClient/AsyncAwait/HTTPClient+shutdown.swift (in target 'AsyncHTTPClient' from project 'async-http-client')
cd /Users/admin/builder/spi-builder-workspace/.swiftpm/xcode
builtin-SwiftPerFileCompile HTTPClient+shutdown.swift
SwiftCompile normal arm64 /Users/admin/builder/spi-builder-workspace/.dependencies/checkouts/async-http-client/Sources/AsyncHTTPClient/AsyncAwait/HTTPClient+tracing.swift (in target 'AsyncHTTPClient' from project 'async-http-client')
cd /Users/admin/builder/spi-builder-workspace/.swiftpm/xcode
builtin-SwiftPerFileCompile HTTPClient+tracing.swift
SwiftCompile normal arm64 /Users/admin/builder/spi-builder-workspace/.dependencies/checkouts/async-http-client/Sources/AsyncHTTPClient/AsyncAwait/HTTPClientRequest+Prepared.swift (in target 'AsyncHTTPClient' from project 'async-http-client')
cd /Users/admin/builder/spi-builder-workspace/.swiftpm/xcode
builtin-SwiftPerFileCompile HTTPClientRequest+Prepared.swift
SwiftCompile normal arm64 /Users/admin/builder/spi-builder-workspace/.dependencies/checkouts/async-http-client/Sources/AsyncHTTPClient/AsyncAwait/HTTPClientRequest+auth.swift (in target 'AsyncHTTPClient' from project 'async-http-client')
cd /Users/admin/builder/spi-builder-workspace/.swiftpm/xcode
builtin-SwiftPerFileCompile HTTPClientRequest+auth.swift
SwiftDriverJobDiscovery normal arm64 Compiling SSLContextCache.swift, Scheme.swift, Singleton.swift, StringConvertibleInstances.swift, StructuredConcurrencyHelpers.swift, TracingSupport.swift, Utils.swift (in target 'AsyncHTTPClient' from project 'async-http-client')
SwiftCompile normal arm64 Compiling\ BestEffortHashableTLSConfiguration.swift,\ Configuration+BrowserLike.swift,\ ConnectionPool.swift,\ HTTP1ProxyConnectHandler.swift,\ SOCKSEventsHandler.swift,\ TLSEventsHandler.swift,\ HTTP1ClientChannelHandler.swift /Users/admin/builder/spi-builder-workspace/.dependencies/checkouts/async-http-client/Sources/AsyncHTTPClient/BestEffortHashableTLSConfiguration.swift /Users/admin/builder/spi-builder-workspace/.dependencies/checkouts/async-http-client/Sources/AsyncHTTPClient/Configuration+BrowserLike.swift /Users/admin/builder/spi-builder-workspace/.dependencies/checkouts/async-http-client/Sources/AsyncHTTPClient/ConnectionPool.swift /Users/admin/builder/spi-builder-workspace/.dependencies/checkouts/async-http-client/Sources/AsyncHTTPClient/ConnectionPool/ChannelHandler/HTTP1ProxyConnectHandler.swift /Users/admin/builder/spi-builder-workspace/.dependencies/checkouts/async-http-client/Sources/AsyncHTTPClient/ConnectionPool/ChannelHandler/SOCKSEventsHandler.swift /Users/admin/builder/spi-builder-workspace/.dependencies/checkouts/async-http-client/Sources/AsyncHTTPClient/ConnectionPool/ChannelHandler/TLSEventsHandler.swift /Users/admin/builder/spi-builder-workspace/.dependencies/checkouts/async-http-client/Sources/AsyncHTTPClient/ConnectionPool/HTTP1/HTTP1ClientChannelHandler.swift (in target 'AsyncHTTPClient' from project 'async-http-client')
SwiftCompile normal arm64 /Users/admin/builder/spi-builder-workspace/.dependencies/checkouts/async-http-client/Sources/AsyncHTTPClient/BestEffortHashableTLSConfiguration.swift (in target 'AsyncHTTPClient' from project 'async-http-client')
cd /Users/admin/builder/spi-builder-workspace/.swiftpm/xcode
builtin-SwiftPerFileCompile BestEffortHashableTLSConfiguration.swift
SwiftCompile normal arm64 /Users/admin/builder/spi-builder-workspace/.dependencies/checkouts/async-http-client/Sources/AsyncHTTPClient/Configuration+BrowserLike.swift (in target 'AsyncHTTPClient' from project 'async-http-client')
cd /Users/admin/builder/spi-builder-workspace/.swiftpm/xcode
builtin-SwiftPerFileCompile Configuration+BrowserLike.swift
SwiftCompile normal arm64 /Users/admin/builder/spi-builder-workspace/.dependencies/checkouts/async-http-client/Sources/AsyncHTTPClient/ConnectionPool.swift (in target 'AsyncHTTPClient' from project 'async-http-client')
cd /Users/admin/builder/spi-builder-workspace/.swiftpm/xcode
builtin-SwiftPerFileCompile ConnectionPool.swift
SwiftCompile normal arm64 /Users/admin/builder/spi-builder-workspace/.dependencies/checkouts/async-http-client/Sources/AsyncHTTPClient/ConnectionPool/ChannelHandler/HTTP1ProxyConnectHandler.swift (in target 'AsyncHTTPClient' from project 'async-http-client')
cd /Users/admin/builder/spi-builder-workspace/.swiftpm/xcode
builtin-SwiftPerFileCompile HTTP1ProxyConnectHandler.swift
SwiftCompile normal arm64 /Users/admin/builder/spi-builder-workspace/.dependencies/checkouts/async-http-client/Sources/AsyncHTTPClient/ConnectionPool/ChannelHandler/SOCKSEventsHandler.swift (in target 'AsyncHTTPClient' from project 'async-http-client')
cd /Users/admin/builder/spi-builder-workspace/.swiftpm/xcode
builtin-SwiftPerFileCompile SOCKSEventsHandler.swift
SwiftCompile normal arm64 /Users/admin/builder/spi-builder-workspace/.dependencies/checkouts/async-http-client/Sources/AsyncHTTPClient/ConnectionPool/ChannelHandler/TLSEventsHandler.swift (in target 'AsyncHTTPClient' from project 'async-http-client')
cd /Users/admin/builder/spi-builder-workspace/.swiftpm/xcode
builtin-SwiftPerFileCompile TLSEventsHandler.swift
SwiftCompile normal arm64 /Users/admin/builder/spi-builder-workspace/.dependencies/checkouts/async-http-client/Sources/AsyncHTTPClient/ConnectionPool/HTTP1/HTTP1ClientChannelHandler.swift (in target 'AsyncHTTPClient' from project 'async-http-client')
cd /Users/admin/builder/spi-builder-workspace/.swiftpm/xcode
builtin-SwiftPerFileCompile HTTP1ClientChannelHandler.swift
SwiftDriverJobDiscovery normal arm64 Compiling HTTP2FlowControlWindow.swift, HTTP2Frame.swift, HTTP2FrameEncoder.swift, HTTP2FrameParser.swift, HTTP2PingData.swift, HTTP2PipelineHelpers.swift, HTTP2Settings.swift (in target 'NIOHTTP2' from project 'swift-nio-http2')
SwiftDriver\ Compilation NIOHTTP2 normal arm64 com.apple.xcode.tools.swift.compiler (in target 'NIOHTTP2' from project 'swift-nio-http2')
cd /Users/admin/builder/spi-builder-workspace/.swiftpm/xcode
builtin-Swift-Compilation -- /Applications/Xcode-27.0.0-Release.Candidate.app/Contents/Developer/Toolchains/XcodeDefault.xctoolchain/usr/bin/swiftc -parse-as-library -module-name NIOHTTP2 -Onone @/Users/admin/builder/spi-builder-workspace/.derivedData/Build/Intermediates.noindex/swift-nio-http2.build/Debug-appletvos/NIOHTTP2-t.build/Objects-normal/arm64/NIOHTTP2.SwiftFileList -DSWIFT_PACKAGE -DDEBUG -DSWIFT_MODULE_RESOURCE_BUNDLE_UNAVAILABLE -Xcc -fmodule-map-file\=/Users/admin/builder/spi-builder-workspace/.derivedData/Build/Intermediates.noindex/GeneratedModuleMaps-appletvos/CNIOLLHTTP.modulemap -Xcc -fmodule-map-file\=/Users/admin/builder/spi-builder-workspace/.derivedData/Build/Intermediates.noindex/GeneratedModuleMaps-appletvos/CNIOPosix.modulemap -Xcc -fmodule-map-file\=/Users/admin/builder/spi-builder-workspace/.derivedData/Build/Intermediates.noindex/GeneratedModuleMaps-appletvos/CNIOWASI.modulemap -Xcc -fmodule-map-file\=/Users/admin/builder/spi-builder-workspace/.dependencies/checkouts/swift-nio/Sources/CNIOWindows/include/module.modulemap -Xcc -fmodule-map-file\=/Users/admin/builder/spi-builder-workspace/.derivedData/Build/Intermediates.noindex/GeneratedModuleMaps-appletvos/CNIOLinux.modulemap -Xcc -fmodule-map-file\=/Users/admin/builder/spi-builder-workspace/.derivedData/Build/Intermediates.noindex/GeneratedModuleMaps-appletvos/CNIODarwin.modulemap -Xcc -fmodule-map-file\=/Users/admin/builder/spi-builder-workspace/.derivedData/Build/Intermediates.noindex/GeneratedModuleMaps-appletvos/CNIOFreeBSD.modulemap -Xcc -fmodule-map-file\=/Users/admin/builder/spi-builder-workspace/.derivedData/Build/Intermediates.noindex/GeneratedModuleMaps-appletvos/CNIOOpenBSD.modulemap -Xcc -fmodule-map-file\=/Users/admin/builder/spi-builder-workspace/.derivedData/Build/Intermediates.noindex/GeneratedModuleMaps-appletvos/CNIOAtomics.modulemap -Xcc -fmodule-map-file\=/Users/admin/builder/spi-builder-workspace/.dependencies/checkouts/swift-atomics/Sources/_AtomicsShims/include/module.modulemap -DXcode -enable-upcoming-feature MemberImportVisibility -plugin-path /Applications/Xcode-27.0.0-Release.Candidate.app/Contents/Developer/Toolchains/XcodeDefault.xctoolchain/usr/lib/swift/host/plugins/testing -enable-experimental-feature DebugDescriptionMacro -sdk /Applications/Xcode-27.0.0-Release.Candidate.app/Contents/Developer/Platforms/AppleTVOS.platform/Developer/SDKs/AppleTVOS27.0.sdk -target arm64-apple-tvos15.0 -g -module-cache-path /Users/admin/builder/spi-builder-workspace/.derivedData/ModuleCache.noindex -Xfrontend -serialize-debugging-options -profile-coverage-mapping -profile-generate -enable-testing -suppress-warnings -index-store-path /Users/admin/builder/spi-builder-workspace/.derivedData/Index.noindex/DataStore -Xcc -D_LIBCPP_HARDENING_MODE\=_LIBCPP_HARDENING_MODE_DEBUG -swift-version 6 -I /Users/admin/builder/spi-builder-workspace/.derivedData/Build/Products/Debug-appletvos -Isystem /Applications/Xcode-27.0.0-Release.Candidate.app/Contents/Developer/Platforms/AppleTVOS.platform/Developer/usr/lib -F /Users/admin/builder/spi-builder-workspace/.derivedData/Build/Products/Debug-appletvos/PackageFrameworks -F /Users/admin/builder/spi-builder-workspace/.derivedData/Build/Products/Debug-appletvos -F /Applications/Xcode-27.0.0-Release.Candidate.app/Contents/Developer/Platforms/AppleTVOS.platform/Developer/Library/Frameworks -F /Applications/Xcode-27.0.0-Release.Candidate.app/Contents/Developer/Platforms/AppleTVOS.platform/Developer/SDKs/AppleTVOS27.0.sdk/Developer/Library/Frameworks -c -j10 -enable-batch-mode -incremental -Xcc -ivfsstatcache -Xcc /Users/admin/builder/spi-builder-workspace/.derivedData/SDKStatCaches.noindex/appletvos27.0-24J360-e829b21a6f8c9b70876ba0858053c044b32bfd8d43560033f8d89884cdb90028.sdkstatcache -output-file-map /Users/admin/builder/spi-builder-workspace/.derivedData/Build/Intermediates.noindex/swift-nio-http2.build/Debug-appletvos/NIOHTTP2-t.build/Objects-normal/arm64/NIOHTTP2-OutputFileMap.json -save-temps -no-color-diagnostics -explicit-module-build -module-cache-path /Users/admin/builder/spi-builder-workspace/.derivedData/Build/Intermediates.noindex/SwiftExplicitPrecompiledModules -clang-scanner-module-cache-path /Users/admin/builder/spi-builder-workspace/.derivedData/ModuleCache.noindex -sdk-module-cache-path /Users/admin/builder/spi-builder-workspace/.derivedData/SDKExplicitPrecompiledModules -emit-dependencies -emit-module -emit-module-path /Users/admin/builder/spi-builder-workspace/.derivedData/Build/Intermediates.noindex/swift-nio-http2.build/Debug-appletvos/NIOHTTP2-t.build/Objects-normal/arm64/NIOHTTP2.swiftmodule -serialize-diagnostics -dependency-scan-serialize-diagnostics-path /Users/admin/builder/spi-builder-workspace/.derivedData/Build/Intermediates.noindex/swift-nio-http2.build/Debug-appletvos/NIOHTTP2-t.build/Objects-normal/arm64/NIOHTTP2-dependency-scan.dia -user-module-version 1.46.0 -validate-clang-modules-once -clang-build-session-file /Users/admin/builder/spi-builder-workspace/.derivedData/ModuleCache.noindex/Session.modulevalidation -Xcc -fmodules-prune-interval\=86400 -Xcc -fmodules-prune-after\=345600 -package-name swift_nio_http2 -emit-const-values -const-gather-protocols-list /Users/admin/builder/spi-builder-workspace/.derivedData/Build/Intermediates.noindex/swift-nio-http2.build/Debug-appletvos/NIOHTTP2-t.build/Objects-normal/arm64/NIOHTTP2_const_extract_protocols.json -Xcc -I/Users/admin/builder/spi-builder-workspace/.dependencies/checkouts/swift-nio/Sources/CNIOLLHTTP/include -Xcc -I/Users/admin/builder/spi-builder-workspace/.dependencies/checkouts/swift-nio/Sources/CNIOPosix/include -Xcc -I/Users/admin/builder/spi-builder-workspace/.dependencies/checkouts/swift-nio/Sources/CNIOWASI/include -Xcc -I/Users/admin/builder/spi-builder-workspace/.dependencies/checkouts/swift-nio/Sources/CNIOWindows/include -Xcc -I/Users/admin/builder/spi-builder-workspace/.dependencies/checkouts/swift-nio/Sources/CNIOLinux/include -Xcc -I/Users/admin/builder/spi-builder-workspace/.dependencies/checkouts/swift-nio/Sources/CNIODarwin/include -Xcc -I/Users/admin/builder/spi-builder-workspace/.dependencies/checkouts/swift-nio/Sources/CNIOFreeBSD/include -Xcc -I/Users/admin/builder/spi-builder-workspace/.dependencies/checkouts/swift-nio/Sources/CNIOOpenBSD/include -Xcc -I/Users/admin/builder/spi-builder-workspace/.dependencies/checkouts/swift-nio/Sources/CNIOAtomics/include -Xcc -I/Users/admin/builder/spi-builder-workspace/.dependencies/checkouts/swift-atomics/Sources/_AtomicsShims/include -Xcc -I/Users/admin/builder/spi-builder-workspace/.derivedData/Build/Products/Debug-appletvos/include -Xcc -I/Users/admin/builder/spi-builder-workspace/.derivedData/Build/Intermediates.noindex/swift-nio-http2.build/Debug-appletvos/NIOHTTP2-t.build/DerivedSources-normal/arm64 -Xcc -I/Users/admin/builder/spi-builder-workspace/.derivedData/Build/Intermediates.noindex/swift-nio-http2.build/Debug-appletvos/NIOHTTP2-t.build/DerivedSources/arm64 -Xcc -I/Users/admin/builder/spi-builder-workspace/.derivedData/Build/Intermediates.noindex/swift-nio-http2.build/Debug-appletvos/NIOHTTP2-t.build/DerivedSources -Xcc -DSWIFT_PACKAGE -Xcc -DDEBUG\=1 -emit-objc-header -emit-objc-header-path /Users/admin/builder/spi-builder-workspace/.derivedData/Build/Intermediates.noindex/swift-nio-http2.build/Debug-appletvos/NIOHTTP2-t.build/Objects-normal/arm64/NIOHTTP2-Swift.h -working-directory /Users/admin/builder/spi-builder-workspace/.swiftpm/xcode -experimental-emit-module-separately -disable-cmo
SwiftDriverJobDiscovery normal arm64 Emitting module for AsyncHTTPClient (in target 'AsyncHTTPClient' from project 'async-http-client')
SwiftDriver\ Compilation\ Requirements AsyncHTTPClient normal arm64 com.apple.xcode.tools.swift.compiler (in target 'AsyncHTTPClient' from project 'async-http-client')
cd /Users/admin/builder/spi-builder-workspace/.swiftpm/xcode
builtin-Swift-Compilation-Requirements -- /Applications/Xcode-27.0.0-Release.Candidate.app/Contents/Developer/Toolchains/XcodeDefault.xctoolchain/usr/bin/swiftc -parse-as-library -module-name AsyncHTTPClient -Onone @/Users/admin/builder/spi-builder-workspace/.derivedData/Build/Intermediates.noindex/async-http-client.build/Debug-appletvos/AsyncHTTPClient-t.build/Objects-normal/arm64/AsyncHTTPClient.SwiftFileList -DSWIFT_PACKAGE -DDEBUG -DSWIFT_MODULE_RESOURCE_BUNDLE_UNAVAILABLE -Xcc -fmodule-map-file\=/Users/admin/builder/spi-builder-workspace/.derivedData/Build/Intermediates.noindex/GeneratedModuleMaps-appletvos/CNIOLLHTTP.modulemap -Xcc -fmodule-map-file\=/Users/admin/builder/spi-builder-workspace/.derivedData/Build/Intermediates.noindex/GeneratedModuleMaps-appletvos/CNIOBoringSSLShims.modulemap -Xcc -fmodule-map-file\=/Users/admin/builder/spi-builder-workspace/.dependencies/checkouts/swift-nio-ssl/Sources/CNIOBoringSSL/include/module.modulemap -Xcc -fmodule-map-file\=/Users/admin/builder/spi-builder-workspace/.derivedData/Build/Intermediates.noindex/GeneratedModuleMaps-appletvos/CNIOExtrasZlib.modulemap -Xcc -fmodule-map-file\=/Users/admin/builder/spi-builder-workspace/.derivedData/Build/Intermediates.noindex/GeneratedModuleMaps-appletvos/CNIOPosix.modulemap -Xcc -fmodule-map-file\=/Users/admin/builder/spi-builder-workspace/.derivedData/Build/Intermediates.noindex/GeneratedModuleMaps-appletvos/CNIOWASI.modulemap -Xcc -fmodule-map-file\=/Users/admin/builder/spi-builder-workspace/.dependencies/checkouts/swift-nio/Sources/CNIOWindows/include/module.modulemap -Xcc -fmodule-map-file\=/Users/admin/builder/spi-builder-workspace/.derivedData/Build/Intermediates.noindex/GeneratedModuleMaps-appletvos/CNIOLinux.modulemap -Xcc -fmodule-map-file\=/Users/admin/builder/spi-builder-workspace/.derivedData/Build/Intermediates.noindex/GeneratedModuleMaps-appletvos/CNIODarwin.modulemap -Xcc -fmodule-map-file\=/Users/admin/builder/spi-builder-workspace/.derivedData/Build/Intermediates.noindex/GeneratedModuleMaps-appletvos/CNIOFreeBSD.modulemap -Xcc -fmodule-map-file\=/Users/admin/builder/spi-builder-workspace/.derivedData/Build/Intermediates.noindex/GeneratedModuleMaps-appletvos/CNIOOpenBSD.modulemap -Xcc -fmodule-map-file\=/Users/admin/builder/spi-builder-workspace/.derivedData/Build/Intermediates.noindex/GeneratedModuleMaps-appletvos/CNIOAtomics.modulemap -Xcc -fmodule-map-file\=/Users/admin/builder/spi-builder-workspace/.dependencies/checkouts/swift-atomics/Sources/_AtomicsShims/include/module.modulemap -Xcc -fmodule-map-file\=/Users/admin/builder/spi-builder-workspace/.dependencies/checkouts/swift-numerics/Sources/_NumericsShims/include/module.modulemap -Xcc -fmodule-map-file\=/Users/admin/builder/spi-builder-workspace/.dependencies/checkouts/swift-system/Sources/CSystem/include/module.modulemap -Xcc -fmodule-map-file\=/Users/admin/builder/spi-builder-workspace/.derivedData/Build/Intermediates.noindex/GeneratedModuleMaps-appletvos/CAsyncHTTPClient.modulemap -DXcode -enable-upcoming-feature MemberImportVisibility -plugin-path /Applications/Xcode-27.0.0-Release.Candidate.app/Contents/Developer/Toolchains/XcodeDefault.xctoolchain/usr/lib/swift/host/plugins/testing -enable-experimental-feature DebugDescriptionMacro -sdk /Applications/Xcode-27.0.0-Release.Candidate.app/Contents/Developer/Platforms/AppleTVOS.platform/Developer/SDKs/AppleTVOS27.0.sdk -target arm64-apple-tvos15.0 -g -module-cache-path /Users/admin/builder/spi-builder-workspace/.derivedData/ModuleCache.noindex -Xfrontend -serialize-debugging-options -profile-coverage-mapping -profile-generate -enable-testing -suppress-warnings -index-store-path /Users/admin/builder/spi-builder-workspace/.derivedData/Index.noindex/DataStore -Xcc -D_LIBCPP_HARDENING_MODE\=_LIBCPP_HARDENING_MODE_DEBUG -swift-version 6 -I /Users/admin/builder/spi-builder-workspace/.derivedData/Build/Products/Debug-appletvos -Isystem /Applications/Xcode-27.0.0-Release.Candidate.app/Contents/Developer/Platforms/AppleTVOS.platform/Developer/usr/lib -F /Users/admin/builder/spi-builder-workspace/.derivedData/Build/Products/Debug-appletvos/PackageFrameworks -F /Users/admin/builder/spi-builder-workspace/.derivedData/Build/Products/Debug-appletvos -F /Applications/Xcode-27.0.0-Release.Candidate.app/Contents/Developer/Platforms/AppleTVOS.platform/Developer/Library/Frameworks -F /Applications/Xcode-27.0.0-Release.Candidate.app/Contents/Developer/Platforms/AppleTVOS.platform/Developer/SDKs/AppleTVOS27.0.sdk/Developer/Library/Frameworks -c -j10 -enable-batch-mode -incremental -Xcc -ivfsstatcache -Xcc /Users/admin/builder/spi-builder-workspace/.derivedData/SDKStatCaches.noindex/appletvos27.0-24J360-e829b21a6f8c9b70876ba0858053c044b32bfd8d43560033f8d89884cdb90028.sdkstatcache -output-file-map /Users/admin/builder/spi-builder-workspace/.derivedData/Build/Intermediates.noindex/async-http-client.build/Debug-appletvos/AsyncHTTPClient-t.build/Objects-normal/arm64/AsyncHTTPClient-OutputFileMap.json -save-temps -no-color-diagnostics -explicit-module-build -module-cache-path /Users/admin/builder/spi-builder-workspace/.derivedData/Build/Intermediates.noindex/SwiftExplicitPrecompiledModules -clang-scanner-module-cache-path /Users/admin/builder/spi-builder-workspace/.derivedData/ModuleCache.noindex -sdk-module-cache-path /Users/admin/builder/spi-builder-workspace/.derivedData/SDKExplicitPrecompiledModules -emit-dependencies -emit-module -emit-module-path /Users/admin/builder/spi-builder-workspace/.derivedData/Build/Intermediates.noindex/async-http-client.build/Debug-appletvos/AsyncHTTPClient-t.build/Objects-normal/arm64/AsyncHTTPClient.swiftmodule -serialize-diagnostics -dependency-scan-serialize-diagnostics-path /Users/admin/builder/spi-builder-workspace/.derivedData/Build/Intermediates.noindex/async-http-client.build/Debug-appletvos/AsyncHTTPClient-t.build/Objects-normal/arm64/AsyncHTTPClient-dependency-scan.dia -user-module-version 1.36.2 -validate-clang-modules-once -clang-build-session-file /Users/admin/builder/spi-builder-workspace/.derivedData/ModuleCache.noindex/Session.modulevalidation -Xcc -fmodules-prune-interval\=86400 -Xcc -fmodules-prune-after\=345600 -package-name async_http_client -emit-const-values -const-gather-protocols-list /Users/admin/builder/spi-builder-workspace/.derivedData/Build/Intermediates.noindex/async-http-client.build/Debug-appletvos/AsyncHTTPClient-t.build/Objects-normal/arm64/AsyncHTTPClient_const_extract_protocols.json -Xcc -I/Users/admin/builder/spi-builder-workspace/.dependencies/checkouts/swift-nio/Sources/CNIOLLHTTP/include -Xcc -I/Users/admin/builder/spi-builder-workspace/.dependencies/checkouts/swift-nio-ssl/Sources/CNIOBoringSSLShims/include -Xcc -I/Users/admin/builder/spi-builder-workspace/.dependencies/checkouts/swift-nio-ssl/Sources/CNIOBoringSSL/include -Xcc -I/Users/admin/builder/spi-builder-workspace/.dependencies/checkouts/swift-nio-extras/Sources/CNIOExtrasZlib/include -Xcc -I/Users/admin/builder/spi-builder-workspace/.dependencies/checkouts/swift-nio/Sources/CNIOPosix/include -Xcc -I/Users/admin/builder/spi-builder-workspace/.dependencies/checkouts/swift-nio/Sources/CNIOWASI/include -Xcc -I/Users/admin/builder/spi-builder-workspace/.dependencies/checkouts/swift-nio/Sources/CNIOWindows/include -Xcc -I/Users/admin/builder/spi-builder-workspace/.dependencies/checkouts/swift-nio/Sources/CNIOLinux/include -Xcc -I/Users/admin/builder/spi-builder-workspace/.dependencies/checkouts/swift-nio/Sources/CNIODarwin/include -Xcc -I/Users/admin/builder/spi-builder-workspace/.dependencies/checkouts/swift-nio/Sources/CNIOFreeBSD/include -Xcc -I/Users/admin/builder/spi-builder-workspace/.dependencies/checkouts/swift-nio/Sources/CNIOOpenBSD/include -Xcc -I/Users/admin/builder/spi-builder-workspace/.dependencies/checkouts/swift-nio/Sources/CNIOAtomics/include -Xcc -I/Users/admin/builder/spi-builder-workspace/.dependencies/checkouts/swift-atomics/Sources/_AtomicsShims/include -Xcc -I/Users/admin/builder/spi-builder-workspace/.dependencies/checkouts/swift-numerics/Sources/_NumericsShims/include -Xcc -I/Users/admin/builder/spi-builder-workspace/.dependencies/checkouts/swift-system/Sources/CSystem/include -Xcc -I/Users/admin/builder/spi-builder-workspace/.dependencies/checkouts/async-http-client/Sources/CAsyncHTTPClient/include -Xcc -I/Users/admin/builder/spi-builder-workspace/.derivedData/Build/Products/Debug-appletvos/include -Xcc -I/Users/admin/builder/spi-builder-workspace/.derivedData/Build/Intermediates.noindex/async-http-client.build/Debug-appletvos/AsyncHTTPClient-t.build/DerivedSources-normal/arm64 -Xcc -I/Users/admin/builder/spi-builder-workspace/.derivedData/Build/Intermediates.noindex/async-http-client.build/Debug-appletvos/AsyncHTTPClient-t.build/DerivedSources/arm64 -Xcc -I/Users/admin/builder/spi-builder-workspace/.derivedData/Build/Intermediates.noindex/async-http-client.build/Debug-appletvos/AsyncHTTPClient-t.build/DerivedSources -Xcc -DSWIFT_PACKAGE -Xcc -DDEBUG\=1 -emit-objc-header -emit-objc-header-path /Users/admin/builder/spi-builder-workspace/.derivedData/Build/Intermediates.noindex/async-http-client.build/Debug-appletvos/AsyncHTTPClient-t.build/Objects-normal/arm64/AsyncHTTPClient-Swift.h -working-directory /Users/admin/builder/spi-builder-workspace/.swiftpm/xcode -experimental-emit-module-separately -disable-cmo
Ld /Users/admin/builder/spi-builder-workspace/.derivedData/Build/Products/Debug-appletvos/NIOHTTP2.o normal (in target 'NIOHTTP2' from project 'swift-nio-http2')
cd /Users/admin/builder/spi-builder-workspace/.dependencies/checkouts/swift-nio-http2
/Applications/Xcode-27.0.0-Release.Candidate.app/Contents/Developer/Toolchains/XcodeDefault.xctoolchain/usr/bin/clang -Xlinker -reproducible -target arm64-apple-tvos15.0 -r -isysroot /Applications/Xcode-27.0.0-Release.Candidate.app/Contents/Developer/Platforms/AppleTVOS.platform/Developer/SDKs/AppleTVOS27.0.sdk -O0 -w -Xlinker -no_warn_duplicate_libraries -F/Users/admin/builder/spi-builder-workspace/.derivedData/Build/Intermediates.noindex/EagerLinkingTBDs/Debug-appletvos -F/Users/admin/builder/spi-builder-workspace/.derivedData/Build/Products/Debug-appletvos/PackageFrameworks -F/Users/admin/builder/spi-builder-workspace/.derivedData/Build/Products/Debug-appletvos -iframework /Applications/Xcode-27.0.0-Release.Candidate.app/Contents/Developer/Platforms/AppleTVOS.platform/Developer/Library/Frameworks -iframework /Applications/Xcode-27.0.0-Release.Candidate.app/Contents/Developer/Platforms/AppleTVOS.platform/Developer/SDKs/AppleTVOS27.0.sdk/Developer/Library/Frameworks -filelist /Users/admin/builder/spi-builder-workspace/.derivedData/Build/Intermediates.noindex/swift-nio-http2.build/Debug-appletvos/NIOHTTP2-t.build/Objects-normal/arm64/NIOHTTP2.LinkFileList -nostdlib -Xlinker -object_path_lto -Xlinker /Users/admin/builder/spi-builder-workspace/.derivedData/Build/Intermediates.noindex/swift-nio-http2.build/Debug-appletvos/NIOHTTP2-t.build/Objects-normal/arm64/NIOHTTP2_lto.o -Xlinker -no_deduplicate -Xlinker -debug_variant -Xlinker -dependency_info -Xlinker /Users/admin/builder/spi-builder-workspace/.derivedData/Build/Intermediates.noindex/swift-nio-http2.build/Debug-appletvos/NIOHTTP2-t.build/Objects-normal/arm64/NIOHTTP2_dependency_info.dat -fobjc-link-runtime -L/Applications/Xcode-27.0.0-Release.Candidate.app/Contents/Developer/Toolchains/XcodeDefault.xctoolchain/usr/lib/swift/appletvos -L/usr/lib/swift -Xlinker -add_ast_path -Xlinker /Users/admin/builder/spi-builder-workspace/.derivedData/Build/Intermediates.noindex/swift-nio-http2.build/Debug-appletvos/NIOHTTP2-t.build/Objects-normal/arm64/NIOHTTP2.swiftmodule -o /Users/admin/builder/spi-builder-workspace/.derivedData/Build/Products/Debug-appletvos/NIOHTTP2.o
SwiftMergeGeneratedHeaders /Users/admin/builder/spi-builder-workspace/.derivedData/Build/Intermediates.noindex/GeneratedModuleMaps-appletvos/AsyncHTTPClient-Swift.h /Users/admin/builder/spi-builder-workspace/.derivedData/Build/Intermediates.noindex/async-http-client.build/Debug-appletvos/AsyncHTTPClient-t.build/Objects-normal/arm64/AsyncHTTPClient-Swift.h (in target 'AsyncHTTPClient' from project 'async-http-client')
cd /Users/admin/builder/spi-builder-workspace/.dependencies/checkouts/async-http-client
builtin-swiftHeaderTool -arch arm64 /Users/admin/builder/spi-builder-workspace/.derivedData/Build/Intermediates.noindex/async-http-client.build/Debug-appletvos/AsyncHTTPClient-t.build/Objects-normal/arm64/AsyncHTTPClient-Swift.h -o /Users/admin/builder/spi-builder-workspace/.derivedData/Build/Intermediates.noindex/GeneratedModuleMaps-appletvos/AsyncHTTPClient-Swift.h
SwiftDriverJobDiscovery normal arm64 Compiling HTTPConnectionPool+StateMachine.swift, ConnectionTarget.swift, DeconstructedURL.swift, FileDownloadDelegate.swift, FoundationExtensions.swift, HTTPClient+HTTPCookie.swift, HTTPClient+Proxy.swift (in target 'AsyncHTTPClient' from project 'async-http-client')
Copy /Users/admin/builder/spi-builder-workspace/.derivedData/Build/Products/Debug-appletvos/AsyncHTTPClient.swiftmodule/arm64-apple-tvos.swiftmodule /Users/admin/builder/spi-builder-workspace/.derivedData/Build/Intermediates.noindex/async-http-client.build/Debug-appletvos/AsyncHTTPClient-t.build/Objects-normal/arm64/AsyncHTTPClient.swiftmodule (in target 'AsyncHTTPClient' from project 'async-http-client')
cd /Users/admin/builder/spi-builder-workspace/.dependencies/checkouts/async-http-client
builtin-copy -exclude .DS_Store -exclude CVS -exclude .svn -exclude .git -exclude .hg -resolve-src-symlinks -rename /Users/admin/builder/spi-builder-workspace/.derivedData/Build/Intermediates.noindex/async-http-client.build/Debug-appletvos/AsyncHTTPClient-t.build/Objects-normal/arm64/AsyncHTTPClient.swiftmodule /Users/admin/builder/spi-builder-workspace/.derivedData/Build/Products/Debug-appletvos/AsyncHTTPClient.swiftmodule/arm64-apple-tvos.swiftmodule
Copy /Users/admin/builder/spi-builder-workspace/.derivedData/Build/Products/Debug-appletvos/AsyncHTTPClient.swiftmodule/arm64-apple-tvos.swiftdoc /Users/admin/builder/spi-builder-workspace/.derivedData/Build/Intermediates.noindex/async-http-client.build/Debug-appletvos/AsyncHTTPClient-t.build/Objects-normal/arm64/AsyncHTTPClient.swiftdoc (in target 'AsyncHTTPClient' from project 'async-http-client')
cd /Users/admin/builder/spi-builder-workspace/.dependencies/checkouts/async-http-client
builtin-copy -exclude .DS_Store -exclude CVS -exclude .svn -exclude .git -exclude .hg -resolve-src-symlinks -rename /Users/admin/builder/spi-builder-workspace/.derivedData/Build/Intermediates.noindex/async-http-client.build/Debug-appletvos/AsyncHTTPClient-t.build/Objects-normal/arm64/AsyncHTTPClient.swiftdoc /Users/admin/builder/spi-builder-workspace/.derivedData/Build/Products/Debug-appletvos/AsyncHTTPClient.swiftmodule/arm64-apple-tvos.swiftdoc
Copy /Users/admin/builder/spi-builder-workspace/.derivedData/Build/Products/Debug-appletvos/AsyncHTTPClient.swiftmodule/arm64-apple-tvos.abi.json /Users/admin/builder/spi-builder-workspace/.derivedData/Build/Intermediates.noindex/async-http-client.build/Debug-appletvos/AsyncHTTPClient-t.build/Objects-normal/arm64/AsyncHTTPClient.abi.json (in target 'AsyncHTTPClient' from project 'async-http-client')
cd /Users/admin/builder/spi-builder-workspace/.dependencies/checkouts/async-http-client
builtin-copy -exclude .DS_Store -exclude CVS -exclude .svn -exclude .git -exclude .hg -resolve-src-symlinks -rename /Users/admin/builder/spi-builder-workspace/.derivedData/Build/Intermediates.noindex/async-http-client.build/Debug-appletvos/AsyncHTTPClient-t.build/Objects-normal/arm64/AsyncHTTPClient.abi.json /Users/admin/builder/spi-builder-workspace/.derivedData/Build/Products/Debug-appletvos/AsyncHTTPClient.swiftmodule/arm64-apple-tvos.abi.json
Copy /Users/admin/builder/spi-builder-workspace/.derivedData/Build/Products/Debug-appletvos/AsyncHTTPClient.swiftmodule/Project/arm64-apple-tvos.swiftsourceinfo /Users/admin/builder/spi-builder-workspace/.derivedData/Build/Intermediates.noindex/async-http-client.build/Debug-appletvos/AsyncHTTPClient-t.build/Objects-normal/arm64/AsyncHTTPClient.swiftsourceinfo (in target 'AsyncHTTPClient' from project 'async-http-client')
cd /Users/admin/builder/spi-builder-workspace/.dependencies/checkouts/async-http-client
builtin-copy -exclude .DS_Store -exclude CVS -exclude .svn -exclude .git -exclude .hg -resolve-src-symlinks -rename /Users/admin/builder/spi-builder-workspace/.derivedData/Build/Intermediates.noindex/async-http-client.build/Debug-appletvos/AsyncHTTPClient-t.build/Objects-normal/arm64/AsyncHTTPClient.swiftsourceinfo /Users/admin/builder/spi-builder-workspace/.derivedData/Build/Products/Debug-appletvos/AsyncHTTPClient.swiftmodule/Project/arm64-apple-tvos.swiftsourceinfo
ExtractAppIntentsMetadata (in target 'NIOHTTP2' from project 'swift-nio-http2')
cd /Users/admin/builder/spi-builder-workspace/.dependencies/checkouts/swift-nio-http2
/Applications/Xcode-27.0.0-Release.Candidate.app/Contents/Developer/Toolchains/XcodeDefault.xctoolchain/usr/bin/appintentsmetadataprocessor --toolchain-dir /var/run/com.apple.security.cryptexd/mnt/com.apple.MobileAsset.MetalToolchain-v27.1.266.1.eAdCGm/Metal.xctoolchain --module-name NIOHTTP2 --sdk-root /Applications/Xcode-27.0.0-Release.Candidate.app/Contents/Developer/Platforms/AppleTVOS.platform/Developer/SDKs/AppleTVOS27.0.sdk --xcode-version 27A266a --platform-family tvOS --deployment-target 15.0 --bundle-identifier swift-nio-http2.NIOHTTP2 --output /Users/admin/builder/spi-builder-workspace/.derivedData/Build/Products/Debug-appletvos/NIOHTTP2.appintents --target-triple arm64-apple-tvos15.0 --binary-file /Users/admin/builder/spi-builder-workspace/.derivedData/Build/Products/Debug-appletvos/NIOHTTP2.o --dependency-file /Users/admin/builder/spi-builder-workspace/.derivedData/Build/Intermediates.noindex/swift-nio-http2.build/Debug-appletvos/NIOHTTP2-t.build/Objects-normal/arm64/NIOHTTP2_dependency_info.dat --stringsdata-file /Users/admin/builder/spi-builder-workspace/.derivedData/Build/Intermediates.noindex/swift-nio-http2.build/Debug-appletvos/NIOHTTP2-t.build/Objects-normal/arm64/ExtractedAppShortcutsMetadata.stringsdata --source-file-list /Users/admin/builder/spi-builder-workspace/.derivedData/Build/Intermediates.noindex/swift-nio-http2.build/Debug-appletvos/NIOHTTP2-t.build/Objects-normal/arm64/NIOHTTP2.SwiftFileList --metadata-file-list /Users/admin/builder/spi-builder-workspace/.derivedData/Build/Intermediates.noindex/swift-nio-http2.build/Debug-appletvos/NIOHTTP2-t.build/NIOHTTP2.DependencyMetadataFileList --static-metadata-file-list /Users/admin/builder/spi-builder-workspace/.derivedData/Build/Intermediates.noindex/swift-nio-http2.build/Debug-appletvos/NIOHTTP2-t.build/NIOHTTP2.DependencyStaticMetadataFileList --swift-const-vals-list /Users/admin/builder/spi-builder-workspace/.derivedData/Build/Intermediates.noindex/swift-nio-http2.build/Debug-appletvos/NIOHTTP2-t.build/Objects-normal/arm64/NIOHTTP2.SwiftConstValuesFileList --force --compile-time-extraction --deployment-aware-processing --no-app-shortcuts-localization
2026-09-26 08:14:59.595 appintentsmetadataprocessor[3343:14056] Starting appintentsmetadataprocessor export
2026-09-26 08:14:59.681 appintentsmetadataprocessor[3343:14056] Extracted no relevant App Intents symbols, skipping writing output
SwiftDriver Hermit normal arm64 com.apple.xcode.tools.swift.compiler (in target 'Hermit' from project 'Hermit')
cd /Users/admin/builder/spi-builder-workspace/.swiftpm/xcode
builtin-SwiftDriver -- /Applications/Xcode-27.0.0-Release.Candidate.app/Contents/Developer/Toolchains/XcodeDefault.xctoolchain/usr/bin/swiftc -parse-as-library -module-name Hermit -Onone @/Users/admin/builder/spi-builder-workspace/.derivedData/Build/Intermediates.noindex/Hermit.build/Debug-appletvos/Hermit-t.build/Objects-normal/arm64/Hermit.SwiftFileList -DSWIFT_PACKAGE -DDEBUG -DSWIFT_MODULE_RESOURCE_BUNDLE_UNAVAILABLE -Xcc -fmodule-map-file\=/Users/admin/builder/spi-builder-workspace/.derivedData/Build/Intermediates.noindex/GeneratedModuleMaps-appletvos/CNIOLLHTTP.modulemap -Xcc -fmodule-map-file\=/Users/admin/builder/spi-builder-workspace/.derivedData/Build/Intermediates.noindex/GeneratedModuleMaps-appletvos/CNIOBoringSSLShims.modulemap -Xcc -fmodule-map-file\=/Users/admin/builder/spi-builder-workspace/.dependencies/checkouts/swift-nio-ssl/Sources/CNIOBoringSSL/include/module.modulemap -Xcc -fmodule-map-file\=/Users/admin/builder/spi-builder-workspace/.derivedData/Build/Intermediates.noindex/GeneratedModuleMaps-appletvos/CNIOExtrasZlib.modulemap -Xcc -fmodule-map-file\=/Users/admin/builder/spi-builder-workspace/.derivedData/Build/Intermediates.noindex/GeneratedModuleMaps-appletvos/CNIOPosix.modulemap -Xcc -fmodule-map-file\=/Users/admin/builder/spi-builder-workspace/.derivedData/Build/Intermediates.noindex/GeneratedModuleMaps-appletvos/CNIOWASI.modulemap -Xcc -fmodule-map-file\=/Users/admin/builder/spi-builder-workspace/.dependencies/checkouts/swift-nio/Sources/CNIOWindows/include/module.modulemap -Xcc -fmodule-map-file\=/Users/admin/builder/spi-builder-workspace/.derivedData/Build/Intermediates.noindex/GeneratedModuleMaps-appletvos/CNIOLinux.modulemap -Xcc -fmodule-map-file\=/Users/admin/builder/spi-builder-workspace/.derivedData/Build/Intermediates.noindex/GeneratedModuleMaps-appletvos/CNIODarwin.modulemap -Xcc -fmodule-map-file\=/Users/admin/builder/spi-builder-workspace/.derivedData/Build/Intermediates.noindex/GeneratedModuleMaps-appletvos/CNIOFreeBSD.modulemap -Xcc -fmodule-map-file\=/Users/admin/builder/spi-builder-workspace/.derivedData/Build/Intermediates.noindex/GeneratedModuleMaps-appletvos/CNIOOpenBSD.modulemap -Xcc -fmodule-map-file\=/Users/admin/builder/spi-builder-workspace/.derivedData/Build/Intermediates.noindex/GeneratedModuleMaps-appletvos/CNIOAtomics.modulemap -Xcc -fmodule-map-file\=/Users/admin/builder/spi-builder-workspace/.dependencies/checkouts/swift-atomics/Sources/_AtomicsShims/include/module.modulemap -Xcc -fmodule-map-file\=/Users/admin/builder/spi-builder-workspace/.dependencies/checkouts/swift-numerics/Sources/_NumericsShims/include/module.modulemap -Xcc -fmodule-map-file\=/Users/admin/builder/spi-builder-workspace/.dependencies/checkouts/swift-system/Sources/CSystem/include/module.modulemap -Xcc -fmodule-map-file\=/Users/admin/builder/spi-builder-workspace/.derivedData/Build/Intermediates.noindex/GeneratedModuleMaps-appletvos/CAsyncHTTPClient.modulemap -DXcode -plugin-path /Applications/Xcode-27.0.0-Release.Candidate.app/Contents/Developer/Toolchains/XcodeDefault.xctoolchain/usr/lib/swift/host/plugins/testing -enable-experimental-feature DebugDescriptionMacro -sdk /Applications/Xcode-27.0.0-Release.Candidate.app/Contents/Developer/Platforms/AppleTVOS.platform/Developer/SDKs/AppleTVOS27.0.sdk -target arm64-apple-tvos15.0 -g -module-cache-path /Users/admin/builder/spi-builder-workspace/.derivedData/ModuleCache.noindex -Xfrontend -serialize-debugging-options -profile-coverage-mapping -profile-generate -enable-testing -index-store-path /Users/admin/builder/spi-builder-workspace/.derivedData/Index.noindex/DataStore -Xcc -D_LIBCPP_HARDENING_MODE\=_LIBCPP_HARDENING_MODE_DEBUG -swift-version 6 -I /Users/admin/builder/spi-builder-workspace/.derivedData/Build/Products/Debug-appletvos -Isystem /Applications/Xcode-27.0.0-Release.Candidate.app/Contents/Developer/Platforms/AppleTVOS.platform/Developer/usr/lib -F /Users/admin/builder/spi-builder-workspace/.derivedData/Build/Products/Debug-appletvos/PackageFrameworks -F /Users/admin/builder/spi-builder-workspace/.derivedData/Build/Products/Debug-appletvos -F /Applications/Xcode-27.0.0-Release.Candidate.app/Contents/Developer/Platforms/AppleTVOS.platform/Developer/Library/Frameworks -F /Applications/Xcode-27.0.0-Release.Candidate.app/Contents/Developer/Platforms/AppleTVOS.platform/Developer/SDKs/AppleTVOS27.0.sdk/Developer/Library/Frameworks -c -j10 -enable-batch-mode -incremental -Xcc -ivfsstatcache -Xcc /Users/admin/builder/spi-builder-workspace/.derivedData/SDKStatCaches.noindex/appletvos27.0-24J360-e829b21a6f8c9b70876ba0858053c044b32bfd8d43560033f8d89884cdb90028.sdkstatcache -output-file-map /Users/admin/builder/spi-builder-workspace/.derivedData/Build/Intermediates.noindex/Hermit.build/Debug-appletvos/Hermit-t.build/Objects-normal/arm64/Hermit-OutputFileMap.json -save-temps -no-color-diagnostics -explicit-module-build -module-cache-path /Users/admin/builder/spi-builder-workspace/.derivedData/Build/Intermediates.noindex/SwiftExplicitPrecompiledModules -clang-scanner-module-cache-path /Users/admin/builder/spi-builder-workspace/.derivedData/ModuleCache.noindex -sdk-module-cache-path /Users/admin/builder/spi-builder-workspace/.derivedData/SDKExplicitPrecompiledModules -emit-dependencies -emit-module -emit-module-path /Users/admin/builder/spi-builder-workspace/.derivedData/Build/Intermediates.noindex/Hermit.build/Debug-appletvos/Hermit-t.build/Objects-normal/arm64/Hermit.swiftmodule -serialize-diagnostics -dependency-scan-serialize-diagnostics-path /Users/admin/builder/spi-builder-workspace/.derivedData/Build/Intermediates.noindex/Hermit.build/Debug-appletvos/Hermit-t.build/Objects-normal/arm64/Hermit-dependency-scan.dia -validate-clang-modules-once -clang-build-session-file /Users/admin/builder/spi-builder-workspace/.derivedData/ModuleCache.noindex/Session.modulevalidation -Xcc -fmodules-prune-interval\=86400 -Xcc -fmodules-prune-after\=345600 -package-name spi_builder_workspace -emit-const-values -const-gather-protocols-list /Users/admin/builder/spi-builder-workspace/.derivedData/Build/Intermediates.noindex/Hermit.build/Debug-appletvos/Hermit-t.build/Objects-normal/arm64/Hermit_const_extract_protocols.json -Xcc -I/Users/admin/builder/spi-builder-workspace/.dependencies/checkouts/swift-nio/Sources/CNIOLLHTTP/include -Xcc -I/Users/admin/builder/spi-builder-workspace/.dependencies/checkouts/swift-nio-ssl/Sources/CNIOBoringSSLShims/include -Xcc -I/Users/admin/builder/spi-builder-workspace/.dependencies/checkouts/swift-nio-ssl/Sources/CNIOBoringSSL/include -Xcc -I/Users/admin/builder/spi-builder-workspace/.dependencies/checkouts/swift-nio-extras/Sources/CNIOExtrasZlib/include -Xcc -I/Users/admin/builder/spi-builder-workspace/.dependencies/checkouts/swift-nio/Sources/CNIOPosix/include -Xcc -I/Users/admin/builder/spi-builder-workspace/.dependencies/checkouts/swift-nio/Sources/CNIOWASI/include -Xcc -I/Users/admin/builder/spi-builder-workspace/.dependencies/checkouts/swift-nio/Sources/CNIOWindows/include -Xcc -I/Users/admin/builder/spi-builder-workspace/.dependencies/checkouts/swift-nio/Sources/CNIOLinux/include -Xcc -I/Users/admin/builder/spi-builder-workspace/.dependencies/checkouts/swift-nio/Sources/CNIODarwin/include -Xcc -I/Users/admin/builder/spi-builder-workspace/.dependencies/checkouts/swift-nio/Sources/CNIOFreeBSD/include -Xcc -I/Users/admin/builder/spi-builder-workspace/.dependencies/checkouts/swift-nio/Sources/CNIOOpenBSD/include -Xcc -I/Users/admin/builder/spi-builder-workspace/.dependencies/checkouts/swift-nio/Sources/CNIOAtomics/include -Xcc -I/Users/admin/builder/spi-builder-workspace/.dependencies/checkouts/swift-atomics/Sources/_AtomicsShims/include -Xcc -I/Users/admin/builder/spi-builder-workspace/.dependencies/checkouts/swift-numerics/Sources/_NumericsShims/include -Xcc -I/Users/admin/builder/spi-builder-workspace/.dependencies/checkouts/swift-system/Sources/CSystem/include -Xcc -I/Users/admin/builder/spi-builder-workspace/.dependencies/checkouts/async-http-client/Sources/CAsyncHTTPClient/include -Xcc -I/Users/admin/builder/spi-builder-workspace/.derivedData/Build/Products/Debug-appletvos/include -Xcc -I/Users/admin/builder/spi-builder-workspace/.derivedData/Build/Intermediates.noindex/Hermit.build/Debug-appletvos/Hermit-t.build/DerivedSources-normal/arm64 -Xcc -I/Users/admin/builder/spi-builder-workspace/.derivedData/Build/Intermediates.noindex/Hermit.build/Debug-appletvos/Hermit-t.build/DerivedSources/arm64 -Xcc -I/Users/admin/builder/spi-builder-workspace/.derivedData/Build/Intermediates.noindex/Hermit.build/Debug-appletvos/Hermit-t.build/DerivedSources -Xcc -DSWIFT_PACKAGE -Xcc -DDEBUG\=1 -emit-objc-header -emit-objc-header-path /Users/admin/builder/spi-builder-workspace/.derivedData/Build/Intermediates.noindex/Hermit.build/Debug-appletvos/Hermit-t.build/Objects-normal/arm64/Hermit-Swift.h -working-directory /Users/admin/builder/spi-builder-workspace/.swiftpm/xcode -experimental-emit-module-separately -disable-cmo
SwiftDriverJobDiscovery normal arm64 Compiling HTTPConnectionPool+Manager.swift, HTTPConnectionPool.swift, HTTPExecutableRequest.swift, HTTPRequestStateMachine+Demand.swift, HTTPRequestStateMachine.swift, RequestBodyLength.swift, RequestFramingMetadata.swift (in target 'AsyncHTTPClient' from project 'async-http-client')
SwiftDriverJobDiscovery normal arm64 Compiling AnyAsyncSequence.swift, AnyAsyncSequenceProucerDelete.swift, AsyncLazySequence.swift, HTTPClient+execute.swift, HTTPClient+shutdown.swift, HTTPClient+tracing.swift, HTTPClientRequest+Prepared.swift, HTTPClientRequest+auth.swift (in target 'AsyncHTTPClient' from project 'async-http-client')
SwiftDriverJobDiscovery normal arm64 Compiling NWWaitingHandler.swift, TLSConfiguration.swift, RedirectState.swift, RequestBag+StateMachine.swift, RequestBag+Tracing.swift, RequestBag.swift, RequestValidation.swift (in target 'AsyncHTTPClient' from project 'async-http-client')
SwiftDriverJobDiscovery normal arm64 Compiling HTTP1Connection.swift, HTTP1ConnectionStateMachine.swift, HTTP2ClientRequestHandler.swift, HTTP2Connection.swift, HTTP2IdleHandler.swift, HTTPConnectionEvent.swift, HTTPConnectionPool+Factory.swift (in target 'AsyncHTTPClient' from project 'async-http-client')
SwiftCompile normal arm64 Compiling\ NetworkConfiguration.swift,\ ScrapeConfiguration.swift,\ CrawlDriver.swift /Users/admin/builder/spi-builder-workspace/Sources/Hermit/Configuration/NetworkConfiguration.swift /Users/admin/builder/spi-builder-workspace/Sources/Hermit/Configuration/ScrapeConfiguration.swift /Users/admin/builder/spi-builder-workspace/Sources/Hermit/Core/CrawlDriver.swift (in target 'Hermit' from project 'Hermit')
SwiftCompile normal arm64 /Users/admin/builder/spi-builder-workspace/Sources/Hermit/Configuration/NetworkConfiguration.swift (in target 'Hermit' from project 'Hermit')
cd /Users/admin/builder/spi-builder-workspace/.swiftpm/xcode
builtin-SwiftPerFileCompile NetworkConfiguration.swift
SwiftCompile normal arm64 /Users/admin/builder/spi-builder-workspace/Sources/Hermit/Configuration/ScrapeConfiguration.swift (in target 'Hermit' from project 'Hermit')
cd /Users/admin/builder/spi-builder-workspace/.swiftpm/xcode
builtin-SwiftPerFileCompile ScrapeConfiguration.swift
SwiftCompile normal arm64 /Users/admin/builder/spi-builder-workspace/Sources/Hermit/Core/CrawlDriver.swift (in target 'Hermit' from project 'Hermit')
cd /Users/admin/builder/spi-builder-workspace/.swiftpm/xcode
builtin-SwiftPerFileCompile CrawlDriver.swift
SwiftCompile normal arm64 Compiling\ BinaryContentFilter.swift,\ ContentTypeFilter.swift,\ CrawlFilter.swift /Users/admin/builder/spi-builder-workspace/Sources/Hermit/Filtering/BinaryContentFilter.swift /Users/admin/builder/spi-builder-workspace/Sources/Hermit/Filtering/ContentTypeFilter.swift /Users/admin/builder/spi-builder-workspace/Sources/Hermit/Filtering/CrawlFilter.swift (in target 'Hermit' from project 'Hermit')
SwiftCompile normal arm64 /Users/admin/builder/spi-builder-workspace/Sources/Hermit/Filtering/BinaryContentFilter.swift (in target 'Hermit' from project 'Hermit')
cd /Users/admin/builder/spi-builder-workspace/.swiftpm/xcode
builtin-SwiftPerFileCompile BinaryContentFilter.swift
SwiftCompile normal arm64 /Users/admin/builder/spi-builder-workspace/Sources/Hermit/Filtering/ContentTypeFilter.swift (in target 'Hermit' from project 'Hermit')
cd /Users/admin/builder/spi-builder-workspace/.swiftpm/xcode
builtin-SwiftPerFileCompile ContentTypeFilter.swift
SwiftCompile normal arm64 /Users/admin/builder/spi-builder-workspace/Sources/Hermit/Filtering/CrawlFilter.swift (in target 'Hermit' from project 'Hermit')
cd /Users/admin/builder/spi-builder-workspace/.swiftpm/xcode
builtin-SwiftPerFileCompile CrawlFilter.swift
SwiftEmitModule normal arm64 Emitting\ module\ for\ Hermit (in target 'Hermit' from project 'Hermit')
/Users/admin/builder/spi-builder-workspace/Sources/Hermit/Filtering/URLPattern.swift:34:44: error: 'Regex' is only available in tvOS 16.0 or newer
19 | /// let pattern = try URLPattern(userProvidedRegex)
20 | /// ```
21 | public struct URLPattern: Sendable, ExpressibleByStringLiteral {
| `- note: add '@available' attribute to enclosing struct
22 | /// The raw regular-expression string this pattern was created from.
23 | public let rawValue: String
:
32 | /// `nonisolated(unsafe)`. This is sound: the value is an immutable `let` and
33 | /// regex matching is a read-only operation.
34 | private nonisolated(unsafe) let regex: Regex<AnyRegexOutput>
| `- error: 'Regex' is only available in tvOS 16.0 or newer
35 |
36 | /// Creates a `URLPattern` from a regular-expression string, throwing if the pattern is invalid.
/Users/admin/builder/spi-builder-workspace/Sources/Hermit/Networking/RateLimiter.swift:22:29: error: 'ContinuousClock' is only available in tvOS 16.0 or newer
12 | /// The limiter uses `Task.sleep` exclusively — it never blocks a thread, making it safe
13 | /// to use inside `TaskGroup` workers running on NIO event-loop threads.
14 | actor RateLimiter {
| `- note: add '@available' attribute to enclosing actor
15 | /// The configured throughput ceiling.
16 | private let requestsPerSecond: Double
:
20 |
21 | /// The clock instant of the most recent refill, used to compute elapsed time.
22 | private var lastRefill: ContinuousClock.Instant = .now
| `- error: 'ContinuousClock' is only available in tvOS 16.0 or newer
23 |
24 | /// Creates a new rate limiter.
/Users/admin/builder/spi-builder-workspace/Sources/Hermit/Networking/RateLimiter.swift:22:56: error: 'now' is only available in tvOS 16.0 or newer
12 | /// The limiter uses `Task.sleep` exclusively — it never blocks a thread, making it safe
13 | /// to use inside `TaskGroup` workers running on NIO event-loop threads.
14 | actor RateLimiter {
| `- note: add '@available' attribute to enclosing actor
15 | /// The configured throughput ceiling.
16 | private let requestsPerSecond: Double
:
20 |
21 | /// The clock instant of the most recent refill, used to compute elapsed time.
22 | private var lastRefill: ContinuousClock.Instant = .now
| `- error: 'now' is only available in tvOS 16.0 or newer
23 |
24 | /// Creates a new rate limiter.
Failed frontend command:
/Applications/Xcode-27.0.0-Release.Candidate.app/Contents/Developer/Toolchains/XcodeDefault.xctoolchain/usr/bin/swift-frontend -frontend -emit-module -experimental-skip-non-inlinable-function-bodies-without-types /Users/admin/builder/spi-builder-workspace/Sources/Hermit/Configuration/CrawlConfiguration.swift /Users/admin/builder/spi-builder-workspace/Sources/Hermit/Configuration/HermitConfiguration.swift /Users/admin/builder/spi-builder-workspace/Sources/Hermit/Configuration/MarkdownOptions.swift /Users/admin/builder/spi-builder-workspace/Sources/Hermit/Configuration/NetworkConfiguration.swift /Users/admin/builder/spi-builder-workspace/Sources/Hermit/Configuration/ScrapeConfiguration.swift /Users/admin/builder/spi-builder-workspace/Sources/Hermit/Core/CrawlDriver.swift /Users/admin/builder/spi-builder-workspace/Sources/Hermit/Core/Hermit.swift /Users/admin/builder/spi-builder-workspace/Sources/Hermit/Core/Scraper.swift /Users/admin/builder/spi-builder-workspace/Sources/Hermit/Extensions/URL+Hermit.swift /Users/admin/builder/spi-builder-workspace/Sources/Hermit/Filtering/BinaryContentFilter.swift /Users/admin/builder/spi-builder-workspace/Sources/Hermit/Filtering/ContentTypeFilter.swift /Users/admin/builder/spi-builder-workspace/Sources/Hermit/Filtering/CrawlFilter.swift /Users/admin/builder/spi-builder-workspace/Sources/Hermit/Filtering/DomainPolicy.swift /Users/admin/builder/spi-builder-workspace/Sources/Hermit/Filtering/StatusCodeFilter.swift /Users/admin/builder/spi-builder-workspace/Sources/Hermit/Filtering/URLFilter.swift /Users/admin/builder/spi-builder-workspace/Sources/Hermit/Filtering/URLPattern.swift /Users/admin/builder/spi-builder-workspace/Sources/Hermit/Models/CrawlResult.swift /Users/admin/builder/spi-builder-workspace/Sources/Hermit/Models/CrawledPage.swift /Users/admin/builder/spi-builder-workspace/Sources/Hermit/Models/HermitError.swift /Users/admin/builder/spi-builder-workspace/Sources/Hermit/Models/PageMetadata.swift /Users/admin/builder/spi-builder-workspace/Sources/Hermit/Models/ScrapedPage.swift /Users/admin/builder/spi-builder-workspace/Sources/Hermit/Networking/HermitHTTPClient.swift /Users/admin/builder/spi-builder-workspace/Sources/Hermit/Networking/RateLimiter.swift /Users/admin/builder/spi-builder-workspace/Sources/Hermit/Parsing/HTMLParser.swift /Users/admin/builder/spi-builder-workspace/Sources/Hermit/Parsing/MarkdownConverter.swift /Users/admin/builder/spi-builder-workspace/Sources/Hermit/Processing/PageProcessor.swift -target arm64-apple-tvos15.0 -disable-cross-import-overlay-search -load-resolved-plugin /Applications/Xcode-27.0.0-Release.Candidate.app/Contents/Developer/Platforms/AppleTVOS.platform/Developer/usr/lib/swift/host/plugins/libFoundationMacros.dylib\#/Applications/Xcode-27.0.0-Release.Candidate.app/Contents/Developer/Platforms/AppleTVOS.platform/Developer/usr/bin/swift-plugin-server\#FoundationMacros -load-resolved-plugin /Applications/Xcode-27.0.0-Release.Candidate.app/Contents/Developer/Platforms/AppleTVOS.platform/Developer/usr/lib/swift/host/plugins/libObservationMacros.dylib\#/Applications/Xcode-27.0.0-Release.Candidate.app/Contents/Developer/Platforms/AppleTVOS.platform/Developer/usr/bin/swift-plugin-server\#ObservationMacros -load-resolved-plugin /Applications/Xcode-27.0.0-Release.Candidate.app/Contents/Developer/Platforms/AppleTVOS.platform/Developer/usr/lib/swift/host/plugins/libSwiftMacros.dylib\#/Applications/Xcode-27.0.0-Release.Candidate.app/Contents/Developer/Platforms/AppleTVOS.platform/Developer/usr/bin/swift-plugin-server\#SwiftMacros -disable-implicit-swift-modules -Xcc -fno-implicit-modules -Xcc -fno-implicit-module-maps -explicit-swift-module-map-file /Users/admin/builder/spi-builder-workspace/.derivedData/Build/Intermediates.noindex/Hermit.build/Debug-appletvos/Hermit-t.build/Objects-normal/arm64/Hermit-dependencies-1.json -Xllvm -aarch64-use-tbi -enable-objc-interop -stack-check -sdk /Applications/Xcode-27.0.0-Release.Candidate.app/Contents/Developer/Platforms/AppleTVOS.platform/Developer/SDKs/AppleTVOS27.0.sdk -I /Users/admin/builder/spi-builder-workspace/.derivedData/Build/Products/Debug-appletvos -Isystem /Applications/Xcode-27.0.0-Release.Candidate.app/Contents/Developer/Platforms/AppleTVOS.platform/Developer/usr/lib -F /Users/admin/builder/spi-builder-workspace/.derivedData/Build/Products/Debug-appletvos/PackageFrameworks -F /Users/admin/builder/spi-builder-workspace/.derivedData/Build/Products/Debug-appletvos -F /Applications/Xcode-27.0.0-Release.Candidate.app/Contents/Developer/Platforms/AppleTVOS.platform/Developer/Library/Frameworks -F /Applications/Xcode-27.0.0-Release.Candidate.app/Contents/Developer/Platforms/AppleTVOS.platform/Developer/SDKs/AppleTVOS27.0.sdk/Developer/Library/Frameworks -module-cache-path /Users/admin/builder/spi-builder-workspace/.derivedData/Build/Intermediates.noindex/SwiftExplicitPrecompiledModules -no-color-diagnostics -Xcc -fno-color-diagnostics -enable-testing -g -debug-info-format\=dwarf -dwarf-version\=4 -profile-generate -profile-coverage-mapping -swift-version 6 -Onone -D SWIFT_PACKAGE -D DEBUG -D SWIFT_MODULE_RESOURCE_BUNDLE_UNAVAILABLE -D Xcode -serialize-debugging-options -enable-experimental-feature DebugDescriptionMacro -empty-abi-descriptor -validate-clang-modules-once -clang-build-session-file /Users/admin/builder/spi-builder-workspace/.derivedData/ModuleCache.noindex/Session.modulevalidation -Xcc -working-directory -Xcc /Users/admin/builder/spi-builder-workspace/.swiftpm/xcode -enable-anonymous-context-mangled-names -file-compilation-dir /Users/admin/builder/spi-builder-workspace/.swiftpm/xcode -Xcc -fmodule-map-file\=/Users/admin/builder/spi-builder-workspace/.derivedData/Build/Intermediates.noindex/GeneratedModuleMaps-appletvos/CNIOLLHTTP.modulemap -Xcc -fmodule-map-file\=/Users/admin/builder/spi-builder-workspace/.derivedData/Build/Intermediates.noindex/GeneratedModuleMaps-appletvos/CNIOBoringSSLShims.modulemap -Xcc -fmodule-map-file\=/Users/admin/builder/spi-builder-workspace/.dependencies/checkouts/swift-nio-ssl/Sources/CNIOBoringSSL/include/module.modulemap -Xcc -fmodule-map-file\=/Users/admin/builder/spi-builder-workspace/.derivedData/Build/Intermediates.noindex/GeneratedModuleMaps-appletvos/CNIOExtrasZlib.modulemap -Xcc -fmodule-map-file\=/Users/admin/builder/spi-builder-workspace/.derivedData/Build/Intermediates.noindex/GeneratedModuleMaps-appletvos/CNIOPosix.modulemap -Xcc -fmodule-map-file\=/Users/admin/builder/spi-builder-workspace/.derivedData/Build/Intermediates.noindex/GeneratedModuleMaps-appletvos/CNIOWASI.modulemap -Xcc -fmodule-map-file\=/Users/admin/builder/spi-builder-workspace/.dependencies/checkouts/swift-nio/Sources/CNIOWindows/include/module.modulemap -Xcc -fmodule-map-file\=/Users/admin/builder/spi-builder-workspace/.derivedData/Build/Intermediates.noindex/GeneratedModuleMaps-appletvos/CNIOLinux.modulemap -Xcc -fmodule-map-file\=/Users/admin/builder/spi-builder-workspace/.derivedData/Build/Intermediates.noindex/GeneratedModuleMaps-appletvos/CNIODarwin.modulemap -Xcc -fmodule-map-file\=/Users/admin/builder/spi-builder-workspace/.derivedData/Build/Intermediates.noindex/GeneratedModuleMaps-appletvos/CNIOFreeBSD.modulemap -Xcc -fmodule-map-file\=/Users/admin/builder/spi-builder-workspace/.derivedData/Build/Intermediates.noindex/GeneratedModuleMaps-appletvos/CNIOOpenBSD.modulemap -Xcc -fmodule-map-file\=/Users/admin/builder/spi-builder-workspace/.derivedData/Build/Intermediates.noindex/GeneratedModuleMaps-appletvos/CNIOAtomics.modulemap -Xcc -fmodule-map-file\=/Users/admin/builder/spi-builder-workspace/.dependencies/checkouts/swift-atomics/Sources/_AtomicsShims/include/module.modulemap -Xcc -fmodule-map-file\=/Users/admin/builder/spi-builder-workspace/.dependencies/checkouts/swift-numerics/Sources/_NumericsShims/include/module.modulemap -Xcc -fmodule-map-file\=/Users/admin/builder/spi-builder-workspace/.dependencies/checkouts/swift-system/Sources/CSystem/include/module.modulemap -Xcc -fmodule-map-file\=/Users/admin/builder/spi-builder-workspace/.derivedData/Build/Intermediates.noindex/GeneratedModuleMaps-appletvos/CAsyncHTTPClient.modulemap -Xcc -D_LIBCPP_HARDENING_MODE\=_LIBCPP_HARDENING_MODE_DEBUG -Xcc -ivfsstatcache -Xcc /Users/admin/builder/spi-builder-workspace/.derivedData/SDKStatCaches.noindex/appletvos27.0-24J360-e829b21a6f8c9b70876ba0858053c044b32bfd8d43560033f8d89884cdb90028.sdkstatcache -Xcc -fmodules-prune-interval\=86400 -Xcc -fmodules-prune-after\=345600 -Xcc -I/Users/admin/builder/spi-builder-workspace/.dependencies/checkouts/swift-nio/Sources/CNIOLLHTTP/include -Xcc -I/Users/admin/builder/spi-builder-workspace/.dependencies/checkouts/swift-nio-ssl/Sources/CNIOBoringSSLShims/include -Xcc -I/Users/admin/builder/spi-builder-workspace/.dependencies/checkouts/swift-nio-ssl/Sources/CNIOBoringSSL/include -Xcc -I/Users/admin/builder/spi-builder-workspace/.dependencies/checkouts/swift-nio-extras/Sources/CNIOExtrasZlib/include -Xcc -I/Users/admin/builder/spi-builder-workspace/.dependencies/checkouts/swift-nio/Sources/CNIOPosix/include -Xcc -I/Users/admin/builder/spi-builder-workspace/.dependencies/checkouts/swift-nio/Sources/CNIOWASI/include -Xcc -I/Users/admin/builder/spi-builder-workspace/.dependencies/checkouts/swift-nio/Sources/CNIOWindows/include -Xcc -I/Users/admin/builder/spi-builder-workspace/.dependencies/checkouts/swift-nio/Sources/CNIOLinux/include -Xcc -I/Users/admin/builder/spi-builder-workspace/.dependencies/checkouts/swift-nio/Sources/CNIODarwin/include -Xcc -I/Users/admin/builder/spi-builder-workspace/.dependencies/checkouts/swift-nio/Sources/CNIOFreeBSD/include -Xcc -I/Users/admin/builder/spi-builder-workspace/.dependencies/checkouts/swift-nio/Sources/CNIOOpenBSD/include -Xcc -I/Users/admin/builder/spi-builder-workspace/.dependencies/checkouts/swift-nio/Sources/CNIOAtomics/include -Xcc -I/Users/admin/builder/spi-builder-workspace/.dependencies/checkouts/swift-atomics/Sources/_AtomicsShims/include -Xcc -I/Users/admin/builder/spi-builder-workspace/.dependencies/checkouts/swift-numerics/Sources/_NumericsShims/include -Xcc -I/Users/admin/builder/spi-builder-workspace/.dependencies/checkouts/swift-system/Sources/CSystem/include -Xcc -I/Users/admin/builder/spi-builder-workspace/.dependencies/checkouts/async-http-client/Sources/CAsyncHTTPClient/include -Xcc -I/Users/admin/builder/spi-builder-workspace/.derivedData/Build/Products/Debug-appletvos/include -Xcc -I/Users/admin/builder/spi-builder-workspace/.derivedData/Build/Intermediates.noindex/Hermit.build/Debug-appletvos/Hermit-t.build/DerivedSources-normal/arm64 -Xcc -I/Users/admin/builder/spi-builder-workspace/.derivedData/Build/Intermediates.noindex/Hermit.build/Debug-appletvos/Hermit-t.build/DerivedSources/arm64 -Xcc -I/Users/admin/builder/spi-builder-workspace/.derivedData/Build/Intermediates.noindex/Hermit.build/Debug-appletvos/Hermit-t.build/DerivedSources -Xcc -DSWIFT_PACKAGE -Xcc -DDEBUG\=1 -no-auto-bridging-header-chaining -module-name Hermit -package-name spi_builder_workspace -const-gather-protocols-file /Users/admin/builder/spi-builder-workspace/.derivedData/Build/Intermediates.noindex/Hermit.build/Debug-appletvos/Hermit-t.build/Objects-normal/arm64/Hermit_const_extract_protocols.json -disable-clang-spi -clang-target arm64-apple-tvos27.0 -target-sdk-version 27.0 -target-sdk-name appletvos27.0 -in-process-plugin-server-path /Applications/Xcode-27.0.0-Release.Candidate.app/Contents/Developer/Toolchains/XcodeDefault.xctoolchain/usr/lib/swift/host/libSwiftInProcPluginServer.dylib -emit-module-doc-path /Users/admin/builder/spi-builder-workspace/.derivedData/Build/Intermediates.noindex/Hermit.build/Debug-appletvos/Hermit-t.build/Objects-normal/arm64/Hermit.swiftdoc -emit-module-source-info-path /Users/admin/builder/spi-builder-workspace/.derivedData/Build/Intermediates.noindex/Hermit.build/Debug-appletvos/Hermit-t.build/Objects-normal/arm64/Hermit.swiftsourceinfo -emit-objc-header-path /Users/admin/builder/spi-builder-workspace/.derivedData/Build/Intermediates.noindex/Hermit.build/Debug-appletvos/Hermit-t.build/Objects-normal/arm64/Hermit-Swift.h -serialize-diagnostics-path /Users/admin/builder/spi-builder-workspace/.derivedData/Build/Intermediates.noindex/Hermit.build/Debug-appletvos/Hermit-t.build/Objects-normal/arm64/Hermit-primary-emit-module.dia -emit-dependencies-path /Users/admin/builder/spi-builder-workspace/.derivedData/Build/Intermediates.noindex/Hermit.build/Debug-appletvos/Hermit-t.build/Objects-normal/arm64/Hermit-primary-emit-module.d -parse-as-library -o /Users/admin/builder/spi-builder-workspace/.derivedData/Build/Intermediates.noindex/Hermit.build/Debug-appletvos/Hermit-t.build/Objects-normal/arm64/Hermit.swiftmodule -emit-abi-descriptor-path /Users/admin/builder/spi-builder-workspace/.derivedData/Build/Intermediates.noindex/Hermit.build/Debug-appletvos/Hermit-t.build/Objects-normal/arm64/Hermit.abi.json
SwiftCompile normal arm64 (in target 'Hermit' from project 'Hermit')
cd /Users/admin/builder/spi-builder-workspace/.swiftpm/xcode
SwiftCompile normal arm64 Compiling\ Hermit.swift,\ Scraper.swift,\ URL+Hermit.swift /Users/admin/builder/spi-builder-workspace/Sources/Hermit/Core/Hermit.swift /Users/admin/builder/spi-builder-workspace/Sources/Hermit/Core/Scraper.swift /Users/admin/builder/spi-builder-workspace/Sources/Hermit/Extensions/URL+Hermit.swift (in target 'Hermit' from project 'Hermit')
SwiftCompile normal arm64 /Users/admin/builder/spi-builder-workspace/Sources/Hermit/Core/Hermit.swift (in target 'Hermit' from project 'Hermit')
cd /Users/admin/builder/spi-builder-workspace/.swiftpm/xcode
builtin-SwiftPerFileCompile Hermit.swift
SwiftCompile normal arm64 /Users/admin/builder/spi-builder-workspace/Sources/Hermit/Core/Scraper.swift (in target 'Hermit' from project 'Hermit')
cd /Users/admin/builder/spi-builder-workspace/.swiftpm/xcode
builtin-SwiftPerFileCompile Scraper.swift
SwiftCompile normal arm64 /Users/admin/builder/spi-builder-workspace/Sources/Hermit/Extensions/URL+Hermit.swift (in target 'Hermit' from project 'Hermit')
cd /Users/admin/builder/spi-builder-workspace/.swiftpm/xcode
builtin-SwiftPerFileCompile URL+Hermit.swift
SwiftCompile normal arm64 Compiling\ ScrapedPage.swift,\ HermitHTTPClient.swift /Users/admin/builder/spi-builder-workspace/Sources/Hermit/Models/ScrapedPage.swift /Users/admin/builder/spi-builder-workspace/Sources/Hermit/Networking/HermitHTTPClient.swift (in target 'Hermit' from project 'Hermit')
SwiftCompile normal arm64 /Users/admin/builder/spi-builder-workspace/Sources/Hermit/Models/ScrapedPage.swift (in target 'Hermit' from project 'Hermit')
cd /Users/admin/builder/spi-builder-workspace/.swiftpm/xcode
builtin-SwiftPerFileCompile ScrapedPage.swift
SwiftCompile normal arm64 /Users/admin/builder/spi-builder-workspace/Sources/Hermit/Networking/HermitHTTPClient.swift (in target 'Hermit' from project 'Hermit')
cd /Users/admin/builder/spi-builder-workspace/.swiftpm/xcode
builtin-SwiftPerFileCompile HermitHTTPClient.swift
SwiftCompile normal arm64 Compiling\ DomainPolicy.swift,\ StatusCodeFilter.swift,\ URLFilter.swift /Users/admin/builder/spi-builder-workspace/Sources/Hermit/Filtering/DomainPolicy.swift /Users/admin/builder/spi-builder-workspace/Sources/Hermit/Filtering/StatusCodeFilter.swift /Users/admin/builder/spi-builder-workspace/Sources/Hermit/Filtering/URLFilter.swift (in target 'Hermit' from project 'Hermit')
SwiftCompile normal arm64 /Users/admin/builder/spi-builder-workspace/Sources/Hermit/Filtering/DomainPolicy.swift (in target 'Hermit' from project 'Hermit')
cd /Users/admin/builder/spi-builder-workspace/.swiftpm/xcode
builtin-SwiftPerFileCompile DomainPolicy.swift
SwiftCompile normal arm64 /Users/admin/builder/spi-builder-workspace/Sources/Hermit/Filtering/StatusCodeFilter.swift (in target 'Hermit' from project 'Hermit')
cd /Users/admin/builder/spi-builder-workspace/.swiftpm/xcode
builtin-SwiftPerFileCompile StatusCodeFilter.swift
SwiftCompile normal arm64 /Users/admin/builder/spi-builder-workspace/Sources/Hermit/Filtering/URLFilter.swift (in target 'Hermit' from project 'Hermit')
cd /Users/admin/builder/spi-builder-workspace/.swiftpm/xcode
builtin-SwiftPerFileCompile URLFilter.swift
SwiftCompile normal arm64 Compiling\ HermitError.swift,\ PageMetadata.swift /Users/admin/builder/spi-builder-workspace/Sources/Hermit/Models/HermitError.swift /Users/admin/builder/spi-builder-workspace/Sources/Hermit/Models/PageMetadata.swift (in target 'Hermit' from project 'Hermit')
SwiftCompile normal arm64 /Users/admin/builder/spi-builder-workspace/Sources/Hermit/Models/HermitError.swift (in target 'Hermit' from project 'Hermit')
cd /Users/admin/builder/spi-builder-workspace/.swiftpm/xcode
builtin-SwiftPerFileCompile HermitError.swift
SwiftCompile normal arm64 /Users/admin/builder/spi-builder-workspace/Sources/Hermit/Models/PageMetadata.swift (in target 'Hermit' from project 'Hermit')
cd /Users/admin/builder/spi-builder-workspace/.swiftpm/xcode
builtin-SwiftPerFileCompile PageMetadata.swift
SwiftDriverJobDiscovery normal arm64 Compiling BestEffortHashableTLSConfiguration.swift, Configuration+BrowserLike.swift, ConnectionPool.swift, HTTP1ProxyConnectHandler.swift, SOCKSEventsHandler.swift, TLSEventsHandler.swift, HTTP1ClientChannelHandler.swift (in target 'AsyncHTTPClient' from project 'async-http-client')
SwiftCompile normal arm64 Compiling\ CrawlConfiguration.swift,\ HermitConfiguration.swift,\ MarkdownOptions.swift /Users/admin/builder/spi-builder-workspace/Sources/Hermit/Configuration/CrawlConfiguration.swift /Users/admin/builder/spi-builder-workspace/Sources/Hermit/Configuration/HermitConfiguration.swift /Users/admin/builder/spi-builder-workspace/Sources/Hermit/Configuration/MarkdownOptions.swift (in target 'Hermit' from project 'Hermit')
SwiftCompile normal arm64 /Users/admin/builder/spi-builder-workspace/Sources/Hermit/Configuration/CrawlConfiguration.swift (in target 'Hermit' from project 'Hermit')
cd /Users/admin/builder/spi-builder-workspace/.swiftpm/xcode
builtin-SwiftPerFileCompile CrawlConfiguration.swift
SwiftCompile normal arm64 /Users/admin/builder/spi-builder-workspace/Sources/Hermit/Configuration/HermitConfiguration.swift (in target 'Hermit' from project 'Hermit')
cd /Users/admin/builder/spi-builder-workspace/.swiftpm/xcode
builtin-SwiftPerFileCompile HermitConfiguration.swift
SwiftCompile normal arm64 /Users/admin/builder/spi-builder-workspace/Sources/Hermit/Configuration/MarkdownOptions.swift (in target 'Hermit' from project 'Hermit')
cd /Users/admin/builder/spi-builder-workspace/.swiftpm/xcode
builtin-SwiftPerFileCompile MarkdownOptions.swift
SwiftDriverJobDiscovery normal arm64 Compiling RequestOptions.swift, HTTPConnectionPool+Backoff.swift, HTTPConnectionPool+HTTP1Connections.swift, HTTPConnectionPool+HTTP1StateMachine.swift, HTTPConnectionPool+HTTP2Connections.swift, HTTPConnectionPool+HTTP2StateMachine.swift, HTTPConnectionPool+RequestQueue.swift (in target 'AsyncHTTPClient' from project 'async-http-client')
SwiftCompile normal arm64 Compiling\ RateLimiter.swift,\ HTMLParser.swift /Users/admin/builder/spi-builder-workspace/Sources/Hermit/Networking/RateLimiter.swift /Users/admin/builder/spi-builder-workspace/Sources/Hermit/Parsing/HTMLParser.swift (in target 'Hermit' from project 'Hermit')
SwiftCompile normal arm64 /Users/admin/builder/spi-builder-workspace/Sources/Hermit/Networking/RateLimiter.swift (in target 'Hermit' from project 'Hermit')
cd /Users/admin/builder/spi-builder-workspace/.swiftpm/xcode
builtin-SwiftPerFileCompile RateLimiter.swift
SwiftCompile normal arm64 /Users/admin/builder/spi-builder-workspace/Sources/Hermit/Parsing/HTMLParser.swift (in target 'Hermit' from project 'Hermit')
cd /Users/admin/builder/spi-builder-workspace/.swiftpm/xcode
builtin-SwiftPerFileCompile HTMLParser.swift
SwiftDriverJobDiscovery normal arm64 Compiling HermitError.swift, PageMetadata.swift (in target 'Hermit' from project 'Hermit')
SwiftCompile normal arm64 Compiling\ URLPattern.swift,\ CrawlResult.swift,\ CrawledPage.swift /Users/admin/builder/spi-builder-workspace/Sources/Hermit/Filtering/URLPattern.swift /Users/admin/builder/spi-builder-workspace/Sources/Hermit/Models/CrawlResult.swift /Users/admin/builder/spi-builder-workspace/Sources/Hermit/Models/CrawledPage.swift (in target 'Hermit' from project 'Hermit')
SwiftCompile normal arm64 /Users/admin/builder/spi-builder-workspace/Sources/Hermit/Filtering/URLPattern.swift (in target 'Hermit' from project 'Hermit')
cd /Users/admin/builder/spi-builder-workspace/.swiftpm/xcode
builtin-SwiftPerFileCompile URLPattern.swift
SwiftCompile normal arm64 /Users/admin/builder/spi-builder-workspace/Sources/Hermit/Models/CrawlResult.swift (in target 'Hermit' from project 'Hermit')
cd /Users/admin/builder/spi-builder-workspace/.swiftpm/xcode
builtin-SwiftPerFileCompile CrawlResult.swift
SwiftCompile normal arm64 /Users/admin/builder/spi-builder-workspace/Sources/Hermit/Models/CrawledPage.swift (in target 'Hermit' from project 'Hermit')
cd /Users/admin/builder/spi-builder-workspace/.swiftpm/xcode
builtin-SwiftPerFileCompile CrawledPage.swift
PruneExplicitPrecompiledModules /Users/admin/builder/spi-builder-workspace/.derivedData/Build/Intermediates.noindex/ExplicitPrecompiledModules
PruneExplicitPrecompiledModules /Users/admin/builder/spi-builder-workspace/.derivedData/Build/Intermediates.noindex/SwiftExplicitPrecompiledModules
PruneExplicitPrecompiledModules /Users/admin/builder/spi-builder-workspace/.derivedData/SDKExplicitPrecompiledModules
2026-09-26 08:14:13.381 xcodebuild[1565:8075] [MT] IDERunDestination: Supported platforms for the buildables in the current scheme is empty.
** BUILD FAILED **
The following build commands failed:
SwiftEmitModule normal arm64 Emitting\ module\ for\ Hermit (in target 'Hermit' from project 'Hermit')
SwiftCompile normal arm64 (in target 'Hermit' from project 'Hermit')
Building workspace Hermit with scheme Hermit-Package
(3 failures)
Command line invocation:
/Applications/Xcode-27.0.0-Release.Candidate.app/Contents/Developer/usr/bin/xcodebuild -IDEClonedSourcePackagesDirPathOverride=/Users/admin/builder/spi-builder-workspace/.dependencies -resolvePackageDependencies
Resolve Package Graph
Resolved source packages:
swift-asn1: https://github.com/apple/swift-asn1.git @ 1.7.3
swift-numerics: https://github.com/apple/swift-numerics.git @ 1.1.1
swift-log: https://github.com/apple/swift-log.git @ 1.15.1
swift-collections: https://github.com/apple/swift-collections.git @ 1.7.1
swift-service-context: https://github.com/apple/swift-service-context.git @ 1.3.0
Hermit: /Users/admin/builder/spi-builder-workspace
swift-nio: https://github.com/apple/swift-nio.git @ 2.103.0
swift-crypto: https://github.com/apple/swift-crypto.git @ 5.0.0
swift-certificates: https://github.com/apple/swift-certificates.git @ 1.21.0
swift-argument-parser: https://github.com/apple/swift-argument-parser.git @ 1.8.2
swift-nio-extras: https://github.com/apple/swift-nio-extras.git @ 1.35.1
swift-configuration: https://github.com/apple/swift-configuration.git @ 1.2.1
swift-nio-http2: https://github.com/apple/swift-nio-http2.git @ 1.46.0
swift-async-algorithms: https://github.com/apple/swift-async-algorithms.git @ 1.1.6
swift-http-types: https://github.com/apple/swift-http-types.git @ 1.8.0
async-http-client: https://github.com/swift-server/async-http-client.git @ 1.36.2
swift-nio-transport-services: https://github.com/apple/swift-nio-transport-services.git @ 1.28.0
swift-distributed-tracing: https://github.com/apple/swift-distributed-tracing.git @ 1.5.0
SwiftSoup: https://github.com/scinfu/SwiftSoup.git @ 2.13.9
swift-nio-ssl: https://github.com/apple/swift-nio-ssl.git @ 2.37.5
swift-http-structured-headers: https://github.com/apple/swift-http-structured-headers.git @ 1.7.0
swift-service-lifecycle: https://github.com/swift-server/swift-service-lifecycle @ 2.12.0
swift-system: https://github.com/apple/swift-system @ 1.8.1
swift-algorithms: https://github.com/apple/swift-algorithms.git @ 1.2.1
swift-atomics: https://github.com/apple/swift-atomics.git @ 1.3.1
resolved source packages: swift-asn1, swift-numerics, swift-log, swift-collections, swift-service-context, Hermit, swift-nio, swift-crypto, swift-certificates, swift-argument-parser, swift-nio-extras, swift-configuration, swift-nio-http2, swift-async-algorithms, swift-http-types, async-http-client, swift-nio-transport-services, swift-distributed-tracing, SwiftSoup, swift-nio-ssl, swift-http-structured-headers, swift-service-lifecycle, swift-system, swift-algorithms, swift-atomics
2026-09-26 08:15:03.685 xcodebuild[3353:14206] [MT] IDERunDestination: Supported platforms for the buildables in the current scheme is empty.
{
"dependencies" : [
{
"identity" : "async-http-client",
"requirement" : {
"range" : [
{
"lower_bound" : "1.21.0",
"upper_bound" : "2.0.0"
}
]
},
"type" : "sourceControl",
"url" : "https://github.com/swift-server/async-http-client.git"
},
{
"identity" : "swiftsoup",
"requirement" : {
"range" : [
{
"lower_bound" : "2.13.6",
"upper_bound" : "3.0.0"
}
]
},
"type" : "sourceControl",
"url" : "https://github.com/scinfu/SwiftSoup.git"
},
{
"identity" : "swift-collections",
"requirement" : {
"range" : [
{
"lower_bound" : "1.1.0",
"upper_bound" : "2.0.0"
}
]
},
"type" : "sourceControl",
"url" : "https://github.com/apple/swift-collections.git"
},
{
"identity" : "swift-argument-parser",
"requirement" : {
"range" : [
{
"lower_bound" : "1.3.0",
"upper_bound" : "2.0.0"
}
]
},
"type" : "sourceControl",
"url" : "https://github.com/apple/swift-argument-parser.git"
},
{
"identity" : "swift-log",
"requirement" : {
"range" : [
{
"lower_bound" : "1.5.0",
"upper_bound" : "2.0.0"
}
]
},
"type" : "sourceControl",
"url" : "https://github.com/apple/swift-log.git"
}
],
"manifest_display_name" : "Hermit",
"name" : "Hermit",
"path" : "/Users/admin/builder/spi-builder-workspace",
"platforms" : [
{
"name" : "macos",
"version" : "14.0"
}
],
"products" : [
{
"name" : "Hermit",
"targets" : [
"Hermit"
],
"type" : {
"library" : [
"automatic"
]
}
},
{
"name" : "HermitCLI",
"targets" : [
"HermitCLI"
],
"type" : {
"executable" : null
}
}
],
"targets" : [
{
"c99name" : "HermitTests",
"module_type" : "SwiftTarget",
"name" : "HermitTests",
"path" : "Tests/HermitTests",
"sources" : [
"CrawlFilterTests.swift",
"HermitTests.swift"
],
"target_dependencies" : [
"Hermit"
],
"type" : "test"
},
{
"c99name" : "HermitCLI",
"module_type" : "SwiftTarget",
"name" : "HermitCLI",
"path" : "Sources/HermitCLI",
"product_dependencies" : [
"ArgumentParser",
"Logging"
],
"product_memberships" : [
"HermitCLI"
],
"sources" : [
"HermitCLI.swift"
],
"target_dependencies" : [
"Hermit"
],
"type" : "executable"
},
{
"c99name" : "Hermit",
"module_type" : "SwiftTarget",
"name" : "Hermit",
"path" : "Sources/Hermit",
"product_dependencies" : [
"AsyncHTTPClient",
"SwiftSoup",
"Collections",
"Logging"
],
"product_memberships" : [
"Hermit",
"HermitCLI"
],
"sources" : [
"Configuration/CrawlConfiguration.swift",
"Configuration/HermitConfiguration.swift",
"Configuration/MarkdownOptions.swift",
"Configuration/NetworkConfiguration.swift",
"Configuration/ScrapeConfiguration.swift",
"Core/CrawlDriver.swift",
"Core/Hermit.swift",
"Core/Scraper.swift",
"Extensions/URL+Hermit.swift",
"Filtering/BinaryContentFilter.swift",
"Filtering/ContentTypeFilter.swift",
"Filtering/CrawlFilter.swift",
"Filtering/DomainPolicy.swift",
"Filtering/StatusCodeFilter.swift",
"Filtering/URLFilter.swift",
"Filtering/URLPattern.swift",
"Models/CrawlResult.swift",
"Models/CrawledPage.swift",
"Models/HermitError.swift",
"Models/PageMetadata.swift",
"Models/ScrapedPage.swift",
"Networking/HermitHTTPClient.swift",
"Networking/RateLimiter.swift",
"Parsing/HTMLParser.swift",
"Parsing/MarkdownConverter.swift",
"Processing/PageProcessor.swift"
],
"type" : "library"
}
],
"tools_version" : "6.1"
}
{
"workspace" : {
"name" : "Hermit",
"schemes" : [
"Hermit",
"Hermit-Package",
"HermitCLI"
]
}
}
2026-09-26 08:15:07.009 xcodebuild[3369:14324] [MT] IDERunDestination: Supported platforms for the buildables in the current scheme is empty.
Running build ...
env DEVELOPER_DIR=/Applications/Xcode-27.0.0-Release.Candidate.app xcrun xcodebuild -IDEClonedSourcePackagesDirPathOverride=$PWD/.dependencies -skipMacroValidation -skipPackagePluginValidation -derivedDataPath $PWD/.derivedData build -scheme Hermit-Package -destination generic/platform=tvOS
Command line invocation:
/Applications/Xcode-27.0.0-Release.Candidate.app/Contents/Developer/usr/bin/xcodebuild -IDEClonedSourcePackagesDirPathOverride=/Users/admin/builder/spi-builder-workspace/.dependencies -skipMacroValidation -skipPackagePluginValidation -derivedDataPath /Users/admin/builder/spi-builder-workspace/.derivedData build -scheme Hermit-Package -destination generic/platform=tvOS
Resolve Package Graph
Resolved source packages:
swift-service-context: https://github.com/apple/swift-service-context.git @ 1.3.0
swift-argument-parser: https://github.com/apple/swift-argument-parser.git @ 1.8.2
swift-http-types: https://github.com/apple/swift-http-types.git @ 1.8.0
swift-crypto: https://github.com/apple/swift-crypto.git @ 5.0.0
swift-collections: https://github.com/apple/swift-collections.git @ 1.7.1
swift-nio-http2: https://github.com/apple/swift-nio-http2.git @ 1.46.0
swift-system: https://github.com/apple/swift-system @ 1.8.1
swift-numerics: https://github.com/apple/swift-numerics.git @ 1.1.1
swift-nio-transport-services: https://github.com/apple/swift-nio-transport-services.git @ 1.28.0
async-http-client: https://github.com/swift-server/async-http-client.git @ 1.36.2
SwiftSoup: https://github.com/scinfu/SwiftSoup.git @ 2.13.9
swift-nio-ssl: https://github.com/apple/swift-nio-ssl.git @ 2.37.5
swift-asn1: https://github.com/apple/swift-asn1.git @ 1.7.3
swift-atomics: https://github.com/apple/swift-atomics.git @ 1.3.1
swift-http-structured-headers: https://github.com/apple/swift-http-structured-headers.git @ 1.7.0
swift-algorithms: https://github.com/apple/swift-algorithms.git @ 1.2.1
swift-nio: https://github.com/apple/swift-nio.git @ 2.103.0
swift-service-lifecycle: https://github.com/swift-server/swift-service-lifecycle @ 2.12.0
swift-distributed-tracing: https://github.com/apple/swift-distributed-tracing.git @ 1.5.0
Hermit: /Users/admin/builder/spi-builder-workspace
swift-nio-extras: https://github.com/apple/swift-nio-extras.git @ 1.35.1
swift-certificates: https://github.com/apple/swift-certificates.git @ 1.21.0
swift-configuration: https://github.com/apple/swift-configuration.git @ 1.2.1
swift-log: https://github.com/apple/swift-log.git @ 1.15.1
swift-async-algorithms: https://github.com/apple/swift-async-algorithms.git @ 1.1.6
ComputePackagePrebuildTargetDependencyGraph
Prepare packages
CreateBuildRequest
SendProjectDescription
CreateBuildOperation
ComputeTargetDependencyGraph
note: Building targets in dependency order
note: Target dependency graph (85 targets)
Target 'HermitCLI-product' in project 'Hermit'
➜ Explicit dependency on target 'Hermit' in project 'Hermit'
➜ Explicit dependency on target 'AsyncHTTPClient-product' in project 'async-http-client'
➜ Explicit dependency on target 'SwiftSoup-product' in project 'SwiftSoup'
➜ Explicit dependency on target 'Collections-product' in project 'swift-collections'
➜ Explicit dependency on target 'Logging-product' in project 'swift-log'
➜ Explicit dependency on target 'ArgumentParser-product' in project 'swift-argument-parser'
Target 'ArgumentParser-product' in project 'swift-argument-parser'
➜ Explicit dependency on target 'ArgumentParser' in project 'swift-argument-parser'
➜ Explicit dependency on target 'ArgumentParserToolInfo' in project 'swift-argument-parser'
Target 'ArgumentParser' in project 'swift-argument-parser'
➜ Explicit dependency on target 'ArgumentParserToolInfo' in project 'swift-argument-parser'
Target 'ArgumentParserToolInfo' in project 'swift-argument-parser' (no dependencies)
Target 'Hermit-product' in project 'Hermit'
➜ Explicit dependency on target 'Hermit' in project 'Hermit'
➜ Explicit dependency on target 'AsyncHTTPClient-product' in project 'async-http-client'
➜ Explicit dependency on target 'SwiftSoup-product' in project 'SwiftSoup'
➜ Explicit dependency on target 'Collections-product' in project 'swift-collections'
➜ Explicit dependency on target 'Logging-product' in project 'swift-log'
Target 'Hermit' in project 'Hermit'
➜ Explicit dependency on target 'AsyncHTTPClient-product' in project 'async-http-client'
➜ Explicit dependency on target 'SwiftSoup-product' in project 'SwiftSoup'
➜ Explicit dependency on target 'Collections-product' in project 'swift-collections'
➜ Explicit dependency on target 'Logging-product' in project 'swift-log'
Target 'Collections-product' in project 'swift-collections'
➜ Explicit dependency on target 'Collections' in project 'swift-collections'
➜ Explicit dependency on target 'InternalCollectionsUtilities' in project 'swift-collections'
➜ Explicit dependency on target 'BitCollections' in project 'swift-collections'
➜ Explicit dependency on target 'SpanPreview' in project 'swift-collections'
➜ Explicit dependency on target 'DequeModule' in project 'swift-collections'
➜ Explicit dependency on target 'HashTreeCollections' in project 'swift-collections'
➜ Explicit dependency on target 'HeapModule' in project 'swift-collections'
➜ Explicit dependency on target 'OrderedCollections' in project 'swift-collections'
➜ Explicit dependency on target '_RopeModule' in project 'swift-collections'
Target 'Collections' in project 'swift-collections'
➜ Explicit dependency on target 'InternalCollectionsUtilities' in project 'swift-collections'
➜ Explicit dependency on target 'BitCollections' in project 'swift-collections'
➜ Explicit dependency on target 'SpanPreview' in project 'swift-collections'
➜ Explicit dependency on target 'DequeModule' in project 'swift-collections'
➜ Explicit dependency on target 'HashTreeCollections' in project 'swift-collections'
➜ Explicit dependency on target 'HeapModule' in project 'swift-collections'
➜ Explicit dependency on target 'OrderedCollections' in project 'swift-collections'
➜ Explicit dependency on target '_RopeModule' in project 'swift-collections'
Target '_RopeModule' in project 'swift-collections'
➜ Explicit dependency on target 'InternalCollectionsUtilities' in project 'swift-collections'
Target 'OrderedCollections' in project 'swift-collections'
➜ Explicit dependency on target 'InternalCollectionsUtilities' in project 'swift-collections'
Target 'HeapModule' in project 'swift-collections'
➜ Explicit dependency on target 'InternalCollectionsUtilities' in project 'swift-collections'
Target 'HashTreeCollections' in project 'swift-collections'
➜ Explicit dependency on target 'InternalCollectionsUtilities' in project 'swift-collections'
Target 'BitCollections' in project 'swift-collections'
➜ Explicit dependency on target 'InternalCollectionsUtilities' in project 'swift-collections'
Target 'SwiftSoup-product' in project 'SwiftSoup'
➜ Explicit dependency on target 'SwiftSoup' in project 'SwiftSoup'
Target 'SwiftSoup' in project 'SwiftSoup' (no dependencies)
Target 'AsyncHTTPClient-product' in project 'async-http-client'
➜ Explicit dependency on target 'AsyncHTTPClient' in project 'async-http-client'
➜ Explicit dependency on target 'CAsyncHTTPClient' in project 'async-http-client'
➜ Explicit dependency on target 'NIO-product' in project 'swift-nio'
➜ Explicit dependency on target 'NIOTLS-product' in project 'swift-nio'
➜ Explicit dependency on target 'NIOCore-product' in project 'swift-nio'
➜ Explicit dependency on target 'NIOPosix-product' in project 'swift-nio'
➜ Explicit dependency on target 'NIOHTTP1-product' in project 'swift-nio'
➜ Explicit dependency on target 'NIOConcurrencyHelpers-product' in project 'swift-nio'
➜ Explicit dependency on target 'NIOHTTP2-product' in project 'swift-nio-http2'
➜ Explicit dependency on target 'NIOSSL-product' in project 'swift-nio-ssl'
➜ Explicit dependency on target 'NIOHTTPCompression-product' in project 'swift-nio-extras'
➜ Explicit dependency on target 'NIOSOCKS-product' in project 'swift-nio-extras'
➜ Explicit dependency on target 'NIOTransportServices-product' in project 'swift-nio-transport-services'
➜ Explicit dependency on target 'Atomics-product' in project 'swift-atomics'
➜ Explicit dependency on target 'Algorithms-product' in project 'swift-algorithms'
➜ Explicit dependency on target 'Configuration-product' in project 'swift-configuration'
➜ Explicit dependency on target 'Logging-product' in project 'swift-log'
➜ Explicit dependency on target 'Tracing-product' in project 'swift-distributed-tracing'
➜ Explicit dependency on target 'ServiceContextModule-product' in project 'swift-service-context'
Target 'AsyncHTTPClient' in project 'async-http-client'
➜ Explicit dependency on target 'CAsyncHTTPClient' in project 'async-http-client'
➜ Explicit dependency on target 'NIO-product' in project 'swift-nio'
➜ Explicit dependency on target 'NIOTLS-product' in project 'swift-nio'
➜ Explicit dependency on target 'NIOCore-product' in project 'swift-nio'
➜ Explicit dependency on target 'NIOPosix-product' in project 'swift-nio'
➜ Explicit dependency on target 'NIOHTTP1-product' in project 'swift-nio'
➜ Explicit dependency on target 'NIOConcurrencyHelpers-product' in project 'swift-nio'
➜ Explicit dependency on target 'NIOHTTP2-product' in project 'swift-nio-http2'
➜ Explicit dependency on target 'NIOSSL-product' in project 'swift-nio-ssl'
➜ Explicit dependency on target 'NIOHTTPCompression-product' in project 'swift-nio-extras'
➜ Explicit dependency on target 'NIOSOCKS-product' in project 'swift-nio-extras'
➜ Explicit dependency on target 'NIOTransportServices-product' in project 'swift-nio-transport-services'
➜ Explicit dependency on target 'Atomics-product' in project 'swift-atomics'
➜ Explicit dependency on target 'Algorithms-product' in project 'swift-algorithms'
➜ Explicit dependency on target 'Configuration-product' in project 'swift-configuration'
➜ Explicit dependency on target 'Logging-product' in project 'swift-log'
➜ Explicit dependency on target 'Tracing-product' in project 'swift-distributed-tracing'
➜ Explicit dependency on target 'ServiceContextModule-product' in project 'swift-service-context'
Target 'Tracing-product' in project 'swift-distributed-tracing'
➜ Explicit dependency on target 'Tracing' in project 'swift-distributed-tracing'
➜ Explicit dependency on target 'Instrumentation' in project 'swift-distributed-tracing'
➜ Explicit dependency on target 'ServiceContextModule-product' in project 'swift-service-context'
Target 'Tracing' in project 'swift-distributed-tracing'
➜ Explicit dependency on target 'Instrumentation' in project 'swift-distributed-tracing'
➜ Explicit dependency on target 'ServiceContextModule-product' in project 'swift-service-context'
Target 'Instrumentation' in project 'swift-distributed-tracing'
➜ Explicit dependency on target 'ServiceContextModule-product' in project 'swift-service-context'
Target 'ServiceContextModule-product' in project 'swift-service-context'
➜ Explicit dependency on target 'ServiceContextModule' in project 'swift-service-context'
Target 'ServiceContextModule' in project 'swift-service-context' (no dependencies)
Target 'Logging-product' in project 'swift-log'
➜ Explicit dependency on target 'Logging' in project 'swift-log'
Target 'Logging' in project 'swift-log' (no dependencies)
Target 'Configuration-product' in project 'swift-configuration'
➜ Explicit dependency on target 'Configuration' in project 'swift-configuration'
➜ Explicit dependency on target 'SystemPackage-product' in project 'swift-system'
➜ Explicit dependency on target 'DequeModule-product' in project 'swift-collections'
Target 'Configuration' in project 'swift-configuration'
➜ Explicit dependency on target 'SystemPackage-product' in project 'swift-system'
➜ Explicit dependency on target 'DequeModule-product' in project 'swift-collections'
Target 'SystemPackage-product' in project 'swift-system'
➜ Explicit dependency on target 'SystemPackage' in project 'swift-system'
➜ Explicit dependency on target 'CSystem' in project 'swift-system'
Target 'SystemPackage' in project 'swift-system'
➜ Explicit dependency on target 'CSystem' in project 'swift-system'
Target 'CSystem' in project 'swift-system' (no dependencies)
Target 'Algorithms-product' in project 'swift-algorithms'
➜ Explicit dependency on target 'Algorithms' in project 'swift-algorithms'
➜ Explicit dependency on target 'RealModule-product' in project 'swift-numerics'
Target 'Algorithms' in project 'swift-algorithms'
➜ Explicit dependency on target 'RealModule-product' in project 'swift-numerics'
Target 'RealModule-product' in project 'swift-numerics'
➜ Explicit dependency on target 'RealModule' in project 'swift-numerics'
➜ Explicit dependency on target '_NumericsShims' in project 'swift-numerics'
Target 'RealModule' in project 'swift-numerics'
➜ Explicit dependency on target '_NumericsShims' in project 'swift-numerics'
Target '_NumericsShims' in project 'swift-numerics' (no dependencies)
Target 'NIOTransportServices-product' in project 'swift-nio-transport-services'
➜ Explicit dependency on target 'NIOTransportServices' in project 'swift-nio-transport-services'
➜ Explicit dependency on target 'NIO-product' in project 'swift-nio'
➜ Explicit dependency on target 'NIOCore-product' in project 'swift-nio'
➜ Explicit dependency on target 'NIOFoundationCompat-product' in project 'swift-nio'
➜ Explicit dependency on target 'NIOTLS-product' in project 'swift-nio'
➜ Explicit dependency on target 'Atomics-product' in project 'swift-atomics'
Target 'NIOTransportServices' in project 'swift-nio-transport-services'
➜ Explicit dependency on target 'NIO-product' in project 'swift-nio'
➜ Explicit dependency on target 'NIOCore-product' in project 'swift-nio'
➜ Explicit dependency on target 'NIOFoundationCompat-product' in project 'swift-nio'
➜ Explicit dependency on target 'NIOTLS-product' in project 'swift-nio'
➜ Explicit dependency on target 'Atomics-product' in project 'swift-atomics'
Target 'NIOFoundationCompat-product' in project 'swift-nio'
➜ Explicit dependency on target 'NIOFoundationCompat' in project 'swift-nio'
➜ Explicit dependency on target 'CNIOAtomics' in project 'swift-nio'
➜ Explicit dependency on target 'NIOConcurrencyHelpers' in project 'swift-nio'
➜ Explicit dependency on target '_NIOBase64' in project 'swift-nio'
➜ Explicit dependency on target 'CNIOOpenBSD' in project 'swift-nio'
➜ Explicit dependency on target 'CNIOFreeBSD' in project 'swift-nio'
➜ Explicit dependency on target 'CNIODarwin' in project 'swift-nio'
➜ Explicit dependency on target 'CNIOLinux' in project 'swift-nio'
➜ Explicit dependency on target 'CNIOWindows' in project 'swift-nio'
➜ Explicit dependency on target 'CNIOWASI' in project 'swift-nio'
➜ Explicit dependency on target '_NIODataStructures' in project 'swift-nio'
➜ Explicit dependency on target 'NIOCore' in project 'swift-nio'
➜ Explicit dependency on target 'NIOEmbedded' in project 'swift-nio'
➜ Explicit dependency on target 'CNIOPosix' in project 'swift-nio'
➜ Explicit dependency on target 'NIOPosix' in project 'swift-nio'
➜ Explicit dependency on target 'NIO' in project 'swift-nio'
➜ Explicit dependency on target 'NIOFoundationEssentialsCompat' in project 'swift-nio'
➜ Explicit dependency on target 'DequeModule-product' in project 'swift-collections'
➜ Explicit dependency on target 'Atomics-product' in project 'swift-atomics'
Target 'NIOFoundationCompat' in project 'swift-nio'
➜ Explicit dependency on target 'CNIOAtomics' in project 'swift-nio'
➜ Explicit dependency on target 'NIOConcurrencyHelpers' in project 'swift-nio'
➜ Explicit dependency on target '_NIOBase64' in project 'swift-nio'
➜ Explicit dependency on target 'CNIOOpenBSD' in project 'swift-nio'
➜ Explicit dependency on target 'CNIOFreeBSD' in project 'swift-nio'
➜ Explicit dependency on target 'CNIODarwin' in project 'swift-nio'
➜ Explicit dependency on target 'CNIOLinux' in project 'swift-nio'
➜ Explicit dependency on target 'CNIOWindows' in project 'swift-nio'
➜ Explicit dependency on target 'CNIOWASI' in project 'swift-nio'
➜ Explicit dependency on target '_NIODataStructures' in project 'swift-nio'
➜ Explicit dependency on target 'NIOCore' in project 'swift-nio'
➜ Explicit dependency on target 'NIOEmbedded' in project 'swift-nio'
➜ Explicit dependency on target 'CNIOPosix' in project 'swift-nio'
➜ Explicit dependency on target 'NIOPosix' in project 'swift-nio'
➜ Explicit dependency on target 'NIO' in project 'swift-nio'
➜ Explicit dependency on target 'NIOFoundationEssentialsCompat' in project 'swift-nio'
➜ Explicit dependency on target 'DequeModule-product' in project 'swift-collections'
➜ Explicit dependency on target 'Atomics-product' in project 'swift-atomics'
Target 'NIOFoundationEssentialsCompat' in project 'swift-nio'
➜ Explicit dependency on target 'CNIOAtomics' in project 'swift-nio'
➜ Explicit dependency on target 'NIOConcurrencyHelpers' in project 'swift-nio'
➜ Explicit dependency on target '_NIOBase64' in project 'swift-nio'
➜ Explicit dependency on target 'CNIOOpenBSD' in project 'swift-nio'
➜ Explicit dependency on target 'CNIOFreeBSD' in project 'swift-nio'
➜ Explicit dependency on target 'CNIODarwin' in project 'swift-nio'
➜ Explicit dependency on target 'CNIOLinux' in project 'swift-nio'
➜ Explicit dependency on target 'CNIOWindows' in project 'swift-nio'
➜ Explicit dependency on target 'CNIOWASI' in project 'swift-nio'
➜ Explicit dependency on target '_NIODataStructures' in project 'swift-nio'
➜ Explicit dependency on target 'NIOCore' in project 'swift-nio'
➜ Explicit dependency on target 'DequeModule-product' in project 'swift-collections'
➜ Explicit dependency on target 'Atomics-product' in project 'swift-atomics'
Target 'NIOSOCKS-product' in project 'swift-nio-extras'
➜ Explicit dependency on target 'NIOSOCKS' in project 'swift-nio-extras'
➜ Explicit dependency on target 'NIO-product' in project 'swift-nio'
➜ Explicit dependency on target 'NIOCore-product' in project 'swift-nio'
Target 'NIOSOCKS' in project 'swift-nio-extras'
➜ Explicit dependency on target 'NIO-product' in project 'swift-nio'
➜ Explicit dependency on target 'NIOCore-product' in project 'swift-nio'
Target 'NIOHTTPCompression-product' in project 'swift-nio-extras'
➜ Explicit dependency on target 'NIOHTTPCompression' in project 'swift-nio-extras'
➜ Explicit dependency on target 'CNIOExtrasZlib' in project 'swift-nio-extras'
➜ Explicit dependency on target 'NIO-product' in project 'swift-nio'
➜ Explicit dependency on target 'NIOCore-product' in project 'swift-nio'
➜ Explicit dependency on target 'NIOHTTP1-product' in project 'swift-nio'
Target 'NIOHTTPCompression' in project 'swift-nio-extras'
➜ Explicit dependency on target 'CNIOExtrasZlib' in project 'swift-nio-extras'
➜ Explicit dependency on target 'NIO-product' in project 'swift-nio'
➜ Explicit dependency on target 'NIOCore-product' in project 'swift-nio'
➜ Explicit dependency on target 'NIOHTTP1-product' in project 'swift-nio'
Target 'CNIOExtrasZlib' in project 'swift-nio-extras' (no dependencies)
Target 'NIOSSL-product' in project 'swift-nio-ssl'
➜ Explicit dependency on target 'NIOSSL' in project 'swift-nio-ssl'
➜ Explicit dependency on target 'swift-nio-ssl_NIOSSL' in project 'swift-nio-ssl'
➜ Explicit dependency on target 'CNIOBoringSSL' in project 'swift-nio-ssl'
➜ Explicit dependency on target 'CNIOBoringSSLShims' in project 'swift-nio-ssl'
➜ Explicit dependency on target 'NIO-product' in project 'swift-nio'
➜ Explicit dependency on target 'NIOCore-product' in project 'swift-nio'
➜ Explicit dependency on target 'NIOConcurrencyHelpers-product' in project 'swift-nio'
➜ Explicit dependency on target 'NIOTLS-product' in project 'swift-nio'
Target 'NIOSSL' in project 'swift-nio-ssl'
➜ Explicit dependency on target 'swift-nio-ssl_NIOSSL' in project 'swift-nio-ssl'
➜ Explicit dependency on target 'CNIOBoringSSL' in project 'swift-nio-ssl'
➜ Explicit dependency on target 'CNIOBoringSSLShims' in project 'swift-nio-ssl'
➜ Explicit dependency on target 'NIO-product' in project 'swift-nio'
➜ Explicit dependency on target 'NIOCore-product' in project 'swift-nio'
➜ Explicit dependency on target 'NIOConcurrencyHelpers-product' in project 'swift-nio'
➜ Explicit dependency on target 'NIOTLS-product' in project 'swift-nio'
Target 'CNIOBoringSSLShims' in project 'swift-nio-ssl'
➜ Explicit dependency on target 'CNIOBoringSSL' in project 'swift-nio-ssl'
Target 'CNIOBoringSSL' in project 'swift-nio-ssl' (no dependencies)
Target 'swift-nio-ssl_NIOSSL' in project 'swift-nio-ssl' (no dependencies)
Target 'NIOHTTP2-product' in project 'swift-nio-http2'
➜ Explicit dependency on target 'NIOHTTP2' in project 'swift-nio-http2'
➜ Explicit dependency on target 'NIOHPACK' in project 'swift-nio-http2'
➜ Explicit dependency on target 'NIO-product' in project 'swift-nio'
➜ Explicit dependency on target 'NIOCore-product' in project 'swift-nio'
➜ Explicit dependency on target 'NIOConcurrencyHelpers-product' in project 'swift-nio'
➜ Explicit dependency on target 'NIOHTTP1-product' in project 'swift-nio'
➜ Explicit dependency on target 'NIOTLS-product' in project 'swift-nio'
➜ Explicit dependency on target 'Atomics-product' in project 'swift-atomics'
Target 'NIOHTTP2' in project 'swift-nio-http2'
➜ Explicit dependency on target 'NIOHPACK' in project 'swift-nio-http2'
➜ Explicit dependency on target 'NIO-product' in project 'swift-nio'
➜ Explicit dependency on target 'NIOCore-product' in project 'swift-nio'
➜ Explicit dependency on target 'NIOConcurrencyHelpers-product' in project 'swift-nio'
➜ Explicit dependency on target 'NIOHTTP1-product' in project 'swift-nio'
➜ Explicit dependency on target 'NIOTLS-product' in project 'swift-nio'
➜ Explicit dependency on target 'Atomics-product' in project 'swift-atomics'
Target 'NIOHPACK' in project 'swift-nio-http2'
➜ Explicit dependency on target 'NIO-product' in project 'swift-nio'
➜ Explicit dependency on target 'NIOCore-product' in project 'swift-nio'
➜ Explicit dependency on target 'NIOConcurrencyHelpers-product' in project 'swift-nio'
➜ Explicit dependency on target 'NIOHTTP1-product' in project 'swift-nio'
Target 'NIOConcurrencyHelpers-product' in project 'swift-nio'
➜ Explicit dependency on target 'NIOConcurrencyHelpers' in project 'swift-nio'
➜ Explicit dependency on target 'CNIOAtomics' in project 'swift-nio'
Target 'NIOHTTP1-product' in project 'swift-nio'
➜ Explicit dependency on target 'NIOHTTP1' in project 'swift-nio'
➜ Explicit dependency on target 'CNIOAtomics' in project 'swift-nio'
➜ Explicit dependency on target 'NIOConcurrencyHelpers' in project 'swift-nio'
➜ Explicit dependency on target '_NIOBase64' in project 'swift-nio'
➜ Explicit dependency on target 'CNIOOpenBSD' in project 'swift-nio'
➜ Explicit dependency on target 'CNIOFreeBSD' in project 'swift-nio'
➜ Explicit dependency on target 'CNIODarwin' in project 'swift-nio'
➜ Explicit dependency on target 'CNIOLinux' in project 'swift-nio'
➜ Explicit dependency on target 'CNIOWindows' in project 'swift-nio'
➜ Explicit dependency on target 'CNIOWASI' in project 'swift-nio'
➜ Explicit dependency on target '_NIODataStructures' in project 'swift-nio'
➜ Explicit dependency on target 'NIOCore' in project 'swift-nio'
➜ Explicit dependency on target 'NIOEmbedded' in project 'swift-nio'
➜ Explicit dependency on target 'CNIOPosix' in project 'swift-nio'
➜ Explicit dependency on target 'NIOPosix' in project 'swift-nio'
➜ Explicit dependency on target 'NIO' in project 'swift-nio'
➜ Explicit dependency on target 'CNIOLLHTTP' in project 'swift-nio'
➜ Explicit dependency on target 'DequeModule-product' in project 'swift-collections'
➜ Explicit dependency on target 'Atomics-product' in project 'swift-atomics'
Target 'NIOHTTP1' in project 'swift-nio'
➜ Explicit dependency on target 'CNIOAtomics' in project 'swift-nio'
➜ Explicit dependency on target 'NIOConcurrencyHelpers' in project 'swift-nio'
➜ Explicit dependency on target '_NIOBase64' in project 'swift-nio'
➜ Explicit dependency on target 'CNIOOpenBSD' in project 'swift-nio'
➜ Explicit dependency on target 'CNIOFreeBSD' in project 'swift-nio'
➜ Explicit dependency on target 'CNIODarwin' in project 'swift-nio'
➜ Explicit dependency on target 'CNIOLinux' in project 'swift-nio'
➜ Explicit dependency on target 'CNIOWindows' in project 'swift-nio'
➜ Explicit dependency on target 'CNIOWASI' in project 'swift-nio'
➜ Explicit dependency on target '_NIODataStructures' in project 'swift-nio'
➜ Explicit dependency on target 'NIOCore' in project 'swift-nio'
➜ Explicit dependency on target 'NIOEmbedded' in project 'swift-nio'
➜ Explicit dependency on target 'CNIOPosix' in project 'swift-nio'
➜ Explicit dependency on target 'NIOPosix' in project 'swift-nio'
➜ Explicit dependency on target 'NIO' in project 'swift-nio'
➜ Explicit dependency on target 'CNIOLLHTTP' in project 'swift-nio'
➜ Explicit dependency on target 'DequeModule-product' in project 'swift-collections'
➜ Explicit dependency on target 'Atomics-product' in project 'swift-atomics'
Target 'CNIOLLHTTP' in project 'swift-nio' (no dependencies)
Target 'NIOPosix-product' in project 'swift-nio'
➜ Explicit dependency on target 'NIOPosix' in project 'swift-nio'
➜ Explicit dependency on target 'swift-nio_NIOPosix' in project 'swift-nio'
➜ Explicit dependency on target 'CNIOOpenBSD' in project 'swift-nio'
➜ Explicit dependency on target 'CNIOLinux' in project 'swift-nio'
➜ Explicit dependency on target 'CNIODarwin' in project 'swift-nio'
➜ Explicit dependency on target 'CNIOWindows' in project 'swift-nio'
➜ Explicit dependency on target 'CNIOAtomics' in project 'swift-nio'
➜ Explicit dependency on target 'NIOConcurrencyHelpers' in project 'swift-nio'
➜ Explicit dependency on target '_NIOBase64' in project 'swift-nio'
➜ Explicit dependency on target 'CNIOFreeBSD' in project 'swift-nio'
➜ Explicit dependency on target 'CNIOWASI' in project 'swift-nio'
➜ Explicit dependency on target '_NIODataStructures' in project 'swift-nio'
➜ Explicit dependency on target 'NIOCore' in project 'swift-nio'
➜ Explicit dependency on target 'CNIOPosix' in project 'swift-nio'
➜ Explicit dependency on target 'DequeModule-product' in project 'swift-collections'
➜ Explicit dependency on target 'Atomics-product' in project 'swift-atomics'
Target 'NIOCore-product' in project 'swift-nio'
➜ Explicit dependency on target 'NIOCore' in project 'swift-nio'
➜ Explicit dependency on target 'CNIOAtomics' in project 'swift-nio'
➜ Explicit dependency on target 'NIOConcurrencyHelpers' in project 'swift-nio'
➜ Explicit dependency on target '_NIOBase64' in project 'swift-nio'
➜ Explicit dependency on target 'CNIOOpenBSD' in project 'swift-nio'
➜ Explicit dependency on target 'CNIOFreeBSD' in project 'swift-nio'
➜ Explicit dependency on target 'CNIODarwin' in project 'swift-nio'
➜ Explicit dependency on target 'CNIOLinux' in project 'swift-nio'
➜ Explicit dependency on target 'CNIOWindows' in project 'swift-nio'
➜ Explicit dependency on target 'CNIOWASI' in project 'swift-nio'
➜ Explicit dependency on target '_NIODataStructures' in project 'swift-nio'
➜ Explicit dependency on target 'DequeModule-product' in project 'swift-collections'
➜ Explicit dependency on target 'Atomics-product' in project 'swift-atomics'
Target 'NIOTLS-product' in project 'swift-nio'
➜ Explicit dependency on target 'NIOTLS' in project 'swift-nio'
➜ Explicit dependency on target 'CNIOAtomics' in project 'swift-nio'
➜ Explicit dependency on target 'NIOConcurrencyHelpers' in project 'swift-nio'
➜ Explicit dependency on target '_NIOBase64' in project 'swift-nio'
➜ Explicit dependency on target 'CNIOOpenBSD' in project 'swift-nio'
➜ Explicit dependency on target 'CNIOFreeBSD' in project 'swift-nio'
➜ Explicit dependency on target 'CNIODarwin' in project 'swift-nio'
➜ Explicit dependency on target 'CNIOLinux' in project 'swift-nio'
➜ Explicit dependency on target 'CNIOWindows' in project 'swift-nio'
➜ Explicit dependency on target 'CNIOWASI' in project 'swift-nio'
➜ Explicit dependency on target '_NIODataStructures' in project 'swift-nio'
➜ Explicit dependency on target 'NIOCore' in project 'swift-nio'
➜ Explicit dependency on target 'NIOEmbedded' in project 'swift-nio'
➜ Explicit dependency on target 'CNIOPosix' in project 'swift-nio'
➜ Explicit dependency on target 'NIOPosix' in project 'swift-nio'
➜ Explicit dependency on target 'NIO' in project 'swift-nio'
➜ Explicit dependency on target 'DequeModule-product' in project 'swift-collections'
➜ Explicit dependency on target 'Atomics-product' in project 'swift-atomics'
Target 'NIOTLS' in project 'swift-nio'
➜ Explicit dependency on target 'CNIOAtomics' in project 'swift-nio'
➜ Explicit dependency on target 'NIOConcurrencyHelpers' in project 'swift-nio'
➜ Explicit dependency on target '_NIOBase64' in project 'swift-nio'
➜ Explicit dependency on target 'CNIOOpenBSD' in project 'swift-nio'
➜ Explicit dependency on target 'CNIOFreeBSD' in project 'swift-nio'
➜ Explicit dependency on target 'CNIODarwin' in project 'swift-nio'
➜ Explicit dependency on target 'CNIOLinux' in project 'swift-nio'
➜ Explicit dependency on target 'CNIOWindows' in project 'swift-nio'
➜ Explicit dependency on target 'CNIOWASI' in project 'swift-nio'
➜ Explicit dependency on target '_NIODataStructures' in project 'swift-nio'
➜ Explicit dependency on target 'NIOCore' in project 'swift-nio'
➜ Explicit dependency on target 'NIOEmbedded' in project 'swift-nio'
➜ Explicit dependency on target 'CNIOPosix' in project 'swift-nio'
➜ Explicit dependency on target 'NIOPosix' in project 'swift-nio'
➜ Explicit dependency on target 'NIO' in project 'swift-nio'
➜ Explicit dependency on target 'DequeModule-product' in project 'swift-collections'
➜ Explicit dependency on target 'Atomics-product' in project 'swift-atomics'
Target 'NIO-product' in project 'swift-nio'
➜ Explicit dependency on target 'NIO' in project 'swift-nio'
➜ Explicit dependency on target 'CNIOAtomics' in project 'swift-nio'
➜ Explicit dependency on target 'NIOConcurrencyHelpers' in project 'swift-nio'
➜ Explicit dependency on target '_NIOBase64' in project 'swift-nio'
➜ Explicit dependency on target 'CNIOOpenBSD' in project 'swift-nio'
➜ Explicit dependency on target 'CNIOFreeBSD' in project 'swift-nio'
➜ Explicit dependency on target 'CNIODarwin' in project 'swift-nio'
➜ Explicit dependency on target 'CNIOLinux' in project 'swift-nio'
➜ Explicit dependency on target 'CNIOWindows' in project 'swift-nio'
➜ Explicit dependency on target 'CNIOWASI' in project 'swift-nio'
➜ Explicit dependency on target '_NIODataStructures' in project 'swift-nio'
➜ Explicit dependency on target 'NIOCore' in project 'swift-nio'
➜ Explicit dependency on target 'NIOEmbedded' in project 'swift-nio'
➜ Explicit dependency on target 'CNIOPosix' in project 'swift-nio'
➜ Explicit dependency on target 'NIOPosix' in project 'swift-nio'
➜ Explicit dependency on target 'DequeModule-product' in project 'swift-collections'
➜ Explicit dependency on target 'Atomics-product' in project 'swift-atomics'
Target 'NIO' in project 'swift-nio'
➜ Explicit dependency on target 'CNIOAtomics' in project 'swift-nio'
➜ Explicit dependency on target 'NIOConcurrencyHelpers' in project 'swift-nio'
➜ Explicit dependency on target '_NIOBase64' in project 'swift-nio'
➜ Explicit dependency on target 'CNIOOpenBSD' in project 'swift-nio'
➜ Explicit dependency on target 'CNIOFreeBSD' in project 'swift-nio'
➜ Explicit dependency on target 'CNIODarwin' in project 'swift-nio'
➜ Explicit dependency on target 'CNIOLinux' in project 'swift-nio'
➜ Explicit dependency on target 'CNIOWindows' in project 'swift-nio'
➜ Explicit dependency on target 'CNIOWASI' in project 'swift-nio'
➜ Explicit dependency on target '_NIODataStructures' in project 'swift-nio'
➜ Explicit dependency on target 'NIOCore' in project 'swift-nio'
➜ Explicit dependency on target 'NIOEmbedded' in project 'swift-nio'
➜ Explicit dependency on target 'CNIOPosix' in project 'swift-nio'
➜ Explicit dependency on target 'NIOPosix' in project 'swift-nio'
➜ Explicit dependency on target 'DequeModule-product' in project 'swift-collections'
➜ Explicit dependency on target 'Atomics-product' in project 'swift-atomics'
Target 'NIOPosix' in project 'swift-nio'
➜ Explicit dependency on target 'swift-nio_NIOPosix' in project 'swift-nio'
➜ Explicit dependency on target 'CNIOOpenBSD' in project 'swift-nio'
➜ Explicit dependency on target 'CNIOLinux' in project 'swift-nio'
➜ Explicit dependency on target 'CNIODarwin' in project 'swift-nio'
➜ Explicit dependency on target 'CNIOWindows' in project 'swift-nio'
➜ Explicit dependency on target 'CNIOAtomics' in project 'swift-nio'
➜ Explicit dependency on target 'NIOConcurrencyHelpers' in project 'swift-nio'
➜ Explicit dependency on target '_NIOBase64' in project 'swift-nio'
➜ Explicit dependency on target 'CNIOFreeBSD' in project 'swift-nio'
➜ Explicit dependency on target 'CNIOWASI' in project 'swift-nio'
➜ Explicit dependency on target '_NIODataStructures' in project 'swift-nio'
➜ Explicit dependency on target 'NIOCore' in project 'swift-nio'
➜ Explicit dependency on target 'CNIOPosix' in project 'swift-nio'
➜ Explicit dependency on target 'DequeModule-product' in project 'swift-collections'
➜ Explicit dependency on target 'Atomics-product' in project 'swift-atomics'
Target 'swift-nio_NIOPosix' in project 'swift-nio' (no dependencies)
Target 'CNIOPosix' in project 'swift-nio' (no dependencies)
Target 'NIOEmbedded' in project 'swift-nio'
➜ Explicit dependency on target 'CNIOAtomics' in project 'swift-nio'
➜ Explicit dependency on target 'NIOConcurrencyHelpers' in project 'swift-nio'
➜ Explicit dependency on target '_NIOBase64' in project 'swift-nio'
➜ Explicit dependency on target 'CNIOOpenBSD' in project 'swift-nio'
➜ Explicit dependency on target 'CNIOFreeBSD' in project 'swift-nio'
➜ Explicit dependency on target 'CNIODarwin' in project 'swift-nio'
➜ Explicit dependency on target 'CNIOLinux' in project 'swift-nio'
➜ Explicit dependency on target 'CNIOWindows' in project 'swift-nio'
➜ Explicit dependency on target 'CNIOWASI' in project 'swift-nio'
➜ Explicit dependency on target '_NIODataStructures' in project 'swift-nio'
➜ Explicit dependency on target 'NIOCore' in project 'swift-nio'
➜ Explicit dependency on target 'DequeModule-product' in project 'swift-collections'
➜ Explicit dependency on target 'Atomics-product' in project 'swift-atomics'
Target 'NIOCore' in project 'swift-nio'
➜ Explicit dependency on target 'CNIOAtomics' in project 'swift-nio'
➜ Explicit dependency on target 'NIOConcurrencyHelpers' in project 'swift-nio'
➜ Explicit dependency on target '_NIOBase64' in project 'swift-nio'
➜ Explicit dependency on target 'CNIOOpenBSD' in project 'swift-nio'
➜ Explicit dependency on target 'CNIOFreeBSD' in project 'swift-nio'
➜ Explicit dependency on target 'CNIODarwin' in project 'swift-nio'
➜ Explicit dependency on target 'CNIOLinux' in project 'swift-nio'
➜ Explicit dependency on target 'CNIOWindows' in project 'swift-nio'
➜ Explicit dependency on target 'CNIOWASI' in project 'swift-nio'
➜ Explicit dependency on target '_NIODataStructures' in project 'swift-nio'
➜ Explicit dependency on target 'DequeModule-product' in project 'swift-collections'
➜ Explicit dependency on target 'Atomics-product' in project 'swift-atomics'
Target 'Atomics-product' in project 'swift-atomics'
➜ Explicit dependency on target 'Atomics' in project 'swift-atomics'
➜ Explicit dependency on target '_AtomicsShims' in project 'swift-atomics'
Target 'Atomics' in project 'swift-atomics'
➜ Explicit dependency on target '_AtomicsShims' in project 'swift-atomics'
Target '_AtomicsShims' in project 'swift-atomics' (no dependencies)
Target 'DequeModule-product' in project 'swift-collections'
➜ Explicit dependency on target 'DequeModule' in project 'swift-collections'
➜ Explicit dependency on target 'InternalCollectionsUtilities' in project 'swift-collections'
➜ Explicit dependency on target 'SpanPreview' in project 'swift-collections'
Target 'DequeModule' in project 'swift-collections'
➜ Explicit dependency on target 'InternalCollectionsUtilities' in project 'swift-collections'
➜ Explicit dependency on target 'SpanPreview' in project 'swift-collections'
Target 'SpanPreview' in project 'swift-collections'
➜ Explicit dependency on target 'InternalCollectionsUtilities' in project 'swift-collections'
Target 'InternalCollectionsUtilities' in project 'swift-collections' (no dependencies)
Target '_NIODataStructures' in project 'swift-nio' (no dependencies)
Target 'CNIOWASI' in project 'swift-nio' (no dependencies)
Target 'CNIOWindows' in project 'swift-nio' (no dependencies)
Target 'CNIOLinux' in project 'swift-nio' (no dependencies)
Target 'CNIODarwin' in project 'swift-nio' (no dependencies)
Target 'CNIOFreeBSD' in project 'swift-nio' (no dependencies)
Target 'CNIOOpenBSD' in project 'swift-nio' (no dependencies)
Target '_NIOBase64' in project 'swift-nio' (no dependencies)
Target 'NIOConcurrencyHelpers' in project 'swift-nio'
➜ Explicit dependency on target 'CNIOAtomics' in project 'swift-nio'
Target 'CNIOAtomics' in project 'swift-nio' (no dependencies)
Target 'CAsyncHTTPClient' in project 'async-http-client' (no dependencies)
GatherProvisioningInputs
CreateBuildDescription
ClangStatCache /Applications/Xcode-27.0.0-Release.Candidate.app/Contents/Developer/Toolchains/XcodeDefault.xctoolchain/usr/bin/clang-stat-cache /Applications/Xcode-27.0.0-Release.Candidate.app/Contents/Developer/Platforms/AppleTVOS.platform/Developer/SDKs/AppleTVOS27.0.sdk /Users/admin/builder/spi-builder-workspace/.derivedData/SDKStatCaches.noindex/appletvos27.0-24J360-e829b21a6f8c9b70876ba0858053c044b32bfd8d43560033f8d89884cdb90028.sdkstatcache
cd /Users/admin/builder/spi-builder-workspace/.swiftpm/xcode
/Applications/Xcode-27.0.0-Release.Candidate.app/Contents/Developer/Toolchains/XcodeDefault.xctoolchain/usr/bin/clang-stat-cache /Applications/Xcode-27.0.0-Release.Candidate.app/Contents/Developer/Platforms/AppleTVOS.platform/Developer/SDKs/AppleTVOS27.0.sdk -o /Users/admin/builder/spi-builder-workspace/.derivedData/SDKStatCaches.noindex/appletvos27.0-24J360-e829b21a6f8c9b70876ba0858053c044b32bfd8d43560033f8d89884cdb90028.sdkstatcache
SwiftDriver AsyncHTTPClient normal arm64 com.apple.xcode.tools.swift.compiler (in target 'AsyncHTTPClient' from project 'async-http-client')
cd /Users/admin/builder/spi-builder-workspace/.swiftpm/xcode
builtin-SwiftDriver -- /Applications/Xcode-27.0.0-Release.Candidate.app/Contents/Developer/Toolchains/XcodeDefault.xctoolchain/usr/bin/swiftc -parse-as-library -module-name AsyncHTTPClient -Onone @/Users/admin/builder/spi-builder-workspace/.derivedData/Build/Intermediates.noindex/async-http-client.build/Debug-appletvos/AsyncHTTPClient-t.build/Objects-normal/arm64/AsyncHTTPClient.SwiftFileList -DSWIFT_PACKAGE -DDEBUG -DSWIFT_MODULE_RESOURCE_BUNDLE_UNAVAILABLE -Xcc -fmodule-map-file\=/Users/admin/builder/spi-builder-workspace/.derivedData/Build/Intermediates.noindex/GeneratedModuleMaps-appletvos/CNIOLLHTTP.modulemap -Xcc -fmodule-map-file\=/Users/admin/builder/spi-builder-workspace/.derivedData/Build/Intermediates.noindex/GeneratedModuleMaps-appletvos/CNIOBoringSSLShims.modulemap -Xcc -fmodule-map-file\=/Users/admin/builder/spi-builder-workspace/.dependencies/checkouts/swift-nio-ssl/Sources/CNIOBoringSSL/include/module.modulemap -Xcc -fmodule-map-file\=/Users/admin/builder/spi-builder-workspace/.derivedData/Build/Intermediates.noindex/GeneratedModuleMaps-appletvos/CNIOExtrasZlib.modulemap -Xcc -fmodule-map-file\=/Users/admin/builder/spi-builder-workspace/.derivedData/Build/Intermediates.noindex/GeneratedModuleMaps-appletvos/CNIOPosix.modulemap -Xcc -fmodule-map-file\=/Users/admin/builder/spi-builder-workspace/.derivedData/Build/Intermediates.noindex/GeneratedModuleMaps-appletvos/CNIOWASI.modulemap -Xcc -fmodule-map-file\=/Users/admin/builder/spi-builder-workspace/.dependencies/checkouts/swift-nio/Sources/CNIOWindows/include/module.modulemap -Xcc -fmodule-map-file\=/Users/admin/builder/spi-builder-workspace/.derivedData/Build/Intermediates.noindex/GeneratedModuleMaps-appletvos/CNIOLinux.modulemap -Xcc -fmodule-map-file\=/Users/admin/builder/spi-builder-workspace/.derivedData/Build/Intermediates.noindex/GeneratedModuleMaps-appletvos/CNIODarwin.modulemap -Xcc -fmodule-map-file\=/Users/admin/builder/spi-builder-workspace/.derivedData/Build/Intermediates.noindex/GeneratedModuleMaps-appletvos/CNIOFreeBSD.modulemap -Xcc -fmodule-map-file\=/Users/admin/builder/spi-builder-workspace/.derivedData/Build/Intermediates.noindex/GeneratedModuleMaps-appletvos/CNIOOpenBSD.modulemap -Xcc -fmodule-map-file\=/Users/admin/builder/spi-builder-workspace/.derivedData/Build/Intermediates.noindex/GeneratedModuleMaps-appletvos/CNIOAtomics.modulemap -Xcc -fmodule-map-file\=/Users/admin/builder/spi-builder-workspace/.dependencies/checkouts/swift-atomics/Sources/_AtomicsShims/include/module.modulemap -Xcc -fmodule-map-file\=/Users/admin/builder/spi-builder-workspace/.dependencies/checkouts/swift-numerics/Sources/_NumericsShims/include/module.modulemap -Xcc -fmodule-map-file\=/Users/admin/builder/spi-builder-workspace/.dependencies/checkouts/swift-system/Sources/CSystem/include/module.modulemap -Xcc -fmodule-map-file\=/Users/admin/builder/spi-builder-workspace/.derivedData/Build/Intermediates.noindex/GeneratedModuleMaps-appletvos/CAsyncHTTPClient.modulemap -DXcode -enable-upcoming-feature MemberImportVisibility -plugin-path /Applications/Xcode-27.0.0-Release.Candidate.app/Contents/Developer/Toolchains/XcodeDefault.xctoolchain/usr/lib/swift/host/plugins/testing -enable-experimental-feature DebugDescriptionMacro -sdk /Applications/Xcode-27.0.0-Release.Candidate.app/Contents/Developer/Platforms/AppleTVOS.platform/Developer/SDKs/AppleTVOS27.0.sdk -target arm64-apple-tvos15.0 -g -module-cache-path /Users/admin/builder/spi-builder-workspace/.derivedData/ModuleCache.noindex -Xfrontend -serialize-debugging-options -profile-coverage-mapping -profile-generate -enable-testing -suppress-warnings -index-store-path /Users/admin/builder/spi-builder-workspace/.derivedData/Index.noindex/DataStore -Xcc -D_LIBCPP_HARDENING_MODE\=_LIBCPP_HARDENING_MODE_DEBUG -swift-version 6 -I /Users/admin/builder/spi-builder-workspace/.derivedData/Build/Products/Debug-appletvos -Isystem /Applications/Xcode-27.0.0-Release.Candidate.app/Contents/Developer/Platforms/AppleTVOS.platform/Developer/usr/lib -F /Users/admin/builder/spi-builder-workspace/.derivedData/Build/Products/Debug-appletvos/PackageFrameworks -F /Users/admin/builder/spi-builder-workspace/.derivedData/Build/Products/Debug-appletvos -F /Applications/Xcode-27.0.0-Release.Candidate.app/Contents/Developer/Platforms/AppleTVOS.platform/Developer/Library/Frameworks -F /Applications/Xcode-27.0.0-Release.Candidate.app/Contents/Developer/Platforms/AppleTVOS.platform/Developer/SDKs/AppleTVOS27.0.sdk/Developer/Library/Frameworks -c -j10 -enable-batch-mode -incremental -Xcc -ivfsstatcache -Xcc /Users/admin/builder/spi-builder-workspace/.derivedData/SDKStatCaches.noindex/appletvos27.0-24J360-e829b21a6f8c9b70876ba0858053c044b32bfd8d43560033f8d89884cdb90028.sdkstatcache -output-file-map /Users/admin/builder/spi-builder-workspace/.derivedData/Build/Intermediates.noindex/async-http-client.build/Debug-appletvos/AsyncHTTPClient-t.build/Objects-normal/arm64/AsyncHTTPClient-OutputFileMap.json -save-temps -no-color-diagnostics -explicit-module-build -module-cache-path /Users/admin/builder/spi-builder-workspace/.derivedData/Build/Intermediates.noindex/SwiftExplicitPrecompiledModules -clang-scanner-module-cache-path /Users/admin/builder/spi-builder-workspace/.derivedData/ModuleCache.noindex -sdk-module-cache-path /Users/admin/builder/spi-builder-workspace/.derivedData/SDKExplicitPrecompiledModules -emit-dependencies -emit-module -emit-module-path /Users/admin/builder/spi-builder-workspace/.derivedData/Build/Intermediates.noindex/async-http-client.build/Debug-appletvos/AsyncHTTPClient-t.build/Objects-normal/arm64/AsyncHTTPClient.swiftmodule -serialize-diagnostics -dependency-scan-serialize-diagnostics-path /Users/admin/builder/spi-builder-workspace/.derivedData/Build/Intermediates.noindex/async-http-client.build/Debug-appletvos/AsyncHTTPClient-t.build/Objects-normal/arm64/AsyncHTTPClient-dependency-scan.dia -user-module-version 1.36.2 -validate-clang-modules-once -clang-build-session-file /Users/admin/builder/spi-builder-workspace/.derivedData/ModuleCache.noindex/Session.modulevalidation -Xcc -fmodules-prune-interval\=86400 -Xcc -fmodules-prune-after\=345600 -package-name async_http_client -emit-const-values -const-gather-protocols-list /Users/admin/builder/spi-builder-workspace/.derivedData/Build/Intermediates.noindex/async-http-client.build/Debug-appletvos/AsyncHTTPClient-t.build/Objects-normal/arm64/AsyncHTTPClient_const_extract_protocols.json -Xcc -I/Users/admin/builder/spi-builder-workspace/.dependencies/checkouts/swift-nio/Sources/CNIOLLHTTP/include -Xcc -I/Users/admin/builder/spi-builder-workspace/.dependencies/checkouts/swift-nio-ssl/Sources/CNIOBoringSSLShims/include -Xcc -I/Users/admin/builder/spi-builder-workspace/.dependencies/checkouts/swift-nio-ssl/Sources/CNIOBoringSSL/include -Xcc -I/Users/admin/builder/spi-builder-workspace/.dependencies/checkouts/swift-nio-extras/Sources/CNIOExtrasZlib/include -Xcc -I/Users/admin/builder/spi-builder-workspace/.dependencies/checkouts/swift-nio/Sources/CNIOPosix/include -Xcc -I/Users/admin/builder/spi-builder-workspace/.dependencies/checkouts/swift-nio/Sources/CNIOWASI/include -Xcc -I/Users/admin/builder/spi-builder-workspace/.dependencies/checkouts/swift-nio/Sources/CNIOWindows/include -Xcc -I/Users/admin/builder/spi-builder-workspace/.dependencies/checkouts/swift-nio/Sources/CNIOLinux/include -Xcc -I/Users/admin/builder/spi-builder-workspace/.dependencies/checkouts/swift-nio/Sources/CNIODarwin/include -Xcc -I/Users/admin/builder/spi-builder-workspace/.dependencies/checkouts/swift-nio/Sources/CNIOFreeBSD/include -Xcc -I/Users/admin/builder/spi-builder-workspace/.dependencies/checkouts/swift-nio/Sources/CNIOOpenBSD/include -Xcc -I/Users/admin/builder/spi-builder-workspace/.dependencies/checkouts/swift-nio/Sources/CNIOAtomics/include -Xcc -I/Users/admin/builder/spi-builder-workspace/.dependencies/checkouts/swift-atomics/Sources/_AtomicsShims/include -Xcc -I/Users/admin/builder/spi-builder-workspace/.dependencies/checkouts/swift-numerics/Sources/_NumericsShims/include -Xcc -I/Users/admin/builder/spi-builder-workspace/.dependencies/checkouts/swift-system/Sources/CSystem/include -Xcc -I/Users/admin/builder/spi-builder-workspace/.dependencies/checkouts/async-http-client/Sources/CAsyncHTTPClient/include -Xcc -I/Users/admin/builder/spi-builder-workspace/.derivedData/Build/Products/Debug-appletvos/include -Xcc -I/Users/admin/builder/spi-builder-workspace/.derivedData/Build/Intermediates.noindex/async-http-client.build/Debug-appletvos/AsyncHTTPClient-t.build/DerivedSources-normal/arm64 -Xcc -I/Users/admin/builder/spi-builder-workspace/.derivedData/Build/Intermediates.noindex/async-http-client.build/Debug-appletvos/AsyncHTTPClient-t.build/DerivedSources/arm64 -Xcc -I/Users/admin/builder/spi-builder-workspace/.derivedData/Build/Intermediates.noindex/async-http-client.build/Debug-appletvos/AsyncHTTPClient-t.build/DerivedSources -Xcc -DSWIFT_PACKAGE -Xcc -DDEBUG\=1 -emit-objc-header -emit-objc-header-path /Users/admin/builder/spi-builder-workspace/.derivedData/Build/Intermediates.noindex/async-http-client.build/Debug-appletvos/AsyncHTTPClient-t.build/Objects-normal/arm64/AsyncHTTPClient-Swift.h -working-directory /Users/admin/builder/spi-builder-workspace/.swiftpm/xcode -experimental-emit-module-separately -disable-cmo
SwiftDriver Hermit normal arm64 com.apple.xcode.tools.swift.compiler (in target 'Hermit' from project 'Hermit')
cd /Users/admin/builder/spi-builder-workspace/.swiftpm/xcode
builtin-SwiftDriver -- /Applications/Xcode-27.0.0-Release.Candidate.app/Contents/Developer/Toolchains/XcodeDefault.xctoolchain/usr/bin/swiftc -parse-as-library -module-name Hermit -Onone @/Users/admin/builder/spi-builder-workspace/.derivedData/Build/Intermediates.noindex/Hermit.build/Debug-appletvos/Hermit-t.build/Objects-normal/arm64/Hermit.SwiftFileList -DSWIFT_PACKAGE -DDEBUG -DSWIFT_MODULE_RESOURCE_BUNDLE_UNAVAILABLE -Xcc -fmodule-map-file\=/Users/admin/builder/spi-builder-workspace/.derivedData/Build/Intermediates.noindex/GeneratedModuleMaps-appletvos/CNIOLLHTTP.modulemap -Xcc -fmodule-map-file\=/Users/admin/builder/spi-builder-workspace/.derivedData/Build/Intermediates.noindex/GeneratedModuleMaps-appletvos/CNIOBoringSSLShims.modulemap -Xcc -fmodule-map-file\=/Users/admin/builder/spi-builder-workspace/.dependencies/checkouts/swift-nio-ssl/Sources/CNIOBoringSSL/include/module.modulemap -Xcc -fmodule-map-file\=/Users/admin/builder/spi-builder-workspace/.derivedData/Build/Intermediates.noindex/GeneratedModuleMaps-appletvos/CNIOExtrasZlib.modulemap -Xcc -fmodule-map-file\=/Users/admin/builder/spi-builder-workspace/.derivedData/Build/Intermediates.noindex/GeneratedModuleMaps-appletvos/CNIOPosix.modulemap -Xcc -fmodule-map-file\=/Users/admin/builder/spi-builder-workspace/.derivedData/Build/Intermediates.noindex/GeneratedModuleMaps-appletvos/CNIOWASI.modulemap -Xcc -fmodule-map-file\=/Users/admin/builder/spi-builder-workspace/.dependencies/checkouts/swift-nio/Sources/CNIOWindows/include/module.modulemap -Xcc -fmodule-map-file\=/Users/admin/builder/spi-builder-workspace/.derivedData/Build/Intermediates.noindex/GeneratedModuleMaps-appletvos/CNIOLinux.modulemap -Xcc -fmodule-map-file\=/Users/admin/builder/spi-builder-workspace/.derivedData/Build/Intermediates.noindex/GeneratedModuleMaps-appletvos/CNIODarwin.modulemap -Xcc -fmodule-map-file\=/Users/admin/builder/spi-builder-workspace/.derivedData/Build/Intermediates.noindex/GeneratedModuleMaps-appletvos/CNIOFreeBSD.modulemap -Xcc -fmodule-map-file\=/Users/admin/builder/spi-builder-workspace/.derivedData/Build/Intermediates.noindex/GeneratedModuleMaps-appletvos/CNIOOpenBSD.modulemap -Xcc -fmodule-map-file\=/Users/admin/builder/spi-builder-workspace/.derivedData/Build/Intermediates.noindex/GeneratedModuleMaps-appletvos/CNIOAtomics.modulemap -Xcc -fmodule-map-file\=/Users/admin/builder/spi-builder-workspace/.dependencies/checkouts/swift-atomics/Sources/_AtomicsShims/include/module.modulemap -Xcc -fmodule-map-file\=/Users/admin/builder/spi-builder-workspace/.dependencies/checkouts/swift-numerics/Sources/_NumericsShims/include/module.modulemap -Xcc -fmodule-map-file\=/Users/admin/builder/spi-builder-workspace/.dependencies/checkouts/swift-system/Sources/CSystem/include/module.modulemap -Xcc -fmodule-map-file\=/Users/admin/builder/spi-builder-workspace/.derivedData/Build/Intermediates.noindex/GeneratedModuleMaps-appletvos/CAsyncHTTPClient.modulemap -DXcode -plugin-path /Applications/Xcode-27.0.0-Release.Candidate.app/Contents/Developer/Toolchains/XcodeDefault.xctoolchain/usr/lib/swift/host/plugins/testing -enable-experimental-feature DebugDescriptionMacro -sdk /Applications/Xcode-27.0.0-Release.Candidate.app/Contents/Developer/Platforms/AppleTVOS.platform/Developer/SDKs/AppleTVOS27.0.sdk -target arm64-apple-tvos15.0 -g -module-cache-path /Users/admin/builder/spi-builder-workspace/.derivedData/ModuleCache.noindex -Xfrontend -serialize-debugging-options -profile-coverage-mapping -profile-generate -enable-testing -index-store-path /Users/admin/builder/spi-builder-workspace/.derivedData/Index.noindex/DataStore -Xcc -D_LIBCPP_HARDENING_MODE\=_LIBCPP_HARDENING_MODE_DEBUG -swift-version 6 -I /Users/admin/builder/spi-builder-workspace/.derivedData/Build/Products/Debug-appletvos -Isystem /Applications/Xcode-27.0.0-Release.Candidate.app/Contents/Developer/Platforms/AppleTVOS.platform/Developer/usr/lib -F /Users/admin/builder/spi-builder-workspace/.derivedData/Build/Products/Debug-appletvos/PackageFrameworks -F /Users/admin/builder/spi-builder-workspace/.derivedData/Build/Products/Debug-appletvos -F /Applications/Xcode-27.0.0-Release.Candidate.app/Contents/Developer/Platforms/AppleTVOS.platform/Developer/Library/Frameworks -F /Applications/Xcode-27.0.0-Release.Candidate.app/Contents/Developer/Platforms/AppleTVOS.platform/Developer/SDKs/AppleTVOS27.0.sdk/Developer/Library/Frameworks -c -j10 -enable-batch-mode -incremental -Xcc -ivfsstatcache -Xcc /Users/admin/builder/spi-builder-workspace/.derivedData/SDKStatCaches.noindex/appletvos27.0-24J360-e829b21a6f8c9b70876ba0858053c044b32bfd8d43560033f8d89884cdb90028.sdkstatcache -output-file-map /Users/admin/builder/spi-builder-workspace/.derivedData/Build/Intermediates.noindex/Hermit.build/Debug-appletvos/Hermit-t.build/Objects-normal/arm64/Hermit-OutputFileMap.json -save-temps -no-color-diagnostics -explicit-module-build -module-cache-path /Users/admin/builder/spi-builder-workspace/.derivedData/Build/Intermediates.noindex/SwiftExplicitPrecompiledModules -clang-scanner-module-cache-path /Users/admin/builder/spi-builder-workspace/.derivedData/ModuleCache.noindex -sdk-module-cache-path /Users/admin/builder/spi-builder-workspace/.derivedData/SDKExplicitPrecompiledModules -emit-dependencies -emit-module -emit-module-path /Users/admin/builder/spi-builder-workspace/.derivedData/Build/Intermediates.noindex/Hermit.build/Debug-appletvos/Hermit-t.build/Objects-normal/arm64/Hermit.swiftmodule -serialize-diagnostics -dependency-scan-serialize-diagnostics-path /Users/admin/builder/spi-builder-workspace/.derivedData/Build/Intermediates.noindex/Hermit.build/Debug-appletvos/Hermit-t.build/Objects-normal/arm64/Hermit-dependency-scan.dia -validate-clang-modules-once -clang-build-session-file /Users/admin/builder/spi-builder-workspace/.derivedData/ModuleCache.noindex/Session.modulevalidation -Xcc -fmodules-prune-interval\=86400 -Xcc -fmodules-prune-after\=345600 -package-name spi_builder_workspace -emit-const-values -const-gather-protocols-list /Users/admin/builder/spi-builder-workspace/.derivedData/Build/Intermediates.noindex/Hermit.build/Debug-appletvos/Hermit-t.build/Objects-normal/arm64/Hermit_const_extract_protocols.json -Xcc -I/Users/admin/builder/spi-builder-workspace/.dependencies/checkouts/swift-nio/Sources/CNIOLLHTTP/include -Xcc -I/Users/admin/builder/spi-builder-workspace/.dependencies/checkouts/swift-nio-ssl/Sources/CNIOBoringSSLShims/include -Xcc -I/Users/admin/builder/spi-builder-workspace/.dependencies/checkouts/swift-nio-ssl/Sources/CNIOBoringSSL/include -Xcc -I/Users/admin/builder/spi-builder-workspace/.dependencies/checkouts/swift-nio-extras/Sources/CNIOExtrasZlib/include -Xcc -I/Users/admin/builder/spi-builder-workspace/.dependencies/checkouts/swift-nio/Sources/CNIOPosix/include -Xcc -I/Users/admin/builder/spi-builder-workspace/.dependencies/checkouts/swift-nio/Sources/CNIOWASI/include -Xcc -I/Users/admin/builder/spi-builder-workspace/.dependencies/checkouts/swift-nio/Sources/CNIOWindows/include -Xcc -I/Users/admin/builder/spi-builder-workspace/.dependencies/checkouts/swift-nio/Sources/CNIOLinux/include -Xcc -I/Users/admin/builder/spi-builder-workspace/.dependencies/checkouts/swift-nio/Sources/CNIODarwin/include -Xcc -I/Users/admin/builder/spi-builder-workspace/.dependencies/checkouts/swift-nio/Sources/CNIOFreeBSD/include -Xcc -I/Users/admin/builder/spi-builder-workspace/.dependencies/checkouts/swift-nio/Sources/CNIOOpenBSD/include -Xcc -I/Users/admin/builder/spi-builder-workspace/.dependencies/checkouts/swift-nio/Sources/CNIOAtomics/include -Xcc -I/Users/admin/builder/spi-builder-workspace/.dependencies/checkouts/swift-atomics/Sources/_AtomicsShims/include -Xcc -I/Users/admin/builder/spi-builder-workspace/.dependencies/checkouts/swift-numerics/Sources/_NumericsShims/include -Xcc -I/Users/admin/builder/spi-builder-workspace/.dependencies/checkouts/swift-system/Sources/CSystem/include -Xcc -I/Users/admin/builder/spi-builder-workspace/.dependencies/checkouts/async-http-client/Sources/CAsyncHTTPClient/include -Xcc -I/Users/admin/builder/spi-builder-workspace/.derivedData/Build/Products/Debug-appletvos/include -Xcc -I/Users/admin/builder/spi-builder-workspace/.derivedData/Build/Intermediates.noindex/Hermit.build/Debug-appletvos/Hermit-t.build/DerivedSources-normal/arm64 -Xcc -I/Users/admin/builder/spi-builder-workspace/.derivedData/Build/Intermediates.noindex/Hermit.build/Debug-appletvos/Hermit-t.build/DerivedSources/arm64 -Xcc -I/Users/admin/builder/spi-builder-workspace/.derivedData/Build/Intermediates.noindex/Hermit.build/Debug-appletvos/Hermit-t.build/DerivedSources -Xcc -DSWIFT_PACKAGE -Xcc -DDEBUG\=1 -emit-objc-header -emit-objc-header-path /Users/admin/builder/spi-builder-workspace/.derivedData/Build/Intermediates.noindex/Hermit.build/Debug-appletvos/Hermit-t.build/Objects-normal/arm64/Hermit-Swift.h -working-directory /Users/admin/builder/spi-builder-workspace/.swiftpm/xcode -experimental-emit-module-separately -disable-cmo
SwiftCompile normal arm64 Compiling\ Hermit.swift,\ Scraper.swift,\ URL+Hermit.swift /Users/admin/builder/spi-builder-workspace/Sources/Hermit/Core/Hermit.swift /Users/admin/builder/spi-builder-workspace/Sources/Hermit/Core/Scraper.swift /Users/admin/builder/spi-builder-workspace/Sources/Hermit/Extensions/URL+Hermit.swift (in target 'Hermit' from project 'Hermit')
SwiftCompile normal arm64 /Users/admin/builder/spi-builder-workspace/Sources/Hermit/Core/Hermit.swift (in target 'Hermit' from project 'Hermit')
cd /Users/admin/builder/spi-builder-workspace/.swiftpm/xcode
builtin-SwiftPerFileCompile Hermit.swift
SwiftCompile normal arm64 /Users/admin/builder/spi-builder-workspace/Sources/Hermit/Core/Scraper.swift (in target 'Hermit' from project 'Hermit')
cd /Users/admin/builder/spi-builder-workspace/.swiftpm/xcode
builtin-SwiftPerFileCompile Scraper.swift
SwiftCompile normal arm64 /Users/admin/builder/spi-builder-workspace/Sources/Hermit/Extensions/URL+Hermit.swift (in target 'Hermit' from project 'Hermit')
cd /Users/admin/builder/spi-builder-workspace/.swiftpm/xcode
builtin-SwiftPerFileCompile URL+Hermit.swift
SwiftCompile normal arm64 Compiling\ NetworkConfiguration.swift,\ ScrapeConfiguration.swift,\ CrawlDriver.swift /Users/admin/builder/spi-builder-workspace/Sources/Hermit/Configuration/NetworkConfiguration.swift /Users/admin/builder/spi-builder-workspace/Sources/Hermit/Configuration/ScrapeConfiguration.swift /Users/admin/builder/spi-builder-workspace/Sources/Hermit/Core/CrawlDriver.swift (in target 'Hermit' from project 'Hermit')
SwiftCompile normal arm64 /Users/admin/builder/spi-builder-workspace/Sources/Hermit/Configuration/NetworkConfiguration.swift (in target 'Hermit' from project 'Hermit')
cd /Users/admin/builder/spi-builder-workspace/.swiftpm/xcode
builtin-SwiftPerFileCompile NetworkConfiguration.swift
SwiftCompile normal arm64 /Users/admin/builder/spi-builder-workspace/Sources/Hermit/Configuration/ScrapeConfiguration.swift (in target 'Hermit' from project 'Hermit')
cd /Users/admin/builder/spi-builder-workspace/.swiftpm/xcode
builtin-SwiftPerFileCompile ScrapeConfiguration.swift
SwiftCompile normal arm64 /Users/admin/builder/spi-builder-workspace/Sources/Hermit/Core/CrawlDriver.swift (in target 'Hermit' from project 'Hermit')
cd /Users/admin/builder/spi-builder-workspace/.swiftpm/xcode
builtin-SwiftPerFileCompile CrawlDriver.swift
SwiftCompile normal arm64 Compiling\ CrawlConfiguration.swift,\ HermitConfiguration.swift,\ MarkdownOptions.swift /Users/admin/builder/spi-builder-workspace/Sources/Hermit/Configuration/CrawlConfiguration.swift /Users/admin/builder/spi-builder-workspace/Sources/Hermit/Configuration/HermitConfiguration.swift /Users/admin/builder/spi-builder-workspace/Sources/Hermit/Configuration/MarkdownOptions.swift (in target 'Hermit' from project 'Hermit')
SwiftCompile normal arm64 /Users/admin/builder/spi-builder-workspace/Sources/Hermit/Configuration/CrawlConfiguration.swift (in target 'Hermit' from project 'Hermit')
cd /Users/admin/builder/spi-builder-workspace/.swiftpm/xcode
builtin-SwiftPerFileCompile CrawlConfiguration.swift
SwiftCompile normal arm64 /Users/admin/builder/spi-builder-workspace/Sources/Hermit/Configuration/HermitConfiguration.swift (in target 'Hermit' from project 'Hermit')
cd /Users/admin/builder/spi-builder-workspace/.swiftpm/xcode
builtin-SwiftPerFileCompile HermitConfiguration.swift
SwiftCompile normal arm64 /Users/admin/builder/spi-builder-workspace/Sources/Hermit/Configuration/MarkdownOptions.swift (in target 'Hermit' from project 'Hermit')
cd /Users/admin/builder/spi-builder-workspace/.swiftpm/xcode
builtin-SwiftPerFileCompile MarkdownOptions.swift
SwiftCompile normal arm64 Compiling\ DomainPolicy.swift,\ StatusCodeFilter.swift /Users/admin/builder/spi-builder-workspace/Sources/Hermit/Filtering/DomainPolicy.swift /Users/admin/builder/spi-builder-workspace/Sources/Hermit/Filtering/StatusCodeFilter.swift (in target 'Hermit' from project 'Hermit')
SwiftCompile normal arm64 /Users/admin/builder/spi-builder-workspace/Sources/Hermit/Filtering/DomainPolicy.swift (in target 'Hermit' from project 'Hermit')
cd /Users/admin/builder/spi-builder-workspace/.swiftpm/xcode
builtin-SwiftPerFileCompile DomainPolicy.swift
SwiftCompile normal arm64 /Users/admin/builder/spi-builder-workspace/Sources/Hermit/Filtering/StatusCodeFilter.swift (in target 'Hermit' from project 'Hermit')
cd /Users/admin/builder/spi-builder-workspace/.swiftpm/xcode
builtin-SwiftPerFileCompile StatusCodeFilter.swift
SwiftCompile normal arm64 Compiling\ RateLimiter.swift,\ HTMLParser.swift /Users/admin/builder/spi-builder-workspace/Sources/Hermit/Networking/RateLimiter.swift /Users/admin/builder/spi-builder-workspace/Sources/Hermit/Parsing/HTMLParser.swift (in target 'Hermit' from project 'Hermit')
/Users/admin/builder/spi-builder-workspace/Sources/Hermit/Networking/RateLimiter.swift:22:29: error: 'ContinuousClock' is only available in tvOS 16.0 or newer
12 | /// The limiter uses `Task.sleep` exclusively — it never blocks a thread, making it safe
13 | /// to use inside `TaskGroup` workers running on NIO event-loop threads.
14 | actor RateLimiter {
| `- note: add '@available' attribute to enclosing actor
15 | /// The configured throughput ceiling.
16 | private let requestsPerSecond: Double
:
20 |
21 | /// The clock instant of the most recent refill, used to compute elapsed time.
22 | private var lastRefill: ContinuousClock.Instant = .now
| `- error: 'ContinuousClock' is only available in tvOS 16.0 or newer
23 |
24 | /// Creates a new rate limiter.
/Users/admin/builder/spi-builder-workspace/Sources/Hermit/Networking/RateLimiter.swift:22:56: error: 'now' is only available in tvOS 16.0 or newer
12 | /// The limiter uses `Task.sleep` exclusively — it never blocks a thread, making it safe
13 | /// to use inside `TaskGroup` workers running on NIO event-loop threads.
14 | actor RateLimiter {
| `- note: add '@available' attribute to enclosing actor
15 | /// The configured throughput ceiling.
16 | private let requestsPerSecond: Double
:
20 |
21 | /// The clock instant of the most recent refill, used to compute elapsed time.
22 | private var lastRefill: ContinuousClock.Instant = .now
| `- error: 'now' is only available in tvOS 16.0 or newer
23 |
24 | /// Creates a new rate limiter.
/Users/admin/builder/spi-builder-workspace/Sources/Hermit/Networking/RateLimiter.swift:50:24: error: 'sleep(for:tolerance:clock:)' is only available in tvOS 16.0 or newer
12 | /// The limiter uses `Task.sleep` exclusively — it never blocks a thread, making it safe
13 | /// to use inside `TaskGroup` workers running on NIO event-loop threads.
14 | actor RateLimiter {
| `- note: add '@available' attribute to enclosing actor
15 | /// The configured throughput ceiling.
16 | private let requestsPerSecond: Double
:
37 | ///
38 | /// - Throws: `CancellationError` if the task is cancelled while sleeping.
39 | func acquire() async throws {
| `- note: add '@available' attribute to enclosing instance method
40 | refill()
41 | logger.trace("Rate limiter acquire called", metadata: ["tokens": "\(tokens)", "limit": "\(requestsPerSecond)"])
:
48 | let sleepDuration = 1.0 / requestsPerSecond
49 | logger.trace("No token available, sleeping", metadata: ["seconds": "\(sleepDuration)"])
50 | try await Task.sleep(for: .seconds(sleepDuration))
| |- error: 'sleep(for:tolerance:clock:)' is only available in tvOS 16.0 or newer
| `- note: add 'if #available' version check
51 | refill()
52 | tokens = max(0, tokens - 1)
/Users/admin/builder/spi-builder-workspace/Sources/Hermit/Networking/RateLimiter.swift:50:36: error: 'seconds' is only available in tvOS 16.0 or newer
12 | /// The limiter uses `Task.sleep` exclusively — it never blocks a thread, making it safe
13 | /// to use inside `TaskGroup` workers running on NIO event-loop threads.
14 | actor RateLimiter {
| `- note: add '@available' attribute to enclosing actor
15 | /// The configured throughput ceiling.
16 | private let requestsPerSecond: Double
:
37 | ///
38 | /// - Throws: `CancellationError` if the task is cancelled while sleeping.
39 | func acquire() async throws {
| `- note: add '@available' attribute to enclosing instance method
40 | refill()
41 | logger.trace("Rate limiter acquire called", metadata: ["tokens": "\(tokens)", "limit": "\(requestsPerSecond)"])
:
48 | let sleepDuration = 1.0 / requestsPerSecond
49 | logger.trace("No token available, sleeping", metadata: ["seconds": "\(sleepDuration)"])
50 | try await Task.sleep(for: .seconds(sleepDuration))
| |- error: 'seconds' is only available in tvOS 16.0 or newer
| `- note: add 'if #available' version check
51 | refill()
52 | tokens = max(0, tokens - 1)
/Users/admin/builder/spi-builder-workspace/Sources/Hermit/Networking/RateLimiter.swift:60:19: error: 'ContinuousClock' is only available in tvOS 16.0 or newer
12 | /// The limiter uses `Task.sleep` exclusively — it never blocks a thread, making it safe
13 | /// to use inside `TaskGroup` workers running on NIO event-loop threads.
14 | actor RateLimiter {
| `- note: add '@available' attribute to enclosing actor
15 | /// The configured throughput ceiling.
16 | private let requestsPerSecond: Double
:
57 | ///
58 | /// Capped at `requestsPerSecond` to prevent burst accumulation during idle periods.
59 | private func refill() {
| `- note: add '@available' attribute to enclosing instance method
60 | let now = ContinuousClock.now
| |- error: 'ContinuousClock' is only available in tvOS 16.0 or newer
| `- note: add 'if #available' version check
61 | let elapsed = lastRefill.duration(to: now)
62 | // Convert the Duration to a Double in seconds for arithmetic.
/Users/admin/builder/spi-builder-workspace/Sources/Hermit/Networking/RateLimiter.swift:60:35: error: 'now' is only available in tvOS 16.0 or newer
12 | /// The limiter uses `Task.sleep` exclusively — it never blocks a thread, making it safe
13 | /// to use inside `TaskGroup` workers running on NIO event-loop threads.
14 | actor RateLimiter {
| `- note: add '@available' attribute to enclosing actor
15 | /// The configured throughput ceiling.
16 | private let requestsPerSecond: Double
:
57 | ///
58 | /// Capped at `requestsPerSecond` to prevent burst accumulation during idle periods.
59 | private func refill() {
| `- note: add '@available' attribute to enclosing instance method
60 | let now = ContinuousClock.now
| |- error: 'now' is only available in tvOS 16.0 or newer
| `- note: add 'if #available' version check
61 | let elapsed = lastRefill.duration(to: now)
62 | // Convert the Duration to a Double in seconds for arithmetic.
/Users/admin/builder/spi-builder-workspace/Sources/Hermit/Networking/RateLimiter.swift:61:34: error: 'duration(to:)' is only available in tvOS 16.0 or newer
12 | /// The limiter uses `Task.sleep` exclusively — it never blocks a thread, making it safe
13 | /// to use inside `TaskGroup` workers running on NIO event-loop threads.
14 | actor RateLimiter {
| `- note: add '@available' attribute to enclosing actor
15 | /// The configured throughput ceiling.
16 | private let requestsPerSecond: Double
:
57 | ///
58 | /// Capped at `requestsPerSecond` to prevent burst accumulation during idle periods.
59 | private func refill() {
| `- note: add '@available' attribute to enclosing instance method
60 | let now = ContinuousClock.now
61 | let elapsed = lastRefill.duration(to: now)
| |- error: 'duration(to:)' is only available in tvOS 16.0 or newer
| `- note: add 'if #available' version check
62 | // Convert the Duration to a Double in seconds for arithmetic.
63 | let seconds = Double(elapsed.components.seconds)
/Users/admin/builder/spi-builder-workspace/Sources/Hermit/Networking/RateLimiter.swift:63:38: error: 'components' is only available in tvOS 16.0 or newer
12 | /// The limiter uses `Task.sleep` exclusively — it never blocks a thread, making it safe
13 | /// to use inside `TaskGroup` workers running on NIO event-loop threads.
14 | actor RateLimiter {
| `- note: add '@available' attribute to enclosing actor
15 | /// The configured throughput ceiling.
16 | private let requestsPerSecond: Double
:
57 | ///
58 | /// Capped at `requestsPerSecond` to prevent burst accumulation during idle periods.
59 | private func refill() {
| `- note: add '@available' attribute to enclosing instance method
60 | let now = ContinuousClock.now
61 | let elapsed = lastRefill.duration(to: now)
62 | // Convert the Duration to a Double in seconds for arithmetic.
63 | let seconds = Double(elapsed.components.seconds)
| |- error: 'components' is only available in tvOS 16.0 or newer
| `- note: add 'if #available' version check
64 | + Double(elapsed.components.attoseconds) * 1e-18
65 | tokens = min(requestsPerSecond, tokens + seconds * requestsPerSecond)
SwiftCompile normal arm64 /Users/admin/builder/spi-builder-workspace/Sources/Hermit/Networking/RateLimiter.swift (in target 'Hermit' from project 'Hermit')
cd /Users/admin/builder/spi-builder-workspace/.swiftpm/xcode
builtin-SwiftPerFileCompile RateLimiter.swift
SwiftCompile normal arm64 /Users/admin/builder/spi-builder-workspace/Sources/Hermit/Parsing/HTMLParser.swift (in target 'Hermit' from project 'Hermit')
cd /Users/admin/builder/spi-builder-workspace/.swiftpm/xcode
builtin-SwiftPerFileCompile HTMLParser.swift
SwiftCompile normal arm64 Compiling\ CrawlResult.swift,\ CrawledPage.swift /Users/admin/builder/spi-builder-workspace/Sources/Hermit/Models/CrawlResult.swift /Users/admin/builder/spi-builder-workspace/Sources/Hermit/Models/CrawledPage.swift (in target 'Hermit' from project 'Hermit')
SwiftCompile normal arm64 /Users/admin/builder/spi-builder-workspace/Sources/Hermit/Models/CrawlResult.swift (in target 'Hermit' from project 'Hermit')
cd /Users/admin/builder/spi-builder-workspace/.swiftpm/xcode
builtin-SwiftPerFileCompile CrawlResult.swift
SwiftCompile normal arm64 /Users/admin/builder/spi-builder-workspace/Sources/Hermit/Models/CrawledPage.swift (in target 'Hermit' from project 'Hermit')
cd /Users/admin/builder/spi-builder-workspace/.swiftpm/xcode
builtin-SwiftPerFileCompile CrawledPage.swift
SwiftCompile normal arm64 Compiling\ URLFilter.swift,\ URLPattern.swift /Users/admin/builder/spi-builder-workspace/Sources/Hermit/Filtering/URLFilter.swift /Users/admin/builder/spi-builder-workspace/Sources/Hermit/Filtering/URLPattern.swift (in target 'Hermit' from project 'Hermit')
/Users/admin/builder/spi-builder-workspace/Sources/Hermit/Filtering/URLPattern.swift:34:44: error: 'Regex' is only available in tvOS 16.0 or newer
19 | /// let pattern = try URLPattern(userProvidedRegex)
20 | /// ```
21 | public struct URLPattern: Sendable, ExpressibleByStringLiteral {
| `- note: add '@available' attribute to enclosing struct
22 | /// The raw regular-expression string this pattern was created from.
23 | public let rawValue: String
:
32 | /// `nonisolated(unsafe)`. This is sound: the value is an immutable `let` and
33 | /// regex matching is a read-only operation.
34 | private nonisolated(unsafe) let regex: Regex<AnyRegexOutput>
| `- error: 'Regex' is only available in tvOS 16.0 or newer
35 |
36 | /// Creates a `URLPattern` from a regular-expression string, throwing if the pattern is invalid.
/Users/admin/builder/spi-builder-workspace/Sources/Hermit/Filtering/URLPattern.swift:42:26: error: 'Regex' is only available in tvOS 16.0 or newer
19 | /// let pattern = try URLPattern(userProvidedRegex)
20 | /// ```
21 | public struct URLPattern: Sendable, ExpressibleByStringLiteral {
| `- note: add '@available' attribute to enclosing struct
22 | /// The raw regular-expression string this pattern was created from.
23 | public let rawValue: String
:
38 | /// - Parameter pattern: A regular-expression string compatible with Swift's `Regex` engine.
39 | /// - Throws: A `Regex` compilation error if the pattern is syntactically invalid.
40 | public init(_ pattern: String) throws {
| `- note: add '@available' attribute to enclosing initializer
41 | self.rawValue = pattern
42 | self.regex = try Regex(pattern)
| |- error: 'Regex' is only available in tvOS 16.0 or newer
| `- note: add 'if #available' version check
43 | }
44 |
/Users/admin/builder/spi-builder-workspace/Sources/Hermit/Filtering/URLPattern.swift:42:26: error: 'init(_:)' is only available in tvOS 16.0 or newer
19 | /// let pattern = try URLPattern(userProvidedRegex)
20 | /// ```
21 | public struct URLPattern: Sendable, ExpressibleByStringLiteral {
| `- note: add '@available' attribute to enclosing struct
22 | /// The raw regular-expression string this pattern was created from.
23 | public let rawValue: String
:
38 | /// - Parameter pattern: A regular-expression string compatible with Swift's `Regex` engine.
39 | /// - Throws: A `Regex` compilation error if the pattern is syntactically invalid.
40 | public init(_ pattern: String) throws {
| `- note: add '@available' attribute to enclosing initializer
41 | self.rawValue = pattern
42 | self.regex = try Regex(pattern)
| |- error: 'init(_:)' is only available in tvOS 16.0 or newer
| `- note: add 'if #available' version check
43 | }
44 |
/Users/admin/builder/spi-builder-workspace/Sources/Hermit/Filtering/URLPattern.swift:51:27: error: 'Regex' is only available in tvOS 16.0 or newer
19 | /// let pattern = try URLPattern(userProvidedRegex)
20 | /// ```
21 | public struct URLPattern: Sendable, ExpressibleByStringLiteral {
| `- note: add '@available' attribute to enclosing struct
22 | /// The raw regular-expression string this pattern was created from.
23 | public let rawValue: String
:
47 | /// The regex is compiled at initialisation time. An invalid regex in a string literal is
48 | /// a programming error and will crash at launch.
49 | public init(stringLiteral value: String) {
| `- note: add '@available' attribute to enclosing initializer
50 | self.rawValue = value
51 | self.regex = try! Regex(value)
| |- error: 'Regex' is only available in tvOS 16.0 or newer
| `- note: add 'if #available' version check
52 | }
53 |
/Users/admin/builder/spi-builder-workspace/Sources/Hermit/Filtering/URLPattern.swift:51:27: error: 'init(_:)' is only available in tvOS 16.0 or newer
19 | /// let pattern = try URLPattern(userProvidedRegex)
20 | /// ```
21 | public struct URLPattern: Sendable, ExpressibleByStringLiteral {
| `- note: add '@available' attribute to enclosing struct
22 | /// The raw regular-expression string this pattern was created from.
23 | public let rawValue: String
:
47 | /// The regex is compiled at initialisation time. An invalid regex in a string literal is
48 | /// a programming error and will crash at launch.
49 | public init(stringLiteral value: String) {
| `- note: add '@available' attribute to enclosing initializer
50 | self.rawValue = value
51 | self.regex = try! Regex(value)
| |- error: 'init(_:)' is only available in tvOS 16.0 or newer
| `- note: add 'if #available' version check
52 | }
53 |
/Users/admin/builder/spi-builder-workspace/Sources/Hermit/Filtering/URLPattern.swift:58:28: error: 'firstMatch(of:)' is only available in tvOS 16.0 or newer
19 | /// let pattern = try URLPattern(userProvidedRegex)
20 | /// ```
21 | public struct URLPattern: Sendable, ExpressibleByStringLiteral {
| `- note: add '@available' attribute to enclosing struct
22 | /// The raw regular-expression string this pattern was created from.
23 | public let rawValue: String
:
55 | ///
56 | /// - Parameter url: The URL to test.
57 | public func matches(_ url: borrowing URL) -> Bool {
| `- note: add '@available' attribute to enclosing instance method
58 | url.absoluteString.firstMatch(of: regex) != nil
| |- error: 'firstMatch(of:)' is only available in tvOS 16.0 or newer
| `- note: add 'if #available' version check
59 | }
60 | }
Failed frontend command:
/Applications/Xcode-27.0.0-Release.Candidate.app/Contents/Developer/Toolchains/XcodeDefault.xctoolchain/usr/bin/swift-frontend -frontend -c /Users/admin/builder/spi-builder-workspace/Sources/Hermit/Configuration/CrawlConfiguration.swift /Users/admin/builder/spi-builder-workspace/Sources/Hermit/Configuration/HermitConfiguration.swift /Users/admin/builder/spi-builder-workspace/Sources/Hermit/Configuration/MarkdownOptions.swift /Users/admin/builder/spi-builder-workspace/Sources/Hermit/Configuration/NetworkConfiguration.swift /Users/admin/builder/spi-builder-workspace/Sources/Hermit/Configuration/ScrapeConfiguration.swift /Users/admin/builder/spi-builder-workspace/Sources/Hermit/Core/CrawlDriver.swift /Users/admin/builder/spi-builder-workspace/Sources/Hermit/Core/Hermit.swift /Users/admin/builder/spi-builder-workspace/Sources/Hermit/Core/Scraper.swift /Users/admin/builder/spi-builder-workspace/Sources/Hermit/Extensions/URL+Hermit.swift /Users/admin/builder/spi-builder-workspace/Sources/Hermit/Filtering/BinaryContentFilter.swift /Users/admin/builder/spi-builder-workspace/Sources/Hermit/Filtering/ContentTypeFilter.swift /Users/admin/builder/spi-builder-workspace/Sources/Hermit/Filtering/CrawlFilter.swift /Users/admin/builder/spi-builder-workspace/Sources/Hermit/Filtering/DomainPolicy.swift /Users/admin/builder/spi-builder-workspace/Sources/Hermit/Filtering/StatusCodeFilter.swift -primary-file /Users/admin/builder/spi-builder-workspace/Sources/Hermit/Filtering/URLFilter.swift -primary-file /Users/admin/builder/spi-builder-workspace/Sources/Hermit/Filtering/URLPattern.swift /Users/admin/builder/spi-builder-workspace/Sources/Hermit/Models/CrawlResult.swift /Users/admin/builder/spi-builder-workspace/Sources/Hermit/Models/CrawledPage.swift /Users/admin/builder/spi-builder-workspace/Sources/Hermit/Models/HermitError.swift /Users/admin/builder/spi-builder-workspace/Sources/Hermit/Models/PageMetadata.swift /Users/admin/builder/spi-builder-workspace/Sources/Hermit/Models/ScrapedPage.swift /Users/admin/builder/spi-builder-workspace/Sources/Hermit/Networking/HermitHTTPClient.swift /Users/admin/builder/spi-builder-workspace/Sources/Hermit/Networking/RateLimiter.swift /Users/admin/builder/spi-builder-workspace/Sources/Hermit/Parsing/HTMLParser.swift /Users/admin/builder/spi-builder-workspace/Sources/Hermit/Parsing/MarkdownConverter.swift /Users/admin/builder/spi-builder-workspace/Sources/Hermit/Processing/PageProcessor.swift -emit-dependencies-path /Users/admin/builder/spi-builder-workspace/.derivedData/Build/Intermediates.noindex/Hermit.build/Debug-appletvos/Hermit-t.build/Objects-normal/arm64/URLFilter.d -emit-const-values-path /Users/admin/builder/spi-builder-workspace/.derivedData/Build/Intermediates.noindex/Hermit.build/Debug-appletvos/Hermit-t.build/Objects-normal/arm64/URLFilter.swiftconstvalues -emit-reference-dependencies-path /Users/admin/builder/spi-builder-workspace/.derivedData/Build/Intermediates.noindex/Hermit.build/Debug-appletvos/Hermit-t.build/Objects-normal/arm64/URLFilter.swiftdeps -serialize-diagnostics-path /Users/admin/builder/spi-builder-workspace/.derivedData/Build/Intermediates.noindex/Hermit.build/Debug-appletvos/Hermit-t.build/Objects-normal/arm64/URLFilter.dia -emit-dependencies-path /Users/admin/builder/spi-builder-workspace/.derivedData/Build/Intermediates.noindex/Hermit.build/Debug-appletvos/Hermit-t.build/Objects-normal/arm64/URLPattern.d -emit-const-values-path /Users/admin/builder/spi-builder-workspace/.derivedData/Build/Intermediates.noindex/Hermit.build/Debug-appletvos/Hermit-t.build/Objects-normal/arm64/URLPattern.swiftconstvalues -emit-reference-dependencies-path /Users/admin/builder/spi-builder-workspace/.derivedData/Build/Intermediates.noindex/Hermit.build/Debug-appletvos/Hermit-t.build/Objects-normal/arm64/URLPattern.swiftdeps -serialize-diagnostics-path /Users/admin/builder/spi-builder-workspace/.derivedData/Build/Intermediates.noindex/Hermit.build/Debug-appletvos/Hermit-t.build/Objects-normal/arm64/URLPattern.dia -target arm64-apple-tvos15.0 -disable-cross-import-overlay-search -load-resolved-plugin /Applications/Xcode-27.0.0-Release.Candidate.app/Contents/Developer/Platforms/AppleTVOS.platform/Developer/usr/lib/swift/host/plugins/libFoundationMacros.dylib\#/Applications/Xcode-27.0.0-Release.Candidate.app/Contents/Developer/Platforms/AppleTVOS.platform/Developer/usr/bin/swift-plugin-server\#FoundationMacros -load-resolved-plugin /Applications/Xcode-27.0.0-Release.Candidate.app/Contents/Developer/Platforms/AppleTVOS.platform/Developer/usr/lib/swift/host/plugins/libObservationMacros.dylib\#/Applications/Xcode-27.0.0-Release.Candidate.app/Contents/Developer/Platforms/AppleTVOS.platform/Developer/usr/bin/swift-plugin-server\#ObservationMacros -load-resolved-plugin /Applications/Xcode-27.0.0-Release.Candidate.app/Contents/Developer/Platforms/AppleTVOS.platform/Developer/usr/lib/swift/host/plugins/libSwiftMacros.dylib\#/Applications/Xcode-27.0.0-Release.Candidate.app/Contents/Developer/Platforms/AppleTVOS.platform/Developer/usr/bin/swift-plugin-server\#SwiftMacros -disable-implicit-swift-modules -Xcc -fno-implicit-modules -Xcc -fno-implicit-module-maps -explicit-swift-module-map-file /Users/admin/builder/spi-builder-workspace/.derivedData/Build/Intermediates.noindex/Hermit.build/Debug-appletvos/Hermit-t.build/Objects-normal/arm64/Hermit-dependencies-1.json -Xllvm -aarch64-use-tbi -enable-objc-interop -stack-check -sdk /Applications/Xcode-27.0.0-Release.Candidate.app/Contents/Developer/Platforms/AppleTVOS.platform/Developer/SDKs/AppleTVOS27.0.sdk -I /Users/admin/builder/spi-builder-workspace/.derivedData/Build/Products/Debug-appletvos -Isystem /Applications/Xcode-27.0.0-Release.Candidate.app/Contents/Developer/Platforms/AppleTVOS.platform/Developer/usr/lib -F /Users/admin/builder/spi-builder-workspace/.derivedData/Build/Products/Debug-appletvos/PackageFrameworks -F /Users/admin/builder/spi-builder-workspace/.derivedData/Build/Products/Debug-appletvos -F /Applications/Xcode-27.0.0-Release.Candidate.app/Contents/Developer/Platforms/AppleTVOS.platform/Developer/Library/Frameworks -F /Applications/Xcode-27.0.0-Release.Candidate.app/Contents/Developer/Platforms/AppleTVOS.platform/Developer/SDKs/AppleTVOS27.0.sdk/Developer/Library/Frameworks -module-cache-path /Users/admin/builder/spi-builder-workspace/.derivedData/Build/Intermediates.noindex/SwiftExplicitPrecompiledModules -no-color-diagnostics -Xcc -fno-color-diagnostics -enable-testing -g -debug-info-format\=dwarf -dwarf-version\=4 -profile-generate -profile-coverage-mapping -swift-version 6 -Onone -D SWIFT_PACKAGE -D DEBUG -D SWIFT_MODULE_RESOURCE_BUNDLE_UNAVAILABLE -D Xcode -serialize-debugging-options -enable-experimental-feature DebugDescriptionMacro -empty-abi-descriptor -validate-clang-modules-once -clang-build-session-file /Users/admin/builder/spi-builder-workspace/.derivedData/ModuleCache.noindex/Session.modulevalidation -Xcc -working-directory -Xcc /Users/admin/builder/spi-builder-workspace/.swiftpm/xcode -enable-anonymous-context-mangled-names -file-compilation-dir /Users/admin/builder/spi-builder-workspace/.swiftpm/xcode -Xcc -fmodule-map-file\=/Users/admin/builder/spi-builder-workspace/.derivedData/Build/Intermediates.noindex/GeneratedModuleMaps-appletvos/CNIOLLHTTP.modulemap -Xcc -fmodule-map-file\=/Users/admin/builder/spi-builder-workspace/.derivedData/Build/Intermediates.noindex/GeneratedModuleMaps-appletvos/CNIOBoringSSLShims.modulemap -Xcc -fmodule-map-file\=/Users/admin/builder/spi-builder-workspace/.dependencies/checkouts/swift-nio-ssl/Sources/CNIOBoringSSL/include/module.modulemap -Xcc -fmodule-map-file\=/Users/admin/builder/spi-builder-workspace/.derivedData/Build/Intermediates.noindex/GeneratedModuleMaps-appletvos/CNIOExtrasZlib.modulemap -Xcc -fmodule-map-file\=/Users/admin/builder/spi-builder-workspace/.derivedData/Build/Intermediates.noindex/GeneratedModuleMaps-appletvos/CNIOPosix.modulemap -Xcc -fmodule-map-file\=/Users/admin/builder/spi-builder-workspace/.derivedData/Build/Intermediates.noindex/GeneratedModuleMaps-appletvos/CNIOWASI.modulemap -Xcc -fmodule-map-file\=/Users/admin/builder/spi-builder-workspace/.dependencies/checkouts/swift-nio/Sources/CNIOWindows/include/module.modulemap -Xcc -fmodule-map-file\=/Users/admin/builder/spi-builder-workspace/.derivedData/Build/Intermediates.noindex/GeneratedModuleMaps-appletvos/CNIOLinux.modulemap -Xcc -fmodule-map-file\=/Users/admin/builder/spi-builder-workspace/.derivedData/Build/Intermediates.noindex/GeneratedModuleMaps-appletvos/CNIODarwin.modulemap -Xcc -fmodule-map-file\=/Users/admin/builder/spi-builder-workspace/.derivedData/Build/Intermediates.noindex/GeneratedModuleMaps-appletvos/CNIOFreeBSD.modulemap -Xcc -fmodule-map-file\=/Users/admin/builder/spi-builder-workspace/.derivedData/Build/Intermediates.noindex/GeneratedModuleMaps-appletvos/CNIOOpenBSD.modulemap -Xcc -fmodule-map-file\=/Users/admin/builder/spi-builder-workspace/.derivedData/Build/Intermediates.noindex/GeneratedModuleMaps-appletvos/CNIOAtomics.modulemap -Xcc -fmodule-map-file\=/Users/admin/builder/spi-builder-workspace/.dependencies/checkouts/swift-atomics/Sources/_AtomicsShims/include/module.modulemap -Xcc -fmodule-map-file\=/Users/admin/builder/spi-builder-workspace/.dependencies/checkouts/swift-numerics/Sources/_NumericsShims/include/module.modulemap -Xcc -fmodule-map-file\=/Users/admin/builder/spi-builder-workspace/.dependencies/checkouts/swift-system/Sources/CSystem/include/module.modulemap -Xcc -fmodule-map-file\=/Users/admin/builder/spi-builder-workspace/.derivedData/Build/Intermediates.noindex/GeneratedModuleMaps-appletvos/CAsyncHTTPClient.modulemap -Xcc -D_LIBCPP_HARDENING_MODE\=_LIBCPP_HARDENING_MODE_DEBUG -Xcc -ivfsstatcache -Xcc /Users/admin/builder/spi-builder-workspace/.derivedData/SDKStatCaches.noindex/appletvos27.0-24J360-e829b21a6f8c9b70876ba0858053c044b32bfd8d43560033f8d89884cdb90028.sdkstatcache -Xcc -fmodules-prune-interval\=86400 -Xcc -fmodules-prune-after\=345600 -Xcc -I/Users/admin/builder/spi-builder-workspace/.dependencies/checkouts/swift-nio/Sources/CNIOLLHTTP/include -Xcc -I/Users/admin/builder/spi-builder-workspace/.dependencies/checkouts/swift-nio-ssl/Sources/CNIOBoringSSLShims/include -Xcc -I/Users/admin/builder/spi-builder-workspace/.dependencies/checkouts/swift-nio-ssl/Sources/CNIOBoringSSL/include -Xcc -I/Users/admin/builder/spi-builder-workspace/.dependencies/checkouts/swift-nio-extras/Sources/CNIOExtrasZlib/include -Xcc -I/Users/admin/builder/spi-builder-workspace/.dependencies/checkouts/swift-nio/Sources/CNIOPosix/include -Xcc -I/Users/admin/builder/spi-builder-workspace/.dependencies/checkouts/swift-nio/Sources/CNIOWASI/include -Xcc -I/Users/admin/builder/spi-builder-workspace/.dependencies/checkouts/swift-nio/Sources/CNIOWindows/include -Xcc -I/Users/admin/builder/spi-builder-workspace/.dependencies/checkouts/swift-nio/Sources/CNIOLinux/include -Xcc -I/Users/admin/builder/spi-builder-workspace/.dependencies/checkouts/swift-nio/Sources/CNIODarwin/include -Xcc -I/Users/admin/builder/spi-builder-workspace/.dependencies/checkouts/swift-nio/Sources/CNIOFreeBSD/include -Xcc -I/Users/admin/builder/spi-builder-workspace/.dependencies/checkouts/swift-nio/Sources/CNIOOpenBSD/include -Xcc -I/Users/admin/builder/spi-builder-workspace/.dependencies/checkouts/swift-nio/Sources/CNIOAtomics/include -Xcc -I/Users/admin/builder/spi-builder-workspace/.dependencies/checkouts/swift-atomics/Sources/_AtomicsShims/include -Xcc -I/Users/admin/builder/spi-builder-workspace/.dependencies/checkouts/swift-numerics/Sources/_NumericsShims/include -Xcc -I/Users/admin/builder/spi-builder-workspace/.dependencies/checkouts/swift-system/Sources/CSystem/include -Xcc -I/Users/admin/builder/spi-builder-workspace/.dependencies/checkouts/async-http-client/Sources/CAsyncHTTPClient/include -Xcc -I/Users/admin/builder/spi-builder-workspace/.derivedData/Build/Products/Debug-appletvos/include -Xcc -I/Users/admin/builder/spi-builder-workspace/.derivedData/Build/Intermediates.noindex/Hermit.build/Debug-appletvos/Hermit-t.build/DerivedSources-normal/arm64 -Xcc -I/Users/admin/builder/spi-builder-workspace/.derivedData/Build/Intermediates.noindex/Hermit.build/Debug-appletvos/Hermit-t.build/DerivedSources/arm64 -Xcc -I/Users/admin/builder/spi-builder-workspace/.derivedData/Build/Intermediates.noindex/Hermit.build/Debug-appletvos/Hermit-t.build/DerivedSources -Xcc -DSWIFT_PACKAGE -Xcc -DDEBUG\=1 -no-auto-bridging-header-chaining -module-name Hermit -package-name spi_builder_workspace -const-gather-protocols-file /Users/admin/builder/spi-builder-workspace/.derivedData/Build/Intermediates.noindex/Hermit.build/Debug-appletvos/Hermit-t.build/Objects-normal/arm64/Hermit_const_extract_protocols.json -disable-clang-spi -clang-target arm64-apple-tvos27.0 -target-sdk-version 27.0 -target-sdk-name appletvos27.0 -in-process-plugin-server-path /Applications/Xcode-27.0.0-Release.Candidate.app/Contents/Developer/Toolchains/XcodeDefault.xctoolchain/usr/lib/swift/host/libSwiftInProcPluginServer.dylib -parse-as-library -o /Users/admin/builder/spi-builder-workspace/.derivedData/Build/Intermediates.noindex/Hermit.build/Debug-appletvos/Hermit-t.build/Objects-normal/arm64/URLFilter.o -o /Users/admin/builder/spi-builder-workspace/.derivedData/Build/Intermediates.noindex/Hermit.build/Debug-appletvos/Hermit-t.build/Objects-normal/arm64/URLPattern.o -debug-module-path /Users/admin/builder/spi-builder-workspace/.derivedData/Build/Intermediates.noindex/Hermit.build/Debug-appletvos/Hermit-t.build/Objects-normal/arm64/Hermit.swiftmodule -index-unit-output-path /Hermit.build/Debug-appletvos/Hermit-t.build/Objects-normal/arm64/URLFilter.o -index-unit-output-path /Hermit.build/Debug-appletvos/Hermit-t.build/Objects-normal/arm64/URLPattern.o -index-store-path /Users/admin/builder/spi-builder-workspace/.derivedData/Index.noindex/DataStore -index-system-modules
SwiftCompile normal arm64 /Users/admin/builder/spi-builder-workspace/Sources/Hermit/Filtering/URLFilter.swift (in target 'Hermit' from project 'Hermit')
cd /Users/admin/builder/spi-builder-workspace/.swiftpm/xcode
builtin-SwiftPerFileCompile URLFilter.swift
SwiftCompile normal arm64 /Users/admin/builder/spi-builder-workspace/Sources/Hermit/Filtering/URLPattern.swift (in target 'Hermit' from project 'Hermit')
cd /Users/admin/builder/spi-builder-workspace/.swiftpm/xcode
builtin-SwiftPerFileCompile URLPattern.swift
SwiftCompile normal arm64 Compiling\ ScrapedPage.swift,\ HermitHTTPClient.swift /Users/admin/builder/spi-builder-workspace/Sources/Hermit/Models/ScrapedPage.swift /Users/admin/builder/spi-builder-workspace/Sources/Hermit/Networking/HermitHTTPClient.swift (in target 'Hermit' from project 'Hermit')
SwiftCompile normal arm64 /Users/admin/builder/spi-builder-workspace/Sources/Hermit/Models/ScrapedPage.swift (in target 'Hermit' from project 'Hermit')
cd /Users/admin/builder/spi-builder-workspace/.swiftpm/xcode
builtin-SwiftPerFileCompile ScrapedPage.swift
SwiftCompile normal arm64 /Users/admin/builder/spi-builder-workspace/Sources/Hermit/Networking/HermitHTTPClient.swift (in target 'Hermit' from project 'Hermit')
cd /Users/admin/builder/spi-builder-workspace/.swiftpm/xcode
builtin-SwiftPerFileCompile HermitHTTPClient.swift
SwiftCompile normal arm64 Compiling\ BinaryContentFilter.swift,\ ContentTypeFilter.swift,\ CrawlFilter.swift /Users/admin/builder/spi-builder-workspace/Sources/Hermit/Filtering/BinaryContentFilter.swift /Users/admin/builder/spi-builder-workspace/Sources/Hermit/Filtering/ContentTypeFilter.swift /Users/admin/builder/spi-builder-workspace/Sources/Hermit/Filtering/CrawlFilter.swift (in target 'Hermit' from project 'Hermit')
SwiftCompile normal arm64 /Users/admin/builder/spi-builder-workspace/Sources/Hermit/Filtering/BinaryContentFilter.swift (in target 'Hermit' from project 'Hermit')
cd /Users/admin/builder/spi-builder-workspace/.swiftpm/xcode
builtin-SwiftPerFileCompile BinaryContentFilter.swift
SwiftCompile normal arm64 /Users/admin/builder/spi-builder-workspace/Sources/Hermit/Filtering/ContentTypeFilter.swift (in target 'Hermit' from project 'Hermit')
cd /Users/admin/builder/spi-builder-workspace/.swiftpm/xcode
builtin-SwiftPerFileCompile ContentTypeFilter.swift
SwiftCompile normal arm64 /Users/admin/builder/spi-builder-workspace/Sources/Hermit/Filtering/CrawlFilter.swift (in target 'Hermit' from project 'Hermit')
cd /Users/admin/builder/spi-builder-workspace/.swiftpm/xcode
builtin-SwiftPerFileCompile CrawlFilter.swift
SwiftEmitModule normal arm64 Emitting\ module\ for\ Hermit (in target 'Hermit' from project 'Hermit')
SwiftCompile normal arm64 (in target 'Hermit' from project 'Hermit')
cd /Users/admin/builder/spi-builder-workspace/.swiftpm/xcode
SwiftEmitModule normal arm64 Emitting\ module\ for\ AsyncHTTPClient (in target 'AsyncHTTPClient' from project 'async-http-client')
SwiftCompile normal arm64 (in target 'AsyncHTTPClient' from project 'async-http-client')
cd /Users/admin/builder/spi-builder-workspace/.swiftpm/xcode
PruneExplicitPrecompiledModules /Users/admin/builder/spi-builder-workspace/.derivedData/Build/Intermediates.noindex/ExplicitPrecompiledModules
PruneExplicitPrecompiledModules /Users/admin/builder/spi-builder-workspace/.derivedData/Build/Intermediates.noindex/SwiftExplicitPrecompiledModules
PruneExplicitPrecompiledModules /Users/admin/builder/spi-builder-workspace/.derivedData/SDKExplicitPrecompiledModules
2026-09-26 08:15:10.142 xcodebuild[3378:14402] [MT] IDERunDestination: Supported platforms for the buildables in the current scheme is empty.
** BUILD FAILED **
The following build commands failed:
SwiftCompile normal arm64 Compiling\ URLFilter.swift,\ URLPattern.swift /Users/admin/builder/spi-builder-workspace/Sources/Hermit/Filtering/URLFilter.swift /Users/admin/builder/spi-builder-workspace/Sources/Hermit/Filtering/URLPattern.swift (in target 'Hermit' from project 'Hermit')
SwiftCompile normal arm64 /Users/admin/builder/spi-builder-workspace/Sources/Hermit/Filtering/URLPattern.swift (in target 'Hermit' from project 'Hermit')
Building workspace Hermit with scheme Hermit-Package
(3 failures)
BUILD FAILURE 6.4 tvOS