The Swift Package Index logo.Swift Package Index

Build Information

Failed to build MushafImad, reference main (c9d066), with Swift 6.1 for Wasm on 14 Sep 2026 19:42:55 UTC.

Build Command

bash -c docker run --pull=always --rm -v "checkouts-54344847-1":/host -w "$PWD" -e JAVA_HOME="/root/.sdkman/candidates/java/current" -e SPI_BUILD="1" -e SPI_PROCESSING="1" registry.gitlab.com/saguaro1/spi-images:wasm-6.1-latest swift build --swift-sdk wasm32-unknown-wasi 2>&1

Build Log

========================================
RunAll
========================================
Builder version: 5.0.2
Interrupt handler set up.
========================================
Checkout
========================================
Clone URL: https://github.com/ibo2001/MushafImad.git
Reference: main
Initialized empty Git repository in /host/spi-builder-workspace/.git/
hint: Using 'master' as the name for the initial branch. This default branch name
hint: is subject to change. To configure the initial branch name to use in all
hint: of your new repositories, which will suppress this warning, call:
hint:
hint: 	git config --global init.defaultBranch <name>
hint:
hint: Names commonly chosen instead of 'master' are 'main', 'trunk' and
hint: 'development'. The just-created branch can be renamed via this command:
hint:
hint: 	git branch -m <name>
From https://github.com/ibo2001/MushafImad
 * branch            main       -> FETCH_HEAD
 * [new branch]      main       -> origin/main
HEAD is now at c9d0665 chore(logging): route font debug helper through AppLogger (#100)
Cloned https://github.com/ibo2001/MushafImad.git
Revision (git rev-parse @):
c9d0665bcb98f1af77e06def155e1964dc7bb218
SUCCESS checkout https://github.com/ibo2001/MushafImad.git at main
========================================
Build
========================================
Selected platform:         wasm
Swift version:             6.1
Building package at path:  $PWD
https://github.com/ibo2001/MushafImad.git
https://github.com/ibo2001/MushafImad.git
WARNING: environment variable SUPPRESS_SWIFT_6_FLAGS is not set
Running build ...
bash -c docker run --pull=always --rm -v "checkouts-54344847-1":/host -w "$PWD" -e JAVA_HOME="/root/.sdkman/candidates/java/current" -e SPI_BUILD="1" -e SPI_PROCESSING="1" registry.gitlab.com/saguaro1/spi-images:wasm-6.1-latest swift build --swift-sdk wasm32-unknown-wasi -Xswiftc -Xfrontend -Xswiftc -stats-output-dir -Xswiftc -Xfrontend -Xswiftc .stats -Xswiftc -strict-concurrency=complete -Xswiftc -enable-upcoming-feature -Xswiftc StrictConcurrency -Xswiftc -enable-upcoming-feature -Xswiftc DisableOutwardActorInference -Xswiftc -enable-upcoming-feature -Xswiftc GlobalActorIsolatedTypesUsability -Xswiftc -enable-upcoming-feature -Xswiftc InferSendableFromCaptures 2>&1
wasm-6.1-latest: Pulling from saguaro1/spi-images
Digest: sha256:beceeede496da67681f4fa220a6b97cc098a0178841a413735f598dc6bbaf4c8
Status: Image is up to date for registry.gitlab.com/saguaro1/spi-images:wasm-6.1-latest
Fetching https://github.com/realm/realm-swift.git
[1/131801] Fetching realm-swift
Fetched https://github.com/realm/realm-swift.git from cache (6.42s)
Computing version for https://github.com/realm/realm-swift.git
Computed https://github.com/realm/realm-swift.git at 20.0.5 (7.41s)
Fetching https://github.com/realm/realm-core.git
[1/252559] Fetching realm-core
Fetched https://github.com/realm/realm-core.git from cache (10.93s)
Computing version for https://github.com/realm/realm-core.git
Computed https://github.com/realm/realm-core.git at 20.1.5 (11.25s)
Creating working copy for https://github.com/realm/realm-swift.git
Working copy of https://github.com/realm/realm-swift.git resolved at 20.0.5
Creating working copy for https://github.com/realm/realm-core.git
Working copy of https://github.com/realm/realm-core.git resolved at 20.1.5
Building for debugging...
[0/254] Write sources
[1/254] Compiling Bid bid128_mul.c
[2/254] Compiling Bid bid128_quantize.c
[3/254] Compiling Bid bid128_string.c
[3/254] Write swift-version-24593BA9C3E375BF.txt
[4/254] Compiling mathlimits.cc
[5/254] Compiling Bid bid128_div.c
[7/254] Compiling Bid bid128_fma.c
In file included from /host/spi-builder-workspace/.build/checkouts/realm-core/src/external/s2/s2r2rect.cc:3:
In file included from /host/spi-builder-workspace/.build/checkouts/realm-core/src/external/s2/s2r2rect.h:7:
In file included from /host/spi-builder-workspace/.build/checkouts/realm-core/src/external/s2/base/logging.h:18:
In file included from /host/spi-builder-workspace/.build/checkouts/realm-core/src/realm/util/logger.hpp:23:
/host/spi-builder-workspace/.build/checkouts/realm-core/src/realm/util/thread.hpp:40:10: fatal error: 'pthread.h' file not found
   40 | #include <pthread.h>
      |          ^~~~~~~~~~~
1 error generated.
[8/254] Compiling s2geometry s2r2rect.cc
In file included from /host/spi-builder-workspace/.build/checkouts/realm-core/src/external/s2/s2pointregion.cc:3:
In file included from /host/spi-builder-workspace/.build/checkouts/realm-core/src/external/s2/s2pointregion.h:6:
In file included from /host/spi-builder-workspace/.build/checkouts/realm-core/src/external/s2/base/logging.h:18:
In file included from /host/spi-builder-workspace/.build/checkouts/realm-core/src/realm/util/logger.hpp:23:
/host/spi-builder-workspace/.build/checkouts/realm-core/src/realm/util/thread.hpp:40:10: fatal error: 'pthread.h' file not found
   40 | #include <pthread.h>
      |          ^~~~~~~~~~~
1 error generated.
[8/254] Compiling s2geometry s2pointregion.cc
In file included from /host/spi-builder-workspace/.build/checkouts/realm-core/src/external/s2/s2polyline.cc:10:
In file included from /host/spi-builder-workspace/.build/checkouts/realm-core/src/external/s2/s2.h:27:
In file included from /host/spi-builder-workspace/.build/checkouts/realm-core/src/external/s2/base/logging.h:18:
In file included from /host/spi-builder-workspace/.build/checkouts/realm-core/src/realm/util/logger.hpp:23:
/host/spi-builder-workspace/.build/checkouts/realm-core/src/realm/util/thread.hpp:40:10: fatal error: 'pthread.h' file not found
   40 | #include <pthread.h>
      |          ^~~~~~~~~~~
1 error generated.
[8/254] Compiling s2geometry s2polyline.cc
In file included from /host/spi-builder-workspace/.build/checkouts/realm-core/src/external/s2/util/math/mathutil.cc:11:
In file included from /host/spi-builder-workspace/.build/checkouts/realm-core/src/external/s2/util/math/mathutil.h:21:
In file included from /host/spi-builder-workspace/.build/checkouts/realm-core/src/external/s2/base/logging.h:18:
In file included from /host/spi-builder-workspace/.build/checkouts/realm-core/src/realm/util/logger.hpp:23:
/host/spi-builder-workspace/.build/checkouts/realm-core/src/realm/util/thread.hpp:40:10: fatal error: 'pthread.h' file not found
   40 | #include <pthread.h>
      |          ^~~~~~~~~~~
[8/254] Compiling mathutil.cc
In file included from /host/spi-builder-workspace/.build/checkouts/realm-core/src/external/s2/s2region.cc:3:
In file included from /host/spi-builder-workspace/.build/checkouts/realm-core/src/external/s2/s2region.h:6:
In file included from /host/spi-builder-workspace/.build/checkouts/realm-core/src/external/s2/s2.h:27:
In file included from /host/spi-builder-workspace/.build/checkouts/realm-core/src/external/s2/base/logging.h:18:
In file included from /host/spi-builder-workspace/.build/checkouts/realm-core/src/realm/util/logger.hpp:23:
/host/spi-builder-workspace/.build/checkouts/realm-core/src/realm/util/thread.hpp:40:10: fatal error: 'pthread.h' file not found
   40 | #include <pthread.h>
      |          ^~~~~~~~~~~
1 error generated.
[8/254] Compiling s2geometry s2region.cc
In file included from /host/spi-builder-workspace/.build/checkouts/realm-core/src/external/s2/s2loop.cc:16:
In file included from /host/spi-builder-workspace/.build/checkouts/realm-core/src/external/s2/s2.h:27:
In file included from /host/spi-builder-workspace/.build/checkouts/realm-core/src/external/s2/base/logging.h:18:
In file included from /host/spi-builder-workspace/.build/checkouts/realm-core/src/realm/util/logger.hpp:23:
/host/spi-builder-workspace/.build/checkouts/realm-core/src/realm/util/thread.hpp:40:10: fatal error: 'pthread.h' file not found
   40 | #include <pthread.h>
      |          ^~~~~~~~~~~
[8/254] Compiling s2geometry s2loop.cc
In file included from /host/spi-builder-workspace/.build/checkouts/realm-core/src/external/s2/s2polygon.cc:10:
In file included from /host/spi-builder-workspace/.build/checkouts/realm-core/src/external/s2/s2.h:27:
In file included from /host/spi-builder-workspace/.build/checkouts/realm-core/src/external/s2/base/logging.h:18:
In file included from /host/spi-builder-workspace/.build/checkouts/realm-core/src/realm/util/logger.hpp:23:
/host/spi-builder-workspace/.build/checkouts/realm-core/src/realm/util/thread.hpp:40:10: fatal error: 'pthread.h' file not found
   40 | #include <pthread.h>
      |          ^~~~~~~~~~~
[8/254] Compiling s2geometry s2polygon.cc
In file included from /host/spi-builder-workspace/.build/checkouts/realm-core/src/external/s2/s2polygonbuilder.cc:3:
In file included from /host/spi-builder-workspace/.build/checkouts/realm-core/src/external/s2/s2polygonbuilder.h:21:
In file included from /host/spi-builder-workspace/.build/checkouts/realm-core/src/external/s2/s2.h:27:
In file included from /host/spi-builder-workspace/.build/checkouts/realm-core/src/external/s2/base/logging.h:18:
In file included from /host/spi-builder-workspace/.build/checkouts/realm-core/src/realm/util/logger.hpp:23:
/host/spi-builder-workspace/.build/checkouts/realm-core/src/realm/util/thread.hpp:40:10: fatal error: 'pthread.h' file not found
   40 | #include <pthread.h>
      |          ^~~~~~~~~~~
[8/254] Compiling s2geometry s2polygonbuilder.cc
Running build ...
bash -c docker run --pull=always --rm -v "checkouts-54344847-1":/host -w "$PWD" -e JAVA_HOME="/root/.sdkman/candidates/java/current" -e SPI_BUILD="1" -e SPI_PROCESSING="1" registry.gitlab.com/saguaro1/spi-images:wasm-6.1-latest swift build --swift-sdk wasm32-unknown-wasi 2>&1
wasm-6.1-latest: Pulling from saguaro1/spi-images
Digest: sha256:beceeede496da67681f4fa220a6b97cc098a0178841a413735f598dc6bbaf4c8
Status: Image is up to date for registry.gitlab.com/saguaro1/spi-images:wasm-6.1-latest
[0/1] Planning build
Building for debugging...
[0/246] Write sources
[0/246] Copying PrivacyInfo.xcprivacy
[0/246] Copying reciters_manifest.json
[0/246] Copying UthmanTN1B Ver20.ttf
[0/246] Copying UthmanicHafs1 Ver17.ttf
[5/246] Copying UthmanTN1 Ver20.ttf
[8/246] Copying QuranTitles.ttf
[8/246] Copying read_78.json
[8/246] Copying read_9.json
[8/246] Copying quran.realm
In file included from /host/spi-builder-workspace/.build/checkouts/realm-core/src/external/s2/util/math/mathutil.cc:11:
In file included from /host/spi-builder-workspace/.build/checkouts/realm-core/src/external/s2/util/math/mathutil.h:21:
In file included from /host/spi-builder-workspace/.build/checkouts/realm-core/src/external/s2/base/logging.h:18:
In file included from /host/spi-builder-workspace/.build/checkouts/realm-core/src/realm/util/logger.hpp:23:
/host/spi-builder-workspace/.build/checkouts/realm-core/src/realm/util/thread.hpp:40:10: fatal error: 'pthread.h' file not found
   40 | #include <pthread.h>
      |          ^~~~~~~~~~~
1 error generated.
[12/247] Compiling mathutil.cc
[12/247] Compiling s2geometry s2loop.cc
[12/247] Compiling s2geometry s2polygon.cc
In file included from /host/spi-builder-workspace/.build/checkouts/realm-core/src/external/s2/s2pointregion.cc:3:
In file included from /host/spi-builder-workspace/.build/checkouts/realm-core/src/external/s2/s2pointregion.h:6:
In file included from /host/spi-builder-workspace/.build/checkouts/realm-core/src/external/s2/base/logging.h:18:
In file included from /host/spi-builder-workspace/.build/checkouts/realm-core/src/realm/util/logger.hpp:23:
/host/spi-builder-workspace/.build/checkouts/realm-core/src/realm/util/thread.hpp:40:10: fatal error: 'pthread.h' file not found
   40 | #include <pthread.h>
      |          ^~~~~~~~~~~
[12/247] Compiling s2geometry s2pointregion.cc
[12/247] Compiling s2geometry s2r2rect.cc
[12/247] Compiling s2geometry s2polyline.cc
[12/247] Compiling s2geometry s2region.cc
[12/247] Compiling s2geometry s2polygonbuilder.cc
BUILD FAILURE 6.1 wasm