Build Information
Failed to build StoreKitHelper, reference main (eba751), with Swift 6.2 for Wasm on 11 Aug 2026 04:54:42 UTC.
Build Command
bash -c docker run --pull=always --rm -v "checkouts-54344847-0":/host -w "$PWD" -e JAVA_HOME="/root/.sdkman/candidates/java/current" -e SPI_BUILD="1" -e SPI_PROCESSING="1" registry.gitlab.com/saguaro1/spi-images:wasm-6.2-latest swift build --swift-sdk swift-6.2-RELEASE_wasm 2>&1Build Log
========================================
RunAll
========================================
Builder version: 729ceb5fcd9493dc13ee340bc4f0908bd201f85d
Interrupt handler set up.
========================================
Checkout
========================================
Clone URL: https://github.com/jaywcjlove/StoreKitHelper.git
Reference: main
Initialized empty Git repository in /host/spi-builder-workspace/.git/
hint: Using 'master' as the name for the initial branch. This default branch name
hint: is subject to change. To configure the initial branch name to use in all
hint: of your new repositories, which will suppress this warning, call:
hint:
hint: git config --global init.defaultBranch <name>
hint:
hint: Names commonly chosen instead of 'master' are 'main', 'trunk' and
hint: 'development'. The just-created branch can be renamed via this command:
hint:
hint: git branch -m <name>
From https://github.com/jaywcjlove/StoreKitHelper
* branch main -> FETCH_HEAD
* [new branch] main -> origin/main
HEAD is now at eba7512 feat: expose package resource bundle via StoreKitHelper.
Cloned https://github.com/jaywcjlove/StoreKitHelper.git
Revision (git rev-parse @):
eba751244c3e2230138e538163f3308c95781a03
SUCCESS checkout https://github.com/jaywcjlove/StoreKitHelper.git at main
========================================
Build
========================================
Selected platform: wasm
Swift version: 6.2
Building package at path: $PWD
https://github.com/jaywcjlove/StoreKitHelper.git
Running build ...
bash -c docker run --pull=always --rm -v "checkouts-54344847-0":/host -w "$PWD" -e JAVA_HOME="/root/.sdkman/candidates/java/current" -e SPI_BUILD="1" -e SPI_PROCESSING="1" registry.gitlab.com/saguaro1/spi-images:wasm-6.2-latest swift build --swift-sdk swift-6.2-RELEASE_wasm 2>&1
wasm-6.2-latest: Pulling from saguaro1/spi-images
Digest: sha256:70428a4f4110aef5b17a27427e965f31cf3855e8cf1dfdc416ed61c780337965
Status: Image is up to date for registry.gitlab.com/saguaro1/spi-images:wasm-6.2-latest
Building for debugging...
[0/10] Copying Localizable.strings
[1/10] Write sources
[7/10] Copying Info.plist
[8/10] Copying Localizable.strings
[9/10] Write swift-version-24593BA9C3E375BF.txt
error: emit-module command failed with exit code 1 (use -v to see invocation)
[11/26] Emitting module StoreKitHelper
/host/spi-builder-workspace/Sources/StoreKitHelper/Comps/NotifyAlert.swift:12:8: error: no such module 'UIKit'
10 | import AppKit
11 | #else
12 | import UIKit
| `- error: no such module 'UIKit'
13 | #endif
14 | import Foundation
[12/28] Compiling StoreKitHelper UIApplication.swift
/host/spi-builder-workspace/Sources/StoreKitHelper/Comps/NotifyAlert.swift:12:8: error: no such module 'UIKit'
10 | import AppKit
11 | #else
12 | import UIKit
| `- error: no such module 'UIKit'
13 | #endif
14 | import Foundation
[13/28] Compiling StoreKitHelper View.swift
/host/spi-builder-workspace/Sources/StoreKitHelper/Comps/NotifyAlert.swift:12:8: error: no such module 'UIKit'
10 | import AppKit
11 | #else
12 | import UIKit
| `- error: no such module 'UIKit'
13 | #endif
14 | import Foundation
[14/28] Compiling StoreKitHelper PurchasePopupButton.swift
/host/spi-builder-workspace/Sources/StoreKitHelper/Comps/NotifyAlert.swift:12:8: error: no such module 'UIKit'
10 | import AppKit
11 | #else
12 | import UIKit
| `- error: no such module 'UIKit'
13 | #endif
14 | import Foundation
[15/28] Compiling StoreKitHelper RestorePurchasesButton.swift
/host/spi-builder-workspace/Sources/StoreKitHelper/Comps/NotifyAlert.swift:12:8: error: no such module 'UIKit'
10 | import AppKit
11 | #else
12 | import UIKit
| `- error: no such module 'UIKit'
13 | #endif
14 | import Foundation
[16/28] Compiling StoreKitHelper StoreKitResources.swift
/host/spi-builder-workspace/Sources/StoreKitHelper/Comps/NotifyAlert.swift:12:8: error: no such module 'UIKit'
10 | import AppKit
11 | #else
12 | import UIKit
| `- error: no such module 'UIKit'
13 | #endif
14 | import Foundation
[17/28] Compiling StoreKitHelper StoreKitHelperSelectionView.swift
/host/spi-builder-workspace/Sources/StoreKitHelper/Comps/NotifyAlert.swift:12:8: error: no such module 'UIKit'
10 | import AppKit
11 | #else
12 | import UIKit
| `- error: no such module 'UIKit'
13 | #endif
14 | import Foundation
[18/28] Compiling StoreKitHelper Notification.swift
/host/spi-builder-workspace/Sources/StoreKitHelper/Comps/NotifyAlert.swift:12:8: error: no such module 'UIKit'
10 | import AppKit
11 | #else
12 | import UIKit
| `- error: no such module 'UIKit'
13 | #endif
14 | import Foundation
[19/28] Compiling StoreKitHelper String.swift
/host/spi-builder-workspace/Sources/StoreKitHelper/Comps/NotifyAlert.swift:12:8: error: no such module 'UIKit'
10 | import AppKit
11 | #else
12 | import UIKit
| `- error: no such module 'UIKit'
13 | #endif
14 | import Foundation
[20/28] Compiling StoreKitHelper TermsOfServiceView.swift
/host/spi-builder-workspace/Sources/StoreKitHelper/Comps/NotifyAlert.swift:12:8: error: no such module 'UIKit'
10 | import AppKit
11 | #else
12 | import UIKit
| `- error: no such module 'UIKit'
13 | #endif
14 | import Foundation
[21/28] Compiling StoreKitHelper Environment.swift
/host/spi-builder-workspace/Sources/StoreKitHelper/Comps/NotifyAlert.swift:12:8: error: no such module 'UIKit'
10 | import AppKit
11 | #else
12 | import UIKit
| `- error: no such module 'UIKit'
13 | #endif
14 | import Foundation
[22/28] Compiling StoreKitHelper StoreKitError.swift
/host/spi-builder-workspace/Sources/StoreKitHelper/Comps/NotifyAlert.swift:12:8: error: no such module 'UIKit'
10 | import AppKit
11 | #else
12 | import UIKit
| `- error: no such module 'UIKit'
13 | #endif
14 | import Foundation
[23/28] Compiling StoreKitHelper StoreKitHelper.swift
/host/spi-builder-workspace/Sources/StoreKitHelper/Comps/NotifyAlert.swift:12:8: error: no such module 'UIKit'
10 | import AppKit
11 | #else
12 | import UIKit
| `- error: no such module 'UIKit'
13 | #endif
14 | import Foundation
[24/28] Compiling StoreKitHelper NotifyAlert.swift
/host/spi-builder-workspace/Sources/StoreKitHelper/Comps/NotifyAlert.swift:12:8: error: no such module 'UIKit'
10 | import AppKit
11 | #else
12 | import UIKit
| `- error: no such module 'UIKit'
13 | #endif
14 | import Foundation
[25/28] Compiling StoreKitHelper OfferCodeRedemptionButton.swift
/host/spi-builder-workspace/Sources/StoreKitHelper/Comps/NotifyAlert.swift:12:8: error: no such module 'UIKit'
10 | import AppKit
11 | #else
12 | import UIKit
| `- error: no such module 'UIKit'
13 | #endif
14 | import Foundation
[26/28] Compiling StoreKitHelper ProductsLoad.swift
/host/spi-builder-workspace/Sources/StoreKitHelper/Comps/NotifyAlert.swift:12:8: error: no such module 'UIKit'
10 | import AppKit
11 | #else
12 | import UIKit
| `- error: no such module 'UIKit'
13 | #endif
14 | import Foundation
[27/28] Compiling StoreKitHelper StoreKitHelperView.swift
/host/spi-builder-workspace/Sources/StoreKitHelper/Comps/NotifyAlert.swift:12:8: error: no such module 'UIKit'
10 | import AppKit
11 | #else
12 | import UIKit
| `- error: no such module 'UIKit'
13 | #endif
14 | import Foundation
[28/28] Compiling StoreKitHelper resource_bundle_accessor.swift
/host/spi-builder-workspace/Sources/StoreKitHelper/Comps/NotifyAlert.swift:12:8: error: no such module 'UIKit'
10 | import AppKit
11 | #else
12 | import UIKit
| `- error: no such module 'UIKit'
13 | #endif
14 | import Foundation
BUILD FAILURE 6.2 wasm