The Swift Package Index logo.Swift Package Index

Build Information

Failed to build Solana, reference main (61a53d), with Swift 6.4 for Android on 17 Sep 2026 15:23:16 UTC.

Build Command

bash -c docker run --pull=always --rm -v "checkouts-54344847-0":/host -w "$PWD" -e JAVA_HOME="/root/.sdkman/candidates/java/current" -e SPI_BUILD="1" -e SPI_PROCESSING="1" registry.gitlab.com/saguaro1/spi-images:android-6.4-latest swift build --swift-sdk aarch64-unknown-linux-android28 2>&1

Build Log

========================================
RunAll
========================================
Builder version: 5.1.0
Interrupt handler set up.
========================================
Checkout
========================================
Clone URL: https://github.com/crewshin/solana-swift.git
Reference: main
Initialized empty Git repository in /host/spi-builder-workspace/.git/
hint: Using 'master' as the name for the initial branch. This default branch name
hint: is subject to change. To configure the initial branch name to use in all
hint: of your new repositories, which will suppress this warning, call:
hint:
hint: 	git config --global init.defaultBranch <name>
hint:
hint: Names commonly chosen instead of 'master' are 'main', 'trunk' and
hint: 'development'. The just-created branch can be renamed via this command:
hint:
hint: 	git branch -m <name>
From https://github.com/crewshin/solana-swift
 * branch            main       -> FETCH_HEAD
 * [new branch]      main       -> origin/main
HEAD is now at 61a53de Merge pull request #5 from crewshin/feature/get-identity
Cloned https://github.com/crewshin/solana-swift.git
Revision (git rev-parse @):
61a53dee2a371127bb1998a62a5ec9aa9c419acb
SUCCESS checkout https://github.com/crewshin/solana-swift.git at main
========================================
Build
========================================
Selected platform:         android
Swift version:             6.4
Building package at path:  $PWD
https://github.com/crewshin/solana-swift.git
Running build ...
bash -c docker run --pull=always --rm -v "checkouts-54344847-0":/host -w "$PWD" -e JAVA_HOME="/root/.sdkman/candidates/java/current" -e SPI_BUILD="1" -e SPI_PROCESSING="1" registry.gitlab.com/saguaro1/spi-images:android-6.4-latest swift build --swift-sdk aarch64-unknown-linux-android28 2>&1
android-6.4-latest: Pulling from saguaro1/spi-images
Digest: sha256:abadcff584c273feba50641b454858d377ba30b35ea7287a94f45ebd8afd0ea0
Status: Image is up to date for registry.gitlab.com/saguaro1/spi-images:android-6.4-latest
Fetching https://github.com/keefertaylor/Base58Swift
Fetching https://github.com/crewshin/ed25519swift
[1/952] Fetching ed25519swift
[239/1486] Fetching ed25519swift, base58swift
Fetched https://github.com/keefertaylor/Base58Swift (0.52s)
Fetched https://github.com/crewshin/ed25519swift (0.52s)
Computing version for https://github.com/crewshin/ed25519swift
Computed https://github.com/crewshin/ed25519swift at 1.2.6 (0.71s)
Fetching https://github.com/krzyzanowskim/CryptoSwift.git
[1/13439] Fetching cryptoswift
Fetched https://github.com/krzyzanowskim/CryptoSwift.git (1.03s)
Computing version for https://github.com/keefertaylor/Base58Swift
Computed https://github.com/keefertaylor/Base58Swift at 2.1.14 (1.22s)
Fetching https://github.com/attaswift/BigInt.git
[1/4939] Fetching bigint
Fetched https://github.com/attaswift/BigInt.git (0.66s)
Computing version for https://github.com/attaswift/BigInt.git
warning: 'bigint': /Package.swift:18:19: warning: 'v4' is deprecated: watchOS 9.0 is the oldest supported version [#DeprecatedDeclaration]
16 |         .iOS(.v12),
17 |         .tvOS(.v12),
18 |         .watchOS(.v4),
   |                   `- warning: 'v4' is deprecated: watchOS 9.0 is the oldest supported version [#DeprecatedDeclaration]
19 |         .macCatalyst(.v13),
20 |         .visionOS(.v1),
[#DeprecatedDeclaration]: <https://docs.swift.org/compiler/documentation/diagnostics/deprecated-declaration>
Computed https://github.com/attaswift/BigInt.git at 5.7.0 (0.82s)
Computing version for https://github.com/krzyzanowskim/CryptoSwift.git
Computed https://github.com/krzyzanowskim/CryptoSwift.git at 1.10.0 (0.19s)
Creating working copy for https://github.com/krzyzanowskim/CryptoSwift.git
Working copy of https://github.com/krzyzanowskim/CryptoSwift.git resolved at 1.10.0
Creating working copy for https://github.com/keefertaylor/Base58Swift
Working copy of https://github.com/keefertaylor/Base58Swift resolved at 2.1.14
Creating working copy for https://github.com/crewshin/ed25519swift
Working copy of https://github.com/crewshin/ed25519swift resolved at 1.2.6
Creating working copy for https://github.com/attaswift/BigInt.git
Working copy of https://github.com/attaswift/BigInt.git resolved at 5.7.0
warning: 'bigint': /host/spi-builder-workspace/.build/checkouts/BigInt/Package.swift:18:19: warning: 'v4' is deprecated: watchOS 9.0 is the oldest supported version [#DeprecatedDeclaration]
16 |         .iOS(.v12),
17 |         .tvOS(.v12),
18 |         .watchOS(.v4),
   |                   `- warning: 'v4' is deprecated: watchOS 9.0 is the oldest supported version [#DeprecatedDeclaration]
19 |         .macCatalyst(.v13),
20 |         .visionOS(.v1),
[#DeprecatedDeclaration]: <https://docs.swift.org/compiler/documentation/diagnostics/deprecated-declaration>
Building for debugging...
[Constructing description]
[Planning deferred tasks]
[44 / 80] BigInt
[53 / 98] CryptoSwift
[54 / 98] BigInt
[65 / 98] CryptoSwift
[67 / 98] CryptoSwift
[68 / 98] CryptoSwift-product
[70 / 98] ed25519swift
[75 / 106] ed25519swift
[77 / 106] ed25519swift
error: SwiftCompile normal aarch64 /host/spi-builder-workspace/.build/checkouts/ed25519swift/Sources/ed25519swift/ed25519_sign.swift failed with a nonzero exit code. Command line:     cd /host
    builtin-SwiftPerFileCompile ed25519_sign.swift
/host/spi-builder-workspace/.build/checkouts/ed25519swift/Sources/ed25519swift/ed25519_sign.swift:40:22: error: cannot find 'SecRandomCopyBytes' in scope
 38 |         r = [UInt8](repeating: 0, count: len)
 39 |         // @note Apple API
 40 |         let result = SecRandomCopyBytes(kSecRandomDefault, len, &r)
    |                      `- error: cannot find 'SecRandomCopyBytes' in scope
 41 |         assert(result == 0)
 42 |     }
/host/spi-builder-workspace/.build/checkouts/ed25519swift/Sources/ed25519swift/ed25519_sign.swift:40:41: error: cannot find 'kSecRandomDefault' in scope
 38 |         r = [UInt8](repeating: 0, count: len)
 39 |         // @note Apple API
 40 |         let result = SecRandomCopyBytes(kSecRandomDefault, len, &r)
    |                                         `- error: cannot find 'kSecRandomDefault' in scope
 41 |         assert(result == 0)
 42 |     }
Failed frontend command:
/root/.local/share/swiftly/toolchains/6.4.x-snapshot-2026-09-04/usr/bin/swift-frontend -frontend -c /host/spi-builder-workspace/.build/checkouts/ed25519swift/Sources/ed25519swift/ed25519_fe.swift /host/spi-builder-workspace/.build/checkouts/ed25519swift/Sources/ed25519swift/ed25519_ge.swift /host/spi-builder-workspace/.build/checkouts/ed25519swift/Sources/ed25519swift/ed25519_sc.swift -primary-file /host/spi-builder-workspace/.build/checkouts/ed25519swift/Sources/ed25519swift/ed25519_sign.swift /host/spi-builder-workspace/.build/checkouts/ed25519swift/Sources/ed25519swift/ed25519_utility.swift /host/spi-builder-workspace/.build/checkouts/ed25519swift/Sources/ed25519swift/ed25519_verify.swift -emit-dependencies-path /host/spi-builder-workspace/.build/out/Intermediates.noindex/ed25519swift.build/Debug-android-aarch64/ed25519swift-t.build/Objects-normal/aarch64/ed25519_sign.d -emit-const-values-path /host/spi-builder-workspace/.build/out/Intermediates.noindex/ed25519swift.build/Debug-android-aarch64/ed25519swift-t.build/Objects-normal/aarch64/ed25519_sign.swiftconstvalues -emit-reference-dependencies-path /host/spi-builder-workspace/.build/out/Intermediates.noindex/ed25519swift.build/Debug-android-aarch64/ed25519swift-t.build/Objects-normal/aarch64/ed25519_sign.swiftdeps -serialize-diagnostics-path /host/spi-builder-workspace/.build/out/Intermediates.noindex/ed25519swift.build/Debug-android-aarch64/ed25519swift-t.build/Objects-normal/aarch64/ed25519_sign.dia -target aarch64-unknown-linux-android28 -Xllvm -aarch64-use-tbi -disable-objc-interop -sdk /android-ndk/android-ndk-r27d/toolchains/llvm/prebuilt/linux-x86_64/sysroot -sysroot /android-ndk/android-ndk-r27d/toolchains/llvm/prebuilt/linux-x86_64/sysroot -I /host/spi-builder-workspace/.build/out/Products/Debug-android-aarch64 -module-cache-path /host/spi-builder-workspace/.build/out/ModuleCache.noindex -color-diagnostics -Xcc -fcolor-diagnostics -enable-testing -g -debug-info-format\=dwarf -dwarf-version\=4 -suppress-warnings -swift-version 5 -Onone -D SWIFT_PACKAGE -D DEBUG -D SWIFT_MODULE_RESOURCE_BUNDLE_UNAVAILABLE -D Xcode -serialize-debugging-options -enable-experimental-feature DebugDescriptionMacro -empty-abi-descriptor -external-plugin-path /root/.local/share/swiftly/toolchains/6.4.x-snapshot-2026-09-04/usr/lib/swift/host/plugins/testing\#/root/.local/share/swiftly/toolchains/6.4.x-snapshot-2026-09-04/usr/bin/swift-plugin-server -validate-clang-modules-once -clang-build-session-file /host/spi-builder-workspace/.build/out/ModuleCache.noindex/Session.modulevalidation -Xcc -working-directory -Xcc /host -resource-dir /root/.swiftpm/swift-sdks/swift-6.4.x-DEVELOPMENT-SNAPSHOT-2026-09-04-a_android.artifactbundle/swift-android/swift-resources/usr/lib/swift-aarch64 -enable-anonymous-context-mangled-names -file-compilation-dir /host -Xcc -resource-dir -Xcc /android-ndk/android-ndk-r27d/toolchains/llvm/prebuilt/linux-x86_64/lib/clang/18 -Xcc -fno-omit-frame-pointer -Xcc -D_LIBCPP_HARDENING_MODE\=_LIBCPP_HARDENING_MODE_DEBUG -Xcc -fmodules-prune-interval\=86400 -Xcc -fmodules-prune-after\=345600 -Xcc -I/host/spi-builder-workspace/.build/out/Products/Debug-android-aarch64/include -Xcc -I/host/spi-builder-workspace/.build/out/Intermediates.noindex/ed25519swift.build/Debug-android-aarch64/ed25519swift-t.build/DerivedSources-normal/aarch64 -Xcc -I/host/spi-builder-workspace/.build/out/Intermediates.noindex/ed25519swift.build/Debug-android-aarch64/ed25519swift-t.build/DerivedSources/aarch64 -Xcc -I/host/spi-builder-workspace/.build/out/Intermediates.noindex/ed25519swift.build/Debug-android-aarch64/ed25519swift-t.build/DerivedSources -Xcc -DSWIFT_PACKAGE -Xcc -DDEBUG\=1 -no-auto-bridging-header-chaining -module-name ed25519swift -const-gather-protocols-file /host/spi-builder-workspace/.build/out/Intermediates.noindex/ed25519swift.build/Debug-android-aarch64/ed25519swift-t.build/Objects-normal/aarch64/ed25519swift_const_extract_protocols.json -in-process-plugin-server-path /root/.local/share/swiftly/toolchains/6.4.x-snapshot-2026-09-04/usr/lib/swift/host/libSwiftInProcPluginServer.so -plugin-path /root/.local/share/swiftly/toolchains/6.4.x-snapshot-2026-09-04/usr/lib/swift/host/plugins -plugin-path /root/.local/share/swiftly/toolchains/6.4.x-snapshot-2026-09-04/usr/local/lib/swift/host/plugins -parse-as-library -o /host/spi-builder-workspace/.build/out/Intermediates.noindex/ed25519swift.build/Debug-android-aarch64/ed25519swift-t.build/Objects-normal/aarch64/ed25519_sign.o -index-unit-output-path /ed25519swift.build/Debug-android-aarch64/ed25519swift-t.build/Objects-normal/aarch64/ed25519_sign.o -index-store-path /host/spi-builder-workspace/.build/out -index-system-modules
[80 / 106] ed25519swift
error: Build failed
BUILD FAILURE 6.4 android