Build Information
Failed to build WebAPIKit, reference main (c1636f), with Swift 6.4 for watchOS using Xcode 27.0 on 23 Sep 2026 07:03:30 UTC.
Build Command
env DEVELOPER_DIR=/Applications/Xcode-27.0.0-Release.Candidate.app xcrun xcodebuild -IDEClonedSourcePackagesDirPathOverride=$PWD/.dependencies -skipMacroValidation -skipPackagePluginValidation -derivedDataPath $PWD/.derivedData build -scheme WebAPIKit-Package -destination generic/platform=watchOSBuild Log
CompileC /Users/admin/builder/spi-builder-workspace/.derivedData/Build/Intermediates.noindex/JavaScriptKit.build/Debug-watchos/_CJavaScriptEventLoop-t.build/Objects-normal/arm64/_CJavaScriptEventLoop.o /Users/admin/builder/spi-builder-workspace/.dependencies/checkouts/JavaScriptKit/Sources/_CJavaScriptEventLoop/_CJavaScriptEventLoop.c normal arm64 c com.apple.compilers.llvm.clang.1_0.compiler (in target '_CJavaScriptEventLoop' from project 'JavaScriptKit')
cd /Users/admin/builder/spi-builder-workspace/.swiftpm/xcode
Using response file: /Users/admin/builder/spi-builder-workspace/.derivedData/Build/Intermediates.noindex/JavaScriptKit.build/Debug-watchos/_CJavaScriptEventLoop-t.build/Objects-normal/arm64/7187679823f38a2a940e0043cdf9d637-common-args.resp
/Applications/Xcode-27.0.0-Release.Candidate.app/Contents/Developer/Toolchains/XcodeDefault.xctoolchain/usr/bin/clang -x c -ivfsstatcache /Users/admin/builder/spi-builder-workspace/.derivedData/SDKStatCaches.noindex/watchos27.0-24R360-e829b21a6f8c9b70876ba0858053c04477534ef55a1706bf4c1112bbb242f0a2.sdkstatcache -target arm64-apple-watchos9.0 -fmessage-length\=0 -fdiagnostics-show-note-include-stack -fmacro-backtrace-limit\=0 -fno-color-diagnostics -fmodules-prune-interval\=86400 -fmodules-prune-after\=345600 -fbuild-session-file\=/Users/admin/builder/spi-builder-workspace/.derivedData/ModuleCache.noindex/Session.modulevalidation -fmodules-validate-once-per-build-session -Wnon-modular-include-in-framework-module -Werror\=non-modular-include-in-framework-module -Wno-trigraphs -Wno-missing-field-initializers -Wno-missing-prototypes -Wno-return-type -Wno-missing-braces -Wparentheses -Wswitch -Wno-unused-function -Wno-unused-label -Wno-unused-parameter -Wno-unused-variable -Wunused-value -Wno-empty-body -Wno-uninitialized -Wno-unknown-pragmas -w -Wno-shadow -Wno-four-char-constants -Wno-conversion -Wno-constant-conversion -Wno-int-conversion -Wno-bool-conversion -Wno-enum-conversion -Wno-float-conversion -Wno-non-literal-null-conversion -Wno-objc-literal-conversion -Wshorten-64-to-32 -Wpointer-sign -Wno-newline-eof -Wno-implicit-fallthrough -isysroot /Applications/Xcode-27.0.0-Release.Candidate.app/Contents/Developer/Platforms/WatchOS.platform/Developer/SDKs/WatchOS27.0.sdk -fstrict-aliasing -Wdeprecated-declarations -Wno-sign-conversion -Wno-infinite-recursion -Wno-comma -Wno-block-capture-autoreleasing -Wno-strict-prototypes -Wno-semicolon-before-method-body -index-store-path /Users/admin/builder/spi-builder-workspace/.derivedData/Index.noindex/DataStore @/Users/admin/builder/spi-builder-workspace/.derivedData/Build/Intermediates.noindex/JavaScriptKit.build/Debug-watchos/_CJavaScriptEventLoop-t.build/Objects-normal/arm64/7187679823f38a2a940e0043cdf9d637-common-args.resp -MMD -MT dependencies -MF /Users/admin/builder/spi-builder-workspace/.derivedData/Build/Intermediates.noindex/JavaScriptKit.build/Debug-watchos/_CJavaScriptEventLoop-t.build/Objects-normal/arm64/_CJavaScriptEventLoop.d --serialize-diagnostics /Users/admin/builder/spi-builder-workspace/.derivedData/Build/Intermediates.noindex/JavaScriptKit.build/Debug-watchos/_CJavaScriptEventLoop-t.build/Objects-normal/arm64/_CJavaScriptEventLoop.dia -c /Users/admin/builder/spi-builder-workspace/.dependencies/checkouts/JavaScriptKit/Sources/_CJavaScriptEventLoop/_CJavaScriptEventLoop.c -o /Users/admin/builder/spi-builder-workspace/.derivedData/Build/Intermediates.noindex/JavaScriptKit.build/Debug-watchos/_CJavaScriptEventLoop-t.build/Objects-normal/arm64/_CJavaScriptEventLoop.o -index-unit-output-path /JavaScriptKit.build/Debug-watchos/_CJavaScriptEventLoop-t.build/Objects-normal/arm64/_CJavaScriptEventLoop.o
SwiftMergeGeneratedHeaders /Users/admin/builder/spi-builder-workspace/.derivedData/Build/Intermediates.noindex/GeneratedModuleMaps-watchos/WebIDL-Swift.h /Users/admin/builder/spi-builder-workspace/.derivedData/Build/Intermediates.noindex/WebAPIKit.build/Debug-watchos/WebIDL-t.build/Objects-normal/arm64/WebIDL-Swift.h /Users/admin/builder/spi-builder-workspace/.derivedData/Build/Intermediates.noindex/WebAPIKit.build/Debug-watchos/WebIDL-t.build/Objects-normal/arm64_32/WebIDL-Swift.h (in target 'WebIDL' from project 'WebAPIKit')
cd /Users/admin/builder/spi-builder-workspace
builtin-swiftHeaderTool -arch arm64 /Users/admin/builder/spi-builder-workspace/.derivedData/Build/Intermediates.noindex/WebAPIKit.build/Debug-watchos/WebIDL-t.build/Objects-normal/arm64/WebIDL-Swift.h -arch arm64_32 /Users/admin/builder/spi-builder-workspace/.derivedData/Build/Intermediates.noindex/WebAPIKit.build/Debug-watchos/WebIDL-t.build/Objects-normal/arm64_32/WebIDL-Swift.h -o /Users/admin/builder/spi-builder-workspace/.derivedData/Build/Intermediates.noindex/GeneratedModuleMaps-watchos/WebIDL-Swift.h
Copy /Users/admin/builder/spi-builder-workspace/.derivedData/Build/Products/Debug-watchos/WebIDL.swiftmodule/arm64-apple-watchos.swiftmodule /Users/admin/builder/spi-builder-workspace/.derivedData/Build/Intermediates.noindex/WebAPIKit.build/Debug-watchos/WebIDL-t.build/Objects-normal/arm64/WebIDL.swiftmodule (in target 'WebIDL' from project 'WebAPIKit')
cd /Users/admin/builder/spi-builder-workspace
builtin-copy -exclude .DS_Store -exclude CVS -exclude .svn -exclude .git -exclude .hg -resolve-src-symlinks -rename /Users/admin/builder/spi-builder-workspace/.derivedData/Build/Intermediates.noindex/WebAPIKit.build/Debug-watchos/WebIDL-t.build/Objects-normal/arm64/WebIDL.swiftmodule /Users/admin/builder/spi-builder-workspace/.derivedData/Build/Products/Debug-watchos/WebIDL.swiftmodule/arm64-apple-watchos.swiftmodule
Copy /Users/admin/builder/spi-builder-workspace/.derivedData/Build/Products/Debug-watchos/WebIDL.swiftmodule/arm64-apple-watchos.swiftdoc /Users/admin/builder/spi-builder-workspace/.derivedData/Build/Intermediates.noindex/WebAPIKit.build/Debug-watchos/WebIDL-t.build/Objects-normal/arm64/WebIDL.swiftdoc (in target 'WebIDL' from project 'WebAPIKit')
cd /Users/admin/builder/spi-builder-workspace
builtin-copy -exclude .DS_Store -exclude CVS -exclude .svn -exclude .git -exclude .hg -resolve-src-symlinks -rename /Users/admin/builder/spi-builder-workspace/.derivedData/Build/Intermediates.noindex/WebAPIKit.build/Debug-watchos/WebIDL-t.build/Objects-normal/arm64/WebIDL.swiftdoc /Users/admin/builder/spi-builder-workspace/.derivedData/Build/Products/Debug-watchos/WebIDL.swiftmodule/arm64-apple-watchos.swiftdoc
Copy /Users/admin/builder/spi-builder-workspace/.derivedData/Build/Products/Debug-watchos/WebIDL.swiftmodule/arm64-apple-watchos.abi.json /Users/admin/builder/spi-builder-workspace/.derivedData/Build/Intermediates.noindex/WebAPIKit.build/Debug-watchos/WebIDL-t.build/Objects-normal/arm64/WebIDL.abi.json (in target 'WebIDL' from project 'WebAPIKit')
cd /Users/admin/builder/spi-builder-workspace
builtin-copy -exclude .DS_Store -exclude CVS -exclude .svn -exclude .git -exclude .hg -resolve-src-symlinks -rename /Users/admin/builder/spi-builder-workspace/.derivedData/Build/Intermediates.noindex/WebAPIKit.build/Debug-watchos/WebIDL-t.build/Objects-normal/arm64/WebIDL.abi.json /Users/admin/builder/spi-builder-workspace/.derivedData/Build/Products/Debug-watchos/WebIDL.swiftmodule/arm64-apple-watchos.abi.json
Copy /Users/admin/builder/spi-builder-workspace/.derivedData/Build/Products/Debug-watchos/WebIDL.swiftmodule/Project/arm64-apple-watchos.swiftsourceinfo /Users/admin/builder/spi-builder-workspace/.derivedData/Build/Intermediates.noindex/WebAPIKit.build/Debug-watchos/WebIDL-t.build/Objects-normal/arm64/WebIDL.swiftsourceinfo (in target 'WebIDL' from project 'WebAPIKit')
cd /Users/admin/builder/spi-builder-workspace
builtin-copy -exclude .DS_Store -exclude CVS -exclude .svn -exclude .git -exclude .hg -resolve-src-symlinks -rename /Users/admin/builder/spi-builder-workspace/.derivedData/Build/Intermediates.noindex/WebAPIKit.build/Debug-watchos/WebIDL-t.build/Objects-normal/arm64/WebIDL.swiftsourceinfo /Users/admin/builder/spi-builder-workspace/.derivedData/Build/Products/Debug-watchos/WebIDL.swiftmodule/Project/arm64-apple-watchos.swiftsourceinfo
Ld /Users/admin/builder/spi-builder-workspace/.derivedData/Build/Intermediates.noindex/JavaScriptKit.build/Debug-watchos/_CJavaScriptEventLoop-t.build/Objects-normal/arm64/Binary/_CJavaScriptEventLoop.o normal arm64 (in target '_CJavaScriptEventLoop' from project 'JavaScriptKit')
cd /Users/admin/builder/spi-builder-workspace/.dependencies/checkouts/JavaScriptKit
/Applications/Xcode-27.0.0-Release.Candidate.app/Contents/Developer/Toolchains/XcodeDefault.xctoolchain/usr/bin/clang -Xlinker -reproducible -target arm64-apple-watchos9.0 -r -isysroot /Applications/Xcode-27.0.0-Release.Candidate.app/Contents/Developer/Platforms/WatchOS.platform/Developer/SDKs/WatchOS27.0.sdk -O0 -w -Xlinker -no_warn_duplicate_libraries -F/Users/admin/builder/spi-builder-workspace/.derivedData/Build/Intermediates.noindex/EagerLinkingTBDs/Debug-watchos -F/Users/admin/builder/spi-builder-workspace/.derivedData/Build/Products/Debug-watchos -iframework /Applications/Xcode-27.0.0-Release.Candidate.app/Contents/Developer/Platforms/WatchOS.platform/Developer/Library/Frameworks -iframework /Applications/Xcode-27.0.0-Release.Candidate.app/Contents/Developer/Platforms/WatchOS.platform/Developer/SDKs/WatchOS27.0.sdk/Developer/Library/Frameworks -filelist /Users/admin/builder/spi-builder-workspace/.derivedData/Build/Intermediates.noindex/JavaScriptKit.build/Debug-watchos/_CJavaScriptEventLoop-t.build/Objects-normal/arm64/_CJavaScriptEventLoop.LinkFileList -nostdlib -Xlinker -object_path_lto -Xlinker /Users/admin/builder/spi-builder-workspace/.derivedData/Build/Intermediates.noindex/JavaScriptKit.build/Debug-watchos/_CJavaScriptEventLoop-t.build/Objects-normal/arm64/_CJavaScriptEventLoop_lto.o -Xlinker -no_deduplicate -Xlinker -debug_variant -Xlinker -dependency_info -Xlinker /Users/admin/builder/spi-builder-workspace/.derivedData/Build/Intermediates.noindex/JavaScriptKit.build/Debug-watchos/_CJavaScriptEventLoop-t.build/Objects-normal/arm64/_CJavaScriptEventLoop_dependency_info.dat -o /Users/admin/builder/spi-builder-workspace/.derivedData/Build/Intermediates.noindex/JavaScriptKit.build/Debug-watchos/_CJavaScriptEventLoop-t.build/Objects-normal/arm64/Binary/_CJavaScriptEventLoop.o
PrecompileModule /Users/admin/builder/spi-builder-workspace/.derivedData/Build/Intermediates.noindex/ExplicitPrecompiledModules/_DarwinFoundation3-AEQ8M866EXUQLRMRTUGOCYYV3.scan
cd /
builtin-precompileModule /Users/admin/builder/spi-builder-workspace/.derivedData/Build/Intermediates.noindex/ExplicitPrecompiledModules/_DarwinFoundation3-AEQ8M866EXUQLRMRTUGOCYYV3.scan
SwiftCompile normal arm64 Compiling\ Callback.swift,\ Constant.swift /Users/admin/builder/spi-builder-workspace/Sources/WebIDL/Callback.swift /Users/admin/builder/spi-builder-workspace/Sources/WebIDL/Constant.swift (in target 'WebIDL' from project 'WebAPIKit')
SwiftCompile normal arm64 /Users/admin/builder/spi-builder-workspace/Sources/WebIDL/Callback.swift (in target 'WebIDL' from project 'WebAPIKit')
cd /Users/admin/builder/spi-builder-workspace/.swiftpm/xcode
builtin-SwiftPerFileCompile Callback.swift
SwiftCompile normal arm64 /Users/admin/builder/spi-builder-workspace/Sources/WebIDL/Constant.swift (in target 'WebIDL' from project 'WebAPIKit')
cd /Users/admin/builder/spi-builder-workspace/.swiftpm/xcode
builtin-SwiftPerFileCompile Constant.swift
CreateUniversalBinary /Users/admin/builder/spi-builder-workspace/.derivedData/Build/Products/Debug-watchos/_CJavaScriptEventLoop.o normal arm64\ arm64_32 (in target '_CJavaScriptEventLoop' from project 'JavaScriptKit')
cd /Users/admin/builder/spi-builder-workspace/.dependencies/checkouts/JavaScriptKit
/Applications/Xcode-27.0.0-Release.Candidate.app/Contents/Developer/Toolchains/XcodeDefault.xctoolchain/usr/bin/lipo -create /Users/admin/builder/spi-builder-workspace/.derivedData/Build/Intermediates.noindex/JavaScriptKit.build/Debug-watchos/_CJavaScriptEventLoop-t.build/Objects-normal/arm64/Binary/_CJavaScriptEventLoop.o /Users/admin/builder/spi-builder-workspace/.derivedData/Build/Intermediates.noindex/JavaScriptKit.build/Debug-watchos/_CJavaScriptEventLoop-t.build/Objects-normal/arm64_32/Binary/_CJavaScriptEventLoop.o -output /Users/admin/builder/spi-builder-workspace/.derivedData/Build/Products/Debug-watchos/_CJavaScriptEventLoop.o
CompileC /Users/admin/builder/spi-builder-workspace/.derivedData/Build/Intermediates.noindex/JavaScriptKit.build/Debug-watchos/_CJavaScriptKit-t.build/Objects-normal/arm64_32/_CJavaScriptKit.o /Users/admin/builder/spi-builder-workspace/.dependencies/checkouts/JavaScriptKit/Sources/_CJavaScriptKit/_CJavaScriptKit.c normal arm64_32 c com.apple.compilers.llvm.clang.1_0.compiler (in target '_CJavaScriptKit' from project 'JavaScriptKit')
cd /Users/admin/builder/spi-builder-workspace/.swiftpm/xcode
Using response file: /Users/admin/builder/spi-builder-workspace/.derivedData/Build/Intermediates.noindex/JavaScriptKit.build/Debug-watchos/_CJavaScriptKit-t.build/Objects-normal/arm64_32/7187679823f38a2a940e0043cdf9d637-common-args.resp
/Applications/Xcode-27.0.0-Release.Candidate.app/Contents/Developer/Toolchains/XcodeDefault.xctoolchain/usr/bin/clang -x c -ivfsstatcache /Users/admin/builder/spi-builder-workspace/.derivedData/SDKStatCaches.noindex/watchos27.0-24R360-e829b21a6f8c9b70876ba0858053c04477534ef55a1706bf4c1112bbb242f0a2.sdkstatcache -target arm64_32-apple-watchos9.0 -fmessage-length\=0 -fdiagnostics-show-note-include-stack -fmacro-backtrace-limit\=0 -fno-color-diagnostics -fmodules-prune-interval\=86400 -fmodules-prune-after\=345600 -fbuild-session-file\=/Users/admin/builder/spi-builder-workspace/.derivedData/ModuleCache.noindex/Session.modulevalidation -fmodules-validate-once-per-build-session -Wnon-modular-include-in-framework-module -Werror\=non-modular-include-in-framework-module -Wno-trigraphs -Wno-missing-field-initializers -Wno-missing-prototypes -Wno-return-type -Wno-missing-braces -Wparentheses -Wswitch -Wno-unused-function -Wno-unused-label -Wno-unused-parameter -Wno-unused-variable -Wunused-value -Wno-empty-body -Wno-uninitialized -Wno-unknown-pragmas -w -Wno-shadow -Wno-four-char-constants -Wno-conversion -Wno-constant-conversion -Wno-int-conversion -Wno-bool-conversion -Wno-enum-conversion -Wno-float-conversion -Wno-non-literal-null-conversion -Wno-objc-literal-conversion -Wno-shorten-64-to-32 -Wpointer-sign -Wno-newline-eof -Wno-implicit-fallthrough -isysroot /Applications/Xcode-27.0.0-Release.Candidate.app/Contents/Developer/Platforms/WatchOS.platform/Developer/SDKs/WatchOS27.0.sdk -fstrict-aliasing -Wdeprecated-declarations -Wno-sign-conversion -Wno-infinite-recursion -Wno-comma -Wno-block-capture-autoreleasing -Wno-strict-prototypes -Wno-semicolon-before-method-body -index-store-path /Users/admin/builder/spi-builder-workspace/.derivedData/Index.noindex/DataStore @/Users/admin/builder/spi-builder-workspace/.derivedData/Build/Intermediates.noindex/JavaScriptKit.build/Debug-watchos/_CJavaScriptKit-t.build/Objects-normal/arm64_32/7187679823f38a2a940e0043cdf9d637-common-args.resp -MMD -MT dependencies -MF /Users/admin/builder/spi-builder-workspace/.derivedData/Build/Intermediates.noindex/JavaScriptKit.build/Debug-watchos/_CJavaScriptKit-t.build/Objects-normal/arm64_32/_CJavaScriptKit.d --serialize-diagnostics /Users/admin/builder/spi-builder-workspace/.derivedData/Build/Intermediates.noindex/JavaScriptKit.build/Debug-watchos/_CJavaScriptKit-t.build/Objects-normal/arm64_32/_CJavaScriptKit.dia -c /Users/admin/builder/spi-builder-workspace/.dependencies/checkouts/JavaScriptKit/Sources/_CJavaScriptKit/_CJavaScriptKit.c -o /Users/admin/builder/spi-builder-workspace/.derivedData/Build/Intermediates.noindex/JavaScriptKit.build/Debug-watchos/_CJavaScriptKit-t.build/Objects-normal/arm64_32/_CJavaScriptKit.o -index-unit-output-path /JavaScriptKit.build/Debug-watchos/_CJavaScriptKit-t.build/Objects-normal/arm64_32/_CJavaScriptKit.o
CompileC /Users/admin/builder/spi-builder-workspace/.derivedData/Build/Intermediates.noindex/JavaScriptKit.build/Debug-watchos/_CJavaScriptKit-t.build/Objects-normal/arm64/_CJavaScriptKit.o /Users/admin/builder/spi-builder-workspace/.dependencies/checkouts/JavaScriptKit/Sources/_CJavaScriptKit/_CJavaScriptKit.c normal arm64 c com.apple.compilers.llvm.clang.1_0.compiler (in target '_CJavaScriptKit' from project 'JavaScriptKit')
cd /Users/admin/builder/spi-builder-workspace/.swiftpm/xcode
Using response file: /Users/admin/builder/spi-builder-workspace/.derivedData/Build/Intermediates.noindex/JavaScriptKit.build/Debug-watchos/_CJavaScriptKit-t.build/Objects-normal/arm64/7187679823f38a2a940e0043cdf9d637-common-args.resp
/Applications/Xcode-27.0.0-Release.Candidate.app/Contents/Developer/Toolchains/XcodeDefault.xctoolchain/usr/bin/clang -x c -ivfsstatcache /Users/admin/builder/spi-builder-workspace/.derivedData/SDKStatCaches.noindex/watchos27.0-24R360-e829b21a6f8c9b70876ba0858053c04477534ef55a1706bf4c1112bbb242f0a2.sdkstatcache -target arm64-apple-watchos9.0 -fmessage-length\=0 -fdiagnostics-show-note-include-stack -fmacro-backtrace-limit\=0 -fno-color-diagnostics -fmodules-prune-interval\=86400 -fmodules-prune-after\=345600 -fbuild-session-file\=/Users/admin/builder/spi-builder-workspace/.derivedData/ModuleCache.noindex/Session.modulevalidation -fmodules-validate-once-per-build-session -Wnon-modular-include-in-framework-module -Werror\=non-modular-include-in-framework-module -Wno-trigraphs -Wno-missing-field-initializers -Wno-missing-prototypes -Wno-return-type -Wno-missing-braces -Wparentheses -Wswitch -Wno-unused-function -Wno-unused-label -Wno-unused-parameter -Wno-unused-variable -Wunused-value -Wno-empty-body -Wno-uninitialized -Wno-unknown-pragmas -w -Wno-shadow -Wno-four-char-constants -Wno-conversion -Wno-constant-conversion -Wno-int-conversion -Wno-bool-conversion -Wno-enum-conversion -Wno-float-conversion -Wno-non-literal-null-conversion -Wno-objc-literal-conversion -Wshorten-64-to-32 -Wpointer-sign -Wno-newline-eof -Wno-implicit-fallthrough -isysroot /Applications/Xcode-27.0.0-Release.Candidate.app/Contents/Developer/Platforms/WatchOS.platform/Developer/SDKs/WatchOS27.0.sdk -fstrict-aliasing -Wdeprecated-declarations -Wno-sign-conversion -Wno-infinite-recursion -Wno-comma -Wno-block-capture-autoreleasing -Wno-strict-prototypes -Wno-semicolon-before-method-body -index-store-path /Users/admin/builder/spi-builder-workspace/.derivedData/Index.noindex/DataStore @/Users/admin/builder/spi-builder-workspace/.derivedData/Build/Intermediates.noindex/JavaScriptKit.build/Debug-watchos/_CJavaScriptKit-t.build/Objects-normal/arm64/7187679823f38a2a940e0043cdf9d637-common-args.resp -MMD -MT dependencies -MF /Users/admin/builder/spi-builder-workspace/.derivedData/Build/Intermediates.noindex/JavaScriptKit.build/Debug-watchos/_CJavaScriptKit-t.build/Objects-normal/arm64/_CJavaScriptKit.d --serialize-diagnostics /Users/admin/builder/spi-builder-workspace/.derivedData/Build/Intermediates.noindex/JavaScriptKit.build/Debug-watchos/_CJavaScriptKit-t.build/Objects-normal/arm64/_CJavaScriptKit.dia -c /Users/admin/builder/spi-builder-workspace/.dependencies/checkouts/JavaScriptKit/Sources/_CJavaScriptKit/_CJavaScriptKit.c -o /Users/admin/builder/spi-builder-workspace/.derivedData/Build/Intermediates.noindex/JavaScriptKit.build/Debug-watchos/_CJavaScriptKit-t.build/Objects-normal/arm64/_CJavaScriptKit.o -index-unit-output-path /JavaScriptKit.build/Debug-watchos/_CJavaScriptKit-t.build/Objects-normal/arm64/_CJavaScriptKit.o
SwiftCompile normal arm64 Compiling\ InterfaceMixin.swift,\ Namespace.swift /Users/admin/builder/spi-builder-workspace/Sources/WebIDL/InterfaceMixin.swift /Users/admin/builder/spi-builder-workspace/Sources/WebIDL/Namespace.swift (in target 'WebIDL' from project 'WebAPIKit')
SwiftCompile normal arm64 /Users/admin/builder/spi-builder-workspace/Sources/WebIDL/InterfaceMixin.swift (in target 'WebIDL' from project 'WebAPIKit')
cd /Users/admin/builder/spi-builder-workspace/.swiftpm/xcode
builtin-SwiftPerFileCompile InterfaceMixin.swift
SwiftCompile normal arm64 /Users/admin/builder/spi-builder-workspace/Sources/WebIDL/Namespace.swift (in target 'WebIDL' from project 'WebAPIKit')
cd /Users/admin/builder/spi-builder-workspace/.swiftpm/xcode
builtin-SwiftPerFileCompile Namespace.swift
Ld /Users/admin/builder/spi-builder-workspace/.derivedData/Build/Intermediates.noindex/JavaScriptKit.build/Debug-watchos/_CJavaScriptKit-t.build/Objects-normal/arm64_32/Binary/_CJavaScriptKit.o normal arm64_32 (in target '_CJavaScriptKit' from project 'JavaScriptKit')
cd /Users/admin/builder/spi-builder-workspace/.dependencies/checkouts/JavaScriptKit
/Applications/Xcode-27.0.0-Release.Candidate.app/Contents/Developer/Toolchains/XcodeDefault.xctoolchain/usr/bin/clang -Xlinker -reproducible -target arm64_32-apple-watchos9.0 -r -isysroot /Applications/Xcode-27.0.0-Release.Candidate.app/Contents/Developer/Platforms/WatchOS.platform/Developer/SDKs/WatchOS27.0.sdk -O0 -w -Xlinker -no_warn_duplicate_libraries -F/Users/admin/builder/spi-builder-workspace/.derivedData/Build/Intermediates.noindex/EagerLinkingTBDs/Debug-watchos -F/Users/admin/builder/spi-builder-workspace/.derivedData/Build/Products/Debug-watchos -iframework /Applications/Xcode-27.0.0-Release.Candidate.app/Contents/Developer/Platforms/WatchOS.platform/Developer/Library/Frameworks -iframework /Applications/Xcode-27.0.0-Release.Candidate.app/Contents/Developer/Platforms/WatchOS.platform/Developer/SDKs/WatchOS27.0.sdk/Developer/Library/Frameworks -filelist /Users/admin/builder/spi-builder-workspace/.derivedData/Build/Intermediates.noindex/JavaScriptKit.build/Debug-watchos/_CJavaScriptKit-t.build/Objects-normal/arm64_32/_CJavaScriptKit.LinkFileList -nostdlib -Xlinker -object_path_lto -Xlinker /Users/admin/builder/spi-builder-workspace/.derivedData/Build/Intermediates.noindex/JavaScriptKit.build/Debug-watchos/_CJavaScriptKit-t.build/Objects-normal/arm64_32/_CJavaScriptKit_lto.o -Xlinker -no_deduplicate -Xlinker -debug_variant -Xlinker -dependency_info -Xlinker /Users/admin/builder/spi-builder-workspace/.derivedData/Build/Intermediates.noindex/JavaScriptKit.build/Debug-watchos/_CJavaScriptKit-t.build/Objects-normal/arm64_32/_CJavaScriptKit_dependency_info.dat -o /Users/admin/builder/spi-builder-workspace/.derivedData/Build/Intermediates.noindex/JavaScriptKit.build/Debug-watchos/_CJavaScriptKit-t.build/Objects-normal/arm64_32/Binary/_CJavaScriptKit.o
Ld /Users/admin/builder/spi-builder-workspace/.derivedData/Build/Intermediates.noindex/JavaScriptKit.build/Debug-watchos/_CJavaScriptKit-t.build/Objects-normal/arm64/Binary/_CJavaScriptKit.o normal arm64 (in target '_CJavaScriptKit' from project 'JavaScriptKit')
cd /Users/admin/builder/spi-builder-workspace/.dependencies/checkouts/JavaScriptKit
/Applications/Xcode-27.0.0-Release.Candidate.app/Contents/Developer/Toolchains/XcodeDefault.xctoolchain/usr/bin/clang -Xlinker -reproducible -target arm64-apple-watchos9.0 -r -isysroot /Applications/Xcode-27.0.0-Release.Candidate.app/Contents/Developer/Platforms/WatchOS.platform/Developer/SDKs/WatchOS27.0.sdk -O0 -w -Xlinker -no_warn_duplicate_libraries -F/Users/admin/builder/spi-builder-workspace/.derivedData/Build/Intermediates.noindex/EagerLinkingTBDs/Debug-watchos -F/Users/admin/builder/spi-builder-workspace/.derivedData/Build/Products/Debug-watchos -iframework /Applications/Xcode-27.0.0-Release.Candidate.app/Contents/Developer/Platforms/WatchOS.platform/Developer/Library/Frameworks -iframework /Applications/Xcode-27.0.0-Release.Candidate.app/Contents/Developer/Platforms/WatchOS.platform/Developer/SDKs/WatchOS27.0.sdk/Developer/Library/Frameworks -filelist /Users/admin/builder/spi-builder-workspace/.derivedData/Build/Intermediates.noindex/JavaScriptKit.build/Debug-watchos/_CJavaScriptKit-t.build/Objects-normal/arm64/_CJavaScriptKit.LinkFileList -nostdlib -Xlinker -object_path_lto -Xlinker /Users/admin/builder/spi-builder-workspace/.derivedData/Build/Intermediates.noindex/JavaScriptKit.build/Debug-watchos/_CJavaScriptKit-t.build/Objects-normal/arm64/_CJavaScriptKit_lto.o -Xlinker -no_deduplicate -Xlinker -debug_variant -Xlinker -dependency_info -Xlinker /Users/admin/builder/spi-builder-workspace/.derivedData/Build/Intermediates.noindex/JavaScriptKit.build/Debug-watchos/_CJavaScriptKit-t.build/Objects-normal/arm64/_CJavaScriptKit_dependency_info.dat -o /Users/admin/builder/spi-builder-workspace/.derivedData/Build/Intermediates.noindex/JavaScriptKit.build/Debug-watchos/_CJavaScriptKit-t.build/Objects-normal/arm64/Binary/_CJavaScriptKit.o
CreateUniversalBinary /Users/admin/builder/spi-builder-workspace/.derivedData/Build/Products/Debug-watchos/_CJavaScriptKit.o normal arm64\ arm64_32 (in target '_CJavaScriptKit' from project 'JavaScriptKit')
cd /Users/admin/builder/spi-builder-workspace/.dependencies/checkouts/JavaScriptKit
/Applications/Xcode-27.0.0-Release.Candidate.app/Contents/Developer/Toolchains/XcodeDefault.xctoolchain/usr/bin/lipo -create /Users/admin/builder/spi-builder-workspace/.derivedData/Build/Intermediates.noindex/JavaScriptKit.build/Debug-watchos/_CJavaScriptKit-t.build/Objects-normal/arm64/Binary/_CJavaScriptKit.o /Users/admin/builder/spi-builder-workspace/.derivedData/Build/Intermediates.noindex/JavaScriptKit.build/Debug-watchos/_CJavaScriptKit-t.build/Objects-normal/arm64_32/Binary/_CJavaScriptKit.o -output /Users/admin/builder/spi-builder-workspace/.derivedData/Build/Products/Debug-watchos/_CJavaScriptKit.o
SwiftCompile normal arm64_32 Compiling\ Callback.swift,\ Constant.swift /Users/admin/builder/spi-builder-workspace/Sources/WebIDL/Callback.swift /Users/admin/builder/spi-builder-workspace/Sources/WebIDL/Constant.swift (in target 'WebIDL' from project 'WebAPIKit')
SwiftCompile normal arm64_32 /Users/admin/builder/spi-builder-workspace/Sources/WebIDL/Callback.swift (in target 'WebIDL' from project 'WebAPIKit')
cd /Users/admin/builder/spi-builder-workspace/.swiftpm/xcode
builtin-SwiftPerFileCompile Callback.swift
SwiftCompile normal arm64_32 /Users/admin/builder/spi-builder-workspace/Sources/WebIDL/Constant.swift (in target 'WebIDL' from project 'WebAPIKit')
cd /Users/admin/builder/spi-builder-workspace/.swiftpm/xcode
builtin-SwiftPerFileCompile Constant.swift
SwiftCompile normal arm64 Compiling\ Includes.swift,\ Interface.swift /Users/admin/builder/spi-builder-workspace/Sources/WebIDL/Includes.swift /Users/admin/builder/spi-builder-workspace/Sources/WebIDL/Interface.swift (in target 'WebIDL' from project 'WebAPIKit')
SwiftCompile normal arm64 /Users/admin/builder/spi-builder-workspace/Sources/WebIDL/Includes.swift (in target 'WebIDL' from project 'WebAPIKit')
cd /Users/admin/builder/spi-builder-workspace/.swiftpm/xcode
builtin-SwiftPerFileCompile Includes.swift
SwiftCompile normal arm64 /Users/admin/builder/spi-builder-workspace/Sources/WebIDL/Interface.swift (in target 'WebIDL' from project 'WebAPIKit')
cd /Users/admin/builder/spi-builder-workspace/.swiftpm/xcode
builtin-SwiftPerFileCompile Interface.swift
SwiftDriverJobDiscovery normal arm64_32 Compiling Node.swift, Operation.swift (in target 'WebIDL' from project 'WebAPIKit')
SwiftCompile normal arm64 Compiling\ Dictionary.swift,\ Enum.swift /Users/admin/builder/spi-builder-workspace/Sources/WebIDL/Dictionary.swift /Users/admin/builder/spi-builder-workspace/Sources/WebIDL/Enum.swift (in target 'WebIDL' from project 'WebAPIKit')
SwiftCompile normal arm64 /Users/admin/builder/spi-builder-workspace/Sources/WebIDL/Dictionary.swift (in target 'WebIDL' from project 'WebAPIKit')
cd /Users/admin/builder/spi-builder-workspace/.swiftpm/xcode
builtin-SwiftPerFileCompile Dictionary.swift
SwiftCompile normal arm64 /Users/admin/builder/spi-builder-workspace/Sources/WebIDL/Enum.swift (in target 'WebIDL' from project 'WebAPIKit')
cd /Users/admin/builder/spi-builder-workspace/.swiftpm/xcode
builtin-SwiftPerFileCompile Enum.swift
SwiftDriverJobDiscovery normal arm64_32 Compiling InterfaceMixin.swift, Namespace.swift (in target 'WebIDL' from project 'WebAPIKit')
SwiftCompile normal arm64_32 Compiling\ Constructor.swift,\ Declaration.swift /Users/admin/builder/spi-builder-workspace/Sources/WebIDL/Constructor.swift /Users/admin/builder/spi-builder-workspace/Sources/WebIDL/Declaration.swift (in target 'WebIDL' from project 'WebAPIKit')
SwiftCompile normal arm64_32 /Users/admin/builder/spi-builder-workspace/Sources/WebIDL/Constructor.swift (in target 'WebIDL' from project 'WebAPIKit')
cd /Users/admin/builder/spi-builder-workspace/.swiftpm/xcode
builtin-SwiftPerFileCompile Constructor.swift
SwiftCompile normal arm64_32 /Users/admin/builder/spi-builder-workspace/Sources/WebIDL/Declaration.swift (in target 'WebIDL' from project 'WebAPIKit')
cd /Users/admin/builder/spi-builder-workspace/.swiftpm/xcode
builtin-SwiftPerFileCompile Declaration.swift
SwiftDriverJobDiscovery normal arm64_32 Compiling Value.swift (in target 'WebIDL' from project 'WebAPIKit')
SwiftCompile normal arm64 Compiling\ Argument.swift,\ Attribute.swift /Users/admin/builder/spi-builder-workspace/Sources/WebIDL/Argument.swift /Users/admin/builder/spi-builder-workspace/Sources/WebIDL/Attribute.swift (in target 'WebIDL' from project 'WebAPIKit')
SwiftCompile normal arm64 /Users/admin/builder/spi-builder-workspace/Sources/WebIDL/Argument.swift (in target 'WebIDL' from project 'WebAPIKit')
cd /Users/admin/builder/spi-builder-workspace/.swiftpm/xcode
builtin-SwiftPerFileCompile Argument.swift
SwiftCompile normal arm64 /Users/admin/builder/spi-builder-workspace/Sources/WebIDL/Attribute.swift (in target 'WebIDL' from project 'WebAPIKit')
cd /Users/admin/builder/spi-builder-workspace/.swiftpm/xcode
builtin-SwiftPerFileCompile Attribute.swift
SwiftDriverJobDiscovery normal arm64_32 Compiling Type.swift, Typedef.swift (in target 'WebIDL' from project 'WebAPIKit')
SwiftCompile normal arm64 Compiling\ Type.swift,\ Typedef.swift /Users/admin/builder/spi-builder-workspace/Sources/WebIDL/Type.swift /Users/admin/builder/spi-builder-workspace/Sources/WebIDL/Typedef.swift (in target 'WebIDL' from project 'WebAPIKit')
SwiftCompile normal arm64 /Users/admin/builder/spi-builder-workspace/Sources/WebIDL/Type.swift (in target 'WebIDL' from project 'WebAPIKit')
cd /Users/admin/builder/spi-builder-workspace/.swiftpm/xcode
builtin-SwiftPerFileCompile Type.swift
SwiftCompile normal arm64 /Users/admin/builder/spi-builder-workspace/Sources/WebIDL/Typedef.swift (in target 'WebIDL' from project 'WebAPIKit')
cd /Users/admin/builder/spi-builder-workspace/.swiftpm/xcode
builtin-SwiftPerFileCompile Typedef.swift
SwiftDriverJobDiscovery normal arm64_32 Compiling Includes.swift, Interface.swift (in target 'WebIDL' from project 'WebAPIKit')
SwiftCompile normal arm64_32 Compiling\ Argument.swift,\ Attribute.swift /Users/admin/builder/spi-builder-workspace/Sources/WebIDL/Argument.swift /Users/admin/builder/spi-builder-workspace/Sources/WebIDL/Attribute.swift (in target 'WebIDL' from project 'WebAPIKit')
SwiftCompile normal arm64_32 /Users/admin/builder/spi-builder-workspace/Sources/WebIDL/Argument.swift (in target 'WebIDL' from project 'WebAPIKit')
cd /Users/admin/builder/spi-builder-workspace/.swiftpm/xcode
builtin-SwiftPerFileCompile Argument.swift
SwiftCompile normal arm64_32 /Users/admin/builder/spi-builder-workspace/Sources/WebIDL/Attribute.swift (in target 'WebIDL' from project 'WebAPIKit')
cd /Users/admin/builder/spi-builder-workspace/.swiftpm/xcode
builtin-SwiftPerFileCompile Attribute.swift
SwiftDriverJobDiscovery normal arm64_32 Compiling ExtendedAttribute.swift, GenericCollection.swift (in target 'WebIDL' from project 'WebAPIKit')
SwiftCompile normal arm64_32 Compiling\ Dictionary.swift,\ Enum.swift /Users/admin/builder/spi-builder-workspace/Sources/WebIDL/Dictionary.swift /Users/admin/builder/spi-builder-workspace/Sources/WebIDL/Enum.swift (in target 'WebIDL' from project 'WebAPIKit')
SwiftCompile normal arm64_32 /Users/admin/builder/spi-builder-workspace/Sources/WebIDL/Dictionary.swift (in target 'WebIDL' from project 'WebAPIKit')
cd /Users/admin/builder/spi-builder-workspace/.swiftpm/xcode
builtin-SwiftPerFileCompile Dictionary.swift
SwiftCompile normal arm64_32 /Users/admin/builder/spi-builder-workspace/Sources/WebIDL/Enum.swift (in target 'WebIDL' from project 'WebAPIKit')
cd /Users/admin/builder/spi-builder-workspace/.swiftpm/xcode
builtin-SwiftPerFileCompile Enum.swift
SwiftDriverJobDiscovery normal arm64_32 Compiling Callback.swift, Constant.swift (in target 'WebIDL' from project 'WebAPIKit')
SwiftCompile normal arm64 Compiling\ Value.swift /Users/admin/builder/spi-builder-workspace/Sources/WebIDL/Value.swift (in target 'WebIDL' from project 'WebAPIKit')
SwiftCompile normal arm64 /Users/admin/builder/spi-builder-workspace/Sources/WebIDL/Value.swift (in target 'WebIDL' from project 'WebAPIKit')
cd /Users/admin/builder/spi-builder-workspace/.swiftpm/xcode
builtin-SwiftPerFileCompile Value.swift
SwiftDriverJobDiscovery normal arm64_32 Compiling Constructor.swift, Declaration.swift (in target 'WebIDL' from project 'WebAPIKit')
SwiftCompile normal arm64 Compiling\ Node.swift,\ Operation.swift /Users/admin/builder/spi-builder-workspace/Sources/WebIDL/Node.swift /Users/admin/builder/spi-builder-workspace/Sources/WebIDL/Operation.swift (in target 'WebIDL' from project 'WebAPIKit')
SwiftCompile normal arm64 /Users/admin/builder/spi-builder-workspace/Sources/WebIDL/Node.swift (in target 'WebIDL' from project 'WebAPIKit')
cd /Users/admin/builder/spi-builder-workspace/.swiftpm/xcode
builtin-SwiftPerFileCompile Node.swift
SwiftCompile normal arm64 /Users/admin/builder/spi-builder-workspace/Sources/WebIDL/Operation.swift (in target 'WebIDL' from project 'WebAPIKit')
cd /Users/admin/builder/spi-builder-workspace/.swiftpm/xcode
builtin-SwiftPerFileCompile Operation.swift
SwiftDriverJobDiscovery normal arm64_32 Compiling Argument.swift, Attribute.swift (in target 'WebIDL' from project 'WebAPIKit')
SwiftCompile normal arm64 Compiling\ ExtendedAttribute.swift,\ GenericCollection.swift /Users/admin/builder/spi-builder-workspace/Sources/WebIDL/ExtendedAttribute.swift /Users/admin/builder/spi-builder-workspace/Sources/WebIDL/GenericCollection.swift (in target 'WebIDL' from project 'WebAPIKit')
SwiftCompile normal arm64 /Users/admin/builder/spi-builder-workspace/Sources/WebIDL/ExtendedAttribute.swift (in target 'WebIDL' from project 'WebAPIKit')
cd /Users/admin/builder/spi-builder-workspace/.swiftpm/xcode
builtin-SwiftPerFileCompile ExtendedAttribute.swift
SwiftCompile normal arm64 /Users/admin/builder/spi-builder-workspace/Sources/WebIDL/GenericCollection.swift (in target 'WebIDL' from project 'WebAPIKit')
cd /Users/admin/builder/spi-builder-workspace/.swiftpm/xcode
builtin-SwiftPerFileCompile GenericCollection.swift
SwiftDriverJobDiscovery normal arm64 Compiling Callback.swift, Constant.swift (in target 'WebIDL' from project 'WebAPIKit')
SwiftCompile normal arm64 Compiling\ Constructor.swift,\ Declaration.swift /Users/admin/builder/spi-builder-workspace/Sources/WebIDL/Constructor.swift /Users/admin/builder/spi-builder-workspace/Sources/WebIDL/Declaration.swift (in target 'WebIDL' from project 'WebAPIKit')
SwiftCompile normal arm64 /Users/admin/builder/spi-builder-workspace/Sources/WebIDL/Constructor.swift (in target 'WebIDL' from project 'WebAPIKit')
cd /Users/admin/builder/spi-builder-workspace/.swiftpm/xcode
builtin-SwiftPerFileCompile Constructor.swift
SwiftCompile normal arm64 /Users/admin/builder/spi-builder-workspace/Sources/WebIDL/Declaration.swift (in target 'WebIDL' from project 'WebAPIKit')
cd /Users/admin/builder/spi-builder-workspace/.swiftpm/xcode
builtin-SwiftPerFileCompile Declaration.swift
SwiftDriverJobDiscovery normal arm64_32 Compiling Dictionary.swift, Enum.swift (in target 'WebIDL' from project 'WebAPIKit')
SwiftDriver\ Compilation WebIDL normal arm64_32 com.apple.xcode.tools.swift.compiler (in target 'WebIDL' from project 'WebAPIKit')
cd /Users/admin/builder/spi-builder-workspace/.swiftpm/xcode
builtin-Swift-Compilation -- /Applications/Xcode-27.0.0-Release.Candidate.app/Contents/Developer/Toolchains/XcodeDefault.xctoolchain/usr/bin/swiftc -parse-as-library -module-name WebIDL -Onone @/Users/admin/builder/spi-builder-workspace/.derivedData/Build/Intermediates.noindex/WebAPIKit.build/Debug-watchos/WebIDL-t.build/Objects-normal/arm64_32/WebIDL.SwiftFileList -DSWIFT_PACKAGE -DDEBUG -DSWIFT_MODULE_RESOURCE_BUNDLE_UNAVAILABLE -DXcode -plugin-path /Applications/Xcode-27.0.0-Release.Candidate.app/Contents/Developer/Toolchains/XcodeDefault.xctoolchain/usr/lib/swift/host/plugins/testing -enable-experimental-feature DebugDescriptionMacro -sdk /Applications/Xcode-27.0.0-Release.Candidate.app/Contents/Developer/Platforms/WatchOS.platform/Developer/SDKs/WatchOS27.0.sdk -target arm64_32-apple-watchos9.0 -g -module-cache-path /Users/admin/builder/spi-builder-workspace/.derivedData/ModuleCache.noindex -Xfrontend -serialize-debugging-options -profile-coverage-mapping -profile-generate -enable-testing -index-store-path /Users/admin/builder/spi-builder-workspace/.derivedData/Index.noindex/DataStore -Xcc -D_LIBCPP_HARDENING_MODE\=_LIBCPP_HARDENING_MODE_DEBUG -swift-version 5 -I /Users/admin/builder/spi-builder-workspace/.derivedData/Build/Products/Debug-watchos -Isystem /Applications/Xcode-27.0.0-Release.Candidate.app/Contents/Developer/Platforms/WatchOS.platform/Developer/usr/lib -F /Users/admin/builder/spi-builder-workspace/.derivedData/Build/Products/Debug-watchos -F /Applications/Xcode-27.0.0-Release.Candidate.app/Contents/Developer/Platforms/WatchOS.platform/Developer/Library/Frameworks -F /Applications/Xcode-27.0.0-Release.Candidate.app/Contents/Developer/Platforms/WatchOS.platform/Developer/SDKs/WatchOS27.0.sdk/Developer/Library/Frameworks -c -j10 -enable-batch-mode -incremental -Xcc -ivfsstatcache -Xcc /Users/admin/builder/spi-builder-workspace/.derivedData/SDKStatCaches.noindex/watchos27.0-24R360-e829b21a6f8c9b70876ba0858053c04477534ef55a1706bf4c1112bbb242f0a2.sdkstatcache -output-file-map /Users/admin/builder/spi-builder-workspace/.derivedData/Build/Intermediates.noindex/WebAPIKit.build/Debug-watchos/WebIDL-t.build/Objects-normal/arm64_32/WebIDL-OutputFileMap.json -save-temps -no-color-diagnostics -explicit-module-build -module-cache-path /Users/admin/builder/spi-builder-workspace/.derivedData/Build/Intermediates.noindex/SwiftExplicitPrecompiledModules -clang-scanner-module-cache-path /Users/admin/builder/spi-builder-workspace/.derivedData/ModuleCache.noindex -sdk-module-cache-path /Users/admin/builder/spi-builder-workspace/.derivedData/SDKExplicitPrecompiledModules -emit-dependencies -emit-module -emit-module-path /Users/admin/builder/spi-builder-workspace/.derivedData/Build/Intermediates.noindex/WebAPIKit.build/Debug-watchos/WebIDL-t.build/Objects-normal/arm64_32/WebIDL.swiftmodule -serialize-diagnostics -dependency-scan-serialize-diagnostics-path /Users/admin/builder/spi-builder-workspace/.derivedData/Build/Intermediates.noindex/WebAPIKit.build/Debug-watchos/WebIDL-t.build/Objects-normal/arm64_32/WebIDL-dependency-scan.dia -validate-clang-modules-once -clang-build-session-file /Users/admin/builder/spi-builder-workspace/.derivedData/ModuleCache.noindex/Session.modulevalidation -Xcc -fmodules-prune-interval\=86400 -Xcc -fmodules-prune-after\=345600 -package-name spi_builder_workspace -emit-const-values -const-gather-protocols-list /Users/admin/builder/spi-builder-workspace/.derivedData/Build/Intermediates.noindex/WebAPIKit.build/Debug-watchos/WebIDL-t.build/Objects-normal/arm64_32/WebIDL_const_extract_protocols.json -Xcc -I/Users/admin/builder/spi-builder-workspace/.derivedData/Build/Products/Debug-watchos/include -Xcc -I/Users/admin/builder/spi-builder-workspace/.derivedData/Build/Intermediates.noindex/WebAPIKit.build/Debug-watchos/WebIDL-t.build/DerivedSources-normal/arm64_32 -Xcc -I/Users/admin/builder/spi-builder-workspace/.derivedData/Build/Intermediates.noindex/WebAPIKit.build/Debug-watchos/WebIDL-t.build/DerivedSources/arm64_32 -Xcc -I/Users/admin/builder/spi-builder-workspace/.derivedData/Build/Intermediates.noindex/WebAPIKit.build/Debug-watchos/WebIDL-t.build/DerivedSources -Xcc -DSWIFT_PACKAGE -Xcc -DDEBUG\=1 -emit-objc-header -emit-objc-header-path /Users/admin/builder/spi-builder-workspace/.derivedData/Build/Intermediates.noindex/WebAPIKit.build/Debug-watchos/WebIDL-t.build/Objects-normal/arm64_32/WebIDL-Swift.h -working-directory /Users/admin/builder/spi-builder-workspace/.swiftpm/xcode -experimental-emit-module-separately -disable-cmo
SwiftDriverJobDiscovery normal arm64 Compiling Value.swift (in target 'WebIDL' from project 'WebAPIKit')
SwiftDriverJobDiscovery normal arm64 Compiling InterfaceMixin.swift, Namespace.swift (in target 'WebIDL' from project 'WebAPIKit')
Ld /Users/admin/builder/spi-builder-workspace/.derivedData/Build/Intermediates.noindex/WebAPIKit.build/Debug-watchos/WebIDL-t.build/Objects-normal/arm64_32/Binary/WebIDL.o normal arm64_32 (in target 'WebIDL' from project 'WebAPIKit')
cd /Users/admin/builder/spi-builder-workspace
/Applications/Xcode-27.0.0-Release.Candidate.app/Contents/Developer/Toolchains/XcodeDefault.xctoolchain/usr/bin/clang -Xlinker -reproducible -target arm64_32-apple-watchos9.0 -r -isysroot /Applications/Xcode-27.0.0-Release.Candidate.app/Contents/Developer/Platforms/WatchOS.platform/Developer/SDKs/WatchOS27.0.sdk -O0 -Xlinker -no_warn_duplicate_libraries -F/Users/admin/builder/spi-builder-workspace/.derivedData/Build/Intermediates.noindex/EagerLinkingTBDs/Debug-watchos -F/Users/admin/builder/spi-builder-workspace/.derivedData/Build/Products/Debug-watchos -iframework /Applications/Xcode-27.0.0-Release.Candidate.app/Contents/Developer/Platforms/WatchOS.platform/Developer/Library/Frameworks -iframework /Applications/Xcode-27.0.0-Release.Candidate.app/Contents/Developer/Platforms/WatchOS.platform/Developer/SDKs/WatchOS27.0.sdk/Developer/Library/Frameworks -filelist /Users/admin/builder/spi-builder-workspace/.derivedData/Build/Intermediates.noindex/WebAPIKit.build/Debug-watchos/WebIDL-t.build/Objects-normal/arm64_32/WebIDL.LinkFileList -nostdlib -Xlinker -object_path_lto -Xlinker /Users/admin/builder/spi-builder-workspace/.derivedData/Build/Intermediates.noindex/WebAPIKit.build/Debug-watchos/WebIDL-t.build/Objects-normal/arm64_32/WebIDL_lto.o -Xlinker -no_deduplicate -Xlinker -debug_variant -Xlinker -dependency_info -Xlinker /Users/admin/builder/spi-builder-workspace/.derivedData/Build/Intermediates.noindex/WebAPIKit.build/Debug-watchos/WebIDL-t.build/Objects-normal/arm64_32/WebIDL_dependency_info.dat -fobjc-link-runtime -L/Applications/Xcode-27.0.0-Release.Candidate.app/Contents/Developer/Toolchains/XcodeDefault.xctoolchain/usr/lib/swift/watchos -L/usr/lib/swift -Xlinker -add_ast_path -Xlinker /Users/admin/builder/spi-builder-workspace/.derivedData/Build/Intermediates.noindex/WebAPIKit.build/Debug-watchos/WebIDL-t.build/Objects-normal/arm64_32/WebIDL.swiftmodule -o /Users/admin/builder/spi-builder-workspace/.derivedData/Build/Intermediates.noindex/WebAPIKit.build/Debug-watchos/WebIDL-t.build/Objects-normal/arm64_32/Binary/WebIDL.o
Ld /Users/admin/builder/spi-builder-workspace/.derivedData/Build/Intermediates.noindex/JavaScriptKit.build/Debug-watchos/_CJavaScriptBigIntSupport-t.build/Objects-normal/arm64_32/Binary/_CJavaScriptBigIntSupport.o normal arm64_32 (in target '_CJavaScriptBigIntSupport' from project 'JavaScriptKit')
cd /Users/admin/builder/spi-builder-workspace/.dependencies/checkouts/JavaScriptKit
/Applications/Xcode-27.0.0-Release.Candidate.app/Contents/Developer/Toolchains/XcodeDefault.xctoolchain/usr/bin/clang -Xlinker -reproducible -target arm64_32-apple-watchos9.0 -r -isysroot /Applications/Xcode-27.0.0-Release.Candidate.app/Contents/Developer/Platforms/WatchOS.platform/Developer/SDKs/WatchOS27.0.sdk -O0 -w -Xlinker -no_warn_duplicate_libraries -F/Users/admin/builder/spi-builder-workspace/.derivedData/Build/Intermediates.noindex/EagerLinkingTBDs/Debug-watchos -F/Users/admin/builder/spi-builder-workspace/.derivedData/Build/Products/Debug-watchos/PackageFrameworks -F/Users/admin/builder/spi-builder-workspace/.derivedData/Build/Products/Debug-watchos -iframework /Applications/Xcode-27.0.0-Release.Candidate.app/Contents/Developer/Platforms/WatchOS.platform/Developer/Library/Frameworks -iframework /Applications/Xcode-27.0.0-Release.Candidate.app/Contents/Developer/Platforms/WatchOS.platform/Developer/SDKs/WatchOS27.0.sdk/Developer/Library/Frameworks -filelist /Users/admin/builder/spi-builder-workspace/.derivedData/Build/Intermediates.noindex/JavaScriptKit.build/Debug-watchos/_CJavaScriptBigIntSupport-t.build/Objects-normal/arm64_32/_CJavaScriptBigIntSupport.LinkFileList -nostdlib -Xlinker -object_path_lto -Xlinker /Users/admin/builder/spi-builder-workspace/.derivedData/Build/Intermediates.noindex/JavaScriptKit.build/Debug-watchos/_CJavaScriptBigIntSupport-t.build/Objects-normal/arm64_32/_CJavaScriptBigIntSupport_lto.o -Xlinker -no_deduplicate -Xlinker -debug_variant -Xlinker -dependency_info -Xlinker /Users/admin/builder/spi-builder-workspace/.derivedData/Build/Intermediates.noindex/JavaScriptKit.build/Debug-watchos/_CJavaScriptBigIntSupport-t.build/Objects-normal/arm64_32/_CJavaScriptBigIntSupport_dependency_info.dat -o /Users/admin/builder/spi-builder-workspace/.derivedData/Build/Intermediates.noindex/JavaScriptKit.build/Debug-watchos/_CJavaScriptBigIntSupport-t.build/Objects-normal/arm64_32/Binary/_CJavaScriptBigIntSupport.o
Ld /Users/admin/builder/spi-builder-workspace/.derivedData/Build/Intermediates.noindex/JavaScriptKit.build/Debug-watchos/_CJavaScriptBigIntSupport-t.build/Objects-normal/arm64/Binary/_CJavaScriptBigIntSupport.o normal arm64 (in target '_CJavaScriptBigIntSupport' from project 'JavaScriptKit')
cd /Users/admin/builder/spi-builder-workspace/.dependencies/checkouts/JavaScriptKit
/Applications/Xcode-27.0.0-Release.Candidate.app/Contents/Developer/Toolchains/XcodeDefault.xctoolchain/usr/bin/clang -Xlinker -reproducible -target arm64-apple-watchos9.0 -r -isysroot /Applications/Xcode-27.0.0-Release.Candidate.app/Contents/Developer/Platforms/WatchOS.platform/Developer/SDKs/WatchOS27.0.sdk -O0 -w -Xlinker -no_warn_duplicate_libraries -F/Users/admin/builder/spi-builder-workspace/.derivedData/Build/Intermediates.noindex/EagerLinkingTBDs/Debug-watchos -F/Users/admin/builder/spi-builder-workspace/.derivedData/Build/Products/Debug-watchos/PackageFrameworks -F/Users/admin/builder/spi-builder-workspace/.derivedData/Build/Products/Debug-watchos -iframework /Applications/Xcode-27.0.0-Release.Candidate.app/Contents/Developer/Platforms/WatchOS.platform/Developer/Library/Frameworks -iframework /Applications/Xcode-27.0.0-Release.Candidate.app/Contents/Developer/Platforms/WatchOS.platform/Developer/SDKs/WatchOS27.0.sdk/Developer/Library/Frameworks -filelist /Users/admin/builder/spi-builder-workspace/.derivedData/Build/Intermediates.noindex/JavaScriptKit.build/Debug-watchos/_CJavaScriptBigIntSupport-t.build/Objects-normal/arm64/_CJavaScriptBigIntSupport.LinkFileList -nostdlib -Xlinker -object_path_lto -Xlinker /Users/admin/builder/spi-builder-workspace/.derivedData/Build/Intermediates.noindex/JavaScriptKit.build/Debug-watchos/_CJavaScriptBigIntSupport-t.build/Objects-normal/arm64/_CJavaScriptBigIntSupport_lto.o -Xlinker -no_deduplicate -Xlinker -debug_variant -Xlinker -dependency_info -Xlinker /Users/admin/builder/spi-builder-workspace/.derivedData/Build/Intermediates.noindex/JavaScriptKit.build/Debug-watchos/_CJavaScriptBigIntSupport-t.build/Objects-normal/arm64/_CJavaScriptBigIntSupport_dependency_info.dat -o /Users/admin/builder/spi-builder-workspace/.derivedData/Build/Intermediates.noindex/JavaScriptKit.build/Debug-watchos/_CJavaScriptBigIntSupport-t.build/Objects-normal/arm64/Binary/_CJavaScriptBigIntSupport.o
SwiftDriver WebIDLToSwift normal arm64_32 com.apple.xcode.tools.swift.compiler (in target 'WebIDLToSwift-product' from project 'WebAPIKit')
cd /Users/admin/builder/spi-builder-workspace/.swiftpm/xcode
builtin-SwiftDriver -- /Applications/Xcode-27.0.0-Release.Candidate.app/Contents/Developer/Toolchains/XcodeDefault.xctoolchain/usr/bin/swiftc -parse-as-library -module-name WebIDLToSwift -Onone @/Users/admin/builder/spi-builder-workspace/.derivedData/Build/Intermediates.noindex/WebAPIKit.build/Debug-watchos/WebIDLToSwift-p.build/Objects-normal/arm64_32/WebIDLToSwift.SwiftFileList -DSWIFT_PACKAGE -DDEBUG -DXcode -plugin-path /Applications/Xcode-27.0.0-Release.Candidate.app/Contents/Developer/Toolchains/XcodeDefault.xctoolchain/usr/lib/swift/host/plugins/testing -enable-experimental-feature DebugDescriptionMacro -sdk /Applications/Xcode-27.0.0-Release.Candidate.app/Contents/Developer/Platforms/WatchOS.platform/Developer/SDKs/WatchOS27.0.sdk -target arm64_32-apple-watchos9.0 -g -module-cache-path /Users/admin/builder/spi-builder-workspace/.derivedData/ModuleCache.noindex -Xfrontend -serialize-debugging-options -profile-coverage-mapping -profile-generate -enable-testing -index-store-path /Users/admin/builder/spi-builder-workspace/.derivedData/Index.noindex/DataStore -Xcc -D_LIBCPP_HARDENING_MODE\=_LIBCPP_HARDENING_MODE_DEBUG -swift-version 5 -I /Users/admin/builder/spi-builder-workspace/.derivedData/Build/Products/Debug-watchos -Isystem /Applications/Xcode-27.0.0-Release.Candidate.app/Contents/Developer/Platforms/WatchOS.platform/Developer/usr/lib -F /Users/admin/builder/spi-builder-workspace/.derivedData/Build/Products/Debug-watchos/PackageFrameworks -F /Users/admin/builder/spi-builder-workspace/.derivedData/Build/Products/Debug-watchos -F /Applications/Xcode-27.0.0-Release.Candidate.app/Contents/Developer/Platforms/WatchOS.platform/Developer/Library/Frameworks -F /Applications/Xcode-27.0.0-Release.Candidate.app/Contents/Developer/Platforms/WatchOS.platform/Developer/SDKs/WatchOS27.0.sdk/Developer/Library/Frameworks -c -j10 -enable-batch-mode -incremental -Xcc -ivfsstatcache -Xcc /Users/admin/builder/spi-builder-workspace/.derivedData/SDKStatCaches.noindex/watchos27.0-24R360-e829b21a6f8c9b70876ba0858053c04477534ef55a1706bf4c1112bbb242f0a2.sdkstatcache -output-file-map /Users/admin/builder/spi-builder-workspace/.derivedData/Build/Intermediates.noindex/WebAPIKit.build/Debug-watchos/WebIDLToSwift-p.build/Objects-normal/arm64_32/WebIDLToSwift-OutputFileMap.json -save-temps -no-color-diagnostics -explicit-module-build -module-cache-path /Users/admin/builder/spi-builder-workspace/.derivedData/Build/Intermediates.noindex/SwiftExplicitPrecompiledModules -clang-scanner-module-cache-path /Users/admin/builder/spi-builder-workspace/.derivedData/ModuleCache.noindex -sdk-module-cache-path /Users/admin/builder/spi-builder-workspace/.derivedData/SDKExplicitPrecompiledModules -emit-dependencies -emit-module -emit-module-path /Users/admin/builder/spi-builder-workspace/.derivedData/Build/Intermediates.noindex/WebAPIKit.build/Debug-watchos/WebIDLToSwift-p.build/Objects-normal/arm64_32/WebIDLToSwift.swiftmodule -serialize-diagnostics -dependency-scan-serialize-diagnostics-path /Users/admin/builder/spi-builder-workspace/.derivedData/Build/Intermediates.noindex/WebAPIKit.build/Debug-watchos/WebIDLToSwift-p.build/Objects-normal/arm64_32/WebIDLToSwift-dependency-scan.dia -validate-clang-modules-once -clang-build-session-file /Users/admin/builder/spi-builder-workspace/.derivedData/ModuleCache.noindex/Session.modulevalidation -Xcc -fmodules-prune-interval\=86400 -Xcc -fmodules-prune-after\=345600 -package-name spi_builder_workspace -emit-const-values -const-gather-protocols-list /Users/admin/builder/spi-builder-workspace/.derivedData/Build/Intermediates.noindex/WebAPIKit.build/Debug-watchos/WebIDLToSwift-p.build/Objects-normal/arm64_32/WebIDLToSwift_const_extract_protocols.json -Xcc -I/Users/admin/builder/spi-builder-workspace/.derivedData/Build/Products/Debug-watchos/include -Xcc -I/Users/admin/builder/spi-builder-workspace/.derivedData/Build/Intermediates.noindex/WebAPIKit.build/Debug-watchos/WebIDLToSwift-p.build/DerivedSources-normal/arm64_32 -Xcc -I/Users/admin/builder/spi-builder-workspace/.derivedData/Build/Intermediates.noindex/WebAPIKit.build/Debug-watchos/WebIDLToSwift-p.build/DerivedSources/arm64_32 -Xcc -I/Users/admin/builder/spi-builder-workspace/.derivedData/Build/Intermediates.noindex/WebAPIKit.build/Debug-watchos/WebIDLToSwift-p.build/DerivedSources -Xcc -DSWIFT_PACKAGE -Xcc -DDEBUG\=1 -working-directory /Users/admin/builder/spi-builder-workspace/.swiftpm/xcode -experimental-emit-module-separately -disable-cmo
SwiftDriver WebIDLToSwift normal arm64 com.apple.xcode.tools.swift.compiler (in target 'WebIDLToSwift-product' from project 'WebAPIKit')
cd /Users/admin/builder/spi-builder-workspace/.swiftpm/xcode
builtin-SwiftDriver -- /Applications/Xcode-27.0.0-Release.Candidate.app/Contents/Developer/Toolchains/XcodeDefault.xctoolchain/usr/bin/swiftc -parse-as-library -module-name WebIDLToSwift -Onone @/Users/admin/builder/spi-builder-workspace/.derivedData/Build/Intermediates.noindex/WebAPIKit.build/Debug-watchos/WebIDLToSwift-p.build/Objects-normal/arm64/WebIDLToSwift.SwiftFileList -DSWIFT_PACKAGE -DDEBUG -DXcode -plugin-path /Applications/Xcode-27.0.0-Release.Candidate.app/Contents/Developer/Toolchains/XcodeDefault.xctoolchain/usr/lib/swift/host/plugins/testing -enable-experimental-feature DebugDescriptionMacro -sdk /Applications/Xcode-27.0.0-Release.Candidate.app/Contents/Developer/Platforms/WatchOS.platform/Developer/SDKs/WatchOS27.0.sdk -target arm64-apple-watchos9.0 -g -module-cache-path /Users/admin/builder/spi-builder-workspace/.derivedData/ModuleCache.noindex -Xfrontend -serialize-debugging-options -profile-coverage-mapping -profile-generate -enable-testing -index-store-path /Users/admin/builder/spi-builder-workspace/.derivedData/Index.noindex/DataStore -Xcc -D_LIBCPP_HARDENING_MODE\=_LIBCPP_HARDENING_MODE_DEBUG -swift-version 5 -I /Users/admin/builder/spi-builder-workspace/.derivedData/Build/Products/Debug-watchos -Isystem /Applications/Xcode-27.0.0-Release.Candidate.app/Contents/Developer/Platforms/WatchOS.platform/Developer/usr/lib -F /Users/admin/builder/spi-builder-workspace/.derivedData/Build/Products/Debug-watchos/PackageFrameworks -F /Users/admin/builder/spi-builder-workspace/.derivedData/Build/Products/Debug-watchos -F /Applications/Xcode-27.0.0-Release.Candidate.app/Contents/Developer/Platforms/WatchOS.platform/Developer/Library/Frameworks -F /Applications/Xcode-27.0.0-Release.Candidate.app/Contents/Developer/Platforms/WatchOS.platform/Developer/SDKs/WatchOS27.0.sdk/Developer/Library/Frameworks -c -j10 -enable-batch-mode -incremental -Xcc -ivfsstatcache -Xcc /Users/admin/builder/spi-builder-workspace/.derivedData/SDKStatCaches.noindex/watchos27.0-24R360-e829b21a6f8c9b70876ba0858053c04477534ef55a1706bf4c1112bbb242f0a2.sdkstatcache -output-file-map /Users/admin/builder/spi-builder-workspace/.derivedData/Build/Intermediates.noindex/WebAPIKit.build/Debug-watchos/WebIDLToSwift-p.build/Objects-normal/arm64/WebIDLToSwift-OutputFileMap.json -save-temps -no-color-diagnostics -explicit-module-build -module-cache-path /Users/admin/builder/spi-builder-workspace/.derivedData/Build/Intermediates.noindex/SwiftExplicitPrecompiledModules -clang-scanner-module-cache-path /Users/admin/builder/spi-builder-workspace/.derivedData/ModuleCache.noindex -sdk-module-cache-path /Users/admin/builder/spi-builder-workspace/.derivedData/SDKExplicitPrecompiledModules -emit-dependencies -emit-module -emit-module-path /Users/admin/builder/spi-builder-workspace/.derivedData/Build/Intermediates.noindex/WebAPIKit.build/Debug-watchos/WebIDLToSwift-p.build/Objects-normal/arm64/WebIDLToSwift.swiftmodule -serialize-diagnostics -dependency-scan-serialize-diagnostics-path /Users/admin/builder/spi-builder-workspace/.derivedData/Build/Intermediates.noindex/WebAPIKit.build/Debug-watchos/WebIDLToSwift-p.build/Objects-normal/arm64/WebIDLToSwift-dependency-scan.dia -validate-clang-modules-once -clang-build-session-file /Users/admin/builder/spi-builder-workspace/.derivedData/ModuleCache.noindex/Session.modulevalidation -Xcc -fmodules-prune-interval\=86400 -Xcc -fmodules-prune-after\=345600 -package-name spi_builder_workspace -emit-const-values -const-gather-protocols-list /Users/admin/builder/spi-builder-workspace/.derivedData/Build/Intermediates.noindex/WebAPIKit.build/Debug-watchos/WebIDLToSwift-p.build/Objects-normal/arm64/WebIDLToSwift_const_extract_protocols.json -Xcc -I/Users/admin/builder/spi-builder-workspace/.derivedData/Build/Products/Debug-watchos/include -Xcc -I/Users/admin/builder/spi-builder-workspace/.derivedData/Build/Intermediates.noindex/WebAPIKit.build/Debug-watchos/WebIDLToSwift-p.build/DerivedSources-normal/arm64 -Xcc -I/Users/admin/builder/spi-builder-workspace/.derivedData/Build/Intermediates.noindex/WebAPIKit.build/Debug-watchos/WebIDLToSwift-p.build/DerivedSources/arm64 -Xcc -I/Users/admin/builder/spi-builder-workspace/.derivedData/Build/Intermediates.noindex/WebAPIKit.build/Debug-watchos/WebIDLToSwift-p.build/DerivedSources -Xcc -DSWIFT_PACKAGE -Xcc -DDEBUG\=1 -working-directory /Users/admin/builder/spi-builder-workspace/.swiftpm/xcode -experimental-emit-module-separately -disable-cmo
CreateUniversalBinary /Users/admin/builder/spi-builder-workspace/.derivedData/Build/Products/Debug-watchos/_CJavaScriptBigIntSupport.o normal arm64\ arm64_32 (in target '_CJavaScriptBigIntSupport' from project 'JavaScriptKit')
cd /Users/admin/builder/spi-builder-workspace/.dependencies/checkouts/JavaScriptKit
/Applications/Xcode-27.0.0-Release.Candidate.app/Contents/Developer/Toolchains/XcodeDefault.xctoolchain/usr/bin/lipo -create /Users/admin/builder/spi-builder-workspace/.derivedData/Build/Intermediates.noindex/JavaScriptKit.build/Debug-watchos/_CJavaScriptBigIntSupport-t.build/Objects-normal/arm64/Binary/_CJavaScriptBigIntSupport.o /Users/admin/builder/spi-builder-workspace/.derivedData/Build/Intermediates.noindex/JavaScriptKit.build/Debug-watchos/_CJavaScriptBigIntSupport-t.build/Objects-normal/arm64_32/Binary/_CJavaScriptBigIntSupport.o -output /Users/admin/builder/spi-builder-workspace/.derivedData/Build/Products/Debug-watchos/_CJavaScriptBigIntSupport.o
SwiftDriverJobDiscovery normal arm64 Compiling Node.swift, Operation.swift (in target 'WebIDL' from project 'WebAPIKit')
SwiftDriverJobDiscovery normal arm64 Compiling Includes.swift, Interface.swift (in target 'WebIDL' from project 'WebAPIKit')
SwiftDriverJobDiscovery normal arm64 Compiling Dictionary.swift, Enum.swift (in target 'WebIDL' from project 'WebAPIKit')
SwiftDriverJobDiscovery normal arm64 Compiling Argument.swift, Attribute.swift (in target 'WebIDL' from project 'WebAPIKit')
SwiftDriverJobDiscovery normal arm64 Compiling Type.swift, Typedef.swift (in target 'WebIDL' from project 'WebAPIKit')
SwiftDriverJobDiscovery normal arm64 Compiling Constructor.swift, Declaration.swift (in target 'WebIDL' from project 'WebAPIKit')
SwiftDriverJobDiscovery normal arm64 Compiling ExtendedAttribute.swift, GenericCollection.swift (in target 'WebIDL' from project 'WebAPIKit')
SwiftDriver\ Compilation WebIDL normal arm64 com.apple.xcode.tools.swift.compiler (in target 'WebIDL' from project 'WebAPIKit')
cd /Users/admin/builder/spi-builder-workspace/.swiftpm/xcode
builtin-Swift-Compilation -- /Applications/Xcode-27.0.0-Release.Candidate.app/Contents/Developer/Toolchains/XcodeDefault.xctoolchain/usr/bin/swiftc -parse-as-library -module-name WebIDL -Onone @/Users/admin/builder/spi-builder-workspace/.derivedData/Build/Intermediates.noindex/WebAPIKit.build/Debug-watchos/WebIDL-t.build/Objects-normal/arm64/WebIDL.SwiftFileList -DSWIFT_PACKAGE -DDEBUG -DSWIFT_MODULE_RESOURCE_BUNDLE_UNAVAILABLE -DXcode -plugin-path /Applications/Xcode-27.0.0-Release.Candidate.app/Contents/Developer/Toolchains/XcodeDefault.xctoolchain/usr/lib/swift/host/plugins/testing -enable-experimental-feature DebugDescriptionMacro -sdk /Applications/Xcode-27.0.0-Release.Candidate.app/Contents/Developer/Platforms/WatchOS.platform/Developer/SDKs/WatchOS27.0.sdk -target arm64-apple-watchos9.0 -g -module-cache-path /Users/admin/builder/spi-builder-workspace/.derivedData/ModuleCache.noindex -Xfrontend -serialize-debugging-options -profile-coverage-mapping -profile-generate -enable-testing -index-store-path /Users/admin/builder/spi-builder-workspace/.derivedData/Index.noindex/DataStore -Xcc -D_LIBCPP_HARDENING_MODE\=_LIBCPP_HARDENING_MODE_DEBUG -swift-version 5 -I /Users/admin/builder/spi-builder-workspace/.derivedData/Build/Products/Debug-watchos -Isystem /Applications/Xcode-27.0.0-Release.Candidate.app/Contents/Developer/Platforms/WatchOS.platform/Developer/usr/lib -F /Users/admin/builder/spi-builder-workspace/.derivedData/Build/Products/Debug-watchos -F /Applications/Xcode-27.0.0-Release.Candidate.app/Contents/Developer/Platforms/WatchOS.platform/Developer/Library/Frameworks -F /Applications/Xcode-27.0.0-Release.Candidate.app/Contents/Developer/Platforms/WatchOS.platform/Developer/SDKs/WatchOS27.0.sdk/Developer/Library/Frameworks -c -j10 -enable-batch-mode -incremental -Xcc -ivfsstatcache -Xcc /Users/admin/builder/spi-builder-workspace/.derivedData/SDKStatCaches.noindex/watchos27.0-24R360-e829b21a6f8c9b70876ba0858053c04477534ef55a1706bf4c1112bbb242f0a2.sdkstatcache -output-file-map /Users/admin/builder/spi-builder-workspace/.derivedData/Build/Intermediates.noindex/WebAPIKit.build/Debug-watchos/WebIDL-t.build/Objects-normal/arm64/WebIDL-OutputFileMap.json -save-temps -no-color-diagnostics -explicit-module-build -module-cache-path /Users/admin/builder/spi-builder-workspace/.derivedData/Build/Intermediates.noindex/SwiftExplicitPrecompiledModules -clang-scanner-module-cache-path /Users/admin/builder/spi-builder-workspace/.derivedData/ModuleCache.noindex -sdk-module-cache-path /Users/admin/builder/spi-builder-workspace/.derivedData/SDKExplicitPrecompiledModules -emit-dependencies -emit-module -emit-module-path /Users/admin/builder/spi-builder-workspace/.derivedData/Build/Intermediates.noindex/WebAPIKit.build/Debug-watchos/WebIDL-t.build/Objects-normal/arm64/WebIDL.swiftmodule -serialize-diagnostics -dependency-scan-serialize-diagnostics-path /Users/admin/builder/spi-builder-workspace/.derivedData/Build/Intermediates.noindex/WebAPIKit.build/Debug-watchos/WebIDL-t.build/Objects-normal/arm64/WebIDL-dependency-scan.dia -validate-clang-modules-once -clang-build-session-file /Users/admin/builder/spi-builder-workspace/.derivedData/ModuleCache.noindex/Session.modulevalidation -Xcc -fmodules-prune-interval\=86400 -Xcc -fmodules-prune-after\=345600 -package-name spi_builder_workspace -emit-const-values -const-gather-protocols-list /Users/admin/builder/spi-builder-workspace/.derivedData/Build/Intermediates.noindex/WebAPIKit.build/Debug-watchos/WebIDL-t.build/Objects-normal/arm64/WebIDL_const_extract_protocols.json -Xcc -I/Users/admin/builder/spi-builder-workspace/.derivedData/Build/Products/Debug-watchos/include -Xcc -I/Users/admin/builder/spi-builder-workspace/.derivedData/Build/Intermediates.noindex/WebAPIKit.build/Debug-watchos/WebIDL-t.build/DerivedSources-normal/arm64 -Xcc -I/Users/admin/builder/spi-builder-workspace/.derivedData/Build/Intermediates.noindex/WebAPIKit.build/Debug-watchos/WebIDL-t.build/DerivedSources/arm64 -Xcc -I/Users/admin/builder/spi-builder-workspace/.derivedData/Build/Intermediates.noindex/WebAPIKit.build/Debug-watchos/WebIDL-t.build/DerivedSources -Xcc -DSWIFT_PACKAGE -Xcc -DDEBUG\=1 -emit-objc-header -emit-objc-header-path /Users/admin/builder/spi-builder-workspace/.derivedData/Build/Intermediates.noindex/WebAPIKit.build/Debug-watchos/WebIDL-t.build/Objects-normal/arm64/WebIDL-Swift.h -working-directory /Users/admin/builder/spi-builder-workspace/.swiftpm/xcode -experimental-emit-module-separately -disable-cmo
Ld /Users/admin/builder/spi-builder-workspace/.derivedData/Build/Intermediates.noindex/WebAPIKit.build/Debug-watchos/WebIDL-t.build/Objects-normal/arm64/Binary/WebIDL.o normal arm64 (in target 'WebIDL' from project 'WebAPIKit')
cd /Users/admin/builder/spi-builder-workspace
/Applications/Xcode-27.0.0-Release.Candidate.app/Contents/Developer/Toolchains/XcodeDefault.xctoolchain/usr/bin/clang -Xlinker -reproducible -target arm64-apple-watchos9.0 -r -isysroot /Applications/Xcode-27.0.0-Release.Candidate.app/Contents/Developer/Platforms/WatchOS.platform/Developer/SDKs/WatchOS27.0.sdk -O0 -Xlinker -no_warn_duplicate_libraries -F/Users/admin/builder/spi-builder-workspace/.derivedData/Build/Intermediates.noindex/EagerLinkingTBDs/Debug-watchos -F/Users/admin/builder/spi-builder-workspace/.derivedData/Build/Products/Debug-watchos -iframework /Applications/Xcode-27.0.0-Release.Candidate.app/Contents/Developer/Platforms/WatchOS.platform/Developer/Library/Frameworks -iframework /Applications/Xcode-27.0.0-Release.Candidate.app/Contents/Developer/Platforms/WatchOS.platform/Developer/SDKs/WatchOS27.0.sdk/Developer/Library/Frameworks -filelist /Users/admin/builder/spi-builder-workspace/.derivedData/Build/Intermediates.noindex/WebAPIKit.build/Debug-watchos/WebIDL-t.build/Objects-normal/arm64/WebIDL.LinkFileList -nostdlib -Xlinker -object_path_lto -Xlinker /Users/admin/builder/spi-builder-workspace/.derivedData/Build/Intermediates.noindex/WebAPIKit.build/Debug-watchos/WebIDL-t.build/Objects-normal/arm64/WebIDL_lto.o -Xlinker -no_deduplicate -Xlinker -debug_variant -Xlinker -dependency_info -Xlinker /Users/admin/builder/spi-builder-workspace/.derivedData/Build/Intermediates.noindex/WebAPIKit.build/Debug-watchos/WebIDL-t.build/Objects-normal/arm64/WebIDL_dependency_info.dat -fobjc-link-runtime -L/Applications/Xcode-27.0.0-Release.Candidate.app/Contents/Developer/Toolchains/XcodeDefault.xctoolchain/usr/lib/swift/watchos -L/usr/lib/swift -Xlinker -add_ast_path -Xlinker /Users/admin/builder/spi-builder-workspace/.derivedData/Build/Intermediates.noindex/WebAPIKit.build/Debug-watchos/WebIDL-t.build/Objects-normal/arm64/WebIDL.swiftmodule -o /Users/admin/builder/spi-builder-workspace/.derivedData/Build/Intermediates.noindex/WebAPIKit.build/Debug-watchos/WebIDL-t.build/Objects-normal/arm64/Binary/WebIDL.o
CreateUniversalBinary /Users/admin/builder/spi-builder-workspace/.derivedData/Build/Products/Debug-watchos/WebIDL.o normal arm64\ arm64_32 (in target 'WebIDL' from project 'WebAPIKit')
cd /Users/admin/builder/spi-builder-workspace
/Applications/Xcode-27.0.0-Release.Candidate.app/Contents/Developer/Toolchains/XcodeDefault.xctoolchain/usr/bin/lipo -create /Users/admin/builder/spi-builder-workspace/.derivedData/Build/Intermediates.noindex/WebAPIKit.build/Debug-watchos/WebIDL-t.build/Objects-normal/arm64/Binary/WebIDL.o /Users/admin/builder/spi-builder-workspace/.derivedData/Build/Intermediates.noindex/WebAPIKit.build/Debug-watchos/WebIDL-t.build/Objects-normal/arm64_32/Binary/WebIDL.o -output /Users/admin/builder/spi-builder-workspace/.derivedData/Build/Products/Debug-watchos/WebIDL.o
ExtractAppIntentsMetadata (in target 'WebIDL' from project 'WebAPIKit')
cd /Users/admin/builder/spi-builder-workspace
/Applications/Xcode-27.0.0-Release.Candidate.app/Contents/Developer/Toolchains/XcodeDefault.xctoolchain/usr/bin/appintentsmetadataprocessor --toolchain-dir /var/run/com.apple.security.cryptexd/mnt/com.apple.MobileAsset.MetalToolchain-v27.1.266.1.ZRHZs5/Metal.xctoolchain --module-name WebIDL --sdk-root /Applications/Xcode-27.0.0-Release.Candidate.app/Contents/Developer/Platforms/WatchOS.platform/Developer/SDKs/WatchOS27.0.sdk --xcode-version 27A266a --platform-family watchOS --deployment-target 9.0 --bundle-identifier spi-builder-workspace.WebIDL --output /Users/admin/builder/spi-builder-workspace/.derivedData/Build/Products/Debug-watchos/WebIDL.appintents --target-triple arm64-apple-watchos9.0 --target-triple arm64_32-apple-watchos9.0 --binary-file /Users/admin/builder/spi-builder-workspace/.derivedData/Build/Products/Debug-watchos/WebIDL.o --dependency-file /Users/admin/builder/spi-builder-workspace/.derivedData/Build/Intermediates.noindex/WebAPIKit.build/Debug-watchos/WebIDL-t.build/Objects-normal/arm64/WebIDL_dependency_info.dat --dependency-file /Users/admin/builder/spi-builder-workspace/.derivedData/Build/Intermediates.noindex/WebAPIKit.build/Debug-watchos/WebIDL-t.build/Objects-normal/arm64_32/WebIDL_dependency_info.dat --stringsdata-file /Users/admin/builder/spi-builder-workspace/.derivedData/Build/Intermediates.noindex/WebAPIKit.build/Debug-watchos/WebIDL-t.build/Objects-normal/arm64/ExtractedAppShortcutsMetadata.stringsdata --stringsdata-file /Users/admin/builder/spi-builder-workspace/.derivedData/Build/Intermediates.noindex/WebAPIKit.build/Debug-watchos/WebIDL-t.build/Objects-normal/arm64_32/ExtractedAppShortcutsMetadata.stringsdata --source-file-list /Users/admin/builder/spi-builder-workspace/.derivedData/Build/Intermediates.noindex/WebAPIKit.build/Debug-watchos/WebIDL-t.build/Objects-normal/arm64/WebIDL.SwiftFileList --source-file-list /Users/admin/builder/spi-builder-workspace/.derivedData/Build/Intermediates.noindex/WebAPIKit.build/Debug-watchos/WebIDL-t.build/Objects-normal/arm64_32/WebIDL.SwiftFileList --metadata-file-list /Users/admin/builder/spi-builder-workspace/.derivedData/Build/Intermediates.noindex/WebAPIKit.build/Debug-watchos/WebIDL-t.build/WebIDL.DependencyMetadataFileList --static-metadata-file-list /Users/admin/builder/spi-builder-workspace/.derivedData/Build/Intermediates.noindex/WebAPIKit.build/Debug-watchos/WebIDL-t.build/WebIDL.DependencyStaticMetadataFileList --swift-const-vals-list /Users/admin/builder/spi-builder-workspace/.derivedData/Build/Intermediates.noindex/WebAPIKit.build/Debug-watchos/WebIDL-t.build/Objects-normal/arm64/WebIDL.SwiftConstValuesFileList --swift-const-vals-list /Users/admin/builder/spi-builder-workspace/.derivedData/Build/Intermediates.noindex/WebAPIKit.build/Debug-watchos/WebIDL-t.build/Objects-normal/arm64_32/WebIDL.SwiftConstValuesFileList --force --compile-time-extraction --deployment-aware-processing --no-app-shortcuts-localization
2026-09-23 03:03:11.709 appintentsmetadataprocessor[928:5681] Starting appintentsmetadataprocessor export
2026-09-23 03:03:11.803 appintentsmetadataprocessor[928:5681] Extracted no relevant App Intents symbols, skipping writing output
SwiftExplicitDependencyGeneratePcm arm64_32 /Users/admin/builder/spi-builder-workspace/.derivedData/SDKExplicitPrecompiledModules/_AvailabilityInternal-244WAN3Z1QBT7PIA64EZEFY1R.pcm
SwiftExplicitDependencyGeneratePcm arm64_32 /Users/admin/builder/spi-builder-workspace/.derivedData/SDKExplicitPrecompiledModules/_Builtin_stdbool-A967K8W8YUYEC9SN52KJ7OO88.pcm
SwiftExplicitDependencyGeneratePcm arm64_32 /Users/admin/builder/spi-builder-workspace/.derivedData/SDKExplicitPrecompiledModules/_Builtin_stdarg-D305JG44A2WPI6CJY37X3QJE8.pcm
SwiftExplicitDependencyGeneratePcm arm64_32 /Users/admin/builder/spi-builder-workspace/.derivedData/SDKExplicitPrecompiledModules/ptrauth-BFXF358ME5AK535N5A9Z766WU.pcm
SwiftExplicitDependencyGeneratePcm arm64_32 /Users/admin/builder/spi-builder-workspace/.derivedData/SDKExplicitPrecompiledModules/ptrcheck-7ELIH9BTIGVKX3UBITM9N72WD.pcm
SwiftExplicitDependencyGeneratePcm arm64_32 /Users/admin/builder/spi-builder-workspace/.derivedData/SDKExplicitPrecompiledModules/_Builtin_float-6KO8O3PEWRCA4WC6PPLOYO6WJ.pcm
SwiftExplicitDependencyGeneratePcm arm64_32 /Users/admin/builder/spi-builder-workspace/.derivedData/SDKExplicitPrecompiledModules/_Builtin_stddef-H44EFHQX6XSS5MZ7QP6YJZ76.pcm
SwiftExplicitDependencyGeneratePcm arm64 /Users/admin/builder/spi-builder-workspace/.derivedData/SDKExplicitPrecompiledModules/_Builtin_stdarg-A7UU8LE6MP85SM26YO7PBZNUQ.pcm
SwiftExplicitDependencyGeneratePcm arm64 /Users/admin/builder/spi-builder-workspace/.derivedData/SDKExplicitPrecompiledModules/_Builtin_stdbool-83J96QSOFE9VX04AAS6310UAE.pcm
SwiftExplicitDependencyGeneratePcm arm64 /Users/admin/builder/spi-builder-workspace/.derivedData/SDKExplicitPrecompiledModules/_AvailabilityInternal-BUNV3UXM65NT37THI4W1AM0SF.pcm
SwiftExplicitDependencyGeneratePcm arm64 /Users/admin/builder/spi-builder-workspace/.derivedData/SDKExplicitPrecompiledModules/_Builtin_float-C0CW5Q4HGBQYKE77TC42IAFB5.pcm
SwiftExplicitDependencyGeneratePcm arm64 /Users/admin/builder/spi-builder-workspace/.derivedData/SDKExplicitPrecompiledModules/ptrcheck-AIF0NDOYZ8ORBNHQAQR5NNB8M.pcm
SwiftExplicitDependencyGeneratePcm arm64 /Users/admin/builder/spi-builder-workspace/.derivedData/SDKExplicitPrecompiledModules/ptrauth-3TZ9WJCGLYD25HQPWH4968ONX.pcm
SwiftExplicitDependencyGeneratePcm arm64 /Users/admin/builder/spi-builder-workspace/.derivedData/SDKExplicitPrecompiledModules/_Builtin_stddef-1FU30Y8SWFB7OUUHMJQH5J6FM.pcm
SwiftExplicitDependencyGeneratePcm arm64_32 /Users/admin/builder/spi-builder-workspace/.derivedData/SDKExplicitPrecompiledModules/_DarwinFoundation1-2GWF9RFMPLQW4PDHS3NARVI3G.pcm
SwiftExplicitDependencyGeneratePcm arm64 /Users/admin/builder/spi-builder-workspace/.derivedData/SDKExplicitPrecompiledModules/_DarwinFoundation1-7SPX3MD0HMP55E4OLNCPNDQ53.pcm
SwiftExplicitDependencyGeneratePcm arm64_32 /Users/admin/builder/spi-builder-workspace/.derivedData/SDKExplicitPrecompiledModules/_DarwinFoundation2-9MY8GOSYRO0M9MKNXF6D3MBNK.pcm
SwiftExplicitDependencyGeneratePcm arm64_32 /Users/admin/builder/spi-builder-workspace/.derivedData/SDKExplicitPrecompiledModules/_Builtin_limits-3VKBU2AFTD65PAJZ5CJ3LHFM2.pcm
SwiftExplicitDependencyGeneratePcm arm64 /Users/admin/builder/spi-builder-workspace/.derivedData/SDKExplicitPrecompiledModules/_Builtin_limits-9GWPA2B0H20DYUNYHYCWKABJG.pcm
SwiftExplicitDependencyGeneratePcm arm64 /Users/admin/builder/spi-builder-workspace/.derivedData/SDKExplicitPrecompiledModules/_DarwinFoundation2-D0XAPJU49S5E9XMKYOFGSTB1Q.pcm
SwiftExplicitDependencyGeneratePcm arm64_32 /Users/admin/builder/spi-builder-workspace/.derivedData/SDKExplicitPrecompiledModules/_Builtin_stdint-1HMXWI3V0V4TXHRWZOMZGZ80Y.pcm
SwiftExplicitDependencyGeneratePcm arm64_32 /Users/admin/builder/spi-builder-workspace/.derivedData/SDKExplicitPrecompiledModules/string_h-BFVLUQUSBZWYMLCU9QI7VZALW.pcm
SwiftExplicitDependencyGeneratePcm arm64_32 /Users/admin/builder/spi-builder-workspace/.derivedData/SDKExplicitPrecompiledModules/sys_types-8TLLMW08ZJWDGIIPKOYFGHHZW.pcm
SwiftExplicitDependencyGeneratePcm arm64 /Users/admin/builder/spi-builder-workspace/.derivedData/SDKExplicitPrecompiledModules/string_h-E6PRXK75PHIPCZFWOFCQ3QBMK.pcm
SwiftExplicitDependencyGeneratePcm arm64 /Users/admin/builder/spi-builder-workspace/.derivedData/SDKExplicitPrecompiledModules/_Builtin_stdint-8XMILLJZEGRN2XG7XZUXZ5RLX.pcm
SwiftExplicitDependencyGeneratePcm arm64 /Users/admin/builder/spi-builder-workspace/.derivedData/SDKExplicitPrecompiledModules/sys_types-2KXQLI78OUCDP779AE68GZJ2.pcm
SwiftExplicitDependencyGeneratePcm arm64_32 /Users/admin/builder/spi-builder-workspace/.derivedData/SDKExplicitPrecompiledModules/_DarwinFoundation3-3DUTYQDQSD9HUAAVY947NMWOI.pcm
SwiftExplicitDependencyGeneratePcm arm64 /Users/admin/builder/spi-builder-workspace/.derivedData/SDKExplicitPrecompiledModules/_DarwinFoundation3-B97LRG0E9GON2NUE65TVG81HU.pcm
SwiftExplicitDependencyGeneratePcm arm64_32 /Users/admin/builder/spi-builder-workspace/.derivedData/SDKExplicitPrecompiledModules/_Builtin_inttypes-D2KPCR4PEX9AQA33NGLUT5SBR.pcm
SwiftExplicitDependencyGeneratePcm arm64 /Users/admin/builder/spi-builder-workspace/.derivedData/SDKExplicitPrecompiledModules/_Builtin_inttypes-3UQSCM7WNM9EK4HZML8TY5J3D.pcm
SwiftExplicitDependencyGeneratePcm arm64_32 /Users/admin/builder/spi-builder-workspace/.derivedData/SDKExplicitPrecompiledModules/Darwin-3FVT1SKLN2ZQ5RVOABMTQBB34.pcm
SwiftExplicitDependencyGeneratePcm arm64 /Users/admin/builder/spi-builder-workspace/.derivedData/SDKExplicitPrecompiledModules/Darwin-3984OXKFNSPE77NT743WK8SEX.pcm
SwiftExplicitDependencyGeneratePcm arm64_32 /Users/admin/builder/spi-builder-workspace/.derivedData/SDKExplicitPrecompiledModules/ObjectiveC-6IJNELR2E80E7LUKESVCP2KET.pcm
SwiftDriver BridgeJSMacros normal arm64 com.apple.xcode.tools.swift.compiler (in target 'BridgeJSMacros' from project 'JavaScriptKit')
cd /Users/admin/builder/spi-builder-workspace/.swiftpm/xcode
builtin-SwiftDriver -- /Applications/Xcode-27.0.0-Release.Candidate.app/Contents/Developer/Toolchains/XcodeDefault.xctoolchain/usr/bin/swiftc -parse-as-library -module-name BridgeJSMacros -Onone @/Users/admin/builder/spi-builder-workspace/.derivedData/Build/Intermediates.noindex/JavaScriptKit.build/Debug/BridgeJSMacros-t.build/Objects-normal/arm64/BridgeJSMacros.SwiftFileList -DSWIFT_PACKAGE -DDEBUG -DXcode -I /Users/admin/builder/spi-builder-workspace/.dependencies/prebuilts/swift-syntax/603.0.2/swiftlang-6.4.0.34.1-macosx27.0-MacroSupport/Modules -I /Users/admin/builder/spi-builder-workspace/.dependencies/checkouts/swift-syntax/Sources/_SwiftLibraryPluginProviderCShims/include -I /Users/admin/builder/spi-builder-workspace/.dependencies/checkouts/swift-syntax/Sources/_SwiftSyntaxCShims/include -plugin-path /Applications/Xcode-27.0.0-Release.Candidate.app/Contents/Developer/Toolchains/XcodeDefault.xctoolchain/usr/lib/swift/host/plugins/testing -enable-experimental-feature DebugDescriptionMacro -sdk /Applications/Xcode-27.0.0-Release.Candidate.app/Contents/Developer/Platforms/MacOSX.platform/Developer/SDKs/MacOSX27.0.sdk -target arm64-apple-macos13.0 -g -module-cache-path /Users/admin/builder/spi-builder-workspace/.derivedData/ModuleCache.noindex -Xfrontend -serialize-debugging-options -profile-coverage-mapping -profile-generate -enable-testing -suppress-warnings -index-store-path /Users/admin/builder/spi-builder-workspace/.derivedData/Index.noindex/DataStore -Xcc -D_LIBCPP_HARDENING_MODE\=_LIBCPP_HARDENING_MODE_DEBUG -swift-version 6 -I /Users/admin/builder/spi-builder-workspace/.derivedData/Build/Products/Debug -Isystem /Applications/Xcode-27.0.0-Release.Candidate.app/Contents/Developer/Platforms/MacOSX.platform/Developer/usr/lib -F /Users/admin/builder/spi-builder-workspace/.derivedData/Build/Products/Debug -F /Applications/Xcode-27.0.0-Release.Candidate.app/Contents/Developer/Platforms/MacOSX.platform/Developer/Library/Frameworks -c -j10 -enable-batch-mode -incremental -Xcc -ivfsstatcache -Xcc /Users/admin/builder/spi-builder-workspace/.derivedData/SDKStatCaches.noindex/macosx27.0-26A425-e829b21a6f8c9b70876ba0858053c0446a22442a12e9d48fe1a705f55a1adfc4.sdkstatcache -output-file-map /Users/admin/builder/spi-builder-workspace/.derivedData/Build/Intermediates.noindex/JavaScriptKit.build/Debug/BridgeJSMacros-t.build/Objects-normal/arm64/BridgeJSMacros-OutputFileMap.json -save-temps -no-color-diagnostics -explicit-module-build -module-cache-path /Users/admin/builder/spi-builder-workspace/.derivedData/Build/Intermediates.noindex/SwiftExplicitPrecompiledModules -clang-scanner-module-cache-path /Users/admin/builder/spi-builder-workspace/.derivedData/ModuleCache.noindex -sdk-module-cache-path /Users/admin/builder/spi-builder-workspace/.derivedData/SDKExplicitPrecompiledModules -emit-dependencies -emit-module -emit-module-path /Users/admin/builder/spi-builder-workspace/.derivedData/Build/Intermediates.noindex/JavaScriptKit.build/Debug/BridgeJSMacros-t.build/Objects-normal/arm64/BridgeJSMacros.swiftmodule -serialize-diagnostics -dependency-scan-serialize-diagnostics-path /Users/admin/builder/spi-builder-workspace/.derivedData/Build/Intermediates.noindex/JavaScriptKit.build/Debug/BridgeJSMacros-t.build/Objects-normal/arm64/BridgeJSMacros-dependency-scan.dia -user-module-version 0.59.0 -validate-clang-modules-once -clang-build-session-file /Users/admin/builder/spi-builder-workspace/.derivedData/ModuleCache.noindex/Session.modulevalidation -Xcc -fmodules-prune-interval\=86400 -Xcc -fmodules-prune-after\=345600 -package-name javascriptkit -emit-const-values -const-gather-protocols-list /Users/admin/builder/spi-builder-workspace/.derivedData/Build/Intermediates.noindex/JavaScriptKit.build/Debug/BridgeJSMacros-t.build/Objects-normal/arm64/BridgeJSMacros_const_extract_protocols.json -Xcc -I/Users/admin/builder/spi-builder-workspace/.derivedData/Build/Products/Debug/include -Xcc -I/Users/admin/builder/spi-builder-workspace/.derivedData/Build/Intermediates.noindex/JavaScriptKit.build/Debug/BridgeJSMacros-t.build/DerivedSources-normal/arm64 -Xcc -I/Users/admin/builder/spi-builder-workspace/.derivedData/Build/Intermediates.noindex/JavaScriptKit.build/Debug/BridgeJSMacros-t.build/DerivedSources/arm64 -Xcc -I/Users/admin/builder/spi-builder-workspace/.derivedData/Build/Intermediates.noindex/JavaScriptKit.build/Debug/BridgeJSMacros-t.build/DerivedSources -Xcc -DSWIFT_PACKAGE -Xcc -DDEBUG\=1 -working-directory /Users/admin/builder/spi-builder-workspace/.swiftpm/xcode -experimental-emit-module-separately -disable-cmo
SwiftExplicitDependencyGeneratePcm arm64 /Users/admin/builder/spi-builder-workspace/.derivedData/SDKExplicitPrecompiledModules/ObjectiveC-72IVD3VS2RS8Q28D9PIMY0KQP.pcm
SwiftExplicitDependencyGeneratePcm arm64_32 /Users/admin/builder/spi-builder-workspace/.derivedData/SDKExplicitPrecompiledModules/os_object-5YWTC6L4756IWSTPGXS5NM0D0.pcm
SwiftExplicitDependencyGeneratePcm arm64 /Users/admin/builder/spi-builder-workspace/.derivedData/SDKExplicitPrecompiledModules/os_object-3SDKD7F87FTZ26OON37DRYT6O.pcm
SwiftExplicitDependencyGeneratePcm arm64_32 /Users/admin/builder/spi-builder-workspace/.derivedData/SDKExplicitPrecompiledModules/os_workgroup-5JHTPDMNBUNHLJI8LPHKQK1JK.pcm
SwiftExplicitDependencyGeneratePcm arm64 /Users/admin/builder/spi-builder-workspace/.derivedData/SDKExplicitPrecompiledModules/os_workgroup-89GG5G7YC2D0ZTK6AZXXQ20DH.pcm
SwiftExplicitDependencyGeneratePcm arm64_32 /Users/admin/builder/spi-builder-workspace/.derivedData/SDKExplicitPrecompiledModules/Dispatch-2P62F1T4XV63S4P99TUDTOK2Q.pcm
SwiftExplicitDependencyGeneratePcm arm64 /Users/admin/builder/spi-builder-workspace/.derivedData/SDKExplicitPrecompiledModules/Dispatch-1NLJOVAK60XP0DUB05XA59EIM.pcm
SwiftExplicitDependencyGeneratePcm arm64_32 /Users/admin/builder/spi-builder-workspace/.derivedData/SDKExplicitPrecompiledModules/XPC-81Y45QFY96XYYFCW2GT6FY8S4.pcm
SwiftExplicitDependencyGeneratePcm arm64_32 /Users/admin/builder/spi-builder-workspace/.derivedData/SDKExplicitPrecompiledModules/CoreFoundation-8E6Y4BA3EXYKUGJ24GT9LGV3N.pcm
SwiftExplicitDependencyGeneratePcm arm64 /Users/admin/builder/spi-builder-workspace/.derivedData/SDKExplicitPrecompiledModules/SwiftShims-8117TUG7HSOLBQL517OWAROM7.pcm
SwiftExplicitDependencyGeneratePcm arm64 /Users/admin/builder/spi-builder-workspace/.derivedData/SDKExplicitPrecompiledModules/_Builtin_stdarg-DVP6W0QP66W8E74TX0GQAIEFM.pcm
SwiftExplicitDependencyGeneratePcm arm64 /Users/admin/builder/spi-builder-workspace/.derivedData/SDKExplicitPrecompiledModules/_Builtin_float-EXGUO4XEWWSRONNTP4II1R3BM.pcm
SwiftExplicitDependencyGeneratePcm arm64 /Users/admin/builder/spi-builder-workspace/.derivedData/SDKExplicitPrecompiledModules/_Builtin_stddef-BRQYWAPA5F9I3AGC7LZEIAIGS.pcm
SwiftExplicitDependencyGeneratePcm arm64 /Users/admin/builder/spi-builder-workspace/.derivedData/SDKExplicitPrecompiledModules/_Builtin_stdbool-8V6HC39D8H2ZKW3GSD1KJ09A9.pcm
SwiftExplicitDependencyGeneratePcm arm64 /Users/admin/builder/spi-builder-workspace/.derivedData/SDKExplicitPrecompiledModules/_AvailabilityInternal-5OQ8S18SKM02L42PKV6U5ZAWA.pcm
SwiftExplicitDependencyGeneratePcm arm64 /Users/admin/builder/spi-builder-workspace/.derivedData/SDKExplicitPrecompiledModules/ptrcheck-7F7OST5MV9OHXZMCIL2H6FYAO.pcm
SwiftExplicitDependencyGeneratePcm arm64 /Users/admin/builder/spi-builder-workspace/.derivedData/SDKExplicitPrecompiledModules/_SwiftConcurrencyShims-11TYQJH3GW4GGN6M952RT44S2.pcm
SwiftExplicitDependencyGeneratePcm arm64 /Users/admin/builder/spi-builder-workspace/.derivedData/SDKExplicitPrecompiledModules/CoreFoundation-8T2L24YC5NU7WO6WQJWRY7W08.pcm
SwiftExplicitDependencyGeneratePcm arm64 /Users/admin/builder/spi-builder-workspace/.derivedData/SDKExplicitPrecompiledModules/XPC-40DR0X1DHKGCV4J1IOLFS8MOU.pcm
SwiftExplicitDependencyGeneratePcm arm64 /Users/admin/builder/spi-builder-workspace/.derivedData/SDKExplicitPrecompiledModules/_DarwinFoundation1-CEB668520FVMM3FPLUP3ZX3DP.pcm
SwiftExplicitDependencyGeneratePcm arm64_32 /Users/admin/builder/spi-builder-workspace/.derivedData/SDKExplicitPrecompiledModules/Security-D7TOWF88VWF67TB9HAFP5UWB1.pcm
SwiftExplicitDependencyGeneratePcm arm64 /Users/admin/builder/spi-builder-workspace/.derivedData/SDKExplicitPrecompiledModules/_DarwinFoundation2-8A4UVIA5QLD0UNZXBQYRW6KN7.pcm
SwiftExplicitDependencyGeneratePcm arm64 /Users/admin/builder/spi-builder-workspace/.derivedData/SDKExplicitPrecompiledModules/_Builtin_limits-HXF6WMF65IXTY4LB9YQRPDVS.pcm
SwiftExplicitDependencyGeneratePcm arm64 /Users/admin/builder/spi-builder-workspace/.derivedData/SDKExplicitPrecompiledModules/Security-6RZ6YBRU8WCUHRFFRVUK5WKMM.pcm
SwiftExplicitDependencyGeneratePcm arm64_32 /Users/admin/builder/spi-builder-workspace/.derivedData/SDKExplicitPrecompiledModules/Foundation-BJ2VQGI3OGR34500MEQ1VKHPH.pcm
SwiftExplicitDependencyGeneratePcm arm64 /Users/admin/builder/spi-builder-workspace/.derivedData/SDKExplicitPrecompiledModules/sys_types-8B5WBGNKQGP8VGVHGXXFAVHM4.pcm
SwiftExplicitDependencyGeneratePcm arm64 /Users/admin/builder/spi-builder-workspace/.derivedData/SDKExplicitPrecompiledModules/_Builtin_stdint-1OD4P9W70NM45YK5V1IH8JOXR.pcm
SwiftExplicitDependencyGeneratePcm arm64 /Users/admin/builder/spi-builder-workspace/.derivedData/SDKExplicitPrecompiledModules/Foundation-DLBKUSGXN8QHAT8W0OARR9S8A.pcm
SwiftExplicitDependencyGeneratePcm arm64 /Users/admin/builder/spi-builder-workspace/.derivedData/SDKExplicitPrecompiledModules/_DarwinFoundation3-DNXKXFFQ8MRLRO9KQN10R21I0.pcm
SwiftExplicitDependencyGeneratePcm arm64 /Users/admin/builder/spi-builder-workspace/.derivedData/SDKExplicitPrecompiledModules/_Builtin_stdatomic-1R9WVHFT4FALJXANBPLNOQ734.pcm
SwiftExplicitDependencyGeneratePcm arm64 /Users/admin/builder/spi-builder-workspace/.derivedData/SDKExplicitPrecompiledModules/_Builtin_inttypes-489CMR9E9YGXYB1ZU4Y2FSN2V.pcm
SwiftExplicitDependencyGeneratePcm arm64 /Users/admin/builder/spi-builder-workspace/.derivedData/Build/Intermediates.noindex/SwiftExplicitPrecompiledModules/_SwiftSyntaxCShims-DGKN5B59Y829682EF9W6OBFOV.pcm
SwiftExplicitDependencyGeneratePcm arm64 /Users/admin/builder/spi-builder-workspace/.derivedData/SDKExplicitPrecompiledModules/Darwin-4SSYTF9FPWUAJVNBQDXTH3HIS.pcm
SwiftEmitModule normal arm64_32 Emitting\ module\ for\ WebIDLToSwift (in target 'WebIDLToSwift-product' from project 'WebAPIKit')
SwiftCompile normal arm64_32 (in target 'WebIDLToSwift-product' from project 'WebAPIKit')
cd /Users/admin/builder/spi-builder-workspace/.swiftpm/xcode
SwiftCompile normal arm64_32 Compiling\ WebIDL+SwiftRepresentation.swift /Users/admin/builder/spi-builder-workspace/Sources/WebIDLToSwift/WebIDL+SwiftRepresentation.swift (in target 'WebIDLToSwift-product' from project 'WebAPIKit')
SwiftCompile normal arm64_32 /Users/admin/builder/spi-builder-workspace/Sources/WebIDLToSwift/WebIDL+SwiftRepresentation.swift (in target 'WebIDLToSwift-product' from project 'WebAPIKit')
cd /Users/admin/builder/spi-builder-workspace/.swiftpm/xcode
builtin-SwiftPerFileCompile WebIDL+SwiftRepresentation.swift
SwiftCompile normal arm64_32 Compiling\ WebIDLToSwift.swift /Users/admin/builder/spi-builder-workspace/Sources/WebIDLToSwift/WebIDLToSwift.swift (in target 'WebIDLToSwift-product' from project 'WebAPIKit')
SwiftCompile normal arm64_32 /Users/admin/builder/spi-builder-workspace/Sources/WebIDLToSwift/WebIDLToSwift.swift (in target 'WebIDLToSwift-product' from project 'WebAPIKit')
cd /Users/admin/builder/spi-builder-workspace/.swiftpm/xcode
builtin-SwiftPerFileCompile WebIDLToSwift.swift
SwiftCompile normal arm64_32 Compiling\ ClosurePattern.swift,\ IDLBuilder.swift /Users/admin/builder/spi-builder-workspace/Sources/WebIDLToSwift/ClosurePattern.swift /Users/admin/builder/spi-builder-workspace/Sources/WebIDLToSwift/IDLBuilder.swift (in target 'WebIDLToSwift-product' from project 'WebAPIKit')
SwiftCompile normal arm64_32 /Users/admin/builder/spi-builder-workspace/Sources/WebIDLToSwift/ClosurePattern.swift (in target 'WebIDLToSwift-product' from project 'WebAPIKit')
cd /Users/admin/builder/spi-builder-workspace/.swiftpm/xcode
builtin-SwiftPerFileCompile ClosurePattern.swift
SwiftCompile normal arm64_32 /Users/admin/builder/spi-builder-workspace/Sources/WebIDLToSwift/IDLBuilder.swift (in target 'WebIDLToSwift-product' from project 'WebAPIKit')
cd /Users/admin/builder/spi-builder-workspace/.swiftpm/xcode
builtin-SwiftPerFileCompile IDLBuilder.swift
/Users/admin/builder/spi-builder-workspace/Sources/WebIDLToSwift/ClosurePattern.swift:114:23: warning: string interpolation produces a debug description for a function value; did you mean to make this explicit?
112 | @inlinable public static subscript(name: JSString, in jsObject: JSObject) -> \(closureType) {
113 | get {
114 | \(getter)
| |- warning: string interpolation produces a debug description for a function value; did you mean to make this explicit?
| `- note: use 'String(describing:)' to silence this warning
115 | }
116 | set {
/Users/admin/builder/spi-builder-workspace/Sources/WebIDLToSwift/ClosurePattern.swift:117:23: warning: string interpolation produces a debug description for a function value; did you mean to make this explicit?
115 | }
116 | set {
117 | \(setter)
| |- warning: string interpolation produces a debug description for a function value; did you mean to make this explicit?
| `- note: use 'String(describing:)' to silence this warning
118 | }
119 | }
SwiftCompile normal arm64_32 Compiling\ SwiftRepresentation.swift /Users/admin/builder/spi-builder-workspace/Sources/WebIDLToSwift/SwiftRepresentation.swift (in target 'WebIDLToSwift-product' from project 'WebAPIKit')
SwiftCompile normal arm64_32 /Users/admin/builder/spi-builder-workspace/Sources/WebIDLToSwift/SwiftRepresentation.swift (in target 'WebIDLToSwift-product' from project 'WebAPIKit')
cd /Users/admin/builder/spi-builder-workspace/.swiftpm/xcode
builtin-SwiftPerFileCompile SwiftRepresentation.swift
SwiftCompile normal arm64_32 Compiling\ UnionType+SwiftRepresentable.swift /Users/admin/builder/spi-builder-workspace/Sources/WebIDLToSwift/UnionType+SwiftRepresentable.swift (in target 'WebIDLToSwift-product' from project 'WebAPIKit')
SwiftCompile normal arm64_32 /Users/admin/builder/spi-builder-workspace/Sources/WebIDLToSwift/UnionType+SwiftRepresentable.swift (in target 'WebIDLToSwift-product' from project 'WebAPIKit')
cd /Users/admin/builder/spi-builder-workspace/.swiftpm/xcode
builtin-SwiftPerFileCompile UnionType+SwiftRepresentable.swift
SwiftCompile normal arm64_32 Compiling\ PackageManifest.swift,\ Shell.swift /Users/admin/builder/spi-builder-workspace/Sources/WebIDLToSwift/PackageManifest.swift /Users/admin/builder/spi-builder-workspace/Sources/WebIDLToSwift/Shell.swift (in target 'WebIDLToSwift-product' from project 'WebAPIKit')
/Users/admin/builder/spi-builder-workspace/Sources/WebIDLToSwift/Shell.swift:27:20: error: cannot find 'Process' in scope
25 | private static func run(executable: String, arguments: [String]) {
26 | // print("*** running script: \(script)")
27 | let task = Process()
| `- error: cannot find 'Process' in scope
28 | task.standardError = FileHandle.standardError
29 | task.arguments = arguments
Failed frontend command:
/Applications/Xcode-27.0.0-Release.Candidate.app/Contents/Developer/Toolchains/XcodeDefault.xctoolchain/usr/bin/swift-frontend -frontend -c /Users/admin/builder/spi-builder-workspace/Sources/WebIDLToSwift/ClosurePattern.swift /Users/admin/builder/spi-builder-workspace/Sources/WebIDLToSwift/IDLBuilder.swift /Users/admin/builder/spi-builder-workspace/Sources/WebIDLToSwift/IDLParser.swift /Users/admin/builder/spi-builder-workspace/Sources/WebIDLToSwift/MergeDeclarations.swift /Users/admin/builder/spi-builder-workspace/Sources/WebIDLToSwift/Module.swift /Users/admin/builder/spi-builder-workspace/Sources/WebIDLToSwift/ModuleState.swift -primary-file /Users/admin/builder/spi-builder-workspace/Sources/WebIDLToSwift/PackageManifest.swift -primary-file /Users/admin/builder/spi-builder-workspace/Sources/WebIDLToSwift/Shell.swift /Users/admin/builder/spi-builder-workspace/Sources/WebIDLToSwift/SwiftRepresentation.swift /Users/admin/builder/spi-builder-workspace/Sources/WebIDLToSwift/SwiftSource.swift /Users/admin/builder/spi-builder-workspace/Sources/WebIDLToSwift/UnionType+SwiftRepresentable.swift /Users/admin/builder/spi-builder-workspace/Sources/WebIDLToSwift/UnionType.swift /Users/admin/builder/spi-builder-workspace/Sources/WebIDLToSwift/WebIDL+SwiftRepresentation.swift /Users/admin/builder/spi-builder-workspace/Sources/WebIDLToSwift/WebIDLToSwift.swift -emit-dependencies-path /Users/admin/builder/spi-builder-workspace/.derivedData/Build/Intermediates.noindex/WebAPIKit.build/Debug-watchos/WebIDLToSwift-p.build/Objects-normal/arm64_32/PackageManifest.d -emit-const-values-path /Users/admin/builder/spi-builder-workspace/.derivedData/Build/Intermediates.noindex/WebAPIKit.build/Debug-watchos/WebIDLToSwift-p.build/Objects-normal/arm64_32/PackageManifest.swiftconstvalues -emit-reference-dependencies-path /Users/admin/builder/spi-builder-workspace/.derivedData/Build/Intermediates.noindex/WebAPIKit.build/Debug-watchos/WebIDLToSwift-p.build/Objects-normal/arm64_32/PackageManifest.swiftdeps -serialize-diagnostics-path /Users/admin/builder/spi-builder-workspace/.derivedData/Build/Intermediates.noindex/WebAPIKit.build/Debug-watchos/WebIDLToSwift-p.build/Objects-normal/arm64_32/PackageManifest.dia -emit-dependencies-path /Users/admin/builder/spi-builder-workspace/.derivedData/Build/Intermediates.noindex/WebAPIKit.build/Debug-watchos/WebIDLToSwift-p.build/Objects-normal/arm64_32/Shell.d -emit-const-values-path /Users/admin/builder/spi-builder-workspace/.derivedData/Build/Intermediates.noindex/WebAPIKit.build/Debug-watchos/WebIDLToSwift-p.build/Objects-normal/arm64_32/Shell.swiftconstvalues -emit-reference-dependencies-path /Users/admin/builder/spi-builder-workspace/.derivedData/Build/Intermediates.noindex/WebAPIKit.build/Debug-watchos/WebIDLToSwift-p.build/Objects-normal/arm64_32/Shell.swiftdeps -serialize-diagnostics-path /Users/admin/builder/spi-builder-workspace/.derivedData/Build/Intermediates.noindex/WebAPIKit.build/Debug-watchos/WebIDLToSwift-p.build/Objects-normal/arm64_32/Shell.dia -target arm64_32-apple-watchos9.0 -disable-cross-import-overlay-search -load-resolved-plugin /Applications/Xcode-27.0.0-Release.Candidate.app/Contents/Developer/Platforms/WatchOS.platform/Developer/usr/lib/swift/host/plugins/libFoundationMacros.dylib\#/Applications/Xcode-27.0.0-Release.Candidate.app/Contents/Developer/Platforms/WatchOS.platform/Developer/usr/bin/swift-plugin-server\#FoundationMacros -load-resolved-plugin /Applications/Xcode-27.0.0-Release.Candidate.app/Contents/Developer/Platforms/WatchOS.platform/Developer/usr/lib/swift/host/plugins/libObservationMacros.dylib\#/Applications/Xcode-27.0.0-Release.Candidate.app/Contents/Developer/Platforms/WatchOS.platform/Developer/usr/bin/swift-plugin-server\#ObservationMacros -load-resolved-plugin /Applications/Xcode-27.0.0-Release.Candidate.app/Contents/Developer/Platforms/WatchOS.platform/Developer/usr/lib/swift/host/plugins/libSwiftMacros.dylib\#/Applications/Xcode-27.0.0-Release.Candidate.app/Contents/Developer/Platforms/WatchOS.platform/Developer/usr/bin/swift-plugin-server\#SwiftMacros -disable-implicit-swift-modules -Xcc -fno-implicit-modules -Xcc -fno-implicit-module-maps -explicit-swift-module-map-file /Users/admin/builder/spi-builder-workspace/.derivedData/Build/Intermediates.noindex/WebAPIKit.build/Debug-watchos/WebIDLToSwift-p.build/Objects-normal/arm64_32/WebIDLToSwift-dependencies-1.json -enable-objc-interop -sdk /Applications/Xcode-27.0.0-Release.Candidate.app/Contents/Developer/Platforms/WatchOS.platform/Developer/SDKs/WatchOS27.0.sdk -I /Users/admin/builder/spi-builder-workspace/.derivedData/Build/Products/Debug-watchos -Isystem /Applications/Xcode-27.0.0-Release.Candidate.app/Contents/Developer/Platforms/WatchOS.platform/Developer/usr/lib -F /Users/admin/builder/spi-builder-workspace/.derivedData/Build/Products/Debug-watchos/PackageFrameworks -F /Users/admin/builder/spi-builder-workspace/.derivedData/Build/Products/Debug-watchos -F /Applications/Xcode-27.0.0-Release.Candidate.app/Contents/Developer/Platforms/WatchOS.platform/Developer/Library/Frameworks -F /Applications/Xcode-27.0.0-Release.Candidate.app/Contents/Developer/Platforms/WatchOS.platform/Developer/SDKs/WatchOS27.0.sdk/Developer/Library/Frameworks -module-cache-path /Users/admin/builder/spi-builder-workspace/.derivedData/Build/Intermediates.noindex/SwiftExplicitPrecompiledModules -no-color-diagnostics -Xcc -fno-color-diagnostics -enable-testing -g -debug-info-format\=dwarf -dwarf-version\=4 -profile-generate -profile-coverage-mapping -swift-version 5 -Onone -D SWIFT_PACKAGE -D DEBUG -D Xcode -serialize-debugging-options -enable-experimental-feature DebugDescriptionMacro -empty-abi-descriptor -validate-clang-modules-once -clang-build-session-file /Users/admin/builder/spi-builder-workspace/.derivedData/ModuleCache.noindex/Session.modulevalidation -Xcc -working-directory -Xcc /Users/admin/builder/spi-builder-workspace/.swiftpm/xcode -enable-anonymous-context-mangled-names -file-compilation-dir /Users/admin/builder/spi-builder-workspace/.swiftpm/xcode -Xcc -D_LIBCPP_HARDENING_MODE\=_LIBCPP_HARDENING_MODE_DEBUG -Xcc -ivfsstatcache -Xcc /Users/admin/builder/spi-builder-workspace/.derivedData/SDKStatCaches.noindex/watchos27.0-24R360-e829b21a6f8c9b70876ba0858053c04477534ef55a1706bf4c1112bbb242f0a2.sdkstatcache -Xcc -fmodules-prune-interval\=86400 -Xcc -fmodules-prune-after\=345600 -Xcc -I/Users/admin/builder/spi-builder-workspace/.derivedData/Build/Products/Debug-watchos/include -Xcc -I/Users/admin/builder/spi-builder-workspace/.derivedData/Build/Intermediates.noindex/WebAPIKit.build/Debug-watchos/WebIDLToSwift-p.build/DerivedSources-normal/arm64_32 -Xcc -I/Users/admin/builder/spi-builder-workspace/.derivedData/Build/Intermediates.noindex/WebAPIKit.build/Debug-watchos/WebIDLToSwift-p.build/DerivedSources/arm64_32 -Xcc -I/Users/admin/builder/spi-builder-workspace/.derivedData/Build/Intermediates.noindex/WebAPIKit.build/Debug-watchos/WebIDLToSwift-p.build/DerivedSources -Xcc -DSWIFT_PACKAGE -Xcc -DDEBUG\=1 -no-auto-bridging-header-chaining -module-name WebIDLToSwift -package-name spi_builder_workspace -const-gather-protocols-file /Users/admin/builder/spi-builder-workspace/.derivedData/Build/Intermediates.noindex/WebAPIKit.build/Debug-watchos/WebIDLToSwift-p.build/Objects-normal/arm64_32/WebIDLToSwift_const_extract_protocols.json -disable-clang-spi -clang-target arm64_32-apple-watchos27.0 -target-sdk-version 27.0 -target-sdk-name watchos27.0 -in-process-plugin-server-path /Applications/Xcode-27.0.0-Release.Candidate.app/Contents/Developer/Toolchains/XcodeDefault.xctoolchain/usr/lib/swift/host/libSwiftInProcPluginServer.dylib -parse-as-library -o /Users/admin/builder/spi-builder-workspace/.derivedData/Build/Intermediates.noindex/WebAPIKit.build/Debug-watchos/WebIDLToSwift-p.build/Objects-normal/arm64_32/PackageManifest.o -o /Users/admin/builder/spi-builder-workspace/.derivedData/Build/Intermediates.noindex/WebAPIKit.build/Debug-watchos/WebIDLToSwift-p.build/Objects-normal/arm64_32/Shell.o -debug-module-path /Users/admin/builder/spi-builder-workspace/.derivedData/Build/Intermediates.noindex/WebAPIKit.build/Debug-watchos/WebIDLToSwift-p.build/Objects-normal/arm64_32/WebIDLToSwift.swiftmodule -index-unit-output-path /WebAPIKit.build/Debug-watchos/WebIDLToSwift-p.build/Objects-normal/arm64_32/PackageManifest.o -index-unit-output-path /WebAPIKit.build/Debug-watchos/WebIDLToSwift-p.build/Objects-normal/arm64_32/Shell.o -index-store-path /Users/admin/builder/spi-builder-workspace/.derivedData/Index.noindex/DataStore -index-system-modules
SwiftCompile normal arm64_32 /Users/admin/builder/spi-builder-workspace/Sources/WebIDLToSwift/PackageManifest.swift (in target 'WebIDLToSwift-product' from project 'WebAPIKit')
cd /Users/admin/builder/spi-builder-workspace/.swiftpm/xcode
builtin-SwiftPerFileCompile PackageManifest.swift
SwiftCompile normal arm64_32 /Users/admin/builder/spi-builder-workspace/Sources/WebIDLToSwift/Shell.swift (in target 'WebIDLToSwift-product' from project 'WebAPIKit')
cd /Users/admin/builder/spi-builder-workspace/.swiftpm/xcode
builtin-SwiftPerFileCompile Shell.swift
SwiftCompile normal arm64_32 Compiling\ SwiftSource.swift /Users/admin/builder/spi-builder-workspace/Sources/WebIDLToSwift/SwiftSource.swift (in target 'WebIDLToSwift-product' from project 'WebAPIKit')
SwiftCompile normal arm64_32 /Users/admin/builder/spi-builder-workspace/Sources/WebIDLToSwift/SwiftSource.swift (in target 'WebIDLToSwift-product' from project 'WebAPIKit')
cd /Users/admin/builder/spi-builder-workspace/.swiftpm/xcode
builtin-SwiftPerFileCompile SwiftSource.swift
SwiftCompile normal arm64_32 Compiling\ UnionType.swift /Users/admin/builder/spi-builder-workspace/Sources/WebIDLToSwift/UnionType.swift (in target 'WebIDLToSwift-product' from project 'WebAPIKit')
SwiftCompile normal arm64_32 /Users/admin/builder/spi-builder-workspace/Sources/WebIDLToSwift/UnionType.swift (in target 'WebIDLToSwift-product' from project 'WebAPIKit')
cd /Users/admin/builder/spi-builder-workspace/.swiftpm/xcode
builtin-SwiftPerFileCompile UnionType.swift
SwiftEmitModule normal arm64 Emitting\ module\ for\ WebIDLToSwift (in target 'WebIDLToSwift-product' from project 'WebAPIKit')
SwiftCompile normal arm64 (in target 'WebIDLToSwift-product' from project 'WebAPIKit')
cd /Users/admin/builder/spi-builder-workspace/.swiftpm/xcode
SwiftDriverJobDiscovery normal arm64_32 Compiling SwiftRepresentation.swift (in target 'WebIDLToSwift-product' from project 'WebAPIKit')
SwiftCompile normal arm64 Compiling\ ClosurePattern.swift,\ IDLBuilder.swift /Users/admin/builder/spi-builder-workspace/Sources/WebIDLToSwift/ClosurePattern.swift /Users/admin/builder/spi-builder-workspace/Sources/WebIDLToSwift/IDLBuilder.swift (in target 'WebIDLToSwift-product' from project 'WebAPIKit')
/Users/admin/builder/spi-builder-workspace/Sources/WebIDLToSwift/ClosurePattern.swift:114:23: warning: string interpolation produces a debug description for a function value; did you mean to make this explicit?
112 | @inlinable public static subscript(name: JSString, in jsObject: JSObject) -> \(closureType) {
113 | get {
114 | \(getter)
| |- warning: string interpolation produces a debug description for a function value; did you mean to make this explicit?
| `- note: use 'String(describing:)' to silence this warning
115 | }
116 | set {
SwiftCompile normal arm64 /Users/admin/builder/spi-builder-workspace/Sources/WebIDLToSwift/ClosurePattern.swift (in target 'WebIDLToSwift-product' from project 'WebAPIKit')
cd /Users/admin/builder/spi-builder-workspace/.swiftpm/xcode
builtin-SwiftPerFileCompile ClosurePattern.swift
SwiftCompile normal arm64 /Users/admin/builder/spi-builder-workspace/Sources/WebIDLToSwift/IDLBuilder.swift (in target 'WebIDLToSwift-product' from project 'WebAPIKit')
cd /Users/admin/builder/spi-builder-workspace/.swiftpm/xcode
builtin-SwiftPerFileCompile IDLBuilder.swift
SwiftDriverJobDiscovery normal arm64_32 Emitting module for WebIDLToSwift (in target 'WebIDLToSwift-product' from project 'WebAPIKit')
SwiftDriver\ Compilation\ Requirements WebIDLToSwift normal arm64_32 com.apple.xcode.tools.swift.compiler (in target 'WebIDLToSwift-product' from project 'WebAPIKit')
cd /Users/admin/builder/spi-builder-workspace/.swiftpm/xcode
builtin-Swift-Compilation-Requirements -- /Applications/Xcode-27.0.0-Release.Candidate.app/Contents/Developer/Toolchains/XcodeDefault.xctoolchain/usr/bin/swiftc -parse-as-library -module-name WebIDLToSwift -Onone @/Users/admin/builder/spi-builder-workspace/.derivedData/Build/Intermediates.noindex/WebAPIKit.build/Debug-watchos/WebIDLToSwift-p.build/Objects-normal/arm64_32/WebIDLToSwift.SwiftFileList -DSWIFT_PACKAGE -DDEBUG -DXcode -plugin-path /Applications/Xcode-27.0.0-Release.Candidate.app/Contents/Developer/Toolchains/XcodeDefault.xctoolchain/usr/lib/swift/host/plugins/testing -enable-experimental-feature DebugDescriptionMacro -sdk /Applications/Xcode-27.0.0-Release.Candidate.app/Contents/Developer/Platforms/WatchOS.platform/Developer/SDKs/WatchOS27.0.sdk -target arm64_32-apple-watchos9.0 -g -module-cache-path /Users/admin/builder/spi-builder-workspace/.derivedData/ModuleCache.noindex -Xfrontend -serialize-debugging-options -profile-coverage-mapping -profile-generate -enable-testing -index-store-path /Users/admin/builder/spi-builder-workspace/.derivedData/Index.noindex/DataStore -Xcc -D_LIBCPP_HARDENING_MODE\=_LIBCPP_HARDENING_MODE_DEBUG -swift-version 5 -I /Users/admin/builder/spi-builder-workspace/.derivedData/Build/Products/Debug-watchos -Isystem /Applications/Xcode-27.0.0-Release.Candidate.app/Contents/Developer/Platforms/WatchOS.platform/Developer/usr/lib -F /Users/admin/builder/spi-builder-workspace/.derivedData/Build/Products/Debug-watchos/PackageFrameworks -F /Users/admin/builder/spi-builder-workspace/.derivedData/Build/Products/Debug-watchos -F /Applications/Xcode-27.0.0-Release.Candidate.app/Contents/Developer/Platforms/WatchOS.platform/Developer/Library/Frameworks -F /Applications/Xcode-27.0.0-Release.Candidate.app/Contents/Developer/Platforms/WatchOS.platform/Developer/SDKs/WatchOS27.0.sdk/Developer/Library/Frameworks -c -j10 -enable-batch-mode -incremental -Xcc -ivfsstatcache -Xcc /Users/admin/builder/spi-builder-workspace/.derivedData/SDKStatCaches.noindex/watchos27.0-24R360-e829b21a6f8c9b70876ba0858053c04477534ef55a1706bf4c1112bbb242f0a2.sdkstatcache -output-file-map /Users/admin/builder/spi-builder-workspace/.derivedData/Build/Intermediates.noindex/WebAPIKit.build/Debug-watchos/WebIDLToSwift-p.build/Objects-normal/arm64_32/WebIDLToSwift-OutputFileMap.json -save-temps -no-color-diagnostics -explicit-module-build -module-cache-path /Users/admin/builder/spi-builder-workspace/.derivedData/Build/Intermediates.noindex/SwiftExplicitPrecompiledModules -clang-scanner-module-cache-path /Users/admin/builder/spi-builder-workspace/.derivedData/ModuleCache.noindex -sdk-module-cache-path /Users/admin/builder/spi-builder-workspace/.derivedData/SDKExplicitPrecompiledModules -emit-dependencies -emit-module -emit-module-path /Users/admin/builder/spi-builder-workspace/.derivedData/Build/Intermediates.noindex/WebAPIKit.build/Debug-watchos/WebIDLToSwift-p.build/Objects-normal/arm64_32/WebIDLToSwift.swiftmodule -serialize-diagnostics -dependency-scan-serialize-diagnostics-path /Users/admin/builder/spi-builder-workspace/.derivedData/Build/Intermediates.noindex/WebAPIKit.build/Debug-watchos/WebIDLToSwift-p.build/Objects-normal/arm64_32/WebIDLToSwift-dependency-scan.dia -validate-clang-modules-once -clang-build-session-file /Users/admin/builder/spi-builder-workspace/.derivedData/ModuleCache.noindex/Session.modulevalidation -Xcc -fmodules-prune-interval\=86400 -Xcc -fmodules-prune-after\=345600 -package-name spi_builder_workspace -emit-const-values -const-gather-protocols-list /Users/admin/builder/spi-builder-workspace/.derivedData/Build/Intermediates.noindex/WebAPIKit.build/Debug-watchos/WebIDLToSwift-p.build/Objects-normal/arm64_32/WebIDLToSwift_const_extract_protocols.json -Xcc -I/Users/admin/builder/spi-builder-workspace/.derivedData/Build/Products/Debug-watchos/include -Xcc -I/Users/admin/builder/spi-builder-workspace/.derivedData/Build/Intermediates.noindex/WebAPIKit.build/Debug-watchos/WebIDLToSwift-p.build/DerivedSources-normal/arm64_32 -Xcc -I/Users/admin/builder/spi-builder-workspace/.derivedData/Build/Intermediates.noindex/WebAPIKit.build/Debug-watchos/WebIDLToSwift-p.build/DerivedSources/arm64_32 -Xcc -I/Users/admin/builder/spi-builder-workspace/.derivedData/Build/Intermediates.noindex/WebAPIKit.build/Debug-watchos/WebIDLToSwift-p.build/DerivedSources -Xcc -DSWIFT_PACKAGE -Xcc -DDEBUG\=1 -working-directory /Users/admin/builder/spi-builder-workspace/.swiftpm/xcode -experimental-emit-module-separately -disable-cmo
SwiftExplicitDependencyGeneratePcm arm64 /Users/admin/builder/spi-builder-workspace/.derivedData/SDKExplicitPrecompiledModules/launch-EFXL3YL04KHGWJLOU1XU768V7.pcm
SwiftExplicitDependencyGeneratePcm arm64 /Users/admin/builder/spi-builder-workspace/.derivedData/SDKExplicitPrecompiledModules/MachO-4D0HJWYC59S7APTHBHDUKR7KJ.pcm
SwiftDriverJobDiscovery normal arm64_32 Compiling UnionType.swift (in target 'WebIDLToSwift-product' from project 'WebAPIKit')
SwiftCompile normal arm64 Compiling\ WebIDL+SwiftRepresentation.swift /Users/admin/builder/spi-builder-workspace/Sources/WebIDLToSwift/WebIDL+SwiftRepresentation.swift (in target 'WebIDLToSwift-product' from project 'WebAPIKit')
SwiftCompile normal arm64 /Users/admin/builder/spi-builder-workspace/Sources/WebIDLToSwift/WebIDL+SwiftRepresentation.swift (in target 'WebIDLToSwift-product' from project 'WebAPIKit')
cd /Users/admin/builder/spi-builder-workspace/.swiftpm/xcode
builtin-SwiftPerFileCompile WebIDL+SwiftRepresentation.swift
SwiftDriverJobDiscovery normal arm64 Emitting module for WebIDLToSwift (in target 'WebIDLToSwift-product' from project 'WebAPIKit')
SwiftDriver\ Compilation\ Requirements WebIDLToSwift normal arm64 com.apple.xcode.tools.swift.compiler (in target 'WebIDLToSwift-product' from project 'WebAPIKit')
cd /Users/admin/builder/spi-builder-workspace/.swiftpm/xcode
builtin-Swift-Compilation-Requirements -- /Applications/Xcode-27.0.0-Release.Candidate.app/Contents/Developer/Toolchains/XcodeDefault.xctoolchain/usr/bin/swiftc -parse-as-library -module-name WebIDLToSwift -Onone @/Users/admin/builder/spi-builder-workspace/.derivedData/Build/Intermediates.noindex/WebAPIKit.build/Debug-watchos/WebIDLToSwift-p.build/Objects-normal/arm64/WebIDLToSwift.SwiftFileList -DSWIFT_PACKAGE -DDEBUG -DXcode -plugin-path /Applications/Xcode-27.0.0-Release.Candidate.app/Contents/Developer/Toolchains/XcodeDefault.xctoolchain/usr/lib/swift/host/plugins/testing -enable-experimental-feature DebugDescriptionMacro -sdk /Applications/Xcode-27.0.0-Release.Candidate.app/Contents/Developer/Platforms/WatchOS.platform/Developer/SDKs/WatchOS27.0.sdk -target arm64-apple-watchos9.0 -g -module-cache-path /Users/admin/builder/spi-builder-workspace/.derivedData/ModuleCache.noindex -Xfrontend -serialize-debugging-options -profile-coverage-mapping -profile-generate -enable-testing -index-store-path /Users/admin/builder/spi-builder-workspace/.derivedData/Index.noindex/DataStore -Xcc -D_LIBCPP_HARDENING_MODE\=_LIBCPP_HARDENING_MODE_DEBUG -swift-version 5 -I /Users/admin/builder/spi-builder-workspace/.derivedData/Build/Products/Debug-watchos -Isystem /Applications/Xcode-27.0.0-Release.Candidate.app/Contents/Developer/Platforms/WatchOS.platform/Developer/usr/lib -F /Users/admin/builder/spi-builder-workspace/.derivedData/Build/Products/Debug-watchos/PackageFrameworks -F /Users/admin/builder/spi-builder-workspace/.derivedData/Build/Products/Debug-watchos -F /Applications/Xcode-27.0.0-Release.Candidate.app/Contents/Developer/Platforms/WatchOS.platform/Developer/Library/Frameworks -F /Applications/Xcode-27.0.0-Release.Candidate.app/Contents/Developer/Platforms/WatchOS.platform/Developer/SDKs/WatchOS27.0.sdk/Developer/Library/Frameworks -c -j10 -enable-batch-mode -incremental -Xcc -ivfsstatcache -Xcc /Users/admin/builder/spi-builder-workspace/.derivedData/SDKStatCaches.noindex/watchos27.0-24R360-e829b21a6f8c9b70876ba0858053c04477534ef55a1706bf4c1112bbb242f0a2.sdkstatcache -output-file-map /Users/admin/builder/spi-builder-workspace/.derivedData/Build/Intermediates.noindex/WebAPIKit.build/Debug-watchos/WebIDLToSwift-p.build/Objects-normal/arm64/WebIDLToSwift-OutputFileMap.json -save-temps -no-color-diagnostics -explicit-module-build -module-cache-path /Users/admin/builder/spi-builder-workspace/.derivedData/Build/Intermediates.noindex/SwiftExplicitPrecompiledModules -clang-scanner-module-cache-path /Users/admin/builder/spi-builder-workspace/.derivedData/ModuleCache.noindex -sdk-module-cache-path /Users/admin/builder/spi-builder-workspace/.derivedData/SDKExplicitPrecompiledModules -emit-dependencies -emit-module -emit-module-path /Users/admin/builder/spi-builder-workspace/.derivedData/Build/Intermediates.noindex/WebAPIKit.build/Debug-watchos/WebIDLToSwift-p.build/Objects-normal/arm64/WebIDLToSwift.swiftmodule -serialize-diagnostics -dependency-scan-serialize-diagnostics-path /Users/admin/builder/spi-builder-workspace/.derivedData/Build/Intermediates.noindex/WebAPIKit.build/Debug-watchos/WebIDLToSwift-p.build/Objects-normal/arm64/WebIDLToSwift-dependency-scan.dia -validate-clang-modules-once -clang-build-session-file /Users/admin/builder/spi-builder-workspace/.derivedData/ModuleCache.noindex/Session.modulevalidation -Xcc -fmodules-prune-interval\=86400 -Xcc -fmodules-prune-after\=345600 -package-name spi_builder_workspace -emit-const-values -const-gather-protocols-list /Users/admin/builder/spi-builder-workspace/.derivedData/Build/Intermediates.noindex/WebAPIKit.build/Debug-watchos/WebIDLToSwift-p.build/Objects-normal/arm64/WebIDLToSwift_const_extract_protocols.json -Xcc -I/Users/admin/builder/spi-builder-workspace/.derivedData/Build/Products/Debug-watchos/include -Xcc -I/Users/admin/builder/spi-builder-workspace/.derivedData/Build/Intermediates.noindex/WebAPIKit.build/Debug-watchos/WebIDLToSwift-p.build/DerivedSources-normal/arm64 -Xcc -I/Users/admin/builder/spi-builder-workspace/.derivedData/Build/Intermediates.noindex/WebAPIKit.build/Debug-watchos/WebIDLToSwift-p.build/DerivedSources/arm64 -Xcc -I/Users/admin/builder/spi-builder-workspace/.derivedData/Build/Intermediates.noindex/WebAPIKit.build/Debug-watchos/WebIDLToSwift-p.build/DerivedSources -Xcc -DSWIFT_PACKAGE -Xcc -DDEBUG\=1 -working-directory /Users/admin/builder/spi-builder-workspace/.swiftpm/xcode -experimental-emit-module-separately -disable-cmo
SwiftCompile normal arm64 Compiling\ Module.swift,\ ModuleState.swift /Users/admin/builder/spi-builder-workspace/Sources/WebIDLToSwift/Module.swift /Users/admin/builder/spi-builder-workspace/Sources/WebIDLToSwift/ModuleState.swift (in target 'WebIDLToSwift-product' from project 'WebAPIKit')
SwiftCompile normal arm64 /Users/admin/builder/spi-builder-workspace/Sources/WebIDLToSwift/Module.swift (in target 'WebIDLToSwift-product' from project 'WebAPIKit')
cd /Users/admin/builder/spi-builder-workspace/.swiftpm/xcode
builtin-SwiftPerFileCompile Module.swift
SwiftCompile normal arm64 /Users/admin/builder/spi-builder-workspace/Sources/WebIDLToSwift/ModuleState.swift (in target 'WebIDLToSwift-product' from project 'WebAPIKit')
cd /Users/admin/builder/spi-builder-workspace/.swiftpm/xcode
builtin-SwiftPerFileCompile ModuleState.swift
SwiftCompile normal arm64 Compiling\ PackageManifest.swift,\ Shell.swift /Users/admin/builder/spi-builder-workspace/Sources/WebIDLToSwift/PackageManifest.swift /Users/admin/builder/spi-builder-workspace/Sources/WebIDLToSwift/Shell.swift (in target 'WebIDLToSwift-product' from project 'WebAPIKit')
SwiftCompile normal arm64 /Users/admin/builder/spi-builder-workspace/Sources/WebIDLToSwift/PackageManifest.swift (in target 'WebIDLToSwift-product' from project 'WebAPIKit')
cd /Users/admin/builder/spi-builder-workspace/.swiftpm/xcode
builtin-SwiftPerFileCompile PackageManifest.swift
SwiftCompile normal arm64 /Users/admin/builder/spi-builder-workspace/Sources/WebIDLToSwift/Shell.swift (in target 'WebIDLToSwift-product' from project 'WebAPIKit')
cd /Users/admin/builder/spi-builder-workspace/.swiftpm/xcode
builtin-SwiftPerFileCompile Shell.swift
SwiftExplicitDependencyGeneratePcm arm64 /Users/admin/builder/spi-builder-workspace/.derivedData/SDKExplicitPrecompiledModules/ObjectiveC-5UUM8AH9LJRERY99K1GUBURMO.pcm
SwiftDriverJobDiscovery normal arm64 Compiling Module.swift, ModuleState.swift (in target 'WebIDLToSwift-product' from project 'WebAPIKit')
SwiftCompile normal arm64 Compiling\ SwiftRepresentation.swift /Users/admin/builder/spi-builder-workspace/Sources/WebIDLToSwift/SwiftRepresentation.swift (in target 'WebIDLToSwift-product' from project 'WebAPIKit')
SwiftCompile normal arm64 /Users/admin/builder/spi-builder-workspace/Sources/WebIDLToSwift/SwiftRepresentation.swift (in target 'WebIDLToSwift-product' from project 'WebAPIKit')
cd /Users/admin/builder/spi-builder-workspace/.swiftpm/xcode
builtin-SwiftPerFileCompile SwiftRepresentation.swift
SwiftDriverJobDiscovery normal arm64_32 Compiling WebIDL+SwiftRepresentation.swift (in target 'WebIDLToSwift-product' from project 'WebAPIKit')
SwiftCompile normal arm64 Compiling\ UnionType+SwiftRepresentable.swift /Users/admin/builder/spi-builder-workspace/Sources/WebIDLToSwift/UnionType+SwiftRepresentable.swift (in target 'WebIDLToSwift-product' from project 'WebAPIKit')
SwiftCompile normal arm64 /Users/admin/builder/spi-builder-workspace/Sources/WebIDLToSwift/UnionType+SwiftRepresentable.swift (in target 'WebIDLToSwift-product' from project 'WebAPIKit')
cd /Users/admin/builder/spi-builder-workspace/.swiftpm/xcode
builtin-SwiftPerFileCompile UnionType+SwiftRepresentable.swift
SwiftExplicitDependencyGeneratePcm arm64 /Users/admin/builder/spi-builder-workspace/.derivedData/SDKExplicitPrecompiledModules/os_object-BTDIN6QZYDLDQ14FCV3ILP969.pcm
SwiftDriverJobDiscovery normal arm64 Compiling SwiftRepresentation.swift (in target 'WebIDLToSwift-product' from project 'WebAPIKit')
SwiftCompile normal arm64_32 Compiling\ Module.swift,\ ModuleState.swift /Users/admin/builder/spi-builder-workspace/Sources/WebIDLToSwift/Module.swift /Users/admin/builder/spi-builder-workspace/Sources/WebIDLToSwift/ModuleState.swift (in target 'WebIDLToSwift-product' from project 'WebAPIKit')
SwiftCompile normal arm64_32 /Users/admin/builder/spi-builder-workspace/Sources/WebIDLToSwift/Module.swift (in target 'WebIDLToSwift-product' from project 'WebAPIKit')
cd /Users/admin/builder/spi-builder-workspace/.swiftpm/xcode
builtin-SwiftPerFileCompile Module.swift
SwiftCompile normal arm64_32 /Users/admin/builder/spi-builder-workspace/Sources/WebIDLToSwift/ModuleState.swift (in target 'WebIDLToSwift-product' from project 'WebAPIKit')
cd /Users/admin/builder/spi-builder-workspace/.swiftpm/xcode
builtin-SwiftPerFileCompile ModuleState.swift
SwiftExplicitDependencyGeneratePcm arm64 /Users/admin/builder/spi-builder-workspace/.derivedData/SDKExplicitPrecompiledModules/os_workgroup-5KW4GI1VTT4BL3CP7IBC3MXQT.pcm
SwiftDriverJobDiscovery normal arm64 Compiling WebIDL+SwiftRepresentation.swift (in target 'WebIDLToSwift-product' from project 'WebAPIKit')
SwiftCompile normal arm64 Compiling\ WebIDLToSwift.swift /Users/admin/builder/spi-builder-workspace/Sources/WebIDLToSwift/WebIDLToSwift.swift (in target 'WebIDLToSwift-product' from project 'WebAPIKit')
SwiftCompile normal arm64 /Users/admin/builder/spi-builder-workspace/Sources/WebIDLToSwift/WebIDLToSwift.swift (in target 'WebIDLToSwift-product' from project 'WebAPIKit')
cd /Users/admin/builder/spi-builder-workspace/.swiftpm/xcode
builtin-SwiftPerFileCompile WebIDLToSwift.swift
PruneExplicitPrecompiledModules /Users/admin/builder/spi-builder-workspace/.derivedData/SDKExplicitPrecompiledModules
PruneExplicitPrecompiledModules /Users/admin/builder/spi-builder-workspace/.derivedData/Build/Intermediates.noindex/ExplicitPrecompiledModules
PruneExplicitPrecompiledModules /Users/admin/builder/spi-builder-workspace/.derivedData/Build/Intermediates.noindex/SwiftExplicitPrecompiledModules
2026-09-23 03:03:04.096 xcodebuild[781:4872] [MT] IDERunDestination: Supported platforms for the buildables in the current scheme is empty.
** BUILD FAILED **
The following build commands failed:
SwiftCompile normal arm64_32 Compiling\ PackageManifest.swift,\ Shell.swift /Users/admin/builder/spi-builder-workspace/Sources/WebIDLToSwift/PackageManifest.swift /Users/admin/builder/spi-builder-workspace/Sources/WebIDLToSwift/Shell.swift (in target 'WebIDLToSwift-product' from project 'WebAPIKit')
SwiftCompile normal arm64_32 /Users/admin/builder/spi-builder-workspace/Sources/WebIDLToSwift/Shell.swift (in target 'WebIDLToSwift-product' from project 'WebAPIKit')
Building workspace WebAPIKit with scheme WebAPIKit-Package
(3 failures)
Command line invocation:
/Applications/Xcode-27.0.0-Release.Candidate.app/Contents/Developer/usr/bin/xcodebuild -IDEClonedSourcePackagesDirPathOverride=/Users/admin/builder/spi-builder-workspace/.dependencies -resolvePackageDependencies
Resolve Package Graph
Resolved source packages:
JavaScriptKit: https://github.com/swiftwasm/JavaScriptKit.git @ 0.59.0
swift-syntax: https://github.com/swiftlang/swift-syntax @ 603.0.2
WebAPIKit: /Users/admin/builder/spi-builder-workspace
resolved source packages: JavaScriptKit, swift-syntax, WebAPIKit
2026-09-23 03:03:18.516 xcodebuild[1018:5958] [MT] IDERunDestination: Supported platforms for the buildables in the current scheme is empty.
{
"dependencies" : [
{
"identity" : "javascriptkit",
"requirement" : {
"range" : [
{
"lower_bound" : "0.29.0",
"upper_bound" : "1.0.0"
}
]
},
"type" : "sourceControl",
"url" : "https://github.com/swiftwasm/JavaScriptKit.git"
}
],
"manifest_display_name" : "WebAPIKit",
"name" : "WebAPIKit",
"path" : "/Users/admin/builder/spi-builder-workspace",
"platforms" : [
{
"name" : "macos",
"version" : "10.15"
}
],
"products" : [
{
"name" : "WebAPIKitDemo",
"targets" : [
"WebAPIKitDemo"
],
"type" : {
"executable" : null
}
},
{
"name" : "WebAPIBase",
"targets" : [
"WebAPIBase"
],
"type" : {
"library" : [
"automatic"
]
}
},
{
"name" : "DOM",
"targets" : [
"DOM"
],
"type" : {
"library" : [
"automatic"
]
}
},
{
"name" : "WebSockets",
"targets" : [
"WebSockets"
],
"type" : {
"library" : [
"automatic"
]
}
},
{
"name" : "WebAudio",
"targets" : [
"WebAudio"
],
"type" : {
"library" : [
"automatic"
]
}
},
{
"name" : "WebAnimations",
"targets" : [
"WebAnimations"
],
"type" : {
"library" : [
"automatic"
]
}
},
{
"name" : "WebGL1",
"targets" : [
"WebGL1"
],
"type" : {
"library" : [
"automatic"
]
}
},
{
"name" : "WebGL2",
"targets" : [
"WebGL2"
],
"type" : {
"library" : [
"automatic"
]
}
},
{
"name" : "WebGPU",
"targets" : [
"WebGPU"
],
"type" : {
"library" : [
"automatic"
]
}
},
{
"name" : "Gamepad",
"targets" : [
"Gamepad"
],
"type" : {
"library" : [
"automatic"
]
}
},
{
"name" : "CSSOM",
"targets" : [
"CSSOM"
],
"type" : {
"library" : [
"automatic"
]
}
},
{
"name" : "SVG",
"targets" : [
"SVG"
],
"type" : {
"library" : [
"automatic"
]
}
},
{
"name" : "FileSystem",
"targets" : [
"FileSystem"
],
"type" : {
"library" : [
"automatic"
]
}
},
{
"name" : "WebIDLToSwift",
"targets" : [
"WebIDLToSwift"
],
"type" : {
"executable" : null
}
}
],
"swift_languages_versions" : [
"5"
],
"targets" : [
{
"c99name" : "WebSockets",
"module_type" : "SwiftTarget",
"name" : "WebSockets",
"path" : "Sources/WebSockets",
"product_memberships" : [
"WebSockets"
],
"sources" : [
"Generated.swift"
],
"target_dependencies" : [
"DOM",
"WebAPIBase",
"ECMAScript"
],
"type" : "library"
},
{
"c99name" : "WebIDLToSwift",
"module_type" : "SwiftTarget",
"name" : "WebIDLToSwift",
"path" : "Sources/WebIDLToSwift",
"product_memberships" : [
"WebIDLToSwift"
],
"sources" : [
"ClosurePattern.swift",
"IDLBuilder.swift",
"IDLParser.swift",
"MergeDeclarations.swift",
"Module.swift",
"ModuleState.swift",
"PackageManifest.swift",
"Shell.swift",
"SwiftRepresentation.swift",
"SwiftSource.swift",
"UnionType+SwiftRepresentable.swift",
"UnionType.swift",
"WebIDL+SwiftRepresentation.swift",
"WebIDLToSwift.swift"
],
"target_dependencies" : [
"WebIDL"
],
"type" : "executable"
},
{
"c99name" : "WebIDL",
"module_type" : "SwiftTarget",
"name" : "WebIDL",
"path" : "Sources/WebIDL",
"product_memberships" : [
"WebIDLToSwift"
],
"sources" : [
"Argument.swift",
"Attribute.swift",
"Callback.swift",
"Constant.swift",
"Constructor.swift",
"Declaration.swift",
"Dictionary.swift",
"Enum.swift",
"ExtendedAttribute.swift",
"GenericCollection.swift",
"Includes.swift",
"Interface.swift",
"InterfaceMixin.swift",
"Namespace.swift",
"Node.swift",
"Operation.swift",
"Type.swift",
"Typedef.swift",
"Value.swift"
],
"type" : "library"
},
{
"c99name" : "WebGPU",
"module_type" : "SwiftTarget",
"name" : "WebGPU",
"path" : "Sources/WebGPU",
"product_memberships" : [
"WebGPU"
],
"sources" : [
"Generated.swift",
"Support.swift"
],
"target_dependencies" : [
"DOM",
"WebAPIBase",
"WebAudio",
"WebAnimations",
"WebGL1",
"ECMAScript"
],
"type" : "library"
},
{
"c99name" : "WebGL2",
"module_type" : "SwiftTarget",
"name" : "WebGL2",
"path" : "Sources/WebGL2",
"product_memberships" : [
"WebAPIKitDemo",
"WebGL2"
],
"sources" : [
"Generated.swift",
"Support.swift"
],
"target_dependencies" : [
"DOM",
"WebAPIBase",
"WebAudio",
"WebAnimations",
"WebGL1",
"ECMAScript"
],
"type" : "library"
},
{
"c99name" : "WebGL1",
"module_type" : "SwiftTarget",
"name" : "WebGL1",
"path" : "Sources/WebGL1",
"product_memberships" : [
"WebAPIKitDemo",
"WebGL1",
"WebGL2",
"WebGPU"
],
"sources" : [
"Generated.swift",
"Support.swift"
],
"target_dependencies" : [
"DOM",
"WebAPIBase",
"WebAudio",
"WebAnimations",
"ECMAScript"
],
"type" : "library"
},
{
"c99name" : "WebAudio",
"module_type" : "SwiftTarget",
"name" : "WebAudio",
"path" : "Sources/WebAudio",
"product_memberships" : [
"WebAPIKitDemo",
"WebAudio",
"WebAnimations",
"WebGL1",
"WebGL2",
"WebGPU"
],
"sources" : [
"Generated.swift"
],
"target_dependencies" : [
"DOM",
"WebAPIBase",
"ECMAScript"
],
"type" : "library"
},
{
"c99name" : "WebAnimations",
"module_type" : "SwiftTarget",
"name" : "WebAnimations",
"path" : "Sources/WebAnimations",
"product_memberships" : [
"WebAPIKitDemo",
"WebAnimations",
"WebGL1",
"WebGL2",
"WebGPU"
],
"sources" : [
"Generated.swift"
],
"target_dependencies" : [
"DOM",
"WebAPIBase",
"WebAudio",
"ECMAScript"
],
"type" : "library"
},
{
"c99name" : "WebAPIKitTests",
"module_type" : "SwiftTarget",
"name" : "WebAPIKitTests",
"path" : "Tests/WebAPIKitTests",
"sources" : [
"WebAPIKitTests.swift"
],
"target_dependencies" : [
"DOM"
],
"type" : "test"
},
{
"c99name" : "WebAPIKitDemo",
"module_type" : "SwiftTarget",
"name" : "WebAPIKitDemo",
"path" : "Sources/WebAPIKitDemo",
"product_memberships" : [
"WebAPIKitDemo"
],
"sources" : [
"WebGLDemo.swift",
"main.swift"
],
"target_dependencies" : [
"DOM",
"WebGL2"
],
"type" : "executable"
},
{
"c99name" : "WebAPIBase",
"module_type" : "SwiftTarget",
"name" : "WebAPIBase",
"path" : "Sources/WebAPIBase",
"product_memberships" : [
"WebAPIKitDemo",
"WebAPIBase",
"DOM",
"WebSockets",
"WebAudio",
"WebAnimations",
"WebGL1",
"WebGL2",
"WebGPU",
"Gamepad",
"CSSOM",
"SVG",
"FileSystem"
],
"sources" : [
"Generated.swift",
"ToJSValue.swift"
],
"target_dependencies" : [
"ECMAScript"
],
"type" : "library"
},
{
"c99name" : "SVG",
"module_type" : "SwiftTarget",
"name" : "SVG",
"path" : "Sources/SVG",
"product_memberships" : [
"CSSOM",
"SVG"
],
"sources" : [
"Generated.swift"
],
"target_dependencies" : [
"DOM",
"WebAPIBase",
"ECMAScript"
],
"type" : "library"
},
{
"c99name" : "Gamepad",
"module_type" : "SwiftTarget",
"name" : "Gamepad",
"path" : "Sources/Gamepad",
"product_memberships" : [
"Gamepad"
],
"sources" : [
"Generated.swift"
],
"target_dependencies" : [
"DOM",
"WebAPIBase",
"ECMAScript"
],
"type" : "library"
},
{
"c99name" : "FileSystem",
"module_type" : "SwiftTarget",
"name" : "FileSystem",
"path" : "Sources/FileSystem",
"product_memberships" : [
"FileSystem"
],
"sources" : [
"Generated.swift"
],
"target_dependencies" : [
"DOM",
"WebAPIBase",
"ECMAScript"
],
"type" : "library"
},
{
"c99name" : "ECMAScript",
"module_type" : "SwiftTarget",
"name" : "ECMAScript",
"path" : "Sources/ECMAScript",
"product_dependencies" : [
"JavaScriptKit",
"JavaScriptEventLoop",
"JavaScriptBigIntSupport"
],
"product_memberships" : [
"WebAPIKitDemo",
"WebAPIBase",
"DOM",
"WebSockets",
"WebAudio",
"WebAnimations",
"WebGL1",
"WebGL2",
"WebGPU",
"Gamepad",
"CSSOM",
"SVG",
"FileSystem"
],
"sources" : [
"ArrayBuffer.swift",
"ArrayBufferView.swift",
"Attributes.swift",
"BridgedDictionary.swift",
"DataView.swift",
"Iterators.swift"
],
"type" : "library"
},
{
"c99name" : "DOM",
"module_type" : "SwiftTarget",
"name" : "DOM",
"path" : "Sources/DOM",
"product_memberships" : [
"WebAPIKitDemo",
"DOM",
"WebSockets",
"WebAudio",
"WebAnimations",
"WebGL1",
"WebGL2",
"WebGPU",
"Gamepad",
"CSSOM",
"SVG",
"FileSystem"
],
"sources" : [
"Generated.swift",
"RenderingContext.swift",
"RotationMatrixType.swift",
"Support.swift"
],
"target_dependencies" : [
"WebAPIBase",
"ECMAScript"
],
"type" : "library"
},
{
"c99name" : "CSSOM",
"module_type" : "SwiftTarget",
"name" : "CSSOM",
"path" : "Sources/CSSOM",
"product_memberships" : [
"CSSOM"
],
"sources" : [
"Generated.swift"
],
"target_dependencies" : [
"DOM",
"WebAPIBase",
"SVG",
"ECMAScript"
],
"type" : "library"
}
],
"tools_version" : "6.1"
}
{
"workspace" : {
"name" : "WebAPIKit",
"schemes" : [
"CSSOM",
"DOM",
"FileSystem",
"Gamepad",
"SVG",
"WebAnimations",
"WebAPIBase",
"WebAPIKit-Package",
"WebAPIKitDemo",
"WebAudio",
"WebGL1",
"WebGL2",
"WebGPU",
"WebIDLToSwift",
"WebSockets"
]
}
}
2026-09-23 03:03:22.887 xcodebuild[1044:6139] [MT] IDERunDestination: Supported platforms for the buildables in the current scheme is empty.
Running build ...
env DEVELOPER_DIR=/Applications/Xcode-27.0.0-Release.Candidate.app xcrun xcodebuild -IDEClonedSourcePackagesDirPathOverride=$PWD/.dependencies -skipMacroValidation -skipPackagePluginValidation -derivedDataPath $PWD/.derivedData build -scheme WebAPIKit-Package -destination generic/platform=watchOS
Command line invocation:
/Applications/Xcode-27.0.0-Release.Candidate.app/Contents/Developer/usr/bin/xcodebuild -IDEClonedSourcePackagesDirPathOverride=/Users/admin/builder/spi-builder-workspace/.dependencies -skipMacroValidation -skipPackagePluginValidation -derivedDataPath /Users/admin/builder/spi-builder-workspace/.derivedData build -scheme WebAPIKit-Package -destination generic/platform=watchOS
Resolve Package Graph
Resolved source packages:
swift-syntax: https://github.com/swiftlang/swift-syntax @ 603.0.2
JavaScriptKit: https://github.com/swiftwasm/JavaScriptKit.git @ 0.59.0
WebAPIKit: /Users/admin/builder/spi-builder-workspace
ComputePackagePrebuildTargetDependencyGraph
Prepare packages
CreateBuildRequest
SendProjectDescription
CreateBuildOperation
ComputeTargetDependencyGraph
note: Building targets in dependency order
note: Target dependency graph (38 targets)
Target 'WebIDLToSwift-product' in project 'WebAPIKit'
➜ Explicit dependency on target 'WebIDL' in project 'WebAPIKit'
Target 'WebIDL' in project 'WebAPIKit' (no dependencies)
Target 'WebAPIKitDemo-product' in project 'WebAPIKit'
➜ Explicit dependency on target 'ECMAScript' in project 'WebAPIKit'
➜ Explicit dependency on target 'WebAPIBase' in project 'WebAPIKit'
➜ Explicit dependency on target 'DOM' in project 'WebAPIKit'
➜ Explicit dependency on target 'WebAudio' in project 'WebAPIKit'
➜ Explicit dependency on target 'WebAnimations' in project 'WebAPIKit'
➜ Explicit dependency on target 'WebGL1' in project 'WebAPIKit'
➜ Explicit dependency on target 'WebGL2' in project 'WebAPIKit'
➜ Explicit dependency on target 'JavaScriptKit-product' in project 'JavaScriptKit'
➜ Explicit dependency on target 'JavaScriptEventLoop-product' in project 'JavaScriptKit'
➜ Explicit dependency on target 'JavaScriptBigIntSupport-product' in project 'JavaScriptKit'
Target 'FileSystem-product' in project 'WebAPIKit'
➜ Explicit dependency on target 'FileSystem' in project 'WebAPIKit'
➜ Explicit dependency on target 'ECMAScript' in project 'WebAPIKit'
➜ Explicit dependency on target 'WebAPIBase' in project 'WebAPIKit'
➜ Explicit dependency on target 'DOM' in project 'WebAPIKit'
➜ Explicit dependency on target 'JavaScriptKit-product' in project 'JavaScriptKit'
➜ Explicit dependency on target 'JavaScriptEventLoop-product' in project 'JavaScriptKit'
➜ Explicit dependency on target 'JavaScriptBigIntSupport-product' in project 'JavaScriptKit'
Target 'FileSystem' in project 'WebAPIKit'
➜ Explicit dependency on target 'ECMAScript' in project 'WebAPIKit'
➜ Explicit dependency on target 'WebAPIBase' in project 'WebAPIKit'
➜ Explicit dependency on target 'DOM' in project 'WebAPIKit'
➜ Explicit dependency on target 'JavaScriptKit-product' in project 'JavaScriptKit'
➜ Explicit dependency on target 'JavaScriptEventLoop-product' in project 'JavaScriptKit'
➜ Explicit dependency on target 'JavaScriptBigIntSupport-product' in project 'JavaScriptKit'
Target 'SVG-product' in project 'WebAPIKit'
➜ Explicit dependency on target 'SVG' in project 'WebAPIKit'
➜ Explicit dependency on target 'ECMAScript' in project 'WebAPIKit'
➜ Explicit dependency on target 'WebAPIBase' in project 'WebAPIKit'
➜ Explicit dependency on target 'DOM' in project 'WebAPIKit'
➜ Explicit dependency on target 'JavaScriptKit-product' in project 'JavaScriptKit'
➜ Explicit dependency on target 'JavaScriptEventLoop-product' in project 'JavaScriptKit'
➜ Explicit dependency on target 'JavaScriptBigIntSupport-product' in project 'JavaScriptKit'
Target 'CSSOM-product' in project 'WebAPIKit'
➜ Explicit dependency on target 'CSSOM' in project 'WebAPIKit'
➜ Explicit dependency on target 'ECMAScript' in project 'WebAPIKit'
➜ Explicit dependency on target 'WebAPIBase' in project 'WebAPIKit'
➜ Explicit dependency on target 'DOM' in project 'WebAPIKit'
➜ Explicit dependency on target 'SVG' in project 'WebAPIKit'
➜ Explicit dependency on target 'JavaScriptKit-product' in project 'JavaScriptKit'
➜ Explicit dependency on target 'JavaScriptEventLoop-product' in project 'JavaScriptKit'
➜ Explicit dependency on target 'JavaScriptBigIntSupport-product' in project 'JavaScriptKit'
Target 'CSSOM' in project 'WebAPIKit'
➜ Explicit dependency on target 'ECMAScript' in project 'WebAPIKit'
➜ Explicit dependency on target 'WebAPIBase' in project 'WebAPIKit'
➜ Explicit dependency on target 'DOM' in project 'WebAPIKit'
➜ Explicit dependency on target 'SVG' in project 'WebAPIKit'
➜ Explicit dependency on target 'JavaScriptKit-product' in project 'JavaScriptKit'
➜ Explicit dependency on target 'JavaScriptEventLoop-product' in project 'JavaScriptKit'
➜ Explicit dependency on target 'JavaScriptBigIntSupport-product' in project 'JavaScriptKit'
Target 'SVG' in project 'WebAPIKit'
➜ Explicit dependency on target 'ECMAScript' in project 'WebAPIKit'
➜ Explicit dependency on target 'WebAPIBase' in project 'WebAPIKit'
➜ Explicit dependency on target 'DOM' in project 'WebAPIKit'
➜ Explicit dependency on target 'JavaScriptKit-product' in project 'JavaScriptKit'
➜ Explicit dependency on target 'JavaScriptEventLoop-product' in project 'JavaScriptKit'
➜ Explicit dependency on target 'JavaScriptBigIntSupport-product' in project 'JavaScriptKit'
Target 'Gamepad-product' in project 'WebAPIKit'
➜ Explicit dependency on target 'Gamepad' in project 'WebAPIKit'
➜ Explicit dependency on target 'ECMAScript' in project 'WebAPIKit'
➜ Explicit dependency on target 'WebAPIBase' in project 'WebAPIKit'
➜ Explicit dependency on target 'DOM' in project 'WebAPIKit'
➜ Explicit dependency on target 'JavaScriptKit-product' in project 'JavaScriptKit'
➜ Explicit dependency on target 'JavaScriptEventLoop-product' in project 'JavaScriptKit'
➜ Explicit dependency on target 'JavaScriptBigIntSupport-product' in project 'JavaScriptKit'
Target 'Gamepad' in project 'WebAPIKit'
➜ Explicit dependency on target 'ECMAScript' in project 'WebAPIKit'
➜ Explicit dependency on target 'WebAPIBase' in project 'WebAPIKit'
➜ Explicit dependency on target 'DOM' in project 'WebAPIKit'
➜ Explicit dependency on target 'JavaScriptKit-product' in project 'JavaScriptKit'
➜ Explicit dependency on target 'JavaScriptEventLoop-product' in project 'JavaScriptKit'
➜ Explicit dependency on target 'JavaScriptBigIntSupport-product' in project 'JavaScriptKit'
Target 'WebGPU-product' in project 'WebAPIKit'
➜ Explicit dependency on target 'WebGPU' in project 'WebAPIKit'
➜ Explicit dependency on target 'ECMAScript' in project 'WebAPIKit'
➜ Explicit dependency on target 'WebAPIBase' in project 'WebAPIKit'
➜ Explicit dependency on target 'DOM' in project 'WebAPIKit'
➜ Explicit dependency on target 'WebAudio' in project 'WebAPIKit'
➜ Explicit dependency on target 'WebAnimations' in project 'WebAPIKit'
➜ Explicit dependency on target 'WebGL1' in project 'WebAPIKit'
➜ Explicit dependency on target 'JavaScriptKit-product' in project 'JavaScriptKit'
➜ Explicit dependency on target 'JavaScriptEventLoop-product' in project 'JavaScriptKit'
➜ Explicit dependency on target 'JavaScriptBigIntSupport-product' in project 'JavaScriptKit'
Target 'WebGPU' in project 'WebAPIKit'
➜ Explicit dependency on target 'ECMAScript' in project 'WebAPIKit'
➜ Explicit dependency on target 'WebAPIBase' in project 'WebAPIKit'
➜ Explicit dependency on target 'DOM' in project 'WebAPIKit'
➜ Explicit dependency on target 'WebAudio' in project 'WebAPIKit'
➜ Explicit dependency on target 'WebAnimations' in project 'WebAPIKit'
➜ Explicit dependency on target 'WebGL1' in project 'WebAPIKit'
➜ Explicit dependency on target 'JavaScriptKit-product' in project 'JavaScriptKit'
➜ Explicit dependency on target 'JavaScriptEventLoop-product' in project 'JavaScriptKit'
➜ Explicit dependency on target 'JavaScriptBigIntSupport-product' in project 'JavaScriptKit'
Target 'WebGL2-product' in project 'WebAPIKit'
➜ Explicit dependency on target 'WebGL2' in project 'WebAPIKit'
➜ Explicit dependency on target 'ECMAScript' in project 'WebAPIKit'
➜ Explicit dependency on target 'WebAPIBase' in project 'WebAPIKit'
➜ Explicit dependency on target 'DOM' in project 'WebAPIKit'
➜ Explicit dependency on target 'WebAudio' in project 'WebAPIKit'
➜ Explicit dependency on target 'WebAnimations' in project 'WebAPIKit'
➜ Explicit dependency on target 'WebGL1' in project 'WebAPIKit'
➜ Explicit dependency on target 'JavaScriptKit-product' in project 'JavaScriptKit'
➜ Explicit dependency on target 'JavaScriptEventLoop-product' in project 'JavaScriptKit'
➜ Explicit dependency on target 'JavaScriptBigIntSupport-product' in project 'JavaScriptKit'
Target 'WebGL2' in project 'WebAPIKit'
➜ Explicit dependency on target 'ECMAScript' in project 'WebAPIKit'
➜ Explicit dependency on target 'WebAPIBase' in project 'WebAPIKit'
➜ Explicit dependency on target 'DOM' in project 'WebAPIKit'
➜ Explicit dependency on target 'WebAudio' in project 'WebAPIKit'
➜ Explicit dependency on target 'WebAnimations' in project 'WebAPIKit'
➜ Explicit dependency on target 'WebGL1' in project 'WebAPIKit'
➜ Explicit dependency on target 'JavaScriptKit-product' in project 'JavaScriptKit'
➜ Explicit dependency on target 'JavaScriptEventLoop-product' in project 'JavaScriptKit'
➜ Explicit dependency on target 'JavaScriptBigIntSupport-product' in project 'JavaScriptKit'
Target 'WebGL1-product' in project 'WebAPIKit'
➜ Explicit dependency on target 'WebGL1' in project 'WebAPIKit'
➜ Explicit dependency on target 'ECMAScript' in project 'WebAPIKit'
➜ Explicit dependency on target 'WebAPIBase' in project 'WebAPIKit'
➜ Explicit dependency on target 'DOM' in project 'WebAPIKit'
➜ Explicit dependency on target 'WebAudio' in project 'WebAPIKit'
➜ Explicit dependency on target 'WebAnimations' in project 'WebAPIKit'
➜ Explicit dependency on target 'JavaScriptKit-product' in project 'JavaScriptKit'
➜ Explicit dependency on target 'JavaScriptEventLoop-product' in project 'JavaScriptKit'
➜ Explicit dependency on target 'JavaScriptBigIntSupport-product' in project 'JavaScriptKit'
Target 'WebGL1' in project 'WebAPIKit'
➜ Explicit dependency on target 'ECMAScript' in project 'WebAPIKit'
➜ Explicit dependency on target 'WebAPIBase' in project 'WebAPIKit'
➜ Explicit dependency on target 'DOM' in project 'WebAPIKit'
➜ Explicit dependency on target 'WebAudio' in project 'WebAPIKit'
➜ Explicit dependency on target 'WebAnimations' in project 'WebAPIKit'
➜ Explicit dependency on target 'JavaScriptKit-product' in project 'JavaScriptKit'
➜ Explicit dependency on target 'JavaScriptEventLoop-product' in project 'JavaScriptKit'
➜ Explicit dependency on target 'JavaScriptBigIntSupport-product' in project 'JavaScriptKit'
Target 'WebAnimations-product' in project 'WebAPIKit'
➜ Explicit dependency on target 'WebAnimations' in project 'WebAPIKit'
➜ Explicit dependency on target 'ECMAScript' in project 'WebAPIKit'
➜ Explicit dependency on target 'WebAPIBase' in project 'WebAPIKit'
➜ Explicit dependency on target 'DOM' in project 'WebAPIKit'
➜ Explicit dependency on target 'WebAudio' in project 'WebAPIKit'
➜ Explicit dependency on target 'JavaScriptKit-product' in project 'JavaScriptKit'
➜ Explicit dependency on target 'JavaScriptEventLoop-product' in project 'JavaScriptKit'
➜ Explicit dependency on target 'JavaScriptBigIntSupport-product' in project 'JavaScriptKit'
Target 'WebAnimations' in project 'WebAPIKit'
➜ Explicit dependency on target 'ECMAScript' in project 'WebAPIKit'
➜ Explicit dependency on target 'WebAPIBase' in project 'WebAPIKit'
➜ Explicit dependency on target 'DOM' in project 'WebAPIKit'
➜ Explicit dependency on target 'WebAudio' in project 'WebAPIKit'
➜ Explicit dependency on target 'JavaScriptKit-product' in project 'JavaScriptKit'
➜ Explicit dependency on target 'JavaScriptEventLoop-product' in project 'JavaScriptKit'
➜ Explicit dependency on target 'JavaScriptBigIntSupport-product' in project 'JavaScriptKit'
Target 'WebAudio-product' in project 'WebAPIKit'
➜ Explicit dependency on target 'WebAudio' in project 'WebAPIKit'
➜ Explicit dependency on target 'ECMAScript' in project 'WebAPIKit'
➜ Explicit dependency on target 'WebAPIBase' in project 'WebAPIKit'
➜ Explicit dependency on target 'DOM' in project 'WebAPIKit'
➜ Explicit dependency on target 'JavaScriptKit-product' in project 'JavaScriptKit'
➜ Explicit dependency on target 'JavaScriptEventLoop-product' in project 'JavaScriptKit'
➜ Explicit dependency on target 'JavaScriptBigIntSupport-product' in project 'JavaScriptKit'
Target 'WebAudio' in project 'WebAPIKit'
➜ Explicit dependency on target 'ECMAScript' in project 'WebAPIKit'
➜ Explicit dependency on target 'WebAPIBase' in project 'WebAPIKit'
➜ Explicit dependency on target 'DOM' in project 'WebAPIKit'
➜ Explicit dependency on target 'JavaScriptKit-product' in project 'JavaScriptKit'
➜ Explicit dependency on target 'JavaScriptEventLoop-product' in project 'JavaScriptKit'
➜ Explicit dependency on target 'JavaScriptBigIntSupport-product' in project 'JavaScriptKit'
Target 'WebSockets-product' in project 'WebAPIKit'
➜ Explicit dependency on target 'WebSockets' in project 'WebAPIKit'
➜ Explicit dependency on target 'ECMAScript' in project 'WebAPIKit'
➜ Explicit dependency on target 'WebAPIBase' in project 'WebAPIKit'
➜ Explicit dependency on target 'DOM' in project 'WebAPIKit'
➜ Explicit dependency on target 'JavaScriptKit-product' in project 'JavaScriptKit'
➜ Explicit dependency on target 'JavaScriptEventLoop-product' in project 'JavaScriptKit'
➜ Explicit dependency on target 'JavaScriptBigIntSupport-product' in project 'JavaScriptKit'
Target 'WebSockets' in project 'WebAPIKit'
➜ Explicit dependency on target 'ECMAScript' in project 'WebAPIKit'
➜ Explicit dependency on target 'WebAPIBase' in project 'WebAPIKit'
➜ Explicit dependency on target 'DOM' in project 'WebAPIKit'
➜ Explicit dependency on target 'JavaScriptKit-product' in project 'JavaScriptKit'
➜ Explicit dependency on target 'JavaScriptEventLoop-product' in project 'JavaScriptKit'
➜ Explicit dependency on target 'JavaScriptBigIntSupport-product' in project 'JavaScriptKit'
Target 'DOM-product' in project 'WebAPIKit'
➜ Explicit dependency on target 'DOM' in project 'WebAPIKit'
➜ Explicit dependency on target 'ECMAScript' in project 'WebAPIKit'
➜ Explicit dependency on target 'WebAPIBase' in project 'WebAPIKit'
➜ Explicit dependency on target 'JavaScriptKit-product' in project 'JavaScriptKit'
➜ Explicit dependency on target 'JavaScriptEventLoop-product' in project 'JavaScriptKit'
➜ Explicit dependency on target 'JavaScriptBigIntSupport-product' in project 'JavaScriptKit'
Target 'DOM' in project 'WebAPIKit'
➜ Explicit dependency on target 'ECMAScript' in project 'WebAPIKit'
➜ Explicit dependency on target 'WebAPIBase' in project 'WebAPIKit'
➜ Explicit dependency on target 'JavaScriptKit-product' in project 'JavaScriptKit'
➜ Explicit dependency on target 'JavaScriptEventLoop-product' in project 'JavaScriptKit'
➜ Explicit dependency on target 'JavaScriptBigIntSupport-product' in project 'JavaScriptKit'
Target 'WebAPIBase-product' in project 'WebAPIKit'
➜ Explicit dependency on target 'WebAPIBase' in project 'WebAPIKit'
➜ Explicit dependency on target 'ECMAScript' in project 'WebAPIKit'
➜ Explicit dependency on target 'JavaScriptKit-product' in project 'JavaScriptKit'
➜ Explicit dependency on target 'JavaScriptEventLoop-product' in project 'JavaScriptKit'
➜ Explicit dependency on target 'JavaScriptBigIntSupport-product' in project 'JavaScriptKit'
Target 'WebAPIBase' in project 'WebAPIKit'
➜ Explicit dependency on target 'ECMAScript' in project 'WebAPIKit'
➜ Explicit dependency on target 'JavaScriptKit-product' in project 'JavaScriptKit'
➜ Explicit dependency on target 'JavaScriptEventLoop-product' in project 'JavaScriptKit'
➜ Explicit dependency on target 'JavaScriptBigIntSupport-product' in project 'JavaScriptKit'
Target 'ECMAScript' in project 'WebAPIKit'
➜ Explicit dependency on target 'JavaScriptKit-product' in project 'JavaScriptKit'
➜ Explicit dependency on target 'JavaScriptEventLoop-product' in project 'JavaScriptKit'
➜ Explicit dependency on target 'JavaScriptBigIntSupport-product' in project 'JavaScriptKit'
Target 'JavaScriptBigIntSupport-product' in project 'JavaScriptKit'
➜ Explicit dependency on target 'JavaScriptBigIntSupport' in project 'JavaScriptKit'
➜ Explicit dependency on target '_CJavaScriptKit' in project 'JavaScriptKit'
➜ Explicit dependency on target '_CJavaScriptBigIntSupport' in project 'JavaScriptKit'
➜ Explicit dependency on target 'BridgeJSMacros' in project 'JavaScriptKit'
➜ Explicit dependency on target 'JavaScriptKit' in project 'JavaScriptKit'
Target 'JavaScriptBigIntSupport' in project 'JavaScriptKit'
➜ Explicit dependency on target '_CJavaScriptKit' in project 'JavaScriptKit'
➜ Explicit dependency on target '_CJavaScriptBigIntSupport' in project 'JavaScriptKit'
➜ Explicit dependency on target 'BridgeJSMacros' in project 'JavaScriptKit'
➜ Explicit dependency on target 'JavaScriptKit' in project 'JavaScriptKit'
Target '_CJavaScriptBigIntSupport' in project 'JavaScriptKit'
➜ Explicit dependency on target '_CJavaScriptKit' in project 'JavaScriptKit'
Target 'JavaScriptEventLoop-product' in project 'JavaScriptKit'
➜ Explicit dependency on target 'JavaScriptEventLoop' in project 'JavaScriptKit'
➜ Explicit dependency on target '_CJavaScriptKit' in project 'JavaScriptKit'
➜ Explicit dependency on target 'BridgeJSMacros' in project 'JavaScriptKit'
➜ Explicit dependency on target 'JavaScriptKit' in project 'JavaScriptKit'
➜ Explicit dependency on target '_CJavaScriptEventLoop' in project 'JavaScriptKit'
Target 'JavaScriptEventLoop' in project 'JavaScriptKit'
➜ Explicit dependency on target '_CJavaScriptKit' in project 'JavaScriptKit'
➜ Explicit dependency on target 'BridgeJSMacros' in project 'JavaScriptKit'
➜ Explicit dependency on target 'JavaScriptKit' in project 'JavaScriptKit'
➜ Explicit dependency on target '_CJavaScriptEventLoop' in project 'JavaScriptKit'
Target '_CJavaScriptEventLoop' in project 'JavaScriptKit' (no dependencies)
Target 'JavaScriptKit-product' in project 'JavaScriptKit'
➜ Explicit dependency on target 'JavaScriptKit' in project 'JavaScriptKit'
➜ Explicit dependency on target '_CJavaScriptKit' in project 'JavaScriptKit'
➜ Explicit dependency on target 'BridgeJSMacros' in project 'JavaScriptKit'
Target 'JavaScriptKit' in project 'JavaScriptKit'
➜ Explicit dependency on target '_CJavaScriptKit' in project 'JavaScriptKit'
➜ Explicit dependency on target 'BridgeJSMacros' in project 'JavaScriptKit'
Target 'BridgeJSMacros' in project 'JavaScriptKit' (no dependencies)
Target '_CJavaScriptKit' in project 'JavaScriptKit' (no dependencies)
GatherProvisioningInputs
CreateBuildDescription
ClangStatCache /Applications/Xcode-27.0.0-Release.Candidate.app/Contents/Developer/Toolchains/XcodeDefault.xctoolchain/usr/bin/clang-stat-cache /Applications/Xcode-27.0.0-Release.Candidate.app/Contents/Developer/Platforms/MacOSX.platform/Developer/SDKs/MacOSX27.0.sdk /Users/admin/builder/spi-builder-workspace/.derivedData/SDKStatCaches.noindex/macosx27.0-26A425-e829b21a6f8c9b70876ba0858053c0446a22442a12e9d48fe1a705f55a1adfc4.sdkstatcache
cd /Users/admin/builder/spi-builder-workspace/.swiftpm/xcode
/Applications/Xcode-27.0.0-Release.Candidate.app/Contents/Developer/Toolchains/XcodeDefault.xctoolchain/usr/bin/clang-stat-cache /Applications/Xcode-27.0.0-Release.Candidate.app/Contents/Developer/Platforms/MacOSX.platform/Developer/SDKs/MacOSX27.0.sdk -o /Users/admin/builder/spi-builder-workspace/.derivedData/SDKStatCaches.noindex/macosx27.0-26A425-e829b21a6f8c9b70876ba0858053c0446a22442a12e9d48fe1a705f55a1adfc4.sdkstatcache
ClangStatCache /Applications/Xcode-27.0.0-Release.Candidate.app/Contents/Developer/Toolchains/XcodeDefault.xctoolchain/usr/bin/clang-stat-cache /Applications/Xcode-27.0.0-Release.Candidate.app/Contents/Developer/Platforms/WatchOS.platform/Developer/SDKs/WatchOS27.0.sdk /Users/admin/builder/spi-builder-workspace/.derivedData/SDKStatCaches.noindex/watchos27.0-24R360-e829b21a6f8c9b70876ba0858053c04477534ef55a1706bf4c1112bbb242f0a2.sdkstatcache
cd /Users/admin/builder/spi-builder-workspace/.swiftpm/xcode
/Applications/Xcode-27.0.0-Release.Candidate.app/Contents/Developer/Toolchains/XcodeDefault.xctoolchain/usr/bin/clang-stat-cache /Applications/Xcode-27.0.0-Release.Candidate.app/Contents/Developer/Platforms/WatchOS.platform/Developer/SDKs/WatchOS27.0.sdk -o /Users/admin/builder/spi-builder-workspace/.derivedData/SDKStatCaches.noindex/watchos27.0-24R360-e829b21a6f8c9b70876ba0858053c04477534ef55a1706bf4c1112bbb242f0a2.sdkstatcache
SwiftDriver WebIDLToSwift normal arm64_32 com.apple.xcode.tools.swift.compiler (in target 'WebIDLToSwift-product' from project 'WebAPIKit')
cd /Users/admin/builder/spi-builder-workspace/.swiftpm/xcode
builtin-SwiftDriver -- /Applications/Xcode-27.0.0-Release.Candidate.app/Contents/Developer/Toolchains/XcodeDefault.xctoolchain/usr/bin/swiftc -parse-as-library -module-name WebIDLToSwift -Onone @/Users/admin/builder/spi-builder-workspace/.derivedData/Build/Intermediates.noindex/WebAPIKit.build/Debug-watchos/WebIDLToSwift-p.build/Objects-normal/arm64_32/WebIDLToSwift.SwiftFileList -DSWIFT_PACKAGE -DDEBUG -DXcode -plugin-path /Applications/Xcode-27.0.0-Release.Candidate.app/Contents/Developer/Toolchains/XcodeDefault.xctoolchain/usr/lib/swift/host/plugins/testing -enable-experimental-feature DebugDescriptionMacro -sdk /Applications/Xcode-27.0.0-Release.Candidate.app/Contents/Developer/Platforms/WatchOS.platform/Developer/SDKs/WatchOS27.0.sdk -target arm64_32-apple-watchos9.0 -g -module-cache-path /Users/admin/builder/spi-builder-workspace/.derivedData/ModuleCache.noindex -Xfrontend -serialize-debugging-options -profile-coverage-mapping -profile-generate -enable-testing -index-store-path /Users/admin/builder/spi-builder-workspace/.derivedData/Index.noindex/DataStore -Xcc -D_LIBCPP_HARDENING_MODE\=_LIBCPP_HARDENING_MODE_DEBUG -swift-version 5 -I /Users/admin/builder/spi-builder-workspace/.derivedData/Build/Products/Debug-watchos -Isystem /Applications/Xcode-27.0.0-Release.Candidate.app/Contents/Developer/Platforms/WatchOS.platform/Developer/usr/lib -F /Users/admin/builder/spi-builder-workspace/.derivedData/Build/Products/Debug-watchos/PackageFrameworks -F /Users/admin/builder/spi-builder-workspace/.derivedData/Build/Products/Debug-watchos -F /Applications/Xcode-27.0.0-Release.Candidate.app/Contents/Developer/Platforms/WatchOS.platform/Developer/Library/Frameworks -F /Applications/Xcode-27.0.0-Release.Candidate.app/Contents/Developer/Platforms/WatchOS.platform/Developer/SDKs/WatchOS27.0.sdk/Developer/Library/Frameworks -c -j10 -enable-batch-mode -incremental -Xcc -ivfsstatcache -Xcc /Users/admin/builder/spi-builder-workspace/.derivedData/SDKStatCaches.noindex/watchos27.0-24R360-e829b21a6f8c9b70876ba0858053c04477534ef55a1706bf4c1112bbb242f0a2.sdkstatcache -output-file-map /Users/admin/builder/spi-builder-workspace/.derivedData/Build/Intermediates.noindex/WebAPIKit.build/Debug-watchos/WebIDLToSwift-p.build/Objects-normal/arm64_32/WebIDLToSwift-OutputFileMap.json -save-temps -no-color-diagnostics -explicit-module-build -module-cache-path /Users/admin/builder/spi-builder-workspace/.derivedData/Build/Intermediates.noindex/SwiftExplicitPrecompiledModules -clang-scanner-module-cache-path /Users/admin/builder/spi-builder-workspace/.derivedData/ModuleCache.noindex -sdk-module-cache-path /Users/admin/builder/spi-builder-workspace/.derivedData/SDKExplicitPrecompiledModules -emit-dependencies -emit-module -emit-module-path /Users/admin/builder/spi-builder-workspace/.derivedData/Build/Intermediates.noindex/WebAPIKit.build/Debug-watchos/WebIDLToSwift-p.build/Objects-normal/arm64_32/WebIDLToSwift.swiftmodule -serialize-diagnostics -dependency-scan-serialize-diagnostics-path /Users/admin/builder/spi-builder-workspace/.derivedData/Build/Intermediates.noindex/WebAPIKit.build/Debug-watchos/WebIDLToSwift-p.build/Objects-normal/arm64_32/WebIDLToSwift-dependency-scan.dia -validate-clang-modules-once -clang-build-session-file /Users/admin/builder/spi-builder-workspace/.derivedData/ModuleCache.noindex/Session.modulevalidation -Xcc -fmodules-prune-interval\=86400 -Xcc -fmodules-prune-after\=345600 -package-name spi_builder_workspace -emit-const-values -const-gather-protocols-list /Users/admin/builder/spi-builder-workspace/.derivedData/Build/Intermediates.noindex/WebAPIKit.build/Debug-watchos/WebIDLToSwift-p.build/Objects-normal/arm64_32/WebIDLToSwift_const_extract_protocols.json -Xcc -I/Users/admin/builder/spi-builder-workspace/.derivedData/Build/Products/Debug-watchos/include -Xcc -I/Users/admin/builder/spi-builder-workspace/.derivedData/Build/Intermediates.noindex/WebAPIKit.build/Debug-watchos/WebIDLToSwift-p.build/DerivedSources-normal/arm64_32 -Xcc -I/Users/admin/builder/spi-builder-workspace/.derivedData/Build/Intermediates.noindex/WebAPIKit.build/Debug-watchos/WebIDLToSwift-p.build/DerivedSources/arm64_32 -Xcc -I/Users/admin/builder/spi-builder-workspace/.derivedData/Build/Intermediates.noindex/WebAPIKit.build/Debug-watchos/WebIDLToSwift-p.build/DerivedSources -Xcc -DSWIFT_PACKAGE -Xcc -DDEBUG\=1 -working-directory /Users/admin/builder/spi-builder-workspace/.swiftpm/xcode -experimental-emit-module-separately -disable-cmo
SwiftDriver BridgeJSMacros normal arm64 com.apple.xcode.tools.swift.compiler (in target 'BridgeJSMacros' from project 'JavaScriptKit')
cd /Users/admin/builder/spi-builder-workspace/.swiftpm/xcode
builtin-SwiftDriver -- /Applications/Xcode-27.0.0-Release.Candidate.app/Contents/Developer/Toolchains/XcodeDefault.xctoolchain/usr/bin/swiftc -parse-as-library -module-name BridgeJSMacros -Onone @/Users/admin/builder/spi-builder-workspace/.derivedData/Build/Intermediates.noindex/JavaScriptKit.build/Debug/BridgeJSMacros-t.build/Objects-normal/arm64/BridgeJSMacros.SwiftFileList -DSWIFT_PACKAGE -DDEBUG -DXcode -I /Users/admin/builder/spi-builder-workspace/.dependencies/prebuilts/swift-syntax/603.0.2/swiftlang-6.4.0.34.1-macosx27.0-MacroSupport/Modules -I /Users/admin/builder/spi-builder-workspace/.dependencies/checkouts/swift-syntax/Sources/_SwiftLibraryPluginProviderCShims/include -I /Users/admin/builder/spi-builder-workspace/.dependencies/checkouts/swift-syntax/Sources/_SwiftSyntaxCShims/include -plugin-path /Applications/Xcode-27.0.0-Release.Candidate.app/Contents/Developer/Toolchains/XcodeDefault.xctoolchain/usr/lib/swift/host/plugins/testing -enable-experimental-feature DebugDescriptionMacro -sdk /Applications/Xcode-27.0.0-Release.Candidate.app/Contents/Developer/Platforms/MacOSX.platform/Developer/SDKs/MacOSX27.0.sdk -target arm64-apple-macos13.0 -g -module-cache-path /Users/admin/builder/spi-builder-workspace/.derivedData/ModuleCache.noindex -Xfrontend -serialize-debugging-options -profile-coverage-mapping -profile-generate -enable-testing -suppress-warnings -index-store-path /Users/admin/builder/spi-builder-workspace/.derivedData/Index.noindex/DataStore -Xcc -D_LIBCPP_HARDENING_MODE\=_LIBCPP_HARDENING_MODE_DEBUG -swift-version 6 -I /Users/admin/builder/spi-builder-workspace/.derivedData/Build/Products/Debug -Isystem /Applications/Xcode-27.0.0-Release.Candidate.app/Contents/Developer/Platforms/MacOSX.platform/Developer/usr/lib -F /Users/admin/builder/spi-builder-workspace/.derivedData/Build/Products/Debug -F /Applications/Xcode-27.0.0-Release.Candidate.app/Contents/Developer/Platforms/MacOSX.platform/Developer/Library/Frameworks -c -j10 -enable-batch-mode -incremental -Xcc -ivfsstatcache -Xcc /Users/admin/builder/spi-builder-workspace/.derivedData/SDKStatCaches.noindex/macosx27.0-26A425-e829b21a6f8c9b70876ba0858053c0446a22442a12e9d48fe1a705f55a1adfc4.sdkstatcache -output-file-map /Users/admin/builder/spi-builder-workspace/.derivedData/Build/Intermediates.noindex/JavaScriptKit.build/Debug/BridgeJSMacros-t.build/Objects-normal/arm64/BridgeJSMacros-OutputFileMap.json -save-temps -no-color-diagnostics -explicit-module-build -module-cache-path /Users/admin/builder/spi-builder-workspace/.derivedData/Build/Intermediates.noindex/SwiftExplicitPrecompiledModules -clang-scanner-module-cache-path /Users/admin/builder/spi-builder-workspace/.derivedData/ModuleCache.noindex -sdk-module-cache-path /Users/admin/builder/spi-builder-workspace/.derivedData/SDKExplicitPrecompiledModules -emit-dependencies -emit-module -emit-module-path /Users/admin/builder/spi-builder-workspace/.derivedData/Build/Intermediates.noindex/JavaScriptKit.build/Debug/BridgeJSMacros-t.build/Objects-normal/arm64/BridgeJSMacros.swiftmodule -serialize-diagnostics -dependency-scan-serialize-diagnostics-path /Users/admin/builder/spi-builder-workspace/.derivedData/Build/Intermediates.noindex/JavaScriptKit.build/Debug/BridgeJSMacros-t.build/Objects-normal/arm64/BridgeJSMacros-dependency-scan.dia -user-module-version 0.59.0 -validate-clang-modules-once -clang-build-session-file /Users/admin/builder/spi-builder-workspace/.derivedData/ModuleCache.noindex/Session.modulevalidation -Xcc -fmodules-prune-interval\=86400 -Xcc -fmodules-prune-after\=345600 -package-name javascriptkit -emit-const-values -const-gather-protocols-list /Users/admin/builder/spi-builder-workspace/.derivedData/Build/Intermediates.noindex/JavaScriptKit.build/Debug/BridgeJSMacros-t.build/Objects-normal/arm64/BridgeJSMacros_const_extract_protocols.json -Xcc -I/Users/admin/builder/spi-builder-workspace/.derivedData/Build/Products/Debug/include -Xcc -I/Users/admin/builder/spi-builder-workspace/.derivedData/Build/Intermediates.noindex/JavaScriptKit.build/Debug/BridgeJSMacros-t.build/DerivedSources-normal/arm64 -Xcc -I/Users/admin/builder/spi-builder-workspace/.derivedData/Build/Intermediates.noindex/JavaScriptKit.build/Debug/BridgeJSMacros-t.build/DerivedSources/arm64 -Xcc -I/Users/admin/builder/spi-builder-workspace/.derivedData/Build/Intermediates.noindex/JavaScriptKit.build/Debug/BridgeJSMacros-t.build/DerivedSources -Xcc -DSWIFT_PACKAGE -Xcc -DDEBUG\=1 -working-directory /Users/admin/builder/spi-builder-workspace/.swiftpm/xcode -experimental-emit-module-separately -disable-cmo
SwiftDriver WebIDLToSwift normal arm64 com.apple.xcode.tools.swift.compiler (in target 'WebIDLToSwift-product' from project 'WebAPIKit')
cd /Users/admin/builder/spi-builder-workspace/.swiftpm/xcode
builtin-SwiftDriver -- /Applications/Xcode-27.0.0-Release.Candidate.app/Contents/Developer/Toolchains/XcodeDefault.xctoolchain/usr/bin/swiftc -parse-as-library -module-name WebIDLToSwift -Onone @/Users/admin/builder/spi-builder-workspace/.derivedData/Build/Intermediates.noindex/WebAPIKit.build/Debug-watchos/WebIDLToSwift-p.build/Objects-normal/arm64/WebIDLToSwift.SwiftFileList -DSWIFT_PACKAGE -DDEBUG -DXcode -plugin-path /Applications/Xcode-27.0.0-Release.Candidate.app/Contents/Developer/Toolchains/XcodeDefault.xctoolchain/usr/lib/swift/host/plugins/testing -enable-experimental-feature DebugDescriptionMacro -sdk /Applications/Xcode-27.0.0-Release.Candidate.app/Contents/Developer/Platforms/WatchOS.platform/Developer/SDKs/WatchOS27.0.sdk -target arm64-apple-watchos9.0 -g -module-cache-path /Users/admin/builder/spi-builder-workspace/.derivedData/ModuleCache.noindex -Xfrontend -serialize-debugging-options -profile-coverage-mapping -profile-generate -enable-testing -index-store-path /Users/admin/builder/spi-builder-workspace/.derivedData/Index.noindex/DataStore -Xcc -D_LIBCPP_HARDENING_MODE\=_LIBCPP_HARDENING_MODE_DEBUG -swift-version 5 -I /Users/admin/builder/spi-builder-workspace/.derivedData/Build/Products/Debug-watchos -Isystem /Applications/Xcode-27.0.0-Release.Candidate.app/Contents/Developer/Platforms/WatchOS.platform/Developer/usr/lib -F /Users/admin/builder/spi-builder-workspace/.derivedData/Build/Products/Debug-watchos/PackageFrameworks -F /Users/admin/builder/spi-builder-workspace/.derivedData/Build/Products/Debug-watchos -F /Applications/Xcode-27.0.0-Release.Candidate.app/Contents/Developer/Platforms/WatchOS.platform/Developer/Library/Frameworks -F /Applications/Xcode-27.0.0-Release.Candidate.app/Contents/Developer/Platforms/WatchOS.platform/Developer/SDKs/WatchOS27.0.sdk/Developer/Library/Frameworks -c -j10 -enable-batch-mode -incremental -Xcc -ivfsstatcache -Xcc /Users/admin/builder/spi-builder-workspace/.derivedData/SDKStatCaches.noindex/watchos27.0-24R360-e829b21a6f8c9b70876ba0858053c04477534ef55a1706bf4c1112bbb242f0a2.sdkstatcache -output-file-map /Users/admin/builder/spi-builder-workspace/.derivedData/Build/Intermediates.noindex/WebAPIKit.build/Debug-watchos/WebIDLToSwift-p.build/Objects-normal/arm64/WebIDLToSwift-OutputFileMap.json -save-temps -no-color-diagnostics -explicit-module-build -module-cache-path /Users/admin/builder/spi-builder-workspace/.derivedData/Build/Intermediates.noindex/SwiftExplicitPrecompiledModules -clang-scanner-module-cache-path /Users/admin/builder/spi-builder-workspace/.derivedData/ModuleCache.noindex -sdk-module-cache-path /Users/admin/builder/spi-builder-workspace/.derivedData/SDKExplicitPrecompiledModules -emit-dependencies -emit-module -emit-module-path /Users/admin/builder/spi-builder-workspace/.derivedData/Build/Intermediates.noindex/WebAPIKit.build/Debug-watchos/WebIDLToSwift-p.build/Objects-normal/arm64/WebIDLToSwift.swiftmodule -serialize-diagnostics -dependency-scan-serialize-diagnostics-path /Users/admin/builder/spi-builder-workspace/.derivedData/Build/Intermediates.noindex/WebAPIKit.build/Debug-watchos/WebIDLToSwift-p.build/Objects-normal/arm64/WebIDLToSwift-dependency-scan.dia -validate-clang-modules-once -clang-build-session-file /Users/admin/builder/spi-builder-workspace/.derivedData/ModuleCache.noindex/Session.modulevalidation -Xcc -fmodules-prune-interval\=86400 -Xcc -fmodules-prune-after\=345600 -package-name spi_builder_workspace -emit-const-values -const-gather-protocols-list /Users/admin/builder/spi-builder-workspace/.derivedData/Build/Intermediates.noindex/WebAPIKit.build/Debug-watchos/WebIDLToSwift-p.build/Objects-normal/arm64/WebIDLToSwift_const_extract_protocols.json -Xcc -I/Users/admin/builder/spi-builder-workspace/.derivedData/Build/Products/Debug-watchos/include -Xcc -I/Users/admin/builder/spi-builder-workspace/.derivedData/Build/Intermediates.noindex/WebAPIKit.build/Debug-watchos/WebIDLToSwift-p.build/DerivedSources-normal/arm64 -Xcc -I/Users/admin/builder/spi-builder-workspace/.derivedData/Build/Intermediates.noindex/WebAPIKit.build/Debug-watchos/WebIDLToSwift-p.build/DerivedSources/arm64 -Xcc -I/Users/admin/builder/spi-builder-workspace/.derivedData/Build/Intermediates.noindex/WebAPIKit.build/Debug-watchos/WebIDLToSwift-p.build/DerivedSources -Xcc -DSWIFT_PACKAGE -Xcc -DDEBUG\=1 -working-directory /Users/admin/builder/spi-builder-workspace/.swiftpm/xcode -experimental-emit-module-separately -disable-cmo
SwiftExplicitDependencyGeneratePcm arm64 /Users/admin/builder/spi-builder-workspace/.derivedData/SDKExplicitPrecompiledModules/Dispatch-6G7SC7DNRDQILDZM7AA5CBO9R.pcm
SwiftCompile normal arm64 Compiling\ IDLBuilder.swift /Users/admin/builder/spi-builder-workspace/Sources/WebIDLToSwift/IDLBuilder.swift (in target 'WebIDLToSwift-product' from project 'WebAPIKit')
SwiftCompile normal arm64 /Users/admin/builder/spi-builder-workspace/Sources/WebIDLToSwift/IDLBuilder.swift (in target 'WebIDLToSwift-product' from project 'WebAPIKit')
cd /Users/admin/builder/spi-builder-workspace/.swiftpm/xcode
builtin-SwiftPerFileCompile IDLBuilder.swift
SwiftCompile normal arm64 Compiling\ MergeDeclarations.swift /Users/admin/builder/spi-builder-workspace/Sources/WebIDLToSwift/MergeDeclarations.swift (in target 'WebIDLToSwift-product' from project 'WebAPIKit')
SwiftCompile normal arm64 /Users/admin/builder/spi-builder-workspace/Sources/WebIDLToSwift/MergeDeclarations.swift (in target 'WebIDLToSwift-product' from project 'WebAPIKit')
cd /Users/admin/builder/spi-builder-workspace/.swiftpm/xcode
builtin-SwiftPerFileCompile MergeDeclarations.swift
SwiftCompile normal arm64 Compiling\ UnionType.swift /Users/admin/builder/spi-builder-workspace/Sources/WebIDLToSwift/UnionType.swift (in target 'WebIDLToSwift-product' from project 'WebAPIKit')
SwiftCompile normal arm64 /Users/admin/builder/spi-builder-workspace/Sources/WebIDLToSwift/UnionType.swift (in target 'WebIDLToSwift-product' from project 'WebAPIKit')
cd /Users/admin/builder/spi-builder-workspace/.swiftpm/xcode
builtin-SwiftPerFileCompile UnionType.swift
SwiftCompile normal arm64 Compiling\ PackageManifest.swift /Users/admin/builder/spi-builder-workspace/Sources/WebIDLToSwift/PackageManifest.swift (in target 'WebIDLToSwift-product' from project 'WebAPIKit')
SwiftCompile normal arm64 /Users/admin/builder/spi-builder-workspace/Sources/WebIDLToSwift/PackageManifest.swift (in target 'WebIDLToSwift-product' from project 'WebAPIKit')
cd /Users/admin/builder/spi-builder-workspace/.swiftpm/xcode
builtin-SwiftPerFileCompile PackageManifest.swift
SwiftCompile normal arm64 Compiling\ UnionType+SwiftRepresentable.swift /Users/admin/builder/spi-builder-workspace/Sources/WebIDLToSwift/UnionType+SwiftRepresentable.swift (in target 'WebIDLToSwift-product' from project 'WebAPIKit')
SwiftCompile normal arm64 /Users/admin/builder/spi-builder-workspace/Sources/WebIDLToSwift/UnionType+SwiftRepresentable.swift (in target 'WebIDLToSwift-product' from project 'WebAPIKit')
cd /Users/admin/builder/spi-builder-workspace/.swiftpm/xcode
builtin-SwiftPerFileCompile UnionType+SwiftRepresentable.swift
SwiftCompile normal arm64 Compiling\ ClosurePattern.swift /Users/admin/builder/spi-builder-workspace/Sources/WebIDLToSwift/ClosurePattern.swift (in target 'WebIDLToSwift-product' from project 'WebAPIKit')
/Users/admin/builder/spi-builder-workspace/Sources/WebIDLToSwift/ClosurePattern.swift:114:23: warning: string interpolation produces a debug description for a function value; did you mean to make this explicit?
112 | @inlinable public static subscript(name: JSString, in jsObject: JSObject) -> \(closureType) {
113 | get {
114 | \(getter)
| |- warning: string interpolation produces a debug description for a function value; did you mean to make this explicit?
| `- note: use 'String(describing:)' to silence this warning
115 | }
116 | set {
/Users/admin/builder/spi-builder-workspace/Sources/WebIDLToSwift/ClosurePattern.swift:117:23: warning: string interpolation produces a debug description for a function value; did you mean to make this explicit?
115 | }
116 | set {
117 | \(setter)
| |- warning: string interpolation produces a debug description for a function value; did you mean to make this explicit?
| `- note: use 'String(describing:)' to silence this warning
118 | }
119 | }
SwiftCompile normal arm64 /Users/admin/builder/spi-builder-workspace/Sources/WebIDLToSwift/ClosurePattern.swift (in target 'WebIDLToSwift-product' from project 'WebAPIKit')
cd /Users/admin/builder/spi-builder-workspace/.swiftpm/xcode
builtin-SwiftPerFileCompile ClosurePattern.swift
SwiftCompile normal arm64 Compiling\ Shell.swift /Users/admin/builder/spi-builder-workspace/Sources/WebIDLToSwift/Shell.swift (in target 'WebIDLToSwift-product' from project 'WebAPIKit')
/Users/admin/builder/spi-builder-workspace/Sources/WebIDLToSwift/Shell.swift:27:20: error: cannot find 'Process' in scope
25 | private static func run(executable: String, arguments: [String]) {
26 | // print("*** running script: \(script)")
27 | let task = Process()
| `- error: cannot find 'Process' in scope
28 | task.standardError = FileHandle.standardError
29 | task.arguments = arguments
Failed frontend command:
/Applications/Xcode-27.0.0-Release.Candidate.app/Contents/Developer/Toolchains/XcodeDefault.xctoolchain/usr/bin/swift-frontend -frontend -c /Users/admin/builder/spi-builder-workspace/Sources/WebIDLToSwift/ClosurePattern.swift /Users/admin/builder/spi-builder-workspace/Sources/WebIDLToSwift/IDLBuilder.swift /Users/admin/builder/spi-builder-workspace/Sources/WebIDLToSwift/IDLParser.swift /Users/admin/builder/spi-builder-workspace/Sources/WebIDLToSwift/MergeDeclarations.swift /Users/admin/builder/spi-builder-workspace/Sources/WebIDLToSwift/Module.swift /Users/admin/builder/spi-builder-workspace/Sources/WebIDLToSwift/ModuleState.swift /Users/admin/builder/spi-builder-workspace/Sources/WebIDLToSwift/PackageManifest.swift -primary-file /Users/admin/builder/spi-builder-workspace/Sources/WebIDLToSwift/Shell.swift /Users/admin/builder/spi-builder-workspace/Sources/WebIDLToSwift/SwiftRepresentation.swift /Users/admin/builder/spi-builder-workspace/Sources/WebIDLToSwift/SwiftSource.swift /Users/admin/builder/spi-builder-workspace/Sources/WebIDLToSwift/UnionType+SwiftRepresentable.swift /Users/admin/builder/spi-builder-workspace/Sources/WebIDLToSwift/UnionType.swift /Users/admin/builder/spi-builder-workspace/Sources/WebIDLToSwift/WebIDL+SwiftRepresentation.swift /Users/admin/builder/spi-builder-workspace/Sources/WebIDLToSwift/WebIDLToSwift.swift -emit-dependencies-path /Users/admin/builder/spi-builder-workspace/.derivedData/Build/Intermediates.noindex/WebAPIKit.build/Debug-watchos/WebIDLToSwift-p.build/Objects-normal/arm64/Shell.d -emit-const-values-path /Users/admin/builder/spi-builder-workspace/.derivedData/Build/Intermediates.noindex/WebAPIKit.build/Debug-watchos/WebIDLToSwift-p.build/Objects-normal/arm64/Shell.swiftconstvalues -emit-reference-dependencies-path /Users/admin/builder/spi-builder-workspace/.derivedData/Build/Intermediates.noindex/WebAPIKit.build/Debug-watchos/WebIDLToSwift-p.build/Objects-normal/arm64/Shell.swiftdeps -serialize-diagnostics-path /Users/admin/builder/spi-builder-workspace/.derivedData/Build/Intermediates.noindex/WebAPIKit.build/Debug-watchos/WebIDLToSwift-p.build/Objects-normal/arm64/Shell.dia -target arm64-apple-watchos9.0 -disable-cross-import-overlay-search -load-resolved-plugin /Applications/Xcode-27.0.0-Release.Candidate.app/Contents/Developer/Platforms/WatchOS.platform/Developer/usr/lib/swift/host/plugins/libFoundationMacros.dylib\#/Applications/Xcode-27.0.0-Release.Candidate.app/Contents/Developer/Platforms/WatchOS.platform/Developer/usr/bin/swift-plugin-server\#FoundationMacros -load-resolved-plugin /Applications/Xcode-27.0.0-Release.Candidate.app/Contents/Developer/Platforms/WatchOS.platform/Developer/usr/lib/swift/host/plugins/libObservationMacros.dylib\#/Applications/Xcode-27.0.0-Release.Candidate.app/Contents/Developer/Platforms/WatchOS.platform/Developer/usr/bin/swift-plugin-server\#ObservationMacros -load-resolved-plugin /Applications/Xcode-27.0.0-Release.Candidate.app/Contents/Developer/Platforms/WatchOS.platform/Developer/usr/lib/swift/host/plugins/libSwiftMacros.dylib\#/Applications/Xcode-27.0.0-Release.Candidate.app/Contents/Developer/Platforms/WatchOS.platform/Developer/usr/bin/swift-plugin-server\#SwiftMacros -disable-implicit-swift-modules -Xcc -fno-implicit-modules -Xcc -fno-implicit-module-maps -explicit-swift-module-map-file /Users/admin/builder/spi-builder-workspace/.derivedData/Build/Intermediates.noindex/WebAPIKit.build/Debug-watchos/WebIDLToSwift-p.build/Objects-normal/arm64/WebIDLToSwift-dependencies-2.json -Xllvm -aarch64-use-tbi -enable-objc-interop -stack-check -sdk /Applications/Xcode-27.0.0-Release.Candidate.app/Contents/Developer/Platforms/WatchOS.platform/Developer/SDKs/WatchOS27.0.sdk -I /Users/admin/builder/spi-builder-workspace/.derivedData/Build/Products/Debug-watchos -Isystem /Applications/Xcode-27.0.0-Release.Candidate.app/Contents/Developer/Platforms/WatchOS.platform/Developer/usr/lib -F /Users/admin/builder/spi-builder-workspace/.derivedData/Build/Products/Debug-watchos/PackageFrameworks -F /Users/admin/builder/spi-builder-workspace/.derivedData/Build/Products/Debug-watchos -F /Applications/Xcode-27.0.0-Release.Candidate.app/Contents/Developer/Platforms/WatchOS.platform/Developer/Library/Frameworks -F /Applications/Xcode-27.0.0-Release.Candidate.app/Contents/Developer/Platforms/WatchOS.platform/Developer/SDKs/WatchOS27.0.sdk/Developer/Library/Frameworks -module-cache-path /Users/admin/builder/spi-builder-workspace/.derivedData/Build/Intermediates.noindex/SwiftExplicitPrecompiledModules -no-color-diagnostics -Xcc -fno-color-diagnostics -enable-testing -g -debug-info-format\=dwarf -dwarf-version\=4 -profile-generate -profile-coverage-mapping -swift-version 5 -Onone -D SWIFT_PACKAGE -D DEBUG -D Xcode -serialize-debugging-options -enable-experimental-feature DebugDescriptionMacro -empty-abi-descriptor -validate-clang-modules-once -clang-build-session-file /Users/admin/builder/spi-builder-workspace/.derivedData/ModuleCache.noindex/Session.modulevalidation -Xcc -working-directory -Xcc /Users/admin/builder/spi-builder-workspace/.swiftpm/xcode -enable-anonymous-context-mangled-names -file-compilation-dir /Users/admin/builder/spi-builder-workspace/.swiftpm/xcode -Xcc -D_LIBCPP_HARDENING_MODE\=_LIBCPP_HARDENING_MODE_DEBUG -Xcc -ivfsstatcache -Xcc /Users/admin/builder/spi-builder-workspace/.derivedData/SDKStatCaches.noindex/watchos27.0-24R360-e829b21a6f8c9b70876ba0858053c04477534ef55a1706bf4c1112bbb242f0a2.sdkstatcache -Xcc -fmodules-prune-interval\=86400 -Xcc -fmodules-prune-after\=345600 -Xcc -I/Users/admin/builder/spi-builder-workspace/.derivedData/Build/Products/Debug-watchos/include -Xcc -I/Users/admin/builder/spi-builder-workspace/.derivedData/Build/Intermediates.noindex/WebAPIKit.build/Debug-watchos/WebIDLToSwift-p.build/DerivedSources-normal/arm64 -Xcc -I/Users/admin/builder/spi-builder-workspace/.derivedData/Build/Intermediates.noindex/WebAPIKit.build/Debug-watchos/WebIDLToSwift-p.build/DerivedSources/arm64 -Xcc -I/Users/admin/builder/spi-builder-workspace/.derivedData/Build/Intermediates.noindex/WebAPIKit.build/Debug-watchos/WebIDLToSwift-p.build/DerivedSources -Xcc -DSWIFT_PACKAGE -Xcc -DDEBUG\=1 -no-auto-bridging-header-chaining -module-name WebIDLToSwift -package-name spi_builder_workspace -const-gather-protocols-file /Users/admin/builder/spi-builder-workspace/.derivedData/Build/Intermediates.noindex/WebAPIKit.build/Debug-watchos/WebIDLToSwift-p.build/Objects-normal/arm64/WebIDLToSwift_const_extract_protocols.json -disable-clang-spi -clang-target arm64-apple-watchos27.0 -target-sdk-version 27.0 -target-sdk-name watchos27.0 -in-process-plugin-server-path /Applications/Xcode-27.0.0-Release.Candidate.app/Contents/Developer/Toolchains/XcodeDefault.xctoolchain/usr/lib/swift/host/libSwiftInProcPluginServer.dylib -parse-as-library -o /Users/admin/builder/spi-builder-workspace/.derivedData/Build/Intermediates.noindex/WebAPIKit.build/Debug-watchos/WebIDLToSwift-p.build/Objects-normal/arm64/Shell.o -debug-module-path /Users/admin/builder/spi-builder-workspace/.derivedData/Build/Intermediates.noindex/WebAPIKit.build/Debug-watchos/WebIDLToSwift-p.build/Objects-normal/arm64/WebIDLToSwift.swiftmodule -index-unit-output-path /WebAPIKit.build/Debug-watchos/WebIDLToSwift-p.build/Objects-normal/arm64/Shell.o -index-store-path /Users/admin/builder/spi-builder-workspace/.derivedData/Index.noindex/DataStore -index-system-modules
SwiftCompile normal arm64 /Users/admin/builder/spi-builder-workspace/Sources/WebIDLToSwift/Shell.swift (in target 'WebIDLToSwift-product' from project 'WebAPIKit')
cd /Users/admin/builder/spi-builder-workspace/.swiftpm/xcode
builtin-SwiftPerFileCompile Shell.swift
SwiftCompile normal arm64 Compiling\ SwiftSource.swift /Users/admin/builder/spi-builder-workspace/Sources/WebIDLToSwift/SwiftSource.swift (in target 'WebIDLToSwift-product' from project 'WebAPIKit')
SwiftCompile normal arm64 /Users/admin/builder/spi-builder-workspace/Sources/WebIDLToSwift/SwiftSource.swift (in target 'WebIDLToSwift-product' from project 'WebAPIKit')
cd /Users/admin/builder/spi-builder-workspace/.swiftpm/xcode
builtin-SwiftPerFileCompile SwiftSource.swift
SwiftCompile normal arm64 Compiling\ IDLParser.swift /Users/admin/builder/spi-builder-workspace/Sources/WebIDLToSwift/IDLParser.swift (in target 'WebIDLToSwift-product' from project 'WebAPIKit')
/Users/admin/builder/spi-builder-workspace/Sources/WebIDLToSwift/IDLParser.swift:7:20: error: cannot find 'Process' in scope
5 | private static func getJSONData(_ modules: [String]) -> Data {
6 | print("Fetching parsed IDL files...")
7 | let task = Process()
| `- error: cannot find 'Process' in scope
8 | let pipe = Pipe()
9 | task.standardOutput = pipe
Failed frontend command:
/Applications/Xcode-27.0.0-Release.Candidate.app/Contents/Developer/Toolchains/XcodeDefault.xctoolchain/usr/bin/swift-frontend -frontend -c /Users/admin/builder/spi-builder-workspace/Sources/WebIDLToSwift/ClosurePattern.swift /Users/admin/builder/spi-builder-workspace/Sources/WebIDLToSwift/IDLBuilder.swift -primary-file /Users/admin/builder/spi-builder-workspace/Sources/WebIDLToSwift/IDLParser.swift /Users/admin/builder/spi-builder-workspace/Sources/WebIDLToSwift/MergeDeclarations.swift /Users/admin/builder/spi-builder-workspace/Sources/WebIDLToSwift/Module.swift /Users/admin/builder/spi-builder-workspace/Sources/WebIDLToSwift/ModuleState.swift /Users/admin/builder/spi-builder-workspace/Sources/WebIDLToSwift/PackageManifest.swift /Users/admin/builder/spi-builder-workspace/Sources/WebIDLToSwift/Shell.swift /Users/admin/builder/spi-builder-workspace/Sources/WebIDLToSwift/SwiftRepresentation.swift /Users/admin/builder/spi-builder-workspace/Sources/WebIDLToSwift/SwiftSource.swift /Users/admin/builder/spi-builder-workspace/Sources/WebIDLToSwift/UnionType+SwiftRepresentable.swift /Users/admin/builder/spi-builder-workspace/Sources/WebIDLToSwift/UnionType.swift /Users/admin/builder/spi-builder-workspace/Sources/WebIDLToSwift/WebIDL+SwiftRepresentation.swift /Users/admin/builder/spi-builder-workspace/Sources/WebIDLToSwift/WebIDLToSwift.swift -emit-dependencies-path /Users/admin/builder/spi-builder-workspace/.derivedData/Build/Intermediates.noindex/WebAPIKit.build/Debug-watchos/WebIDLToSwift-p.build/Objects-normal/arm64/IDLParser.d -emit-const-values-path /Users/admin/builder/spi-builder-workspace/.derivedData/Build/Intermediates.noindex/WebAPIKit.build/Debug-watchos/WebIDLToSwift-p.build/Objects-normal/arm64/IDLParser.swiftconstvalues -emit-reference-dependencies-path /Users/admin/builder/spi-builder-workspace/.derivedData/Build/Intermediates.noindex/WebAPIKit.build/Debug-watchos/WebIDLToSwift-p.build/Objects-normal/arm64/IDLParser.swiftdeps -serialize-diagnostics-path /Users/admin/builder/spi-builder-workspace/.derivedData/Build/Intermediates.noindex/WebAPIKit.build/Debug-watchos/WebIDLToSwift-p.build/Objects-normal/arm64/IDLParser.dia -target arm64-apple-watchos9.0 -disable-cross-import-overlay-search -load-resolved-plugin /Applications/Xcode-27.0.0-Release.Candidate.app/Contents/Developer/Platforms/WatchOS.platform/Developer/usr/lib/swift/host/plugins/libFoundationMacros.dylib\#/Applications/Xcode-27.0.0-Release.Candidate.app/Contents/Developer/Platforms/WatchOS.platform/Developer/usr/bin/swift-plugin-server\#FoundationMacros -load-resolved-plugin /Applications/Xcode-27.0.0-Release.Candidate.app/Contents/Developer/Platforms/WatchOS.platform/Developer/usr/lib/swift/host/plugins/libObservationMacros.dylib\#/Applications/Xcode-27.0.0-Release.Candidate.app/Contents/Developer/Platforms/WatchOS.platform/Developer/usr/bin/swift-plugin-server\#ObservationMacros -load-resolved-plugin /Applications/Xcode-27.0.0-Release.Candidate.app/Contents/Developer/Platforms/WatchOS.platform/Developer/usr/lib/swift/host/plugins/libSwiftMacros.dylib\#/Applications/Xcode-27.0.0-Release.Candidate.app/Contents/Developer/Platforms/WatchOS.platform/Developer/usr/bin/swift-plugin-server\#SwiftMacros -disable-implicit-swift-modules -Xcc -fno-implicit-modules -Xcc -fno-implicit-module-maps -explicit-swift-module-map-file /Users/admin/builder/spi-builder-workspace/.derivedData/Build/Intermediates.noindex/WebAPIKit.build/Debug-watchos/WebIDLToSwift-p.build/Objects-normal/arm64/WebIDLToSwift-dependencies-2.json -Xllvm -aarch64-use-tbi -enable-objc-interop -stack-check -sdk /Applications/Xcode-27.0.0-Release.Candidate.app/Contents/Developer/Platforms/WatchOS.platform/Developer/SDKs/WatchOS27.0.sdk -I /Users/admin/builder/spi-builder-workspace/.derivedData/Build/Products/Debug-watchos -Isystem /Applications/Xcode-27.0.0-Release.Candidate.app/Contents/Developer/Platforms/WatchOS.platform/Developer/usr/lib -F /Users/admin/builder/spi-builder-workspace/.derivedData/Build/Products/Debug-watchos/PackageFrameworks -F /Users/admin/builder/spi-builder-workspace/.derivedData/Build/Products/Debug-watchos -F /Applications/Xcode-27.0.0-Release.Candidate.app/Contents/Developer/Platforms/WatchOS.platform/Developer/Library/Frameworks -F /Applications/Xcode-27.0.0-Release.Candidate.app/Contents/Developer/Platforms/WatchOS.platform/Developer/SDKs/WatchOS27.0.sdk/Developer/Library/Frameworks -module-cache-path /Users/admin/builder/spi-builder-workspace/.derivedData/Build/Intermediates.noindex/SwiftExplicitPrecompiledModules -no-color-diagnostics -Xcc -fno-color-diagnostics -enable-testing -g -debug-info-format\=dwarf -dwarf-version\=4 -profile-generate -profile-coverage-mapping -swift-version 5 -Onone -D SWIFT_PACKAGE -D DEBUG -D Xcode -serialize-debugging-options -enable-experimental-feature DebugDescriptionMacro -empty-abi-descriptor -validate-clang-modules-once -clang-build-session-file /Users/admin/builder/spi-builder-workspace/.derivedData/ModuleCache.noindex/Session.modulevalidation -Xcc -working-directory -Xcc /Users/admin/builder/spi-builder-workspace/.swiftpm/xcode -enable-anonymous-context-mangled-names -file-compilation-dir /Users/admin/builder/spi-builder-workspace/.swiftpm/xcode -Xcc -D_LIBCPP_HARDENING_MODE\=_LIBCPP_HARDENING_MODE_DEBUG -Xcc -ivfsstatcache -Xcc /Users/admin/builder/spi-builder-workspace/.derivedData/SDKStatCaches.noindex/watchos27.0-24R360-e829b21a6f8c9b70876ba0858053c04477534ef55a1706bf4c1112bbb242f0a2.sdkstatcache -Xcc -fmodules-prune-interval\=86400 -Xcc -fmodules-prune-after\=345600 -Xcc -I/Users/admin/builder/spi-builder-workspace/.derivedData/Build/Products/Debug-watchos/include -Xcc -I/Users/admin/builder/spi-builder-workspace/.derivedData/Build/Intermediates.noindex/WebAPIKit.build/Debug-watchos/WebIDLToSwift-p.build/DerivedSources-normal/arm64 -Xcc -I/Users/admin/builder/spi-builder-workspace/.derivedData/Build/Intermediates.noindex/WebAPIKit.build/Debug-watchos/WebIDLToSwift-p.build/DerivedSources/arm64 -Xcc -I/Users/admin/builder/spi-builder-workspace/.derivedData/Build/Intermediates.noindex/WebAPIKit.build/Debug-watchos/WebIDLToSwift-p.build/DerivedSources -Xcc -DSWIFT_PACKAGE -Xcc -DDEBUG\=1 -no-auto-bridging-header-chaining -module-name WebIDLToSwift -package-name spi_builder_workspace -const-gather-protocols-file /Users/admin/builder/spi-builder-workspace/.derivedData/Build/Intermediates.noindex/WebAPIKit.build/Debug-watchos/WebIDLToSwift-p.build/Objects-normal/arm64/WebIDLToSwift_const_extract_protocols.json -disable-clang-spi -clang-target arm64-apple-watchos27.0 -target-sdk-version 27.0 -target-sdk-name watchos27.0 -in-process-plugin-server-path /Applications/Xcode-27.0.0-Release.Candidate.app/Contents/Developer/Toolchains/XcodeDefault.xctoolchain/usr/lib/swift/host/libSwiftInProcPluginServer.dylib -parse-as-library -o /Users/admin/builder/spi-builder-workspace/.derivedData/Build/Intermediates.noindex/WebAPIKit.build/Debug-watchos/WebIDLToSwift-p.build/Objects-normal/arm64/IDLParser.o -debug-module-path /Users/admin/builder/spi-builder-workspace/.derivedData/Build/Intermediates.noindex/WebAPIKit.build/Debug-watchos/WebIDLToSwift-p.build/Objects-normal/arm64/WebIDLToSwift.swiftmodule -index-unit-output-path /WebAPIKit.build/Debug-watchos/WebIDLToSwift-p.build/Objects-normal/arm64/IDLParser.o -index-store-path /Users/admin/builder/spi-builder-workspace/.derivedData/Index.noindex/DataStore -index-system-modules
SwiftCompile normal arm64 /Users/admin/builder/spi-builder-workspace/Sources/WebIDLToSwift/IDLParser.swift (in target 'WebIDLToSwift-product' from project 'WebAPIKit')
cd /Users/admin/builder/spi-builder-workspace/.swiftpm/xcode
builtin-SwiftPerFileCompile IDLParser.swift
SwiftEmitModule normal arm64_32 Emitting\ module\ for\ WebIDLToSwift (in target 'WebIDLToSwift-product' from project 'WebAPIKit')
SwiftCompile normal arm64_32 (in target 'WebIDLToSwift-product' from project 'WebAPIKit')
cd /Users/admin/builder/spi-builder-workspace/.swiftpm/xcode
SwiftEmitModule normal arm64 Emitting\ module\ for\ WebIDLToSwift (in target 'WebIDLToSwift-product' from project 'WebAPIKit')
SwiftCompile normal arm64 (in target 'WebIDLToSwift-product' from project 'WebAPIKit')
cd /Users/admin/builder/spi-builder-workspace/.swiftpm/xcode
SwiftDriverJobDiscovery normal arm64 Compiling PackageManifest.swift (in target 'WebIDLToSwift-product' from project 'WebAPIKit')
SwiftExplicitDependencyGeneratePcm arm64 /Users/admin/builder/spi-builder-workspace/.derivedData/SDKExplicitPrecompiledModules/XPC-BCOQO9UGC7BBHCJY0IGQSWASH.pcm
SwiftDriverJobDiscovery normal arm64 Compiling ClosurePattern.swift (in target 'WebIDLToSwift-product' from project 'WebAPIKit')
SwiftCompile normal arm64 Compiling\ WebIDL+SwiftRepresentation.swift /Users/admin/builder/spi-builder-workspace/Sources/WebIDLToSwift/WebIDL+SwiftRepresentation.swift (in target 'WebIDLToSwift-product' from project 'WebAPIKit')
SwiftCompile normal arm64 /Users/admin/builder/spi-builder-workspace/Sources/WebIDLToSwift/WebIDL+SwiftRepresentation.swift (in target 'WebIDLToSwift-product' from project 'WebAPIKit')
cd /Users/admin/builder/spi-builder-workspace/.swiftpm/xcode
builtin-SwiftPerFileCompile WebIDL+SwiftRepresentation.swift
SwiftDriverJobDiscovery normal arm64 Compiling UnionType.swift (in target 'WebIDLToSwift-product' from project 'WebAPIKit')
SwiftCompile normal arm64_32 Compiling\ UnionType+SwiftRepresentable.swift /Users/admin/builder/spi-builder-workspace/Sources/WebIDLToSwift/UnionType+SwiftRepresentable.swift (in target 'WebIDLToSwift-product' from project 'WebAPIKit')
SwiftCompile normal arm64_32 /Users/admin/builder/spi-builder-workspace/Sources/WebIDLToSwift/UnionType+SwiftRepresentable.swift (in target 'WebIDLToSwift-product' from project 'WebAPIKit')
cd /Users/admin/builder/spi-builder-workspace/.swiftpm/xcode
builtin-SwiftPerFileCompile UnionType+SwiftRepresentable.swift
SwiftCompile normal arm64 Compiling\ WebIDLToSwift.swift /Users/admin/builder/spi-builder-workspace/Sources/WebIDLToSwift/WebIDLToSwift.swift (in target 'WebIDLToSwift-product' from project 'WebAPIKit')
SwiftCompile normal arm64 /Users/admin/builder/spi-builder-workspace/Sources/WebIDLToSwift/WebIDLToSwift.swift (in target 'WebIDLToSwift-product' from project 'WebAPIKit')
cd /Users/admin/builder/spi-builder-workspace/.swiftpm/xcode
builtin-SwiftPerFileCompile WebIDLToSwift.swift
SwiftExplicitDependencyGeneratePcm arm64 /Users/admin/builder/spi-builder-workspace/.derivedData/SDKExplicitPrecompiledModules/os-C7U69HZXFHL69YJDFLWT0U3FZ.pcm
SwiftCompile normal arm64_32 Compiling\ Module.swift /Users/admin/builder/spi-builder-workspace/Sources/WebIDLToSwift/Module.swift (in target 'WebIDLToSwift-product' from project 'WebAPIKit')
SwiftCompile normal arm64_32 /Users/admin/builder/spi-builder-workspace/Sources/WebIDLToSwift/Module.swift (in target 'WebIDLToSwift-product' from project 'WebAPIKit')
cd /Users/admin/builder/spi-builder-workspace/.swiftpm/xcode
builtin-SwiftPerFileCompile Module.swift
SwiftEmitModule normal arm64 Emitting\ module\ for\ BridgeJSMacros (in target 'BridgeJSMacros' from project 'JavaScriptKit')
SwiftCompile normal arm64 (in target 'BridgeJSMacros' from project 'JavaScriptKit')
cd /Users/admin/builder/spi-builder-workspace/.swiftpm/xcode
SwiftDriverJobDiscovery normal arm64 Compiling MergeDeclarations.swift (in target 'WebIDLToSwift-product' from project 'WebAPIKit')
SwiftCompile normal arm64_32 Compiling\ WebIDLToSwift.swift /Users/admin/builder/spi-builder-workspace/Sources/WebIDLToSwift/WebIDLToSwift.swift (in target 'WebIDLToSwift-product' from project 'WebAPIKit')
SwiftCompile normal arm64_32 /Users/admin/builder/spi-builder-workspace/Sources/WebIDLToSwift/WebIDLToSwift.swift (in target 'WebIDLToSwift-product' from project 'WebAPIKit')
cd /Users/admin/builder/spi-builder-workspace/.swiftpm/xcode
builtin-SwiftPerFileCompile WebIDLToSwift.swift
SwiftDriverJobDiscovery normal arm64_32 Compiling Module.swift (in target 'WebIDLToSwift-product' from project 'WebAPIKit')
PruneExplicitPrecompiledModules /Users/admin/builder/spi-builder-workspace/.derivedData/Build/Intermediates.noindex/SwiftExplicitPrecompiledModules
PruneExplicitPrecompiledModules /Users/admin/builder/spi-builder-workspace/.derivedData/SDKExplicitPrecompiledModules
PruneExplicitPrecompiledModules /Users/admin/builder/spi-builder-workspace/.derivedData/Build/Intermediates.noindex/ExplicitPrecompiledModules
2026-09-23 03:03:27.029 xcodebuild[1063:6280] [MT] IDERunDestination: Supported platforms for the buildables in the current scheme is empty.
** BUILD FAILED **
The following build commands failed:
SwiftCompile normal arm64 Compiling\ Shell.swift /Users/admin/builder/spi-builder-workspace/Sources/WebIDLToSwift/Shell.swift (in target 'WebIDLToSwift-product' from project 'WebAPIKit')
SwiftCompile normal arm64 /Users/admin/builder/spi-builder-workspace/Sources/WebIDLToSwift/Shell.swift (in target 'WebIDLToSwift-product' from project 'WebAPIKit')
SwiftCompile normal arm64 Compiling\ IDLParser.swift /Users/admin/builder/spi-builder-workspace/Sources/WebIDLToSwift/IDLParser.swift (in target 'WebIDLToSwift-product' from project 'WebAPIKit')
SwiftCompile normal arm64 /Users/admin/builder/spi-builder-workspace/Sources/WebIDLToSwift/IDLParser.swift (in target 'WebIDLToSwift-product' from project 'WebAPIKit')
Building workspace WebAPIKit with scheme WebAPIKit-Package
(5 failures)
BUILD FAILURE 6.4 watchOS