Build Information
Failed to build GitTickets, reference v2.6.1 (eed8fd), with Swift 6.2 for watchOS using Xcode 26.3 on 9 Oct 2026 08:02:12 UTC.
Build Command
env DEVELOPER_DIR=/Applications/Xcode-26.3.0.app xcrun xcodebuild -IDEClonedSourcePackagesDirPathOverride=$PWD/.dependencies -skipMacroValidation -skipPackagePluginValidation -derivedDataPath $PWD/.derivedData build -scheme GitTickets -destination generic/platform=watchOSBuild Log
========================================
RunAll
========================================
Builder version: 5.1.1
Interrupt handler set up.
========================================
Checkout
========================================
Clone URL: https://github.com/awizemann/GitTickets.git
Reference: v2.6.1
Initialized empty Git repository in /Users/admin/builder/spi-builder-workspace/.git/
From https://github.com/awizemann/GitTickets
* tag v2.6.1 -> FETCH_HEAD
HEAD is now at eed8fd1 docs(release): prep v2.6.1
Cloned https://github.com/awizemann/GitTickets.git
Revision (git rev-parse @):
eed8fd1e4f6e0670d1b4b1b8f6979d867e62728d
SPI manifest file found: $PWD/.spi.yml
SUCCESS checkout https://github.com/awizemann/GitTickets.git at v2.6.1
========================================
Build
========================================
Selected platform: watchOS
Swift version: 6.2
Building package at path: $PWD
https://github.com/awizemann/GitTickets.git
Command line invocation:
/Applications/Xcode-26.3.0.app/Contents/Developer/usr/bin/xcodebuild -IDEClonedSourcePackagesDirPathOverride=/Users/admin/builder/spi-builder-workspace/.dependencies -resolvePackageDependencies
Resolve Package Graph
Fetching from https://github.com/pointfreeco/swift-snapshot-testing
Fetching from https://github.com/swiftlang/swift-syntax
Fetching from https://github.com/pointfreeco/swift-custom-dump
Fetching from https://github.com/pointfreeco/xctest-dynamic-overlay
Creating working copy of package ‘swift-custom-dump’
Checking out 1.7.3 of package ‘swift-custom-dump’
Creating working copy of package ‘swift-snapshot-testing’
Checking out 1.19.6 of package ‘swift-snapshot-testing’
Creating working copy of package ‘swift-syntax’
Checking out 604.0.0 of package ‘swift-syntax’
Creating working copy of package ‘xctest-dynamic-overlay’
Checking out 1.13.1 of package ‘xctest-dynamic-overlay’
Resolve Package Graph
Resolved source packages:
swift-syntax: https://github.com/swiftlang/swift-syntax @ 604.0.0
swift-custom-dump: https://github.com/pointfreeco/swift-custom-dump @ 1.7.3
GitTickets: /Users/admin/builder/spi-builder-workspace
swift-snapshot-testing: https://github.com/pointfreeco/swift-snapshot-testing @ 1.19.6
xctest-dynamic-overlay: https://github.com/pointfreeco/xctest-dynamic-overlay @ 1.13.1
resolved source packages: swift-syntax, swift-custom-dump, GitTickets, swift-snapshot-testing, xctest-dynamic-overlay
2026-10-09 04:01:36.094 xcodebuild[532:3034] [MT] IDERunDestination: Supported platforms for the buildables in the current scheme is empty.
{
"default_localization" : "en",
"dependencies" : [
{
"identity" : "swift-snapshot-testing",
"requirement" : {
"range" : [
{
"lower_bound" : "1.17.0",
"upper_bound" : "2.0.0"
}
]
},
"type" : "sourceControl",
"url" : "https://github.com/pointfreeco/swift-snapshot-testing"
}
],
"manifest_display_name" : "GitTickets",
"name" : "GitTickets",
"path" : "/Users/admin/builder/spi-builder-workspace",
"platforms" : [
{
"name" : "macos",
"version" : "14.0"
},
{
"name" : "ios",
"version" : "18.0"
}
],
"products" : [
{
"name" : "GitTickets",
"targets" : [
"GitTickets"
],
"type" : {
"library" : [
"automatic"
]
}
}
],
"swift_languages_versions" : [
"6"
],
"targets" : [
{
"c99name" : "GitTicketsTests",
"module_type" : "SwiftTarget",
"name" : "GitTicketsTests",
"path" : "Tests/GitTicketsTests",
"product_dependencies" : [
"SnapshotTesting"
],
"sources" : [
"Auth/DeviceFlow/DeviceFlowCoordinatorTests.swift",
"Auth/DeviceFlow/DeviceFlowSubmitterTests.swift",
"Auth/DeviceFlow/TokenStoreTests.swift",
"Auth/RelayClientTests.swift",
"Auth/RelaySignatureTests.swift",
"Auth/RelaySubmitterTests.swift",
"Auth/SharedSecretInfoPlistTests.swift",
"Bodybuilder/BodyTemplatesTests.swift",
"Bodybuilder/CorrelationMarkerTests.swift",
"Bodybuilder/IssueBodyBuilderTests.swift",
"Diagnostics/DeviceInfoTests.swift",
"Diagnostics/DiagnosticsCollectorTests.swift",
"Diagnostics/RedactionPipelineTests.swift",
"GitTicketsTests.swift",
"Networking/HTTPClientTests.swift",
"Networking/RateLimitBackoffTests.swift",
"Networking/UserAgentTests.swift",
"PublicAPI/MyIssuesRefreshTests.swift",
"PublicAPI/UnreadRepliesTests.swift",
"Screenshot/ScreenshotCaptureTests.swift",
"Storage/DeviceIdentityTests.swift",
"Storage/KeychainTests.swift",
"Storage/SQLiteTestSupport.swift",
"Storage/SubmissionCacheTests.swift",
"UI/AppKit/GitTicketsMenuItemFactoryTests.swift",
"UI/AppKit/ReportWindowControllerTests.swift",
"UI/SwiftUI/AttachmentPreviewSheetTests.swift",
"UI/SwiftUI/GitTicketsCommandsTests.swift",
"UI/SwiftUI/GitTicketsMyIssuesCommandsTests.swift",
"UI/SwiftUI/GitTicketsMyIssuesViewTests.swift",
"UI/SwiftUI/GitTicketsViewTests.swift",
"UI/SwiftUI/IssueDetailVisibilityTests.swift",
"UI/SwiftUI/RefreshTriggersTests.swift",
"UI/SwiftUI/SnapshotTests.swift",
"UI/UIKit/GitTicketsViewControllerTests.swift"
],
"target_dependencies" : [
"GitTickets"
],
"type" : "test"
},
{
"c99name" : "GitTickets",
"module_type" : "SwiftTarget",
"name" : "GitTickets",
"path" : "Sources/GitTickets",
"product_memberships" : [
"GitTickets"
],
"resources" : [
{
"path" : "/Users/admin/builder/spi-builder-workspace/Sources/GitTickets/PrivacyInfo.xcprivacy",
"rule" : {
"copy" : {
}
}
}
],
"sources" : [
"Auth/DeviceFlow/DeviceFlowCoordinator.swift",
"Auth/DeviceFlow/DeviceFlowPayloads.swift",
"Auth/DeviceFlow/DeviceFlowSubmitter.swift",
"Auth/DeviceFlow/TokenStore.swift",
"Auth/IssueSubmitter.swift",
"Auth/Relay/RelayClient.swift",
"Auth/Relay/RelayPayload.swift",
"Auth/Relay/RelaySignature.swift",
"Auth/Relay/RelaySubmitter.swift",
"Bodybuilder/BodyTemplates.swift",
"Bodybuilder/CorrelationMarker.swift",
"Bodybuilder/IssueBodyBuilder.swift",
"Diagnostics/DeviceInfo.swift",
"Diagnostics/DiagnosticsBlob.swift",
"Diagnostics/DiagnosticsCollector.swift",
"Diagnostics/OSLogTailer.swift",
"Diagnostics/RedactionPipeline.swift",
"Networking/HTTPClient.swift",
"Networking/RateLimitBackoff.swift",
"Networking/UserAgent.swift",
"PublicAPI/AuthMode.swift",
"PublicAPI/Configuration.swift",
"PublicAPI/GitTickets.swift",
"PublicAPI/GitTicketsError.swift",
"PublicAPI/Logger.swift",
"PublicAPI/Models.swift",
"PublicAPI/MyIssuesRefresh.swift",
"PublicAPI/Policies.swift",
"PublicAPI/Theme.swift",
"Screenshot/ScreenshotCapture+iOS.swift",
"Screenshot/ScreenshotCapture+macOS.swift",
"Screenshot/ScreenshotCapture.swift",
"Storage/DeviceIdentity.swift",
"Storage/Keychain.swift",
"Storage/SubmissionCache.swift",
"Storage/SubmissionRecord.swift",
"UI/AppKit/GitTicketsMenuItemFactory.swift",
"UI/AppKit/ReportWindowController.swift",
"UI/SwiftUI/AttachmentPreviewSheet.swift",
"UI/SwiftUI/DeviceFlowSheet.swift",
"UI/SwiftUI/DiagnosticsDisclosure.swift",
"UI/SwiftUI/GitTicketsCommands.swift",
"UI/SwiftUI/GitTicketsFormFields.swift",
"UI/SwiftUI/GitTicketsMyIssuesCommands.swift",
"UI/SwiftUI/GitTicketsMyIssuesView.swift",
"UI/SwiftUI/GitTicketsSupportingViews.swift",
"UI/SwiftUI/GitTicketsTheme+Support.swift",
"UI/SwiftUI/GitTicketsView.swift",
"UI/SwiftUI/HeaderImage.swift",
"UI/SwiftUI/IssueDetailComponents.swift",
"UI/SwiftUI/IssueDetailView.swift",
"UI/SwiftUI/MarkdownCommentView.swift",
"UI/SwiftUI/PrivacyBanner.swift",
"UI/SwiftUI/RefreshTriggers.swift",
"UI/SwiftUI/ReportFormFields.swift",
"UI/SwiftUI/ScreenshotThumbnail.swift",
"UI/UIKit/GitTicketsViewController.swift"
],
"type" : "library"
}
],
"tools_version" : "6.0"
}
{
"workspace" : {
"name" : "spi-builder-workspace",
"schemes" : [
"GitTickets"
]
}
}
2026-10-09 04:01:54.630 xcodebuild[836:4978] [MT] IDERunDestination: Supported platforms for the buildables in the current scheme is empty.
Running build ...
env DEVELOPER_DIR=/Applications/Xcode-26.3.0.app xcrun xcodebuild -IDEClonedSourcePackagesDirPathOverride=$PWD/.dependencies -skipMacroValidation -skipPackagePluginValidation -derivedDataPath $PWD/.derivedData build -scheme GitTickets -destination generic/platform=watchOS
Command line invocation:
/Applications/Xcode-26.3.0.app/Contents/Developer/usr/bin/xcodebuild -IDEClonedSourcePackagesDirPathOverride=/Users/admin/builder/spi-builder-workspace/.dependencies -skipMacroValidation -skipPackagePluginValidation -derivedDataPath /Users/admin/builder/spi-builder-workspace/.derivedData build -scheme GitTickets -destination generic/platform=watchOS
Resolve Package Graph
Resolve Package Graph
Resolved source packages:
swift-custom-dump: https://github.com/pointfreeco/swift-custom-dump @ 1.7.3
swift-syntax: https://github.com/swiftlang/swift-syntax @ 604.0.0
xctest-dynamic-overlay: https://github.com/pointfreeco/xctest-dynamic-overlay @ 1.13.1
GitTickets: /Users/admin/builder/spi-builder-workspace
swift-snapshot-testing: https://github.com/pointfreeco/swift-snapshot-testing @ 1.19.6
ComputePackagePrebuildTargetDependencyGraph
Prepare packages
CreateBuildRequest
SendProjectDescription
CreateBuildOperation
ComputeTargetDependencyGraph
note: Building targets in dependency order
note: Target dependency graph (3 targets)
Target 'GitTickets' in project 'GitTickets'
➜ Explicit dependency on target 'GitTickets' in project 'GitTickets'
➜ Explicit dependency on target 'GitTickets_GitTickets' in project 'GitTickets'
Target 'GitTickets' in project 'GitTickets'
➜ Explicit dependency on target 'GitTickets_GitTickets' in project 'GitTickets'
Target 'GitTickets_GitTickets' in project 'GitTickets' (no dependencies)
GatherProvisioningInputs
CreateBuildDescription
ExecuteExternalTool /Applications/Xcode-26.3.0.app/Contents/Developer/Toolchains/XcodeDefault.xctoolchain/usr/bin/clang -v -E -dM -isysroot /Applications/Xcode-26.3.0.app/Contents/Developer/Platforms/WatchOS.platform/Developer/SDKs/WatchOS26.2.sdk -x c -c /dev/null
ExecuteExternalTool /Applications/Xcode-26.3.0.app/Contents/Developer/Toolchains/XcodeDefault.xctoolchain/usr/bin/swiftc --version
ExecuteExternalTool /Applications/Xcode-26.3.0.app/Contents/Developer/Toolchains/XcodeDefault.xctoolchain/usr/bin/ld -version_details
Build description signature: 09169b08927c0bc5a4876eaa227bf0d0
Build description path: /Users/admin/builder/spi-builder-workspace/.derivedData/Build/Intermediates.noindex/XCBuildData/09169b08927c0bc5a4876eaa227bf0d0.xcbuilddata
ClangStatCache /Applications/Xcode-26.3.0.app/Contents/Developer/Toolchains/XcodeDefault.xctoolchain/usr/bin/clang-stat-cache /Applications/Xcode-26.3.0.app/Contents/Developer/Platforms/WatchOS.platform/Developer/SDKs/WatchOS26.2.sdk /Users/admin/builder/spi-builder-workspace/.derivedData/SDKStatCaches.noindex/watchos26.2-23S303-dc75598d0054f22ec865fa860f139d721753b489057de6bda919edfa1c59a62b.sdkstatcache
cd /Users/admin/builder/spi-builder-workspace/.swiftpm/xcode
/Applications/Xcode-26.3.0.app/Contents/Developer/Toolchains/XcodeDefault.xctoolchain/usr/bin/clang-stat-cache /Applications/Xcode-26.3.0.app/Contents/Developer/Platforms/WatchOS.platform/Developer/SDKs/WatchOS26.2.sdk -o /Users/admin/builder/spi-builder-workspace/.derivedData/SDKStatCaches.noindex/watchos26.2-23S303-dc75598d0054f22ec865fa860f139d721753b489057de6bda919edfa1c59a62b.sdkstatcache
CreateBuildDirectory /Users/admin/builder/spi-builder-workspace/.derivedData/Build/Products
cd /Users/admin/builder/spi-builder-workspace/.swiftpm/xcode
builtin-create-build-directory /Users/admin/builder/spi-builder-workspace/.derivedData/Build/Products
CreateBuildDirectory /Users/admin/builder/spi-builder-workspace/.derivedData/Build/Intermediates.noindex
cd /Users/admin/builder/spi-builder-workspace/.swiftpm/xcode
builtin-create-build-directory /Users/admin/builder/spi-builder-workspace/.derivedData/Build/Intermediates.noindex
CreateBuildDirectory /Users/admin/builder/spi-builder-workspace/.derivedData/Build/Intermediates.noindex/SwiftExplicitPrecompiledModules
cd /Users/admin/builder/spi-builder-workspace/.swiftpm/xcode
builtin-create-build-directory /Users/admin/builder/spi-builder-workspace/.derivedData/Build/Intermediates.noindex/SwiftExplicitPrecompiledModules
CreateBuildDirectory /Users/admin/builder/spi-builder-workspace/.derivedData/Build/Intermediates.noindex/ExplicitPrecompiledModules
cd /Users/admin/builder/spi-builder-workspace/.swiftpm/xcode
builtin-create-build-directory /Users/admin/builder/spi-builder-workspace/.derivedData/Build/Intermediates.noindex/ExplicitPrecompiledModules
CreateBuildDirectory /Users/admin/builder/spi-builder-workspace/.derivedData/Build/Intermediates.noindex/EagerLinkingTBDs/Debug-watchos
cd /Users/admin/builder/spi-builder-workspace/.swiftpm/xcode
builtin-create-build-directory /Users/admin/builder/spi-builder-workspace/.derivedData/Build/Intermediates.noindex/EagerLinkingTBDs/Debug-watchos
CreateBuildDirectory /Users/admin/builder/spi-builder-workspace/.derivedData/Build/Products/Debug-watchos
cd /Users/admin/builder/spi-builder-workspace/.swiftpm/xcode
builtin-create-build-directory /Users/admin/builder/spi-builder-workspace/.derivedData/Build/Products/Debug-watchos
CreateBuildDirectory /Users/admin/builder/spi-builder-workspace/.derivedData/Build/Products/Debug-watchos/PackageFrameworks
cd /Users/admin/builder/spi-builder-workspace/.swiftpm/xcode
builtin-create-build-directory /Users/admin/builder/spi-builder-workspace/.derivedData/Build/Products/Debug-watchos/PackageFrameworks
MkDir /Users/admin/builder/spi-builder-workspace/.derivedData/Build/Products/Debug-watchos/GitTickets_GitTickets.bundle (in target 'GitTickets_GitTickets' from project 'GitTickets')
cd /Users/admin/builder/spi-builder-workspace
/bin/mkdir -p /Users/admin/builder/spi-builder-workspace/.derivedData/Build/Products/Debug-watchos/GitTickets_GitTickets.bundle
WriteAuxiliaryFile /Users/admin/builder/spi-builder-workspace/.derivedData/Build/Intermediates.noindex/GitTickets.build/Debug-watchos/GitTickets_GitTickets.build/GitTickets_GitTickets.DependencyMetadataFileList (in target 'GitTickets_GitTickets' from project 'GitTickets')
cd /Users/admin/builder/spi-builder-workspace
write-file /Users/admin/builder/spi-builder-workspace/.derivedData/Build/Intermediates.noindex/GitTickets.build/Debug-watchos/GitTickets_GitTickets.build/GitTickets_GitTickets.DependencyMetadataFileList
WriteAuxiliaryFile /Users/admin/builder/spi-builder-workspace/.derivedData/Build/Intermediates.noindex/GitTickets.build/Debug-watchos/GitTickets_GitTickets.build/GitTickets_GitTickets.DependencyStaticMetadataFileList (in target 'GitTickets_GitTickets' from project 'GitTickets')
cd /Users/admin/builder/spi-builder-workspace
write-file /Users/admin/builder/spi-builder-workspace/.derivedData/Build/Intermediates.noindex/GitTickets.build/Debug-watchos/GitTickets_GitTickets.build/GitTickets_GitTickets.DependencyStaticMetadataFileList
WriteAuxiliaryFile /Users/admin/builder/spi-builder-workspace/.derivedData/Build/Intermediates.noindex/GitTickets.build/Debug-watchos/GitTickets_GitTickets.build/empty-GitTickets_GitTickets.plist (in target 'GitTickets_GitTickets' from project 'GitTickets')
cd /Users/admin/builder/spi-builder-workspace
write-file /Users/admin/builder/spi-builder-workspace/.derivedData/Build/Intermediates.noindex/GitTickets.build/Debug-watchos/GitTickets_GitTickets.build/empty-GitTickets_GitTickets.plist
WriteAuxiliaryFile /Users/admin/builder/spi-builder-workspace/.derivedData/Build/Intermediates.noindex/GitTickets.build/Debug-watchos/GitTickets.build/Objects-normal/arm64_32/GitTickets.LinkFileList (in target 'GitTickets' from project 'GitTickets')
cd /Users/admin/builder/spi-builder-workspace
write-file /Users/admin/builder/spi-builder-workspace/.derivedData/Build/Intermediates.noindex/GitTickets.build/Debug-watchos/GitTickets.build/Objects-normal/arm64_32/GitTickets.LinkFileList
WriteAuxiliaryFile /Users/admin/builder/spi-builder-workspace/.derivedData/Build/Intermediates.noindex/GitTickets.build/Debug-watchos/GitTickets.build/Objects-normal/arm64_32/GitTickets-OutputFileMap.json (in target 'GitTickets' from project 'GitTickets')
cd /Users/admin/builder/spi-builder-workspace
write-file /Users/admin/builder/spi-builder-workspace/.derivedData/Build/Intermediates.noindex/GitTickets.build/Debug-watchos/GitTickets.build/Objects-normal/arm64_32/GitTickets-OutputFileMap.json
WriteAuxiliaryFile /Users/admin/builder/spi-builder-workspace/.derivedData/Build/Intermediates.noindex/GitTickets.build/Debug-watchos/GitTickets.build/Objects-normal/arm64_32/GitTickets_const_extract_protocols.json (in target 'GitTickets' from project 'GitTickets')
cd /Users/admin/builder/spi-builder-workspace
write-file /Users/admin/builder/spi-builder-workspace/.derivedData/Build/Intermediates.noindex/GitTickets.build/Debug-watchos/GitTickets.build/Objects-normal/arm64_32/GitTickets_const_extract_protocols.json
WriteAuxiliaryFile /Users/admin/builder/spi-builder-workspace/.derivedData/Build/Intermediates.noindex/GitTickets.build/Debug-watchos/GitTickets.build/Objects-normal/arm64_32/GitTickets.SwiftConstValuesFileList (in target 'GitTickets' from project 'GitTickets')
cd /Users/admin/builder/spi-builder-workspace
write-file /Users/admin/builder/spi-builder-workspace/.derivedData/Build/Intermediates.noindex/GitTickets.build/Debug-watchos/GitTickets.build/Objects-normal/arm64_32/GitTickets.SwiftConstValuesFileList
WriteAuxiliaryFile /Users/admin/builder/spi-builder-workspace/.derivedData/Build/Intermediates.noindex/GitTickets.build/Debug-watchos/GitTickets.build/Objects-normal/arm64_32/GitTickets.SwiftFileList (in target 'GitTickets' from project 'GitTickets')
cd /Users/admin/builder/spi-builder-workspace
write-file /Users/admin/builder/spi-builder-workspace/.derivedData/Build/Intermediates.noindex/GitTickets.build/Debug-watchos/GitTickets.build/Objects-normal/arm64_32/GitTickets.SwiftFileList
WriteAuxiliaryFile /Users/admin/builder/spi-builder-workspace/.derivedData/Build/Intermediates.noindex/GitTickets.build/Debug-watchos/GitTickets.build/Objects-normal/arm64/GitTickets_const_extract_protocols.json (in target 'GitTickets' from project 'GitTickets')
cd /Users/admin/builder/spi-builder-workspace
write-file /Users/admin/builder/spi-builder-workspace/.derivedData/Build/Intermediates.noindex/GitTickets.build/Debug-watchos/GitTickets.build/Objects-normal/arm64/GitTickets_const_extract_protocols.json
WriteAuxiliaryFile /Users/admin/builder/spi-builder-workspace/.derivedData/Build/Intermediates.noindex/GitTickets.build/Debug-watchos/GitTickets.build/Objects-normal/arm64/GitTickets.SwiftFileList (in target 'GitTickets' from project 'GitTickets')
cd /Users/admin/builder/spi-builder-workspace
write-file /Users/admin/builder/spi-builder-workspace/.derivedData/Build/Intermediates.noindex/GitTickets.build/Debug-watchos/GitTickets.build/Objects-normal/arm64/GitTickets.SwiftFileList
WriteAuxiliaryFile /Users/admin/builder/spi-builder-workspace/.derivedData/Build/Intermediates.noindex/GitTickets.build/Debug-watchos/GitTickets.build/Objects-normal/arm64/GitTickets.SwiftConstValuesFileList (in target 'GitTickets' from project 'GitTickets')
cd /Users/admin/builder/spi-builder-workspace
write-file /Users/admin/builder/spi-builder-workspace/.derivedData/Build/Intermediates.noindex/GitTickets.build/Debug-watchos/GitTickets.build/Objects-normal/arm64/GitTickets.SwiftConstValuesFileList
WriteAuxiliaryFile /Users/admin/builder/spi-builder-workspace/.derivedData/Build/Intermediates.noindex/GitTickets.build/Debug-watchos/GitTickets.build/Objects-normal/arm64/GitTickets.LinkFileList (in target 'GitTickets' from project 'GitTickets')
cd /Users/admin/builder/spi-builder-workspace
write-file /Users/admin/builder/spi-builder-workspace/.derivedData/Build/Intermediates.noindex/GitTickets.build/Debug-watchos/GitTickets.build/Objects-normal/arm64/GitTickets.LinkFileList
WriteAuxiliaryFile /Users/admin/builder/spi-builder-workspace/.derivedData/Build/Intermediates.noindex/GitTickets.build/Debug-watchos/GitTickets.build/Objects-normal/arm64/GitTickets-OutputFileMap.json (in target 'GitTickets' from project 'GitTickets')
cd /Users/admin/builder/spi-builder-workspace
write-file /Users/admin/builder/spi-builder-workspace/.derivedData/Build/Intermediates.noindex/GitTickets.build/Debug-watchos/GitTickets.build/Objects-normal/arm64/GitTickets-OutputFileMap.json
WriteAuxiliaryFile /Users/admin/builder/spi-builder-workspace/.derivedData/Build/Intermediates.noindex/GitTickets.build/Debug-watchos/GitTickets.build/GitTickets.modulemap (in target 'GitTickets' from project 'GitTickets')
cd /Users/admin/builder/spi-builder-workspace
write-file /Users/admin/builder/spi-builder-workspace/.derivedData/Build/Intermediates.noindex/GitTickets.build/Debug-watchos/GitTickets.build/GitTickets.modulemap
WriteAuxiliaryFile /Users/admin/builder/spi-builder-workspace/.derivedData/Build/Intermediates.noindex/GitTickets.build/Debug-watchos/GitTickets.build/GitTickets.DependencyStaticMetadataFileList (in target 'GitTickets' from project 'GitTickets')
cd /Users/admin/builder/spi-builder-workspace
write-file /Users/admin/builder/spi-builder-workspace/.derivedData/Build/Intermediates.noindex/GitTickets.build/Debug-watchos/GitTickets.build/GitTickets.DependencyStaticMetadataFileList
WriteAuxiliaryFile /Users/admin/builder/spi-builder-workspace/.derivedData/Build/Intermediates.noindex/GitTickets.build/Debug-watchos/GitTickets.build/GitTickets.DependencyMetadataFileList (in target 'GitTickets' from project 'GitTickets')
cd /Users/admin/builder/spi-builder-workspace
write-file /Users/admin/builder/spi-builder-workspace/.derivedData/Build/Intermediates.noindex/GitTickets.build/Debug-watchos/GitTickets.build/GitTickets.DependencyMetadataFileList
WriteAuxiliaryFile /Users/admin/builder/spi-builder-workspace/.derivedData/Build/Intermediates.noindex/GitTickets.build/Debug-watchos/GitTickets.build/DerivedSources/resource_bundle_accessor.swift (in target 'GitTickets' from project 'GitTickets')
cd /Users/admin/builder/spi-builder-workspace
write-file /Users/admin/builder/spi-builder-workspace/.derivedData/Build/Intermediates.noindex/GitTickets.build/Debug-watchos/GitTickets.build/DerivedSources/resource_bundle_accessor.swift
Copy /Users/admin/builder/spi-builder-workspace/.derivedData/Build/Intermediates.noindex/GeneratedModuleMaps-watchos/GitTickets.modulemap /Users/admin/builder/spi-builder-workspace/.derivedData/Build/Intermediates.noindex/GitTickets.build/Debug-watchos/GitTickets.build/GitTickets.modulemap (in target 'GitTickets' from project 'GitTickets')
cd /Users/admin/builder/spi-builder-workspace
builtin-copy -exclude .DS_Store -exclude CVS -exclude .svn -exclude .git -exclude .hg -resolve-src-symlinks /Users/admin/builder/spi-builder-workspace/.derivedData/Build/Intermediates.noindex/GitTickets.build/Debug-watchos/GitTickets.build/GitTickets.modulemap /Users/admin/builder/spi-builder-workspace/.derivedData/Build/Intermediates.noindex/GeneratedModuleMaps-watchos
ProcessInfoPlistFile /Users/admin/builder/spi-builder-workspace/.derivedData/Build/Products/Debug-watchos/GitTickets_GitTickets.bundle/Info.plist /Users/admin/builder/spi-builder-workspace/.derivedData/Build/Intermediates.noindex/GitTickets.build/Debug-watchos/GitTickets_GitTickets.build/empty-GitTickets_GitTickets.plist (in target 'GitTickets_GitTickets' from project 'GitTickets')
cd /Users/admin/builder/spi-builder-workspace
builtin-infoPlistUtility /Users/admin/builder/spi-builder-workspace/.derivedData/Build/Intermediates.noindex/GitTickets.build/Debug-watchos/GitTickets_GitTickets.build/empty-GitTickets_GitTickets.plist -producttype com.apple.product-type.bundle -expandbuildsettings -format binary -platform watchos -o /Users/admin/builder/spi-builder-workspace/.derivedData/Build/Products/Debug-watchos/GitTickets_GitTickets.bundle/Info.plist
CpResource /Users/admin/builder/spi-builder-workspace/.derivedData/Build/Products/Debug-watchos/GitTickets_GitTickets.bundle/PrivacyInfo.xcprivacy /Users/admin/builder/spi-builder-workspace/Sources/GitTickets/PrivacyInfo.xcprivacy (in target 'GitTickets_GitTickets' from project 'GitTickets')
cd /Users/admin/builder/spi-builder-workspace
builtin-copy -exclude .DS_Store -exclude CVS -exclude .svn -exclude .git -exclude .hg -resolve-src-symlinks /Users/admin/builder/spi-builder-workspace/Sources/GitTickets/PrivacyInfo.xcprivacy /Users/admin/builder/spi-builder-workspace/.derivedData/Build/Products/Debug-watchos/GitTickets_GitTickets.bundle
RegisterExecutionPolicyException /Users/admin/builder/spi-builder-workspace/.derivedData/Build/Products/Debug-watchos/GitTickets_GitTickets.bundle (in target 'GitTickets_GitTickets' from project 'GitTickets')
cd /Users/admin/builder/spi-builder-workspace
builtin-RegisterExecutionPolicyException /Users/admin/builder/spi-builder-workspace/.derivedData/Build/Products/Debug-watchos/GitTickets_GitTickets.bundle
Touch /Users/admin/builder/spi-builder-workspace/.derivedData/Build/Products/Debug-watchos/GitTickets_GitTickets.bundle (in target 'GitTickets_GitTickets' from project 'GitTickets')
cd /Users/admin/builder/spi-builder-workspace
/usr/bin/touch -c /Users/admin/builder/spi-builder-workspace/.derivedData/Build/Products/Debug-watchos/GitTickets_GitTickets.bundle
SwiftDriver GitTickets normal arm64_32 com.apple.xcode.tools.swift.compiler (in target 'GitTickets' from project 'GitTickets')
cd /Users/admin/builder/spi-builder-workspace/.swiftpm/xcode
builtin-SwiftDriver -- /Applications/Xcode-26.3.0.app/Contents/Developer/Toolchains/XcodeDefault.xctoolchain/usr/bin/swiftc -module-name GitTickets -Onone -enforce-exclusivity\=checked @/Users/admin/builder/spi-builder-workspace/.derivedData/Build/Intermediates.noindex/GitTickets.build/Debug-watchos/GitTickets.build/Objects-normal/arm64_32/GitTickets.SwiftFileList -DSWIFT_PACKAGE -DDEBUG -DSWIFT_MODULE_RESOURCE_BUNDLE_AVAILABLE -DXcode -plugin-path /Applications/Xcode-26.3.0.app/Contents/Developer/Toolchains/XcodeDefault.xctoolchain/usr/lib/swift/host/plugins/testing -enable-experimental-feature DebugDescriptionMacro -sdk /Applications/Xcode-26.3.0.app/Contents/Developer/Platforms/WatchOS.platform/Developer/SDKs/WatchOS26.2.sdk -target arm64_32-apple-watchos11.0 -g -module-cache-path /Users/admin/builder/spi-builder-workspace/.derivedData/ModuleCache.noindex -Xfrontend -serialize-debugging-options -profile-coverage-mapping -profile-generate -enable-testing -index-store-path /Users/admin/builder/spi-builder-workspace/.derivedData/Index.noindex/DataStore -Xcc -D_LIBCPP_HARDENING_MODE\=_LIBCPP_HARDENING_MODE_DEBUG -swift-version 6 -I /Users/admin/builder/spi-builder-workspace/.derivedData/Build/Products/Debug-watchos -Isystem /Applications/Xcode-26.3.0.app/Contents/Developer/Platforms/WatchOS.platform/Developer/usr/lib -F /Users/admin/builder/spi-builder-workspace/.derivedData/Build/Products/Debug-watchos -F /Applications/Xcode-26.3.0.app/Contents/Developer/Platforms/WatchOS.platform/Developer/Library/Frameworks -F /Applications/Xcode-26.3.0.app/Contents/Developer/Platforms/WatchOS.platform/Developer/SDKs/WatchOS26.2.sdk/Developer/Library/Frameworks -emit-localized-strings -emit-localized-strings-path /Users/admin/builder/spi-builder-workspace/.derivedData/Build/Intermediates.noindex/GitTickets.build/Debug-watchos/GitTickets.build/Objects-normal/arm64_32 -c -j10 -enable-batch-mode -incremental -Xcc -ivfsstatcache -Xcc /Users/admin/builder/spi-builder-workspace/.derivedData/SDKStatCaches.noindex/watchos26.2-23S303-dc75598d0054f22ec865fa860f139d721753b489057de6bda919edfa1c59a62b.sdkstatcache -output-file-map /Users/admin/builder/spi-builder-workspace/.derivedData/Build/Intermediates.noindex/GitTickets.build/Debug-watchos/GitTickets.build/Objects-normal/arm64_32/GitTickets-OutputFileMap.json -use-frontend-parseable-output -save-temps -no-color-diagnostics -explicit-module-build -module-cache-path /Users/admin/builder/spi-builder-workspace/.derivedData/Build/Intermediates.noindex/SwiftExplicitPrecompiledModules -clang-scanner-module-cache-path /Users/admin/builder/spi-builder-workspace/.derivedData/ModuleCache.noindex -sdk-module-cache-path /Users/admin/builder/spi-builder-workspace/.derivedData/ModuleCache.noindex -serialize-diagnostics -emit-dependencies -emit-module -emit-module-path /Users/admin/builder/spi-builder-workspace/.derivedData/Build/Intermediates.noindex/GitTickets.build/Debug-watchos/GitTickets.build/Objects-normal/arm64_32/GitTickets.swiftmodule -validate-clang-modules-once -clang-build-session-file /Users/admin/builder/spi-builder-workspace/.derivedData/ModuleCache.noindex/Session.modulevalidation -package-name spi_builder_workspace -Xcc -I/Users/admin/builder/spi-builder-workspace/.derivedData/Build/Intermediates.noindex/GitTickets.build/Debug-watchos/GitTickets.build/swift-overrides.hmap -emit-const-values -Xfrontend -const-gather-protocols-file -Xfrontend /Users/admin/builder/spi-builder-workspace/.derivedData/Build/Intermediates.noindex/GitTickets.build/Debug-watchos/GitTickets.build/Objects-normal/arm64_32/GitTickets_const_extract_protocols.json -Xcc -I/Users/admin/builder/spi-builder-workspace/.derivedData/Build/Products/Debug-watchos/include -Xcc -I/Users/admin/builder/spi-builder-workspace/.derivedData/Build/Intermediates.noindex/GitTickets.build/Debug-watchos/GitTickets.build/DerivedSources-normal/arm64_32 -Xcc -I/Users/admin/builder/spi-builder-workspace/.derivedData/Build/Intermediates.noindex/GitTickets.build/Debug-watchos/GitTickets.build/DerivedSources/arm64_32 -Xcc -I/Users/admin/builder/spi-builder-workspace/.derivedData/Build/Intermediates.noindex/GitTickets.build/Debug-watchos/GitTickets.build/DerivedSources -Xcc -DSWIFT_PACKAGE -Xcc -DDEBUG\=1 -emit-objc-header -emit-objc-header-path /Users/admin/builder/spi-builder-workspace/.derivedData/Build/Intermediates.noindex/GitTickets.build/Debug-watchos/GitTickets.build/Objects-normal/arm64_32/GitTickets-Swift.h -working-directory /Users/admin/builder/spi-builder-workspace/.swiftpm/xcode -experimental-emit-module-separately -disable-cmo
SwiftDriver GitTickets normal arm64 com.apple.xcode.tools.swift.compiler (in target 'GitTickets' from project 'GitTickets')
cd /Users/admin/builder/spi-builder-workspace/.swiftpm/xcode
builtin-SwiftDriver -- /Applications/Xcode-26.3.0.app/Contents/Developer/Toolchains/XcodeDefault.xctoolchain/usr/bin/swiftc -module-name GitTickets -Onone -enforce-exclusivity\=checked @/Users/admin/builder/spi-builder-workspace/.derivedData/Build/Intermediates.noindex/GitTickets.build/Debug-watchos/GitTickets.build/Objects-normal/arm64/GitTickets.SwiftFileList -DSWIFT_PACKAGE -DDEBUG -DSWIFT_MODULE_RESOURCE_BUNDLE_AVAILABLE -DXcode -plugin-path /Applications/Xcode-26.3.0.app/Contents/Developer/Toolchains/XcodeDefault.xctoolchain/usr/lib/swift/host/plugins/testing -enable-experimental-feature DebugDescriptionMacro -sdk /Applications/Xcode-26.3.0.app/Contents/Developer/Platforms/WatchOS.platform/Developer/SDKs/WatchOS26.2.sdk -target arm64-apple-watchos11.0 -g -module-cache-path /Users/admin/builder/spi-builder-workspace/.derivedData/ModuleCache.noindex -Xfrontend -serialize-debugging-options -profile-coverage-mapping -profile-generate -enable-testing -index-store-path /Users/admin/builder/spi-builder-workspace/.derivedData/Index.noindex/DataStore -Xcc -D_LIBCPP_HARDENING_MODE\=_LIBCPP_HARDENING_MODE_DEBUG -swift-version 6 -I /Users/admin/builder/spi-builder-workspace/.derivedData/Build/Products/Debug-watchos -Isystem /Applications/Xcode-26.3.0.app/Contents/Developer/Platforms/WatchOS.platform/Developer/usr/lib -F /Users/admin/builder/spi-builder-workspace/.derivedData/Build/Products/Debug-watchos -F /Applications/Xcode-26.3.0.app/Contents/Developer/Platforms/WatchOS.platform/Developer/Library/Frameworks -F /Applications/Xcode-26.3.0.app/Contents/Developer/Platforms/WatchOS.platform/Developer/SDKs/WatchOS26.2.sdk/Developer/Library/Frameworks -emit-localized-strings -emit-localized-strings-path /Users/admin/builder/spi-builder-workspace/.derivedData/Build/Intermediates.noindex/GitTickets.build/Debug-watchos/GitTickets.build/Objects-normal/arm64 -c -j10 -enable-batch-mode -incremental -Xcc -ivfsstatcache -Xcc /Users/admin/builder/spi-builder-workspace/.derivedData/SDKStatCaches.noindex/watchos26.2-23S303-dc75598d0054f22ec865fa860f139d721753b489057de6bda919edfa1c59a62b.sdkstatcache -output-file-map /Users/admin/builder/spi-builder-workspace/.derivedData/Build/Intermediates.noindex/GitTickets.build/Debug-watchos/GitTickets.build/Objects-normal/arm64/GitTickets-OutputFileMap.json -use-frontend-parseable-output -save-temps -no-color-diagnostics -explicit-module-build -module-cache-path /Users/admin/builder/spi-builder-workspace/.derivedData/Build/Intermediates.noindex/SwiftExplicitPrecompiledModules -clang-scanner-module-cache-path /Users/admin/builder/spi-builder-workspace/.derivedData/ModuleCache.noindex -sdk-module-cache-path /Users/admin/builder/spi-builder-workspace/.derivedData/ModuleCache.noindex -serialize-diagnostics -emit-dependencies -emit-module -emit-module-path /Users/admin/builder/spi-builder-workspace/.derivedData/Build/Intermediates.noindex/GitTickets.build/Debug-watchos/GitTickets.build/Objects-normal/arm64/GitTickets.swiftmodule -validate-clang-modules-once -clang-build-session-file /Users/admin/builder/spi-builder-workspace/.derivedData/ModuleCache.noindex/Session.modulevalidation -package-name spi_builder_workspace -Xcc -I/Users/admin/builder/spi-builder-workspace/.derivedData/Build/Intermediates.noindex/GitTickets.build/Debug-watchos/GitTickets.build/swift-overrides.hmap -emit-const-values -Xfrontend -const-gather-protocols-file -Xfrontend /Users/admin/builder/spi-builder-workspace/.derivedData/Build/Intermediates.noindex/GitTickets.build/Debug-watchos/GitTickets.build/Objects-normal/arm64/GitTickets_const_extract_protocols.json -Xcc -I/Users/admin/builder/spi-builder-workspace/.derivedData/Build/Products/Debug-watchos/include -Xcc -I/Users/admin/builder/spi-builder-workspace/.derivedData/Build/Intermediates.noindex/GitTickets.build/Debug-watchos/GitTickets.build/DerivedSources-normal/arm64 -Xcc -I/Users/admin/builder/spi-builder-workspace/.derivedData/Build/Intermediates.noindex/GitTickets.build/Debug-watchos/GitTickets.build/DerivedSources/arm64 -Xcc -I/Users/admin/builder/spi-builder-workspace/.derivedData/Build/Intermediates.noindex/GitTickets.build/Debug-watchos/GitTickets.build/DerivedSources -Xcc -DSWIFT_PACKAGE -Xcc -DDEBUG\=1 -emit-objc-header -emit-objc-header-path /Users/admin/builder/spi-builder-workspace/.derivedData/Build/Intermediates.noindex/GitTickets.build/Debug-watchos/GitTickets.build/Objects-normal/arm64/GitTickets-Swift.h -working-directory /Users/admin/builder/spi-builder-workspace/.swiftpm/xcode -experimental-emit-module-separately -disable-cmo
SwiftExplicitDependencyGeneratePcm arm64 /Users/admin/builder/spi-builder-workspace/.derivedData/ModuleCache.noindex/_Builtin_stdarg-RZPX1L7HC0FE24QDJB88HMGH.pcm
SwiftExplicitDependencyGeneratePcm arm64 /Users/admin/builder/spi-builder-workspace/.derivedData/ModuleCache.noindex/ptrauth-23V973HP08H1G8HHZ6OAJWG6Z.pcm
SwiftExplicitDependencyGeneratePcm arm64 /Users/admin/builder/spi-builder-workspace/.derivedData/ModuleCache.noindex/_Builtin_float-5QRDZB35Y522CLCFL7NT2LPUF.pcm
SwiftExplicitDependencyGeneratePcm arm64 /Users/admin/builder/spi-builder-workspace/.derivedData/ModuleCache.noindex/_Builtin_stddef-85JH2ZGWLM4WGGJWD7P19JNV6.pcm
SwiftExplicitDependencyGeneratePcm arm64 /Users/admin/builder/spi-builder-workspace/.derivedData/ModuleCache.noindex/_AvailabilityInternal-2O3RFBUGA1RPVNII2XIZ3QNC3.pcm
SwiftExplicitDependencyGeneratePcm arm64 /Users/admin/builder/spi-builder-workspace/.derivedData/ModuleCache.noindex/_SwiftConcurrencyShims-6I3LH2ITNOZQ7GZSIWV3YFHI2.pcm
SwiftExplicitDependencyGeneratePcm arm64 /Users/admin/builder/spi-builder-workspace/.derivedData/ModuleCache.noindex/ptrcheck-4YU0IIP3FXMEGKRFTVKLD8FLA.pcm
SwiftExplicitDependencyGeneratePcm arm64 /Users/admin/builder/spi-builder-workspace/.derivedData/ModuleCache.noindex/DeveloperToolsSupport-4T92GXF0UX8LAOR19MDAZQ5FJ.pcm
SwiftExplicitDependencyGeneratePcm arm64 /Users/admin/builder/spi-builder-workspace/.derivedData/ModuleCache.noindex/SwiftShims-7I20DMCTK17Q8T32LA04FWAMX.pcm
SwiftExplicitDependencyGeneratePcm arm64 /Users/admin/builder/spi-builder-workspace/.derivedData/ModuleCache.noindex/_Builtin_stdbool-6XT6P5XUZWCFLZBIHXXS8S9EV.pcm
SwiftExplicitDependencyGeneratePcm arm64_32 /Users/admin/builder/spi-builder-workspace/.derivedData/ModuleCache.noindex/ptrauth-625I4K1NIQYS1FZEGD4TBZD97.pcm
SwiftExplicitDependencyGeneratePcm arm64_32 /Users/admin/builder/spi-builder-workspace/.derivedData/ModuleCache.noindex/_AvailabilityInternal-2P7I2A0IHHWZTWSQ7YWZKAXBX.pcm
SwiftExplicitDependencyGeneratePcm arm64_32 /Users/admin/builder/spi-builder-workspace/.derivedData/ModuleCache.noindex/_Builtin_stdbool-5P7XRQ5AQ02CJZQOFJGPCI3TD.pcm
SwiftExplicitDependencyGeneratePcm arm64_32 /Users/admin/builder/spi-builder-workspace/.derivedData/ModuleCache.noindex/SwiftShims-1KDDRF0T4GF3KEVBC8BQQ0CZ5.pcm
SwiftExplicitDependencyGeneratePcm arm64_32 /Users/admin/builder/spi-builder-workspace/.derivedData/ModuleCache.noindex/_SwiftConcurrencyShims-BE6OCM46C4HZFNWL8BR101QWH.pcm
SwiftExplicitDependencyGeneratePcm arm64_32 /Users/admin/builder/spi-builder-workspace/.derivedData/ModuleCache.noindex/_Builtin_stddef-CVMDFD2LRC6J8Y1G2VDJIK5XT.pcm
SwiftExplicitDependencyGeneratePcm arm64_32 /Users/admin/builder/spi-builder-workspace/.derivedData/ModuleCache.noindex/_Builtin_float-57NF6Z0LMY2BSAMQJ9NJ49CVA.pcm
SwiftExplicitDependencyGeneratePcm arm64_32 /Users/admin/builder/spi-builder-workspace/.derivedData/ModuleCache.noindex/_Builtin_stdarg-D40VS4Q2KALO38V4FLA1GBDYO.pcm
SwiftExplicitDependencyGeneratePcm arm64_32 /Users/admin/builder/spi-builder-workspace/.derivedData/ModuleCache.noindex/ptrcheck-9AZUY5IS5PCZJH0IGF6KZ1CS4.pcm
SwiftExplicitDependencyGeneratePcm arm64_32 /Users/admin/builder/spi-builder-workspace/.derivedData/ModuleCache.noindex/DeveloperToolsSupport-5Q1NLQJRRPLABYGN6NVKFXWY0.pcm
SwiftExplicitDependencyGeneratePcm arm64 /Users/admin/builder/spi-builder-workspace/.derivedData/ModuleCache.noindex/_DarwinFoundation1-9CHGZVG6Q11ZVI9VKIOS0DH8R.pcm
SwiftExplicitDependencyGeneratePcm arm64_32 /Users/admin/builder/spi-builder-workspace/.derivedData/ModuleCache.noindex/_DarwinFoundation1-B5IP3NLVAB98PUH6026E7IU3Z.pcm
SwiftExplicitDependencyGeneratePcm arm64 /Users/admin/builder/spi-builder-workspace/.derivedData/ModuleCache.noindex/_Builtin_limits-DDBVG65V69EW9COVSML9AW08G.pcm
SwiftExplicitDependencyGeneratePcm arm64 /Users/admin/builder/spi-builder-workspace/.derivedData/ModuleCache.noindex/_DarwinFoundation2-91AUNY1B00JVZZS04EHZ5P78E.pcm
SwiftExplicitDependencyGeneratePcm arm64 /Users/admin/builder/spi-builder-workspace/.derivedData/ModuleCache.noindex/SQLite3-E74AZMR5EGAPPAM7LQN9G79ZJ.pcm
SwiftExplicitDependencyGeneratePcm arm64_32 /Users/admin/builder/spi-builder-workspace/.derivedData/ModuleCache.noindex/_DarwinFoundation2-BE53KZ13PGS3ADMTR162NWOT8.pcm
SwiftExplicitDependencyGeneratePcm arm64_32 /Users/admin/builder/spi-builder-workspace/.derivedData/ModuleCache.noindex/SQLite3-BH00IS8Y1KBWB11HW50Z3P2L8.pcm
SwiftExplicitDependencyGeneratePcm arm64_32 /Users/admin/builder/spi-builder-workspace/.derivedData/ModuleCache.noindex/_Builtin_limits-85C3GEXRWK1KZJSJYR1SLAHJZ.pcm
SwiftExplicitDependencyGeneratePcm arm64 /Users/admin/builder/spi-builder-workspace/.derivedData/ModuleCache.noindex/_Builtin_stdint-BFTPAV7DTJR0UZMVITWJ89G3Z.pcm
SwiftExplicitDependencyGeneratePcm arm64 /Users/admin/builder/spi-builder-workspace/.derivedData/ModuleCache.noindex/sys_types-3UK4M66LJG7B93KMPGCYXJLGJ.pcm
SwiftExplicitDependencyGeneratePcm arm64 /Users/admin/builder/spi-builder-workspace/.derivedData/ModuleCache.noindex/_Builtin_tgmath-DI47CTKNA1DVO6XMQAP3NHIQ0.pcm
SwiftExplicitDependencyGeneratePcm arm64_32 /Users/admin/builder/spi-builder-workspace/.derivedData/ModuleCache.noindex/_Builtin_tgmath-9MAKYXN5PH90P2SVS3Q0JFOEL.pcm
SwiftExplicitDependencyGeneratePcm arm64_32 /Users/admin/builder/spi-builder-workspace/.derivedData/ModuleCache.noindex/_Builtin_stdint-DHK9W4154W1VADFICW26EF51A.pcm
SwiftExplicitDependencyGeneratePcm arm64_32 /Users/admin/builder/spi-builder-workspace/.derivedData/ModuleCache.noindex/sys_types-5220JAOP6QAKP1ZZSQXQIGT3N.pcm
SwiftExplicitDependencyGeneratePcm arm64 /Users/admin/builder/spi-builder-workspace/.derivedData/ModuleCache.noindex/_Builtin_intrinsics-58ND084GSLXVJ19XXOLY3EGKI.pcm
SwiftExplicitDependencyGeneratePcm arm64 /Users/admin/builder/spi-builder-workspace/.derivedData/ModuleCache.noindex/_Builtin_stdatomic-54VXVKINWJDUKUF1QQV7ZSY2R.pcm
SwiftExplicitDependencyGeneratePcm arm64 /Users/admin/builder/spi-builder-workspace/.derivedData/ModuleCache.noindex/_DarwinFoundation3-5VMZVD9RI030DGKFFW74MIHMQ.pcm
SwiftExplicitDependencyGeneratePcm arm64_32 /Users/admin/builder/spi-builder-workspace/.derivedData/ModuleCache.noindex/_Builtin_intrinsics-8BDARAQ01UZD6W014LHVKHINQ.pcm
SwiftExplicitDependencyGeneratePcm arm64_32 /Users/admin/builder/spi-builder-workspace/.derivedData/ModuleCache.noindex/_DarwinFoundation3-ECPZQXPEKKE17FVBYD1POXRMU.pcm
SwiftExplicitDependencyGeneratePcm arm64_32 /Users/admin/builder/spi-builder-workspace/.derivedData/ModuleCache.noindex/_Builtin_stdatomic-PGCTE6MX7UMTDPK5E7L1WO9G.pcm
SwiftExplicitDependencyGeneratePcm arm64 /Users/admin/builder/spi-builder-workspace/.derivedData/ModuleCache.noindex/_Builtin_inttypes-EAYG1OYRDQ7HO6J9WI6WA5Y2M.pcm
SwiftExplicitDependencyGeneratePcm arm64_32 /Users/admin/builder/spi-builder-workspace/.derivedData/ModuleCache.noindex/_Builtin_inttypes-DVW4DAGN9X56OUK4E1BD9DBZ7.pcm
SwiftExplicitDependencyGeneratePcm arm64_32 /Users/admin/builder/spi-builder-workspace/.derivedData/ModuleCache.noindex/Darwin-C8WYVRDE1BASWGOHXGC15GM9F.pcm
SwiftExplicitDependencyGeneratePcm arm64 /Users/admin/builder/spi-builder-workspace/.derivedData/ModuleCache.noindex/Darwin-E1ZCMHXYOAUQKSA4QO0SMGPXA.pcm
SwiftExplicitDependencyGeneratePcm arm64_32 /Users/admin/builder/spi-builder-workspace/.derivedData/ModuleCache.noindex/simd-9BYVQEJ0MLQ40IRA0VT385G31.pcm
SwiftExplicitDependencyGeneratePcm arm64 /Users/admin/builder/spi-builder-workspace/.derivedData/ModuleCache.noindex/simd-6UCUA2BKEI2K1ED9QH6DE7VZF.pcm
SwiftExplicitDependencyGeneratePcm arm64 /Users/admin/builder/spi-builder-workspace/.derivedData/ModuleCache.noindex/MachO-CBB7CDJCGLJ1KAOBMESQJ6HN0.pcm
SwiftExplicitDependencyGeneratePcm arm64 /Users/admin/builder/spi-builder-workspace/.derivedData/ModuleCache.noindex/ObjectiveC-2PU9OT47G6RBOHSXQR2STMWWR.pcm
SwiftExplicitDependencyGeneratePcm arm64_32 /Users/admin/builder/spi-builder-workspace/.derivedData/ModuleCache.noindex/MachO-7QHSINQMXX9UYJSOISDF3NS24.pcm
SwiftExplicitDependencyGeneratePcm arm64_32 /Users/admin/builder/spi-builder-workspace/.derivedData/ModuleCache.noindex/ObjectiveC-AVYBQYXS0QCLOEQGWXNFUFJ0V.pcm
SwiftExplicitDependencyGeneratePcm arm64 /Users/admin/builder/spi-builder-workspace/.derivedData/ModuleCache.noindex/os_object-CIUJ5N1V1HWSGEK024IV96R1M.pcm
SwiftExplicitDependencyGeneratePcm arm64_32 /Users/admin/builder/spi-builder-workspace/.derivedData/ModuleCache.noindex/os_object-8N6RR4J5VVS62U9VXHR1297AW.pcm
SwiftExplicitDependencyGeneratePcm arm64 /Users/admin/builder/spi-builder-workspace/.derivedData/ModuleCache.noindex/os_workgroup-5S02ISLSMHO6BA5HLY5UNJ6A3.pcm
SwiftExplicitDependencyGeneratePcm arm64_32 /Users/admin/builder/spi-builder-workspace/.derivedData/ModuleCache.noindex/os_workgroup-EGGSTWNSSUGG124AQRBUF2J85.pcm
SwiftExplicitDependencyGeneratePcm arm64_32 /Users/admin/builder/spi-builder-workspace/.derivedData/ModuleCache.noindex/Spatial-DGQ1Z61Q5HV0ERQQK6QDL9GGR.pcm
SwiftExplicitDependencyGeneratePcm arm64 /Users/admin/builder/spi-builder-workspace/.derivedData/ModuleCache.noindex/Spatial-P3M6DE6INE5TFFPGQXB74VLJ.pcm
SwiftExplicitDependencyGeneratePcm arm64_32 /Users/admin/builder/spi-builder-workspace/.derivedData/ModuleCache.noindex/Dispatch-DV1SP0JEXVJ6MTIWZ3XCJTXSW.pcm
SwiftExplicitDependencyGeneratePcm arm64_32 /Users/admin/builder/spi-builder-workspace/.derivedData/ModuleCache.noindex/os-1GWCV6O27DHF8WQFPLJNCFKK4.pcm
SwiftExplicitDependencyGeneratePcm arm64 /Users/admin/builder/spi-builder-workspace/.derivedData/ModuleCache.noindex/Dispatch-4KQN7RRX0L9C07MGTWHYRJGYM.pcm
SwiftExplicitDependencyGeneratePcm arm64 /Users/admin/builder/spi-builder-workspace/.derivedData/ModuleCache.noindex/os-AOK4LQ23MW2NBBUH2N8QOP52R.pcm
SwiftExplicitDependencyGeneratePcm arm64_32 /Users/admin/builder/spi-builder-workspace/.derivedData/ModuleCache.noindex/CoreFoundation-EN8GNA4ERP0UOK1XPZ1YRZKGF.pcm
SwiftExplicitDependencyGeneratePcm arm64 /Users/admin/builder/spi-builder-workspace/.derivedData/ModuleCache.noindex/CoreFoundation-C0JIKJUNM7J0IFUIZ8S5RWP5A.pcm
SwiftExplicitDependencyGeneratePcm arm64 /Users/admin/builder/spi-builder-workspace/.derivedData/ModuleCache.noindex/CoreGraphics-2FMIK8L6NJMCE0PUQH3KNMGI3.pcm
SwiftExplicitDependencyGeneratePcm arm64 /Users/admin/builder/spi-builder-workspace/.derivedData/ModuleCache.noindex/Security-8WXKZYCC8N3IYZ7GEEYK1LTTC.pcm
SwiftExplicitDependencyGeneratePcm arm64_32 /Users/admin/builder/spi-builder-workspace/.derivedData/ModuleCache.noindex/Security-8KJEGVX0ECINJU374GLCNITFA.pcm
SwiftExplicitDependencyGeneratePcm arm64_32 /Users/admin/builder/spi-builder-workspace/.derivedData/ModuleCache.noindex/CoreGraphics-54WAF0IQ8H82D87XJZCFRIVTY.pcm
SwiftExplicitDependencyGeneratePcm arm64 /Users/admin/builder/spi-builder-workspace/.derivedData/ModuleCache.noindex/Foundation-188QGUU7PNEMS0JL2JNA4L9D.pcm
SwiftExplicitDependencyGeneratePcm arm64_32 /Users/admin/builder/spi-builder-workspace/.derivedData/ModuleCache.noindex/Foundation-1ZQJQ54U4TUPUQFY2U9YK0983.pcm
SwiftExplicitDependencyGeneratePcm arm64 /Users/admin/builder/spi-builder-workspace/.derivedData/ModuleCache.noindex/CoreVideo-15AO69LNM8QYOGDN9W7HMBMTS.pcm
SwiftExplicitDependencyGeneratePcm arm64 /Users/admin/builder/spi-builder-workspace/.derivedData/ModuleCache.noindex/ImageIO-B4KRE3QX7DYNU7H3OVQ3OEN9I.pcm
SwiftExplicitDependencyGeneratePcm arm64 /Users/admin/builder/spi-builder-workspace/.derivedData/ModuleCache.noindex/CoreText-2GN9EZ4ZQV3RJTZAUM2RAP0C5.pcm
SwiftExplicitDependencyGeneratePcm arm64_32 /Users/admin/builder/spi-builder-workspace/.derivedData/ModuleCache.noindex/CoreText-69WFEC62YDTCXQEGLBFA7KKF1.pcm
SwiftExplicitDependencyGeneratePcm arm64_32 /Users/admin/builder/spi-builder-workspace/.derivedData/ModuleCache.noindex/CoreVideo-DAFM97GFIP18A85P7GYKWGVKF.pcm
SwiftExplicitDependencyGeneratePcm arm64_32 /Users/admin/builder/spi-builder-workspace/.derivedData/ModuleCache.noindex/ImageIO-4VN4M9ZHDW4M4KRHYLO7706L6.pcm
SwiftExplicitDependencyGeneratePcm arm64 /Users/admin/builder/spi-builder-workspace/.derivedData/ModuleCache.noindex/UniformTypeIdentifiers-458KAXK374TXBBN52PBPJYRSJ.pcm
SwiftExplicitDependencyGeneratePcm arm64 /Users/admin/builder/spi-builder-workspace/.derivedData/ModuleCache.noindex/LocalAuthentication-7OW89PR7M4C0NR91LQUNC1EB5.pcm
SwiftExplicitDependencyGeneratePcm arm64 /Users/admin/builder/spi-builder-workspace/.derivedData/ModuleCache.noindex/_LocationEssentials-89SR6PJ8VGRNDNOJCJUJKQDF.pcm
SwiftExplicitDependencyGeneratePcm arm64 /Users/admin/builder/spi-builder-workspace/.derivedData/ModuleCache.noindex/OSLog-15I59UMBV6CMH7II4GT8R5JED.pcm
SwiftExplicitDependencyGeneratePcm arm64 /Users/admin/builder/spi-builder-workspace/.derivedData/ModuleCache.noindex/Accessibility-4HTSNVYGF3VC9YDCPC2MNOPN4.pcm
SwiftExplicitDependencyGeneratePcm arm64 /Users/admin/builder/spi-builder-workspace/.derivedData/ModuleCache.noindex/CoreData-2R09KN2ITB4YCFZYE0RKJ42SX.pcm
SwiftExplicitDependencyGeneratePcm arm64 /Users/admin/builder/spi-builder-workspace/.derivedData/ModuleCache.noindex/SceneKit-3DCFJMYMG1AW8U9GLQQCC1TM9.pcm
SwiftExplicitDependencyGeneratePcm arm64 /Users/admin/builder/spi-builder-workspace/.derivedData/ModuleCache.noindex/UIUtilities-2AT70EV9YA6Z5O1GGD8GO52CG.pcm
SwiftExplicitDependencyGeneratePcm arm64 /Users/admin/builder/spi-builder-workspace/.derivedData/ModuleCache.noindex/DataDetection-DGEIPFEY2NNDNAFGCE7B6ZZG5.pcm
SwiftExplicitDependencyGeneratePcm arm64 /Users/admin/builder/spi-builder-workspace/.derivedData/ModuleCache.noindex/QuartzCore-4KHS4Y6YPAFSDDCY9RNZPJHA3.pcm
SwiftExplicitDependencyGeneratePcm arm64_32 /Users/admin/builder/spi-builder-workspace/.derivedData/ModuleCache.noindex/QuartzCore-5EU9GG539SM7NV65MHB043EPG.pcm
SwiftExplicitDependencyGeneratePcm arm64_32 /Users/admin/builder/spi-builder-workspace/.derivedData/ModuleCache.noindex/CoreTransferable-2CVORFL3L1ZOPK3KZBFUQTSQZ.pcm
SwiftExplicitDependencyGeneratePcm arm64_32 /Users/admin/builder/spi-builder-workspace/.derivedData/ModuleCache.noindex/SceneKit-6MBHR3E1L3RXHLA4E857VB005.pcm
SwiftExplicitDependencyGeneratePcm arm64_32 /Users/admin/builder/spi-builder-workspace/.derivedData/ModuleCache.noindex/UIUtilities-CPB7RV7T2CQM4IT41KNK8WEPF.pcm
SwiftExplicitDependencyGeneratePcm arm64_32 /Users/admin/builder/spi-builder-workspace/.derivedData/ModuleCache.noindex/OSLog-BBMJB65CZBEAD54GKEVKN32T5.pcm
SwiftExplicitDependencyGeneratePcm arm64_32 /Users/admin/builder/spi-builder-workspace/.derivedData/ModuleCache.noindex/Symbols-A1BAQZRA0IPQ1BAQPBXB0XLK.pcm
SwiftExplicitDependencyGeneratePcm arm64_32 /Users/admin/builder/spi-builder-workspace/.derivedData/ModuleCache.noindex/UniformTypeIdentifiers-6VZH7JUQRBGXCIXRY267O4LKC.pcm
SwiftExplicitDependencyGeneratePcm arm64_32 /Users/admin/builder/spi-builder-workspace/.derivedData/ModuleCache.noindex/UserNotifications-CY8CZNOA4HZ4NXF0NT757OY1I.pcm
SwiftExplicitDependencyGeneratePcm arm64 /Users/admin/builder/spi-builder-workspace/.derivedData/ModuleCache.noindex/SwiftUICore-21H2UE8E2AZCB7ZNBBCK88V6B.pcm
SwiftExplicitDependencyGeneratePcm arm64 /Users/admin/builder/spi-builder-workspace/.derivedData/ModuleCache.noindex/Symbols-2U9Y3ZW48EA4WDS5V00VYWP77.pcm
SwiftExplicitDependencyGeneratePcm arm64_32 /Users/admin/builder/spi-builder-workspace/.derivedData/ModuleCache.noindex/LocalAuthentication-9P8F1TFD6RXHBK7I22BCFNNGO.pcm
SwiftExplicitDependencyGeneratePcm arm64_32 /Users/admin/builder/spi-builder-workspace/.derivedData/ModuleCache.noindex/DataDetection-9RZALVH3Q8QWPGVOXLJMRIMNJ.pcm
SwiftExplicitDependencyGeneratePcm arm64 /Users/admin/builder/spi-builder-workspace/.derivedData/ModuleCache.noindex/CoreTransferable-8REPBA8E7O6DTYSXERNLF5EVF.pcm
SwiftExplicitDependencyGeneratePcm arm64_32 /Users/admin/builder/spi-builder-workspace/.derivedData/ModuleCache.noindex/Accessibility-869BJBZ6Y0GHCSU4LZ2MMOG62.pcm
SwiftExplicitDependencyGeneratePcm arm64_32 /Users/admin/builder/spi-builder-workspace/.derivedData/ModuleCache.noindex/CoreData-F2DL2NECK2F0P1OBHCU46MF3Q.pcm
SwiftExplicitDependencyGeneratePcm arm64 /Users/admin/builder/spi-builder-workspace/.derivedData/ModuleCache.noindex/CoreLocation-BOG5PV0G1GSHHPJXU4ZBJCZRH.pcm
SwiftExplicitDependencyGeneratePcm arm64_32 /Users/admin/builder/spi-builder-workspace/.derivedData/ModuleCache.noindex/SwiftUICore-8ANRRAIL34VOSEU0OQX19CRW1.pcm
SwiftExplicitDependencyGeneratePcm arm64 /Users/admin/builder/spi-builder-workspace/.derivedData/ModuleCache.noindex/UserNotifications-57VYXICVMN3EV36XAB1WHJZ2C.pcm
SwiftExplicitDependencyGeneratePcm arm64_32 /Users/admin/builder/spi-builder-workspace/.derivedData/ModuleCache.noindex/UIKit-1I38H26G25LVQJZB353WOWH6.pcm
SwiftExplicitDependencyGeneratePcm arm64_32 /Users/admin/builder/spi-builder-workspace/.derivedData/ModuleCache.noindex/_LocationEssentials-4AVGDYZWJ1Z1EFYUB10MHWTSY.pcm
SwiftExplicitDependencyGeneratePcm arm64 /Users/admin/builder/spi-builder-workspace/.derivedData/ModuleCache.noindex/UIKit-8SKRF6O0G9HZH553M3C9EWWAU.pcm
SwiftExplicitDependencyGeneratePcm arm64_32 /Users/admin/builder/spi-builder-workspace/.derivedData/ModuleCache.noindex/CoreLocation-9RQ68E4O3PRRR7M1U83RT5KKA.pcm
SwiftExplicitDependencyGeneratePcm arm64_32 /Users/admin/builder/spi-builder-workspace/.derivedData/ModuleCache.noindex/AuthenticationServices-1MMOM3VEK6OW7ASKN09L74Q28.pcm
SwiftExplicitDependencyGeneratePcm arm64_32 /Users/admin/builder/spi-builder-workspace/.derivedData/ModuleCache.noindex/MapKit-61MX8NTUJI5M2YAB13WWU24YK.pcm
SwiftExplicitDependencyGeneratePcm arm64_32 /Users/admin/builder/spi-builder-workspace/.derivedData/ModuleCache.noindex/HomeKit-AHC3ILHKUO82Z75TFKF5V50CX.pcm
SwiftExplicitDependencyGeneratePcm arm64 /Users/admin/builder/spi-builder-workspace/.derivedData/ModuleCache.noindex/AuthenticationServices-9VY0MUEPV9PUIGFGKJYM05GG0.pcm
SwiftExplicitDependencyGeneratePcm arm64 /Users/admin/builder/spi-builder-workspace/.derivedData/ModuleCache.noindex/MapKit-6Q8OOAF8BXB6AQCDERMACVNOQ.pcm
SwiftExplicitDependencyGeneratePcm arm64 /Users/admin/builder/spi-builder-workspace/.derivedData/ModuleCache.noindex/HomeKit-4C69268JUH909JW8MKMI4ZHZD.pcm
SwiftExplicitDependencyGeneratePcm arm64_32 /Users/admin/builder/spi-builder-workspace/.derivedData/ModuleCache.noindex/WatchKit-CAD4AK8HX5FUC7GD3OEVCTMHI.pcm
SwiftExplicitDependencyGeneratePcm arm64 /Users/admin/builder/spi-builder-workspace/.derivedData/ModuleCache.noindex/WatchKit-5T2K1B24G8E6J6KMDU2M6UZPN.pcm
SwiftExplicitDependencyGeneratePcm arm64_32 /Users/admin/builder/spi-builder-workspace/.derivedData/ModuleCache.noindex/SwiftUI-CTJZPDH0D73K21479D8OGT6Y3.pcm
SwiftExplicitDependencyGeneratePcm arm64 /Users/admin/builder/spi-builder-workspace/.derivedData/ModuleCache.noindex/SwiftUI-4OC0A8HWPDEBIVB0BVWDDC788.pcm
SwiftCompile normal arm64_32 Compiling\ PrivacyBanner.swift,\ RefreshTriggers.swift,\ ReportFormFields.swift,\ ScreenshotThumbnail.swift,\ GitTicketsViewController.swift /Users/admin/builder/spi-builder-workspace/Sources/GitTickets/UI/SwiftUI/PrivacyBanner.swift /Users/admin/builder/spi-builder-workspace/Sources/GitTickets/UI/SwiftUI/RefreshTriggers.swift /Users/admin/builder/spi-builder-workspace/Sources/GitTickets/UI/SwiftUI/ReportFormFields.swift /Users/admin/builder/spi-builder-workspace/Sources/GitTickets/UI/SwiftUI/ScreenshotThumbnail.swift /Users/admin/builder/spi-builder-workspace/Sources/GitTickets/UI/UIKit/GitTicketsViewController.swift (in target 'GitTickets' from project 'GitTickets')
SwiftCompile normal arm64_32 /Users/admin/builder/spi-builder-workspace/Sources/GitTickets/UI/SwiftUI/PrivacyBanner.swift (in target 'GitTickets' from project 'GitTickets')
cd /Users/admin/builder/spi-builder-workspace/.swiftpm/xcode
SwiftCompile normal arm64_32 /Users/admin/builder/spi-builder-workspace/Sources/GitTickets/UI/SwiftUI/RefreshTriggers.swift (in target 'GitTickets' from project 'GitTickets')
cd /Users/admin/builder/spi-builder-workspace/.swiftpm/xcode
SwiftCompile normal arm64_32 /Users/admin/builder/spi-builder-workspace/Sources/GitTickets/UI/SwiftUI/ReportFormFields.swift (in target 'GitTickets' from project 'GitTickets')
cd /Users/admin/builder/spi-builder-workspace/.swiftpm/xcode
SwiftCompile normal arm64_32 /Users/admin/builder/spi-builder-workspace/Sources/GitTickets/UI/SwiftUI/ScreenshotThumbnail.swift (in target 'GitTickets' from project 'GitTickets')
cd /Users/admin/builder/spi-builder-workspace/.swiftpm/xcode
SwiftCompile normal arm64_32 /Users/admin/builder/spi-builder-workspace/Sources/GitTickets/UI/UIKit/GitTicketsViewController.swift (in target 'GitTickets' from project 'GitTickets')
cd /Users/admin/builder/spi-builder-workspace/.swiftpm/xcode
SwiftCompile normal arm64_32 Compiling\ SubmissionRecord.swift,\ GitTicketsMenuItemFactory.swift,\ ReportWindowController.swift,\ AttachmentPreviewSheet.swift,\ DeviceFlowSheet.swift,\ DiagnosticsDisclosure.swift /Users/admin/builder/spi-builder-workspace/Sources/GitTickets/Storage/SubmissionRecord.swift /Users/admin/builder/spi-builder-workspace/Sources/GitTickets/UI/AppKit/GitTicketsMenuItemFactory.swift /Users/admin/builder/spi-builder-workspace/Sources/GitTickets/UI/AppKit/ReportWindowController.swift /Users/admin/builder/spi-builder-workspace/Sources/GitTickets/UI/SwiftUI/AttachmentPreviewSheet.swift /Users/admin/builder/spi-builder-workspace/Sources/GitTickets/UI/SwiftUI/DeviceFlowSheet.swift /Users/admin/builder/spi-builder-workspace/Sources/GitTickets/UI/SwiftUI/DiagnosticsDisclosure.swift (in target 'GitTickets' from project 'GitTickets')
SwiftCompile normal arm64_32 /Users/admin/builder/spi-builder-workspace/Sources/GitTickets/Storage/SubmissionRecord.swift (in target 'GitTickets' from project 'GitTickets')
cd /Users/admin/builder/spi-builder-workspace/.swiftpm/xcode
SwiftCompile normal arm64_32 /Users/admin/builder/spi-builder-workspace/Sources/GitTickets/UI/AppKit/GitTicketsMenuItemFactory.swift (in target 'GitTickets' from project 'GitTickets')
cd /Users/admin/builder/spi-builder-workspace/.swiftpm/xcode
SwiftCompile normal arm64_32 /Users/admin/builder/spi-builder-workspace/Sources/GitTickets/UI/AppKit/ReportWindowController.swift (in target 'GitTickets' from project 'GitTickets')
cd /Users/admin/builder/spi-builder-workspace/.swiftpm/xcode
SwiftCompile normal arm64_32 /Users/admin/builder/spi-builder-workspace/Sources/GitTickets/UI/SwiftUI/AttachmentPreviewSheet.swift (in target 'GitTickets' from project 'GitTickets')
cd /Users/admin/builder/spi-builder-workspace/.swiftpm/xcode
SwiftCompile normal arm64_32 /Users/admin/builder/spi-builder-workspace/Sources/GitTickets/UI/SwiftUI/DeviceFlowSheet.swift (in target 'GitTickets' from project 'GitTickets')
cd /Users/admin/builder/spi-builder-workspace/.swiftpm/xcode
SwiftCompile normal arm64_32 /Users/admin/builder/spi-builder-workspace/Sources/GitTickets/UI/SwiftUI/DiagnosticsDisclosure.swift (in target 'GitTickets' from project 'GitTickets')
cd /Users/admin/builder/spi-builder-workspace/.swiftpm/xcode
SwiftCompile normal arm64_32 Compiling\ GitTicketsError.swift,\ Logger.swift,\ Models.swift,\ MyIssuesRefresh.swift,\ Policies.swift,\ Theme.swift /Users/admin/builder/spi-builder-workspace/Sources/GitTickets/PublicAPI/GitTicketsError.swift /Users/admin/builder/spi-builder-workspace/Sources/GitTickets/PublicAPI/Logger.swift /Users/admin/builder/spi-builder-workspace/Sources/GitTickets/PublicAPI/Models.swift /Users/admin/builder/spi-builder-workspace/Sources/GitTickets/PublicAPI/MyIssuesRefresh.swift /Users/admin/builder/spi-builder-workspace/Sources/GitTickets/PublicAPI/Policies.swift /Users/admin/builder/spi-builder-workspace/Sources/GitTickets/PublicAPI/Theme.swift (in target 'GitTickets' from project 'GitTickets')
SwiftCompile normal arm64_32 /Users/admin/builder/spi-builder-workspace/Sources/GitTickets/PublicAPI/GitTicketsError.swift (in target 'GitTickets' from project 'GitTickets')
cd /Users/admin/builder/spi-builder-workspace/.swiftpm/xcode
SwiftCompile normal arm64_32 /Users/admin/builder/spi-builder-workspace/Sources/GitTickets/PublicAPI/Logger.swift (in target 'GitTickets' from project 'GitTickets')
cd /Users/admin/builder/spi-builder-workspace/.swiftpm/xcode
SwiftCompile normal arm64_32 /Users/admin/builder/spi-builder-workspace/Sources/GitTickets/PublicAPI/Models.swift (in target 'GitTickets' from project 'GitTickets')
cd /Users/admin/builder/spi-builder-workspace/.swiftpm/xcode
SwiftCompile normal arm64_32 /Users/admin/builder/spi-builder-workspace/Sources/GitTickets/PublicAPI/MyIssuesRefresh.swift (in target 'GitTickets' from project 'GitTickets')
cd /Users/admin/builder/spi-builder-workspace/.swiftpm/xcode
SwiftCompile normal arm64_32 /Users/admin/builder/spi-builder-workspace/Sources/GitTickets/PublicAPI/Policies.swift (in target 'GitTickets' from project 'GitTickets')
cd /Users/admin/builder/spi-builder-workspace/.swiftpm/xcode
SwiftCompile normal arm64_32 /Users/admin/builder/spi-builder-workspace/Sources/GitTickets/PublicAPI/Theme.swift (in target 'GitTickets' from project 'GitTickets')
cd /Users/admin/builder/spi-builder-workspace/.swiftpm/xcode
SwiftCompile normal arm64_32 Compiling\ ScreenshotCapture+iOS.swift,\ ScreenshotCapture+macOS.swift,\ ScreenshotCapture.swift,\ DeviceIdentity.swift,\ Keychain.swift,\ SubmissionCache.swift /Users/admin/builder/spi-builder-workspace/Sources/GitTickets/Screenshot/ScreenshotCapture+iOS.swift /Users/admin/builder/spi-builder-workspace/Sources/GitTickets/Screenshot/ScreenshotCapture+macOS.swift /Users/admin/builder/spi-builder-workspace/Sources/GitTickets/Screenshot/ScreenshotCapture.swift /Users/admin/builder/spi-builder-workspace/Sources/GitTickets/Storage/DeviceIdentity.swift /Users/admin/builder/spi-builder-workspace/Sources/GitTickets/Storage/Keychain.swift /Users/admin/builder/spi-builder-workspace/Sources/GitTickets/Storage/SubmissionCache.swift (in target 'GitTickets' from project 'GitTickets')
SwiftCompile normal arm64_32 /Users/admin/builder/spi-builder-workspace/Sources/GitTickets/Screenshot/ScreenshotCapture+iOS.swift (in target 'GitTickets' from project 'GitTickets')
cd /Users/admin/builder/spi-builder-workspace/.swiftpm/xcode
SwiftCompile normal arm64_32 /Users/admin/builder/spi-builder-workspace/Sources/GitTickets/Screenshot/ScreenshotCapture+macOS.swift (in target 'GitTickets' from project 'GitTickets')
cd /Users/admin/builder/spi-builder-workspace/.swiftpm/xcode
SwiftCompile normal arm64_32 /Users/admin/builder/spi-builder-workspace/Sources/GitTickets/Screenshot/ScreenshotCapture.swift (in target 'GitTickets' from project 'GitTickets')
cd /Users/admin/builder/spi-builder-workspace/.swiftpm/xcode
SwiftCompile normal arm64_32 /Users/admin/builder/spi-builder-workspace/Sources/GitTickets/Storage/DeviceIdentity.swift (in target 'GitTickets' from project 'GitTickets')
cd /Users/admin/builder/spi-builder-workspace/.swiftpm/xcode
SwiftCompile normal arm64_32 /Users/admin/builder/spi-builder-workspace/Sources/GitTickets/Storage/Keychain.swift (in target 'GitTickets' from project 'GitTickets')
cd /Users/admin/builder/spi-builder-workspace/.swiftpm/xcode
SwiftCompile normal arm64_32 /Users/admin/builder/spi-builder-workspace/Sources/GitTickets/Storage/SubmissionCache.swift (in target 'GitTickets' from project 'GitTickets')
cd /Users/admin/builder/spi-builder-workspace/.swiftpm/xcode
SwiftCompile normal arm64_32 Compiling\ GitTicketsView.swift,\ HeaderImage.swift,\ IssueDetailComponents.swift,\ IssueDetailView.swift,\ MarkdownCommentView.swift /Users/admin/builder/spi-builder-workspace/Sources/GitTickets/UI/SwiftUI/GitTicketsView.swift /Users/admin/builder/spi-builder-workspace/Sources/GitTickets/UI/SwiftUI/HeaderImage.swift /Users/admin/builder/spi-builder-workspace/Sources/GitTickets/UI/SwiftUI/IssueDetailComponents.swift /Users/admin/builder/spi-builder-workspace/Sources/GitTickets/UI/SwiftUI/IssueDetailView.swift /Users/admin/builder/spi-builder-workspace/Sources/GitTickets/UI/SwiftUI/MarkdownCommentView.swift (in target 'GitTickets' from project 'GitTickets')
SwiftCompile normal arm64_32 /Users/admin/builder/spi-builder-workspace/Sources/GitTickets/UI/SwiftUI/GitTicketsView.swift (in target 'GitTickets' from project 'GitTickets')
cd /Users/admin/builder/spi-builder-workspace/.swiftpm/xcode
SwiftCompile normal arm64_32 /Users/admin/builder/spi-builder-workspace/Sources/GitTickets/UI/SwiftUI/HeaderImage.swift (in target 'GitTickets' from project 'GitTickets')
cd /Users/admin/builder/spi-builder-workspace/.swiftpm/xcode
SwiftCompile normal arm64_32 /Users/admin/builder/spi-builder-workspace/Sources/GitTickets/UI/SwiftUI/IssueDetailComponents.swift (in target 'GitTickets' from project 'GitTickets')
cd /Users/admin/builder/spi-builder-workspace/.swiftpm/xcode
SwiftCompile normal arm64_32 /Users/admin/builder/spi-builder-workspace/Sources/GitTickets/UI/SwiftUI/IssueDetailView.swift (in target 'GitTickets' from project 'GitTickets')
cd /Users/admin/builder/spi-builder-workspace/.swiftpm/xcode
SwiftCompile normal arm64_32 /Users/admin/builder/spi-builder-workspace/Sources/GitTickets/UI/SwiftUI/MarkdownCommentView.swift (in target 'GitTickets' from project 'GitTickets')
cd /Users/admin/builder/spi-builder-workspace/.swiftpm/xcode
SwiftCompile normal arm64_32 Compiling\ HTTPClient.swift,\ RateLimitBackoff.swift,\ UserAgent.swift,\ AuthMode.swift,\ Configuration.swift,\ GitTickets.swift /Users/admin/builder/spi-builder-workspace/Sources/GitTickets/Networking/HTTPClient.swift /Users/admin/builder/spi-builder-workspace/Sources/GitTickets/Networking/RateLimitBackoff.swift /Users/admin/builder/spi-builder-workspace/Sources/GitTickets/Networking/UserAgent.swift /Users/admin/builder/spi-builder-workspace/Sources/GitTickets/PublicAPI/AuthMode.swift /Users/admin/builder/spi-builder-workspace/Sources/GitTickets/PublicAPI/Configuration.swift /Users/admin/builder/spi-builder-workspace/Sources/GitTickets/PublicAPI/GitTickets.swift (in target 'GitTickets' from project 'GitTickets')
SwiftCompile normal arm64_32 /Users/admin/builder/spi-builder-workspace/Sources/GitTickets/Networking/HTTPClient.swift (in target 'GitTickets' from project 'GitTickets')
cd /Users/admin/builder/spi-builder-workspace/.swiftpm/xcode
SwiftCompile normal arm64_32 /Users/admin/builder/spi-builder-workspace/Sources/GitTickets/Networking/RateLimitBackoff.swift (in target 'GitTickets' from project 'GitTickets')
cd /Users/admin/builder/spi-builder-workspace/.swiftpm/xcode
SwiftCompile normal arm64_32 /Users/admin/builder/spi-builder-workspace/Sources/GitTickets/Networking/UserAgent.swift (in target 'GitTickets' from project 'GitTickets')
cd /Users/admin/builder/spi-builder-workspace/.swiftpm/xcode
SwiftCompile normal arm64_32 /Users/admin/builder/spi-builder-workspace/Sources/GitTickets/PublicAPI/AuthMode.swift (in target 'GitTickets' from project 'GitTickets')
cd /Users/admin/builder/spi-builder-workspace/.swiftpm/xcode
SwiftCompile normal arm64_32 /Users/admin/builder/spi-builder-workspace/Sources/GitTickets/PublicAPI/Configuration.swift (in target 'GitTickets' from project 'GitTickets')
cd /Users/admin/builder/spi-builder-workspace/.swiftpm/xcode
SwiftCompile normal arm64_32 /Users/admin/builder/spi-builder-workspace/Sources/GitTickets/PublicAPI/GitTickets.swift (in target 'GitTickets' from project 'GitTickets')
cd /Users/admin/builder/spi-builder-workspace/.swiftpm/xcode
SwiftCompile normal arm64_32 Compiling\ GitTicketsCommands.swift,\ GitTicketsFormFields.swift,\ GitTicketsMyIssuesCommands.swift,\ GitTicketsMyIssuesView.swift,\ GitTicketsSupportingViews.swift,\ GitTicketsTheme+Support.swift /Users/admin/builder/spi-builder-workspace/Sources/GitTickets/UI/SwiftUI/GitTicketsCommands.swift /Users/admin/builder/spi-builder-workspace/Sources/GitTickets/UI/SwiftUI/GitTicketsFormFields.swift /Users/admin/builder/spi-builder-workspace/Sources/GitTickets/UI/SwiftUI/GitTicketsMyIssuesCommands.swift /Users/admin/builder/spi-builder-workspace/Sources/GitTickets/UI/SwiftUI/GitTicketsMyIssuesView.swift /Users/admin/builder/spi-builder-workspace/Sources/GitTickets/UI/SwiftUI/GitTicketsSupportingViews.swift /Users/admin/builder/spi-builder-workspace/Sources/GitTickets/UI/SwiftUI/GitTicketsTheme+Support.swift (in target 'GitTickets' from project 'GitTickets')
SwiftCompile normal arm64_32 /Users/admin/builder/spi-builder-workspace/Sources/GitTickets/UI/SwiftUI/GitTicketsCommands.swift (in target 'GitTickets' from project 'GitTickets')
cd /Users/admin/builder/spi-builder-workspace/.swiftpm/xcode
SwiftCompile normal arm64_32 /Users/admin/builder/spi-builder-workspace/Sources/GitTickets/UI/SwiftUI/GitTicketsFormFields.swift (in target 'GitTickets' from project 'GitTickets')
cd /Users/admin/builder/spi-builder-workspace/.swiftpm/xcode
SwiftCompile normal arm64_32 /Users/admin/builder/spi-builder-workspace/Sources/GitTickets/UI/SwiftUI/GitTicketsMyIssuesCommands.swift (in target 'GitTickets' from project 'GitTickets')
cd /Users/admin/builder/spi-builder-workspace/.swiftpm/xcode
SwiftCompile normal arm64_32 /Users/admin/builder/spi-builder-workspace/Sources/GitTickets/UI/SwiftUI/GitTicketsMyIssuesView.swift (in target 'GitTickets' from project 'GitTickets')
cd /Users/admin/builder/spi-builder-workspace/.swiftpm/xcode
SwiftCompile normal arm64_32 /Users/admin/builder/spi-builder-workspace/Sources/GitTickets/UI/SwiftUI/GitTicketsSupportingViews.swift (in target 'GitTickets' from project 'GitTickets')
cd /Users/admin/builder/spi-builder-workspace/.swiftpm/xcode
SwiftCompile normal arm64_32 /Users/admin/builder/spi-builder-workspace/Sources/GitTickets/UI/SwiftUI/GitTicketsTheme+Support.swift (in target 'GitTickets' from project 'GitTickets')
cd /Users/admin/builder/spi-builder-workspace/.swiftpm/xcode
SwiftCompile normal arm64_32 Compiling\ RelayClient.swift,\ RelayPayload.swift,\ RelaySignature.swift,\ RelaySubmitter.swift,\ BodyTemplates.swift,\ CorrelationMarker.swift /Users/admin/builder/spi-builder-workspace/Sources/GitTickets/Auth/Relay/RelayClient.swift /Users/admin/builder/spi-builder-workspace/Sources/GitTickets/Auth/Relay/RelayPayload.swift /Users/admin/builder/spi-builder-workspace/Sources/GitTickets/Auth/Relay/RelaySignature.swift /Users/admin/builder/spi-builder-workspace/Sources/GitTickets/Auth/Relay/RelaySubmitter.swift /Users/admin/builder/spi-builder-workspace/Sources/GitTickets/Bodybuilder/BodyTemplates.swift /Users/admin/builder/spi-builder-workspace/Sources/GitTickets/Bodybuilder/CorrelationMarker.swift (in target 'GitTickets' from project 'GitTickets')
SwiftCompile normal arm64_32 /Users/admin/builder/spi-builder-workspace/Sources/GitTickets/Auth/Relay/RelayClient.swift (in target 'GitTickets' from project 'GitTickets')
cd /Users/admin/builder/spi-builder-workspace/.swiftpm/xcode
SwiftCompile normal arm64_32 /Users/admin/builder/spi-builder-workspace/Sources/GitTickets/Auth/Relay/RelayPayload.swift (in target 'GitTickets' from project 'GitTickets')
cd /Users/admin/builder/spi-builder-workspace/.swiftpm/xcode
SwiftCompile normal arm64_32 /Users/admin/builder/spi-builder-workspace/Sources/GitTickets/Auth/Relay/RelaySignature.swift (in target 'GitTickets' from project 'GitTickets')
cd /Users/admin/builder/spi-builder-workspace/.swiftpm/xcode
SwiftCompile normal arm64_32 /Users/admin/builder/spi-builder-workspace/Sources/GitTickets/Auth/Relay/RelaySubmitter.swift (in target 'GitTickets' from project 'GitTickets')
cd /Users/admin/builder/spi-builder-workspace/.swiftpm/xcode
SwiftCompile normal arm64_32 /Users/admin/builder/spi-builder-workspace/Sources/GitTickets/Bodybuilder/BodyTemplates.swift (in target 'GitTickets' from project 'GitTickets')
cd /Users/admin/builder/spi-builder-workspace/.swiftpm/xcode
SwiftCompile normal arm64_32 /Users/admin/builder/spi-builder-workspace/Sources/GitTickets/Bodybuilder/CorrelationMarker.swift (in target 'GitTickets' from project 'GitTickets')
cd /Users/admin/builder/spi-builder-workspace/.swiftpm/xcode
SwiftEmitModule normal arm64_32 Emitting\ module\ for\ GitTickets (in target 'GitTickets' from project 'GitTickets')
Failed frontend command:
/Applications/Xcode-26.3.0.app/Contents/Developer/Toolchains/XcodeDefault.xctoolchain/usr/bin/swift-frontend -frontend -emit-module -experimental-skip-non-inlinable-function-bodies-without-types /Users/admin/builder/spi-builder-workspace/.derivedData/Build/Intermediates.noindex/GitTickets.build/Debug-watchos/GitTickets.build/DerivedSources/resource_bundle_accessor.swift /Users/admin/builder/spi-builder-workspace/Sources/GitTickets/Auth/DeviceFlow/DeviceFlowCoordinator.swift /Users/admin/builder/spi-builder-workspace/Sources/GitTickets/Auth/DeviceFlow/DeviceFlowPayloads.swift /Users/admin/builder/spi-builder-workspace/Sources/GitTickets/Auth/DeviceFlow/DeviceFlowSubmitter.swift /Users/admin/builder/spi-builder-workspace/Sources/GitTickets/Auth/DeviceFlow/TokenStore.swift /Users/admin/builder/spi-builder-workspace/Sources/GitTickets/Auth/IssueSubmitter.swift /Users/admin/builder/spi-builder-workspace/Sources/GitTickets/Auth/Relay/RelayClient.swift /Users/admin/builder/spi-builder-workspace/Sources/GitTickets/Auth/Relay/RelayPayload.swift /Users/admin/builder/spi-builder-workspace/Sources/GitTickets/Auth/Relay/RelaySignature.swift /Users/admin/builder/spi-builder-workspace/Sources/GitTickets/Auth/Relay/RelaySubmitter.swift /Users/admin/builder/spi-builder-workspace/Sources/GitTickets/Bodybuilder/BodyTemplates.swift /Users/admin/builder/spi-builder-workspace/Sources/GitTickets/Bodybuilder/CorrelationMarker.swift /Users/admin/builder/spi-builder-workspace/Sources/GitTickets/Bodybuilder/IssueBodyBuilder.swift /Users/admin/builder/spi-builder-workspace/Sources/GitTickets/Diagnostics/DeviceInfo.swift /Users/admin/builder/spi-builder-workspace/Sources/GitTickets/Diagnostics/DiagnosticsBlob.swift /Users/admin/builder/spi-builder-workspace/Sources/GitTickets/Diagnostics/DiagnosticsCollector.swift /Users/admin/builder/spi-builder-workspace/Sources/GitTickets/Diagnostics/OSLogTailer.swift /Users/admin/builder/spi-builder-workspace/Sources/GitTickets/Diagnostics/RedactionPipeline.swift /Users/admin/builder/spi-builder-workspace/Sources/GitTickets/Networking/HTTPClient.swift /Users/admin/builder/spi-builder-workspace/Sources/GitTickets/Networking/RateLimitBackoff.swift /Users/admin/builder/spi-builder-workspace/Sources/GitTickets/Networking/UserAgent.swift /Users/admin/builder/spi-builder-workspace/Sources/GitTickets/PublicAPI/AuthMode.swift /Users/admin/builder/spi-builder-workspace/Sources/GitTickets/PublicAPI/Configuration.swift /Users/admin/builder/spi-builder-workspace/Sources/GitTickets/PublicAPI/GitTickets.swift /Users/admin/builder/spi-builder-workspace/Sources/GitTickets/PublicAPI/GitTicketsError.swift /Users/admin/builder/spi-builder-workspace/Sources/GitTickets/PublicAPI/Logger.swift /Users/admin/builder/spi-builder-workspace/Sources/GitTickets/PublicAPI/Models.swift /Users/admin/builder/spi-builder-workspace/Sources/GitTickets/PublicAPI/MyIssuesRefresh.swift /Users/admin/builder/spi-builder-workspace/Sources/GitTickets/PublicAPI/Policies.swift /Users/admin/builder/spi-builder-workspace/Sources/GitTickets/PublicAPI/Theme.swift /Users/admin/builder/spi-builder-workspace/Sources/GitTickets/Screenshot/ScreenshotCapture+iOS.swift /Users/admin/builder/spi-builder-workspace/Sources/GitTickets/Screenshot/ScreenshotCapture+macOS.swift /Users/admin/builder/spi-builder-workspace/Sources/GitTickets/Screenshot/ScreenshotCapture.swift /Users/admin/builder/spi-builder-workspace/Sources/GitTickets/Storage/DeviceIdentity.swift /Users/admin/builder/spi-builder-workspace/Sources/GitTickets/Storage/Keychain.swift /Users/admin/builder/spi-builder-workspace/Sources/GitTickets/Storage/SubmissionCache.swift /Users/admin/builder/spi-builder-workspace/Sources/GitTickets/Storage/SubmissionRecord.swift /Users/admin/builder/spi-builder-workspace/Sources/GitTickets/UI/AppKit/GitTicketsMenuItemFactory.swift /Users/admin/builder/spi-builder-workspace/Sources/GitTickets/UI/AppKit/ReportWindowController.swift /Users/admin/builder/spi-builder-workspace/Sources/GitTickets/UI/SwiftUI/AttachmentPreviewSheet.swift /Users/admin/builder/spi-builder-workspace/Sources/GitTickets/UI/SwiftUI/DeviceFlowSheet.swift /Users/admin/builder/spi-builder-workspace/Sources/GitTickets/UI/SwiftUI/DiagnosticsDisclosure.swift /Users/admin/builder/spi-builder-workspace/Sources/GitTickets/UI/SwiftUI/GitTicketsCommands.swift /Users/admin/builder/spi-builder-workspace/Sources/GitTickets/UI/SwiftUI/GitTicketsFormFields.swift /Users/admin/builder/spi-builder-workspace/Sources/GitTickets/UI/SwiftUI/GitTicketsMyIssuesCommands.swift /Users/admin/builder/spi-builder-workspace/Sources/GitTickets/UI/SwiftUI/GitTicketsMyIssuesView.swift /Users/admin/builder/spi-builder-workspace/Sources/GitTickets/UI/SwiftUI/GitTicketsSupportingViews.swift /Users/admin/builder/spi-builder-workspace/Sources/GitTickets/UI/SwiftUI/GitTicketsTheme+Support.swift /Users/admin/builder/spi-builder-workspace/Sources/GitTickets/UI/SwiftUI/GitTicketsView.swift /Users/admin/builder/spi-builder-workspace/Sources/GitTickets/UI/SwiftUI/HeaderImage.swift /Users/admin/builder/spi-builder-workspace/Sources/GitTickets/UI/SwiftUI/IssueDetailComponents.swift /Users/admin/builder/spi-builder-workspace/Sources/GitTickets/UI/SwiftUI/IssueDetailView.swift /Users/admin/builder/spi-builder-workspace/Sources/GitTickets/UI/SwiftUI/MarkdownCommentView.swift /Users/admin/builder/spi-builder-workspace/Sources/GitTickets/UI/SwiftUI/PrivacyBanner.swift /Users/admin/builder/spi-builder-workspace/Sources/GitTickets/UI/SwiftUI/RefreshTriggers.swift /Users/admin/builder/spi-builder-workspace/Sources/GitTickets/UI/SwiftUI/ReportFormFields.swift /Users/admin/builder/spi-builder-workspace/Sources/GitTickets/UI/SwiftUI/ScreenshotThumbnail.swift /Users/admin/builder/spi-builder-workspace/Sources/GitTickets/UI/UIKit/GitTicketsViewController.swift -target arm64_32-apple-watchos11.0 -module-can-import-version Darwin 347.40.2 0 -module-can-import-version UIKit 9126.2.4 9126.2.4 -disable-cross-import-overlay-search -swift-module-cross-import AuthenticationServices /Applications/Xcode-26.3.0.app/Contents/Developer/Platforms/WatchOS.platform/Developer/SDKs/WatchOS.sdk/System/Library/Frameworks/AuthenticationServices.framework/Modules/AuthenticationServices.swiftcrossimport/SwiftUI.swiftoverlay -swift-module-cross-import AuthenticationServices /Applications/Xcode-26.3.0.app/Contents/Developer/Platforms/WatchOS.platform/Developer/SDKs/WatchOS26.2.sdk/System/Library/Frameworks/AuthenticationServices.framework/Modules/AuthenticationServices.swiftcrossimport/SwiftUI.swiftoverlay -swift-module-cross-import Darwin /Applications/Xcode-26.3.0.app/Contents/Developer/Platforms/WatchOS.platform/Developer/SDKs/WatchOS.sdk/usr/include/Darwin.swiftcrossimport/xlocale.swiftoverlay -load-resolved-plugin /Applications/Xcode-26.3.0.app/Contents/Developer/Platforms/WatchOS.platform/Developer/usr/lib/swift/host/plugins/libFoundationMacros.dylib\#/Applications/Xcode-26.3.0.app/Contents/Developer/Platforms/WatchOS.platform/Developer/usr/bin/swift-plugin-server\#FoundationMacros -load-resolved-plugin /Applications/Xcode-26.3.0.app/Contents/Developer/Platforms/WatchOS.platform/Developer/usr/lib/swift/host/plugins/libObservationMacros.dylib\#/Applications/Xcode-26.3.0.app/Contents/Developer/Platforms/WatchOS.platform/Developer/usr/bin/swift-plugin-server\#ObservationMacros -load-resolved-plugin /Applications/Xcode-26.3.0.app/Contents/Developer/Platforms/WatchOS.platform/Developer/usr/lib/swift/host/plugins/libPreviewsMacros.dylib\#/Applications/Xcode-26.3.0.app/Contents/Developer/Platforms/WatchOS.platform/Developer/usr/bin/swift-plugin-server\#PreviewsMacros -load-resolved-plugin /Applications/Xcode-26.3.0.app/Contents/Developer/Platforms/WatchOS.platform/Developer/usr/lib/swift/host/plugins/libSwiftMacros.dylib\#/Applications/Xcode-26.3.0.app/Contents/Developer/Platforms/WatchOS.platform/Developer/usr/bin/swift-plugin-server\#SwiftMacros -load-resolved-plugin /Applications/Xcode-26.3.0.app/Contents/Developer/Platforms/WatchOS.platform/Developer/usr/lib/swift/host/plugins/libSwiftUIMacros.dylib\#/Applications/Xcode-26.3.0.app/Contents/Developer/Platforms/WatchOS.platform/Developer/usr/bin/swift-plugin-server\#SwiftUIMacros -disable-implicit-swift-modules -Xcc -fno-implicit-modules -Xcc -fno-implicit-module-maps -explicit-swift-module-map-file /Users/admin/builder/spi-builder-workspace/.derivedData/Build/Intermediates.noindex/GitTickets.build/Debug-watchos/GitTickets.build/Objects-normal/arm64_32/GitTickets-dependencies-1.json -enable-objc-interop -sdk /Applications/Xcode-26.3.0.app/Contents/Developer/Platforms/WatchOS.platform/Developer/SDKs/WatchOS26.2.sdk -I /Users/admin/builder/spi-builder-workspace/.derivedData/Build/Products/Debug-watchos -Isystem /Applications/Xcode-26.3.0.app/Contents/Developer/Platforms/WatchOS.platform/Developer/usr/lib -F /Users/admin/builder/spi-builder-workspace/.derivedData/Build/Products/Debug-watchos -F /Applications/Xcode-26.3.0.app/Contents/Developer/Platforms/WatchOS.platform/Developer/Library/Frameworks -F /Applications/Xcode-26.3.0.app/Contents/Developer/Platforms/WatchOS.platform/Developer/SDKs/WatchOS26.2.sdk/Developer/Library/Frameworks -no-color-diagnostics -Xcc -fno-color-diagnostics -enable-testing -g -debug-info-format\=dwarf -dwarf-version\=5 -module-cache-path /Users/admin/builder/spi-builder-workspace/.derivedData/Build/Intermediates.noindex/SwiftExplicitPrecompiledModules -profile-generate -profile-coverage-mapping -swift-version 6 -enforce-exclusivity\=checked -Onone -D SWIFT_PACKAGE -D DEBUG -D SWIFT_MODULE_RESOURCE_BUNDLE_AVAILABLE -D Xcode -serialize-debugging-options -const-gather-protocols-file /Users/admin/builder/spi-builder-workspace/.derivedData/Build/Intermediates.noindex/GitTickets.build/Debug-watchos/GitTickets.build/Objects-normal/arm64_32/GitTickets_const_extract_protocols.json -enable-experimental-feature DebugDescriptionMacro -empty-abi-descriptor -validate-clang-modules-once -clang-build-session-file /Users/admin/builder/spi-builder-workspace/.derivedData/ModuleCache.noindex/Session.modulevalidation -Xcc -working-directory -Xcc /Users/admin/builder/spi-builder-workspace/.swiftpm/xcode -enable-anonymous-context-mangled-names -file-compilation-dir /Users/admin/builder/spi-builder-workspace/.swiftpm/xcode -Xcc -D_LIBCPP_HARDENING_MODE\=_LIBCPP_HARDENING_MODE_DEBUG -Xcc -ivfsstatcache -Xcc /Users/admin/builder/spi-builder-workspace/.derivedData/SDKStatCaches.noindex/watchos26.2-23S303-dc75598d0054f22ec865fa860f139d721753b489057de6bda919edfa1c59a62b.sdkstatcache -Xcc -I/Users/admin/builder/spi-builder-workspace/.derivedData/Build/Intermediates.noindex/GitTickets.build/Debug-watchos/GitTickets.build/swift-overrides.hmap -Xcc -I/Users/admin/builder/spi-builder-workspace/.derivedData/Build/Products/Debug-watchos/include -Xcc -I/Users/admin/builder/spi-builder-workspace/.derivedData/Build/Intermediates.noindex/GitTickets.build/Debug-watchos/GitTickets.build/DerivedSources-normal/arm64_32 -Xcc -I/Users/admin/builder/spi-builder-workspace/.derivedData/Build/Intermediates.noindex/GitTickets.build/Debug-watchos/GitTickets.build/DerivedSources/arm64_32 -Xcc -I/Users/admin/builder/spi-builder-workspace/.derivedData/Build/Intermediates.noindex/GitTickets.build/Debug-watchos/GitTickets.build/DerivedSources -Xcc -DSWIFT_PACKAGE -Xcc -DDEBUG\=1 -no-auto-bridging-header-chaining -module-name GitTickets -package-name spi_builder_workspace -frontend-parseable-output -disable-clang-spi -target-sdk-version 26.2 -target-sdk-name watchos26.2 -clang-target arm64_32-apple-watchos26.2 -in-process-plugin-server-path /Applications/Xcode-26.3.0.app/Contents/Developer/Toolchains/XcodeDefault.xctoolchain/usr/lib/swift/host/libSwiftInProcPluginServer.dylib -emit-module-doc-path /Users/admin/builder/spi-builder-workspace/.derivedData/Build/Intermediates.noindex/GitTickets.build/Debug-watchos/GitTickets.build/Objects-normal/arm64_32/GitTickets.swiftdoc -emit-module-source-info-path /Users/admin/builder/spi-builder-workspace/.derivedData/Build/Intermediates.noindex/GitTickets.build/Debug-watchos/GitTickets.build/Objects-normal/arm64_32/GitTickets.swiftsourceinfo -emit-objc-header-path /Users/admin/builder/spi-builder-workspace/.derivedData/Build/Intermediates.noindex/GitTickets.build/Debug-watchos/GitTickets.build/Objects-normal/arm64_32/GitTickets-Swift.h -serialize-diagnostics-path /Users/admin/builder/spi-builder-workspace/.derivedData/Build/Intermediates.noindex/GitTickets.build/Debug-watchos/GitTickets.build/Objects-normal/arm64_32/GitTickets-primary-emit-module.dia -emit-dependencies-path /Users/admin/builder/spi-builder-workspace/.derivedData/Build/Intermediates.noindex/GitTickets.build/Debug-watchos/GitTickets.build/Objects-normal/arm64_32/GitTickets-primary-emit-module.d -o /Users/admin/builder/spi-builder-workspace/.derivedData/Build/Intermediates.noindex/GitTickets.build/Debug-watchos/GitTickets.build/Objects-normal/arm64_32/GitTickets.swiftmodule -emit-abi-descriptor-path /Users/admin/builder/spi-builder-workspace/.derivedData/Build/Intermediates.noindex/GitTickets.build/Debug-watchos/GitTickets.build/Objects-normal/arm64_32/GitTickets.abi.json
EmitSwiftModule normal arm64_32 (in target 'GitTickets' from project 'GitTickets')
cd /Users/admin/builder/spi-builder-workspace/.swiftpm/xcode
/Users/admin/builder/spi-builder-workspace/Sources/GitTickets/UI/SwiftUI/DeviceFlowSheet.swift:230:73: error: 'ASPresentationAnchor' is unavailable in watchOS
func presentationAnchor(for session: ASWebAuthenticationSession) -> ASPresentationAnchor {
^~~~~~~~~~~~~~~~~~~~
/Applications/Xcode-26.3.0.app/Contents/Developer/Platforms/WatchOS.platform/Developer/SDKs/WatchOS26.2.sdk/System/Library/Frameworks/AuthenticationServices.framework/Headers/ASFoundation.h:39:20: note: 'ASPresentationAnchor' has been explicitly marked unavailable here
typedef UIWindow * ASPresentationAnchor API_UNAVAILABLE(watchos);
^
/Users/admin/builder/spi-builder-workspace/Sources/GitTickets/UI/SwiftUI/DeviceFlowSheet.swift:229:52: error: 'ASWebAuthenticationPresentationContextProviding' is unavailable in watchOS
final class PresentationContextProvider: NSObject, ASWebAuthenticationPresentationContextProviding {
^~~~~~~~~~~~~~~~~~~~~~~~~~~~~~~~~~~~~~~~~~~~~~~
/Applications/Xcode-26.3.0.app/Contents/Developer/Platforms/WatchOS.platform/Developer/SDKs/WatchOS26.2.sdk/System/Library/Frameworks/AuthenticationServices.framework/Headers/ASWebAuthenticationSession.h:115:11: note: 'ASWebAuthenticationPresentationContextProviding' has been explicitly marked unavailable here
@protocol ASWebAuthenticationPresentationContextProviding <NSObject>
^
/Users/admin/builder/spi-builder-workspace/Sources/GitTickets/UI/SwiftUI/GitTicketsCommands.swift:31:20: error: 'CommandGroupPlacement' is unavailable in watchOS
let placement: CommandGroupPlacement
^~~~~~~~~~~~~~~~~~~~~
SwiftUI.CommandGroupPlacement:4:15: note: 'CommandGroupPlacement' has been explicitly marked unavailable here
public struct CommandGroupPlacement : Sendable {
^
/Users/admin/builder/spi-builder-workspace/Sources/GitTickets/UI/SwiftUI/GitTicketsCommands.swift:33:27: error: 'KeyboardShortcut' is unavailable in watchOS
let keyboardShortcut: KeyboardShortcut?
^~~~~~~~~~~~~~~~
SwiftUI.KeyboardShortcut:4:15: note: 'KeyboardShortcut' has been explicitly marked unavailable here
public struct KeyboardShortcut : Sendable {
^
/Users/admin/builder/spi-builder-workspace/Sources/GitTickets/UI/SwiftUI/GitTicketsCommands.swift:53:20: error: 'CommandGroupPlacement' is unavailable in watchOS
placement: CommandGroupPlacement = .help,
^~~~~~~~~~~~~~~~~~~~~
SwiftUI.CommandGroupPlacement:4:15: note: 'CommandGroupPlacement' has been explicitly marked unavailable here
public struct CommandGroupPlacement : Sendable {
^
/Users/admin/builder/spi-builder-workspace/Sources/GitTickets/UI/SwiftUI/GitTicketsCommands.swift:55:27: error: 'KeyboardShortcut' is unavailable in watchOS
keyboardShortcut: KeyboardShortcut? = nil,
^~~~~~~~~~~~~~~~
SwiftUI.KeyboardShortcut:4:15: note: 'KeyboardShortcut' has been explicitly marked unavailable here
public struct KeyboardShortcut : Sendable {
^
/Users/admin/builder/spi-builder-workspace/Sources/GitTickets/UI/SwiftUI/GitTicketsCommands.swift:66:27: error: 'Commands' is unavailable in watchOS
public var body: some Commands {
^~~~~~~~
SwiftUI.Commands:4:44: note: 'Commands' has been explicitly marked unavailable here
@MainActor @preconcurrency public protocol Commands {
^
/Users/admin/builder/spi-builder-workspace/Sources/GitTickets/UI/SwiftUI/GitTicketsCommands.swift:27:35: error: 'Commands' is unavailable in watchOS
public struct GitTicketsCommands: Commands {
^~~~~~~~
SwiftUI.Commands:4:44: note: 'Commands' has been explicitly marked unavailable here
@MainActor @preconcurrency public protocol Commands {
^
/Users/admin/builder/spi-builder-workspace/Sources/GitTickets/UI/SwiftUI/GitTicketsCommands.swift:27:15: error: type 'GitTicketsCommands' does not conform to protocol 'Commands'
public struct GitTicketsCommands: Commands {
^
/Users/admin/builder/spi-builder-workspace/Sources/GitTickets/UI/SwiftUI/GitTicketsCommands.swift:27:15: error: unavailable static method '_makeCommands(content:inputs:)' was used to satisfy a requirement of protocol 'Commands'
public struct GitTicketsCommands: Commands {
^
SwiftUI.Commands._makeCommands:3:34: note: '_makeCommands(content:inputs:)' declared here
nonisolated public static func _makeCommands(content: _GraphValue<Self>, inputs: _CommandsInputs) -> _CommandsOutputs}
^
SwiftUI.Commands._makeCommands:3:27: note: requirement '_makeCommands(content:inputs:)' declared here
nonisolated static func _makeCommands(content: _GraphValue<Self>, inputs: _CommandsInputs) -> _CommandsOutputs}
^
/Users/admin/builder/spi-builder-workspace/Sources/GitTickets/UI/SwiftUI/GitTicketsCommands.swift:27:15: error: unavailable instance method '_resolve(into:)' was used to satisfy a requirement of protocol 'Commands'
public struct GitTicketsCommands: Commands {
^
SwiftUI.Commands._resolve:2:40: note: '_resolve(into:)' declared here
@MainActor @preconcurrency public func _resolve(into resolved: inout _ResolvedCommands)}
^
SwiftUI.Commands._resolve:2:33: note: requirement '_resolve(into:)' declared here
@MainActor @preconcurrency func _resolve(into resolved: inout _ResolvedCommands)}
^
/Users/admin/builder/spi-builder-workspace/Sources/GitTickets/UI/SwiftUI/GitTicketsMyIssuesCommands.swift:22:20: error: 'CommandGroupPlacement' is unavailable in watchOS
let placement: CommandGroupPlacement
^~~~~~~~~~~~~~~~~~~~~
SwiftUI.CommandGroupPlacement:4:15: note: 'CommandGroupPlacement' has been explicitly marked unavailable here
public struct CommandGroupPlacement : Sendable {
^
/Users/admin/builder/spi-builder-workspace/Sources/GitTickets/UI/SwiftUI/GitTicketsMyIssuesCommands.swift:24:27: error: 'KeyboardShortcut' is unavailable in watchOS
let keyboardShortcut: KeyboardShortcut?
^~~~~~~~~~~~~~~~
SwiftUI.KeyboardShortcut:4:15: note: 'KeyboardShortcut' has been explicitly marked unavailable here
public struct KeyboardShortcut : Sendable {
^
/Users/admin/builder/spi-builder-workspace/Sources/GitTickets/UI/SwiftUI/GitTicketsMyIssuesCommands.swift:42:20: error: 'CommandGroupPlacement' is unavailable in watchOS
placement: CommandGroupPlacement = .help,
^~~~~~~~~~~~~~~~~~~~~
SwiftUI.CommandGroupPlacement:4:15: note: 'CommandGroupPlacement' has been explicitly marked unavailable here
public struct CommandGroupPlacement : Sendable {
^
/Users/admin/builder/spi-builder-workspace/Sources/GitTickets/UI/SwiftUI/GitTicketsMyIssuesCommands.swift:44:27: error: 'KeyboardShortcut' is unavailable in watchOS
keyboardShortcut: KeyboardShortcut? = nil,
^~~~~~~~~~~~~~~~
SwiftUI.KeyboardShortcut:4:15: note: 'KeyboardShortcut' has been explicitly marked unavailable here
public struct KeyboardShortcut : Sendable {
^
/Users/admin/builder/spi-builder-workspace/Sources/GitTickets/UI/SwiftUI/GitTicketsMyIssuesCommands.swift:55:27: error: 'Commands' is unavailable in watchOS
public var body: some Commands {
^~~~~~~~
SwiftUI.Commands:4:44: note: 'Commands' has been explicitly marked unavailable here
@MainActor @preconcurrency public protocol Commands {
^
/Users/admin/builder/spi-builder-workspace/Sources/GitTickets/UI/SwiftUI/GitTicketsMyIssuesCommands.swift:18:43: error: 'Commands' is unavailable in watchOS
public struct GitTicketsMyIssuesCommands: Commands {
^~~~~~~~
SwiftUI.Commands:4:44: note: 'Commands' has been explicitly marked unavailable here
@MainActor @preconcurrency public protocol Commands {
^
/Users/admin/builder/spi-builder-workspace/Sources/GitTickets/UI/SwiftUI/GitTicketsMyIssuesCommands.swift:18:15: error: type 'GitTicketsMyIssuesCommands' does not conform to protocol 'Commands'
public struct GitTicketsMyIssuesCommands: Commands {
^
/Users/admin/builder/spi-builder-workspace/Sources/GitTickets/UI/SwiftUI/GitTicketsMyIssuesCommands.swift:18:15: error: unavailable static method '_makeCommands(content:inputs:)' was used to satisfy a requirement of protocol 'Commands'
public struct GitTicketsMyIssuesCommands: Commands {
^
SwiftUI.Commands._makeCommands:3:34: note: '_makeCommands(content:inputs:)' declared here
nonisolated public static func _makeCommands(content: _GraphValue<Self>, inputs: _CommandsInputs) -> _CommandsOutputs}
^
SwiftUI.Commands._makeCommands:3:27: note: requirement '_makeCommands(content:inputs:)' declared here
nonisolated static func _makeCommands(content: _GraphValue<Self>, inputs: _CommandsInputs) -> _CommandsOutputs}
^
/Users/admin/builder/spi-builder-workspace/Sources/GitTickets/UI/SwiftUI/GitTicketsMyIssuesCommands.swift:18:15: error: unavailable instance method '_resolve(into:)' was used to satisfy a requirement of protocol 'Commands'
public struct GitTicketsMyIssuesCommands: Commands {
^
SwiftUI.Commands._resolve:2:40: note: '_resolve(into:)' declared here
@MainActor @preconcurrency public func _resolve(into resolved: inout _ResolvedCommands)}
^
SwiftUI.Commands._resolve:2:33: note: requirement '_resolve(into:)' declared here
@MainActor @preconcurrency func _resolve(into resolved: inout _ResolvedCommands)}
^
SwiftCompile normal arm64_32 Compiling\ IssueBodyBuilder.swift,\ DeviceInfo.swift,\ DiagnosticsBlob.swift,\ DiagnosticsCollector.swift,\ OSLogTailer.swift,\ RedactionPipeline.swift /Users/admin/builder/spi-builder-workspace/Sources/GitTickets/Bodybuilder/IssueBodyBuilder.swift /Users/admin/builder/spi-builder-workspace/Sources/GitTickets/Diagnostics/DeviceInfo.swift /Users/admin/builder/spi-builder-workspace/Sources/GitTickets/Diagnostics/DiagnosticsBlob.swift /Users/admin/builder/spi-builder-workspace/Sources/GitTickets/Diagnostics/DiagnosticsCollector.swift /Users/admin/builder/spi-builder-workspace/Sources/GitTickets/Diagnostics/OSLogTailer.swift /Users/admin/builder/spi-builder-workspace/Sources/GitTickets/Diagnostics/RedactionPipeline.swift (in target 'GitTickets' from project 'GitTickets')
SwiftCompile normal arm64_32 /Users/admin/builder/spi-builder-workspace/Sources/GitTickets/Bodybuilder/IssueBodyBuilder.swift (in target 'GitTickets' from project 'GitTickets')
cd /Users/admin/builder/spi-builder-workspace/.swiftpm/xcode
SwiftCompile normal arm64_32 /Users/admin/builder/spi-builder-workspace/Sources/GitTickets/Diagnostics/DeviceInfo.swift (in target 'GitTickets' from project 'GitTickets')
cd /Users/admin/builder/spi-builder-workspace/.swiftpm/xcode
SwiftCompile normal arm64_32 /Users/admin/builder/spi-builder-workspace/Sources/GitTickets/Diagnostics/DiagnosticsBlob.swift (in target 'GitTickets' from project 'GitTickets')
cd /Users/admin/builder/spi-builder-workspace/.swiftpm/xcode
SwiftCompile normal arm64_32 /Users/admin/builder/spi-builder-workspace/Sources/GitTickets/Diagnostics/DiagnosticsCollector.swift (in target 'GitTickets' from project 'GitTickets')
cd /Users/admin/builder/spi-builder-workspace/.swiftpm/xcode
SwiftCompile normal arm64_32 /Users/admin/builder/spi-builder-workspace/Sources/GitTickets/Diagnostics/OSLogTailer.swift (in target 'GitTickets' from project 'GitTickets')
cd /Users/admin/builder/spi-builder-workspace/.swiftpm/xcode
SwiftCompile normal arm64_32 /Users/admin/builder/spi-builder-workspace/Sources/GitTickets/Diagnostics/RedactionPipeline.swift (in target 'GitTickets' from project 'GitTickets')
cd /Users/admin/builder/spi-builder-workspace/.swiftpm/xcode
SwiftEmitModule normal arm64 Emitting\ module\ for\ GitTickets (in target 'GitTickets' from project 'GitTickets')
2026-10-09 04:01:58.639 xcodebuild[850:5069] [MT] IDERunDestination: Supported platforms for the buildables in the current scheme is empty.
** BUILD FAILED **
The following build commands failed:
SwiftEmitModule normal arm64_32 Emitting\ module\ for\ GitTickets (in target 'GitTickets' from project 'GitTickets')
EmitSwiftModule normal arm64_32 (in target 'GitTickets' from project 'GitTickets')
Building workspace spi-builder-workspace with scheme GitTickets
(3 failures)
Command line invocation:
/Applications/Xcode-26.3.0.app/Contents/Developer/usr/bin/xcodebuild -IDEClonedSourcePackagesDirPathOverride=/Users/admin/builder/spi-builder-workspace/.dependencies -resolvePackageDependencies
Resolve Package Graph
Resolved source packages:
xctest-dynamic-overlay: https://github.com/pointfreeco/xctest-dynamic-overlay @ 1.13.1
swift-snapshot-testing: https://github.com/pointfreeco/swift-snapshot-testing @ 1.19.6
GitTickets: /Users/admin/builder/spi-builder-workspace
swift-custom-dump: https://github.com/pointfreeco/swift-custom-dump @ 1.7.3
swift-syntax: https://github.com/swiftlang/swift-syntax @ 604.0.0
resolved source packages: xctest-dynamic-overlay, swift-snapshot-testing, GitTickets, swift-custom-dump, swift-syntax
2026-10-09 04:02:08.149 xcodebuild[1053:5862] [MT] IDERunDestination: Supported platforms for the buildables in the current scheme is empty.
{
"default_localization" : "en",
"dependencies" : [
{
"identity" : "swift-snapshot-testing",
"requirement" : {
"range" : [
{
"lower_bound" : "1.17.0",
"upper_bound" : "2.0.0"
}
]
},
"type" : "sourceControl",
"url" : "https://github.com/pointfreeco/swift-snapshot-testing"
}
],
"manifest_display_name" : "GitTickets",
"name" : "GitTickets",
"path" : "/Users/admin/builder/spi-builder-workspace",
"platforms" : [
{
"name" : "macos",
"version" : "14.0"
},
{
"name" : "ios",
"version" : "18.0"
}
],
"products" : [
{
"name" : "GitTickets",
"targets" : [
"GitTickets"
],
"type" : {
"library" : [
"automatic"
]
}
}
],
"swift_languages_versions" : [
"6"
],
"targets" : [
{
"c99name" : "GitTicketsTests",
"module_type" : "SwiftTarget",
"name" : "GitTicketsTests",
"path" : "Tests/GitTicketsTests",
"product_dependencies" : [
"SnapshotTesting"
],
"sources" : [
"Auth/DeviceFlow/DeviceFlowCoordinatorTests.swift",
"Auth/DeviceFlow/DeviceFlowSubmitterTests.swift",
"Auth/DeviceFlow/TokenStoreTests.swift",
"Auth/RelayClientTests.swift",
"Auth/RelaySignatureTests.swift",
"Auth/RelaySubmitterTests.swift",
"Auth/SharedSecretInfoPlistTests.swift",
"Bodybuilder/BodyTemplatesTests.swift",
"Bodybuilder/CorrelationMarkerTests.swift",
"Bodybuilder/IssueBodyBuilderTests.swift",
"Diagnostics/DeviceInfoTests.swift",
"Diagnostics/DiagnosticsCollectorTests.swift",
"Diagnostics/RedactionPipelineTests.swift",
"GitTicketsTests.swift",
"Networking/HTTPClientTests.swift",
"Networking/RateLimitBackoffTests.swift",
"Networking/UserAgentTests.swift",
"PublicAPI/MyIssuesRefreshTests.swift",
"PublicAPI/UnreadRepliesTests.swift",
"Screenshot/ScreenshotCaptureTests.swift",
"Storage/DeviceIdentityTests.swift",
"Storage/KeychainTests.swift",
"Storage/SQLiteTestSupport.swift",
"Storage/SubmissionCacheTests.swift",
"UI/AppKit/GitTicketsMenuItemFactoryTests.swift",
"UI/AppKit/ReportWindowControllerTests.swift",
"UI/SwiftUI/AttachmentPreviewSheetTests.swift",
"UI/SwiftUI/GitTicketsCommandsTests.swift",
"UI/SwiftUI/GitTicketsMyIssuesCommandsTests.swift",
"UI/SwiftUI/GitTicketsMyIssuesViewTests.swift",
"UI/SwiftUI/GitTicketsViewTests.swift",
"UI/SwiftUI/IssueDetailVisibilityTests.swift",
"UI/SwiftUI/RefreshTriggersTests.swift",
"UI/SwiftUI/SnapshotTests.swift",
"UI/UIKit/GitTicketsViewControllerTests.swift"
],
"target_dependencies" : [
"GitTickets"
],
"type" : "test"
},
{
"c99name" : "GitTickets",
"module_type" : "SwiftTarget",
"name" : "GitTickets",
"path" : "Sources/GitTickets",
"product_memberships" : [
"GitTickets"
],
"resources" : [
{
"path" : "/Users/admin/builder/spi-builder-workspace/Sources/GitTickets/PrivacyInfo.xcprivacy",
"rule" : {
"copy" : {
}
}
}
],
"sources" : [
"Auth/DeviceFlow/DeviceFlowCoordinator.swift",
"Auth/DeviceFlow/DeviceFlowPayloads.swift",
"Auth/DeviceFlow/DeviceFlowSubmitter.swift",
"Auth/DeviceFlow/TokenStore.swift",
"Auth/IssueSubmitter.swift",
"Auth/Relay/RelayClient.swift",
"Auth/Relay/RelayPayload.swift",
"Auth/Relay/RelaySignature.swift",
"Auth/Relay/RelaySubmitter.swift",
"Bodybuilder/BodyTemplates.swift",
"Bodybuilder/CorrelationMarker.swift",
"Bodybuilder/IssueBodyBuilder.swift",
"Diagnostics/DeviceInfo.swift",
"Diagnostics/DiagnosticsBlob.swift",
"Diagnostics/DiagnosticsCollector.swift",
"Diagnostics/OSLogTailer.swift",
"Diagnostics/RedactionPipeline.swift",
"Networking/HTTPClient.swift",
"Networking/RateLimitBackoff.swift",
"Networking/UserAgent.swift",
"PublicAPI/AuthMode.swift",
"PublicAPI/Configuration.swift",
"PublicAPI/GitTickets.swift",
"PublicAPI/GitTicketsError.swift",
"PublicAPI/Logger.swift",
"PublicAPI/Models.swift",
"PublicAPI/MyIssuesRefresh.swift",
"PublicAPI/Policies.swift",
"PublicAPI/Theme.swift",
"Screenshot/ScreenshotCapture+iOS.swift",
"Screenshot/ScreenshotCapture+macOS.swift",
"Screenshot/ScreenshotCapture.swift",
"Storage/DeviceIdentity.swift",
"Storage/Keychain.swift",
"Storage/SubmissionCache.swift",
"Storage/SubmissionRecord.swift",
"UI/AppKit/GitTicketsMenuItemFactory.swift",
"UI/AppKit/ReportWindowController.swift",
"UI/SwiftUI/AttachmentPreviewSheet.swift",
"UI/SwiftUI/DeviceFlowSheet.swift",
"UI/SwiftUI/DiagnosticsDisclosure.swift",
"UI/SwiftUI/GitTicketsCommands.swift",
"UI/SwiftUI/GitTicketsFormFields.swift",
"UI/SwiftUI/GitTicketsMyIssuesCommands.swift",
"UI/SwiftUI/GitTicketsMyIssuesView.swift",
"UI/SwiftUI/GitTicketsSupportingViews.swift",
"UI/SwiftUI/GitTicketsTheme+Support.swift",
"UI/SwiftUI/GitTicketsView.swift",
"UI/SwiftUI/HeaderImage.swift",
"UI/SwiftUI/IssueDetailComponents.swift",
"UI/SwiftUI/IssueDetailView.swift",
"UI/SwiftUI/MarkdownCommentView.swift",
"UI/SwiftUI/PrivacyBanner.swift",
"UI/SwiftUI/RefreshTriggers.swift",
"UI/SwiftUI/ReportFormFields.swift",
"UI/SwiftUI/ScreenshotThumbnail.swift",
"UI/UIKit/GitTicketsViewController.swift"
],
"type" : "library"
}
],
"tools_version" : "6.0"
}
{
"workspace" : {
"name" : "spi-builder-workspace",
"schemes" : [
"GitTickets"
]
}
}
2026-10-09 04:02:09.552 xcodebuild[1073:5976] [MT] IDERunDestination: Supported platforms for the buildables in the current scheme is empty.
Running build ...
env DEVELOPER_DIR=/Applications/Xcode-26.3.0.app xcrun xcodebuild -IDEClonedSourcePackagesDirPathOverride=$PWD/.dependencies -skipMacroValidation -skipPackagePluginValidation -derivedDataPath $PWD/.derivedData build -scheme GitTickets -destination generic/platform=watchOS
Command line invocation:
/Applications/Xcode-26.3.0.app/Contents/Developer/usr/bin/xcodebuild -IDEClonedSourcePackagesDirPathOverride=/Users/admin/builder/spi-builder-workspace/.dependencies -skipMacroValidation -skipPackagePluginValidation -derivedDataPath /Users/admin/builder/spi-builder-workspace/.derivedData build -scheme GitTickets -destination generic/platform=watchOS
Resolve Package Graph
Resolved source packages:
swift-syntax: https://github.com/swiftlang/swift-syntax @ 604.0.0
xctest-dynamic-overlay: https://github.com/pointfreeco/xctest-dynamic-overlay @ 1.13.1
swift-snapshot-testing: https://github.com/pointfreeco/swift-snapshot-testing @ 1.19.6
swift-custom-dump: https://github.com/pointfreeco/swift-custom-dump @ 1.7.3
GitTickets: /Users/admin/builder/spi-builder-workspace
ComputePackagePrebuildTargetDependencyGraph
Prepare packages
CreateBuildRequest
SendProjectDescription
CreateBuildOperation
ComputeTargetDependencyGraph
note: Building targets in dependency order
note: Target dependency graph (3 targets)
Target 'GitTickets' in project 'GitTickets'
➜ Explicit dependency on target 'GitTickets' in project 'GitTickets'
➜ Explicit dependency on target 'GitTickets_GitTickets' in project 'GitTickets'
Target 'GitTickets' in project 'GitTickets'
➜ Explicit dependency on target 'GitTickets_GitTickets' in project 'GitTickets'
Target 'GitTickets_GitTickets' in project 'GitTickets' (no dependencies)
GatherProvisioningInputs
CreateBuildDescription
ClangStatCache /Applications/Xcode-26.3.0.app/Contents/Developer/Toolchains/XcodeDefault.xctoolchain/usr/bin/clang-stat-cache /Applications/Xcode-26.3.0.app/Contents/Developer/Platforms/WatchOS.platform/Developer/SDKs/WatchOS26.2.sdk /Users/admin/builder/spi-builder-workspace/.derivedData/SDKStatCaches.noindex/watchos26.2-23S303-dc75598d0054f22ec865fa860f139d721753b489057de6bda919edfa1c59a62b.sdkstatcache
cd /Users/admin/builder/spi-builder-workspace/.swiftpm/xcode
/Applications/Xcode-26.3.0.app/Contents/Developer/Toolchains/XcodeDefault.xctoolchain/usr/bin/clang-stat-cache /Applications/Xcode-26.3.0.app/Contents/Developer/Platforms/WatchOS.platform/Developer/SDKs/WatchOS26.2.sdk -o /Users/admin/builder/spi-builder-workspace/.derivedData/SDKStatCaches.noindex/watchos26.2-23S303-dc75598d0054f22ec865fa860f139d721753b489057de6bda919edfa1c59a62b.sdkstatcache
SwiftDriver GitTickets normal arm64 com.apple.xcode.tools.swift.compiler (in target 'GitTickets' from project 'GitTickets')
cd /Users/admin/builder/spi-builder-workspace/.swiftpm/xcode
builtin-SwiftDriver -- /Applications/Xcode-26.3.0.app/Contents/Developer/Toolchains/XcodeDefault.xctoolchain/usr/bin/swiftc -module-name GitTickets -Onone -enforce-exclusivity\=checked @/Users/admin/builder/spi-builder-workspace/.derivedData/Build/Intermediates.noindex/GitTickets.build/Debug-watchos/GitTickets.build/Objects-normal/arm64/GitTickets.SwiftFileList -DSWIFT_PACKAGE -DDEBUG -DSWIFT_MODULE_RESOURCE_BUNDLE_AVAILABLE -DXcode -plugin-path /Applications/Xcode-26.3.0.app/Contents/Developer/Toolchains/XcodeDefault.xctoolchain/usr/lib/swift/host/plugins/testing -enable-experimental-feature DebugDescriptionMacro -sdk /Applications/Xcode-26.3.0.app/Contents/Developer/Platforms/WatchOS.platform/Developer/SDKs/WatchOS26.2.sdk -target arm64-apple-watchos11.0 -g -module-cache-path /Users/admin/builder/spi-builder-workspace/.derivedData/ModuleCache.noindex -Xfrontend -serialize-debugging-options -profile-coverage-mapping -profile-generate -enable-testing -index-store-path /Users/admin/builder/spi-builder-workspace/.derivedData/Index.noindex/DataStore -Xcc -D_LIBCPP_HARDENING_MODE\=_LIBCPP_HARDENING_MODE_DEBUG -swift-version 6 -I /Users/admin/builder/spi-builder-workspace/.derivedData/Build/Products/Debug-watchos -Isystem /Applications/Xcode-26.3.0.app/Contents/Developer/Platforms/WatchOS.platform/Developer/usr/lib -F /Users/admin/builder/spi-builder-workspace/.derivedData/Build/Products/Debug-watchos -F /Applications/Xcode-26.3.0.app/Contents/Developer/Platforms/WatchOS.platform/Developer/Library/Frameworks -F /Applications/Xcode-26.3.0.app/Contents/Developer/Platforms/WatchOS.platform/Developer/SDKs/WatchOS26.2.sdk/Developer/Library/Frameworks -emit-localized-strings -emit-localized-strings-path /Users/admin/builder/spi-builder-workspace/.derivedData/Build/Intermediates.noindex/GitTickets.build/Debug-watchos/GitTickets.build/Objects-normal/arm64 -c -j10 -enable-batch-mode -incremental -Xcc -ivfsstatcache -Xcc /Users/admin/builder/spi-builder-workspace/.derivedData/SDKStatCaches.noindex/watchos26.2-23S303-dc75598d0054f22ec865fa860f139d721753b489057de6bda919edfa1c59a62b.sdkstatcache -output-file-map /Users/admin/builder/spi-builder-workspace/.derivedData/Build/Intermediates.noindex/GitTickets.build/Debug-watchos/GitTickets.build/Objects-normal/arm64/GitTickets-OutputFileMap.json -use-frontend-parseable-output -save-temps -no-color-diagnostics -explicit-module-build -module-cache-path /Users/admin/builder/spi-builder-workspace/.derivedData/Build/Intermediates.noindex/SwiftExplicitPrecompiledModules -clang-scanner-module-cache-path /Users/admin/builder/spi-builder-workspace/.derivedData/ModuleCache.noindex -sdk-module-cache-path /Users/admin/builder/spi-builder-workspace/.derivedData/ModuleCache.noindex -serialize-diagnostics -emit-dependencies -emit-module -emit-module-path /Users/admin/builder/spi-builder-workspace/.derivedData/Build/Intermediates.noindex/GitTickets.build/Debug-watchos/GitTickets.build/Objects-normal/arm64/GitTickets.swiftmodule -validate-clang-modules-once -clang-build-session-file /Users/admin/builder/spi-builder-workspace/.derivedData/ModuleCache.noindex/Session.modulevalidation -package-name spi_builder_workspace -Xcc -I/Users/admin/builder/spi-builder-workspace/.derivedData/Build/Intermediates.noindex/GitTickets.build/Debug-watchos/GitTickets.build/swift-overrides.hmap -emit-const-values -Xfrontend -const-gather-protocols-file -Xfrontend /Users/admin/builder/spi-builder-workspace/.derivedData/Build/Intermediates.noindex/GitTickets.build/Debug-watchos/GitTickets.build/Objects-normal/arm64/GitTickets_const_extract_protocols.json -Xcc -I/Users/admin/builder/spi-builder-workspace/.derivedData/Build/Products/Debug-watchos/include -Xcc -I/Users/admin/builder/spi-builder-workspace/.derivedData/Build/Intermediates.noindex/GitTickets.build/Debug-watchos/GitTickets.build/DerivedSources-normal/arm64 -Xcc -I/Users/admin/builder/spi-builder-workspace/.derivedData/Build/Intermediates.noindex/GitTickets.build/Debug-watchos/GitTickets.build/DerivedSources/arm64 -Xcc -I/Users/admin/builder/spi-builder-workspace/.derivedData/Build/Intermediates.noindex/GitTickets.build/Debug-watchos/GitTickets.build/DerivedSources -Xcc -DSWIFT_PACKAGE -Xcc -DDEBUG\=1 -emit-objc-header -emit-objc-header-path /Users/admin/builder/spi-builder-workspace/.derivedData/Build/Intermediates.noindex/GitTickets.build/Debug-watchos/GitTickets.build/Objects-normal/arm64/GitTickets-Swift.h -working-directory /Users/admin/builder/spi-builder-workspace/.swiftpm/xcode -experimental-emit-module-separately -disable-cmo
SwiftDriver GitTickets normal arm64_32 com.apple.xcode.tools.swift.compiler (in target 'GitTickets' from project 'GitTickets')
cd /Users/admin/builder/spi-builder-workspace/.swiftpm/xcode
builtin-SwiftDriver -- /Applications/Xcode-26.3.0.app/Contents/Developer/Toolchains/XcodeDefault.xctoolchain/usr/bin/swiftc -module-name GitTickets -Onone -enforce-exclusivity\=checked @/Users/admin/builder/spi-builder-workspace/.derivedData/Build/Intermediates.noindex/GitTickets.build/Debug-watchos/GitTickets.build/Objects-normal/arm64_32/GitTickets.SwiftFileList -DSWIFT_PACKAGE -DDEBUG -DSWIFT_MODULE_RESOURCE_BUNDLE_AVAILABLE -DXcode -plugin-path /Applications/Xcode-26.3.0.app/Contents/Developer/Toolchains/XcodeDefault.xctoolchain/usr/lib/swift/host/plugins/testing -enable-experimental-feature DebugDescriptionMacro -sdk /Applications/Xcode-26.3.0.app/Contents/Developer/Platforms/WatchOS.platform/Developer/SDKs/WatchOS26.2.sdk -target arm64_32-apple-watchos11.0 -g -module-cache-path /Users/admin/builder/spi-builder-workspace/.derivedData/ModuleCache.noindex -Xfrontend -serialize-debugging-options -profile-coverage-mapping -profile-generate -enable-testing -index-store-path /Users/admin/builder/spi-builder-workspace/.derivedData/Index.noindex/DataStore -Xcc -D_LIBCPP_HARDENING_MODE\=_LIBCPP_HARDENING_MODE_DEBUG -swift-version 6 -I /Users/admin/builder/spi-builder-workspace/.derivedData/Build/Products/Debug-watchos -Isystem /Applications/Xcode-26.3.0.app/Contents/Developer/Platforms/WatchOS.platform/Developer/usr/lib -F /Users/admin/builder/spi-builder-workspace/.derivedData/Build/Products/Debug-watchos -F /Applications/Xcode-26.3.0.app/Contents/Developer/Platforms/WatchOS.platform/Developer/Library/Frameworks -F /Applications/Xcode-26.3.0.app/Contents/Developer/Platforms/WatchOS.platform/Developer/SDKs/WatchOS26.2.sdk/Developer/Library/Frameworks -emit-localized-strings -emit-localized-strings-path /Users/admin/builder/spi-builder-workspace/.derivedData/Build/Intermediates.noindex/GitTickets.build/Debug-watchos/GitTickets.build/Objects-normal/arm64_32 -c -j10 -enable-batch-mode -incremental -Xcc -ivfsstatcache -Xcc /Users/admin/builder/spi-builder-workspace/.derivedData/SDKStatCaches.noindex/watchos26.2-23S303-dc75598d0054f22ec865fa860f139d721753b489057de6bda919edfa1c59a62b.sdkstatcache -output-file-map /Users/admin/builder/spi-builder-workspace/.derivedData/Build/Intermediates.noindex/GitTickets.build/Debug-watchos/GitTickets.build/Objects-normal/arm64_32/GitTickets-OutputFileMap.json -use-frontend-parseable-output -save-temps -no-color-diagnostics -explicit-module-build -module-cache-path /Users/admin/builder/spi-builder-workspace/.derivedData/Build/Intermediates.noindex/SwiftExplicitPrecompiledModules -clang-scanner-module-cache-path /Users/admin/builder/spi-builder-workspace/.derivedData/ModuleCache.noindex -sdk-module-cache-path /Users/admin/builder/spi-builder-workspace/.derivedData/ModuleCache.noindex -serialize-diagnostics -emit-dependencies -emit-module -emit-module-path /Users/admin/builder/spi-builder-workspace/.derivedData/Build/Intermediates.noindex/GitTickets.build/Debug-watchos/GitTickets.build/Objects-normal/arm64_32/GitTickets.swiftmodule -validate-clang-modules-once -clang-build-session-file /Users/admin/builder/spi-builder-workspace/.derivedData/ModuleCache.noindex/Session.modulevalidation -package-name spi_builder_workspace -Xcc -I/Users/admin/builder/spi-builder-workspace/.derivedData/Build/Intermediates.noindex/GitTickets.build/Debug-watchos/GitTickets.build/swift-overrides.hmap -emit-const-values -Xfrontend -const-gather-protocols-file -Xfrontend /Users/admin/builder/spi-builder-workspace/.derivedData/Build/Intermediates.noindex/GitTickets.build/Debug-watchos/GitTickets.build/Objects-normal/arm64_32/GitTickets_const_extract_protocols.json -Xcc -I/Users/admin/builder/spi-builder-workspace/.derivedData/Build/Products/Debug-watchos/include -Xcc -I/Users/admin/builder/spi-builder-workspace/.derivedData/Build/Intermediates.noindex/GitTickets.build/Debug-watchos/GitTickets.build/DerivedSources-normal/arm64_32 -Xcc -I/Users/admin/builder/spi-builder-workspace/.derivedData/Build/Intermediates.noindex/GitTickets.build/Debug-watchos/GitTickets.build/DerivedSources/arm64_32 -Xcc -I/Users/admin/builder/spi-builder-workspace/.derivedData/Build/Intermediates.noindex/GitTickets.build/Debug-watchos/GitTickets.build/DerivedSources -Xcc -DSWIFT_PACKAGE -Xcc -DDEBUG\=1 -emit-objc-header -emit-objc-header-path /Users/admin/builder/spi-builder-workspace/.derivedData/Build/Intermediates.noindex/GitTickets.build/Debug-watchos/GitTickets.build/Objects-normal/arm64_32/GitTickets-Swift.h -working-directory /Users/admin/builder/spi-builder-workspace/.swiftpm/xcode -experimental-emit-module-separately -disable-cmo
SwiftEmitModule normal arm64_32 Emitting\ module\ for\ GitTickets (in target 'GitTickets' from project 'GitTickets')
EmitSwiftModule normal arm64_32 (in target 'GitTickets' from project 'GitTickets')
cd /Users/admin/builder/spi-builder-workspace/.swiftpm/xcode
/Users/admin/builder/spi-builder-workspace/Sources/GitTickets/UI/SwiftUI/DeviceFlowSheet.swift:230:73: error: 'ASPresentationAnchor' is unavailable in watchOS
func presentationAnchor(for session: ASWebAuthenticationSession) -> ASPresentationAnchor {
^~~~~~~~~~~~~~~~~~~~
/Applications/Xcode-26.3.0.app/Contents/Developer/Platforms/WatchOS.platform/Developer/SDKs/WatchOS26.2.sdk/System/Library/Frameworks/AuthenticationServices.framework/Headers/ASFoundation.h:39:20: note: 'ASPresentationAnchor' has been explicitly marked unavailable here
typedef UIWindow * ASPresentationAnchor API_UNAVAILABLE(watchos);
^
/Users/admin/builder/spi-builder-workspace/Sources/GitTickets/UI/SwiftUI/DeviceFlowSheet.swift:229:52: error: 'ASWebAuthenticationPresentationContextProviding' is unavailable in watchOS
final class PresentationContextProvider: NSObject, ASWebAuthenticationPresentationContextProviding {
^~~~~~~~~~~~~~~~~~~~~~~~~~~~~~~~~~~~~~~~~~~~~~~
/Applications/Xcode-26.3.0.app/Contents/Developer/Platforms/WatchOS.platform/Developer/SDKs/WatchOS26.2.sdk/System/Library/Frameworks/AuthenticationServices.framework/Headers/ASWebAuthenticationSession.h:115:11: note: 'ASWebAuthenticationPresentationContextProviding' has been explicitly marked unavailable here
@protocol ASWebAuthenticationPresentationContextProviding <NSObject>
^
/Users/admin/builder/spi-builder-workspace/Sources/GitTickets/UI/SwiftUI/GitTicketsCommands.swift:31:20: error: 'CommandGroupPlacement' is unavailable in watchOS
let placement: CommandGroupPlacement
^~~~~~~~~~~~~~~~~~~~~
SwiftUI.CommandGroupPlacement:4:15: note: 'CommandGroupPlacement' has been explicitly marked unavailable here
public struct CommandGroupPlacement : Sendable {
^
/Users/admin/builder/spi-builder-workspace/Sources/GitTickets/UI/SwiftUI/GitTicketsCommands.swift:33:27: error: 'KeyboardShortcut' is unavailable in watchOS
let keyboardShortcut: KeyboardShortcut?
^~~~~~~~~~~~~~~~
SwiftUI.KeyboardShortcut:4:15: note: 'KeyboardShortcut' has been explicitly marked unavailable here
public struct KeyboardShortcut : Sendable {
^
/Users/admin/builder/spi-builder-workspace/Sources/GitTickets/UI/SwiftUI/GitTicketsCommands.swift:53:20: error: 'CommandGroupPlacement' is unavailable in watchOS
placement: CommandGroupPlacement = .help,
^~~~~~~~~~~~~~~~~~~~~
SwiftUI.CommandGroupPlacement:4:15: note: 'CommandGroupPlacement' has been explicitly marked unavailable here
public struct CommandGroupPlacement : Sendable {
^
/Users/admin/builder/spi-builder-workspace/Sources/GitTickets/UI/SwiftUI/GitTicketsCommands.swift:55:27: error: 'KeyboardShortcut' is unavailable in watchOS
keyboardShortcut: KeyboardShortcut? = nil,
^~~~~~~~~~~~~~~~
SwiftUI.KeyboardShortcut:4:15: note: 'KeyboardShortcut' has been explicitly marked unavailable here
public struct KeyboardShortcut : Sendable {
^
/Users/admin/builder/spi-builder-workspace/Sources/GitTickets/UI/SwiftUI/GitTicketsCommands.swift:66:27: error: 'Commands' is unavailable in watchOS
public var body: some Commands {
^~~~~~~~
SwiftUI.Commands:4:44: note: 'Commands' has been explicitly marked unavailable here
@MainActor @preconcurrency public protocol Commands {
^
/Users/admin/builder/spi-builder-workspace/Sources/GitTickets/UI/SwiftUI/GitTicketsCommands.swift:27:35: error: 'Commands' is unavailable in watchOS
public struct GitTicketsCommands: Commands {
^~~~~~~~
SwiftUI.Commands:4:44: note: 'Commands' has been explicitly marked unavailable here
@MainActor @preconcurrency public protocol Commands {
^
/Users/admin/builder/spi-builder-workspace/Sources/GitTickets/UI/SwiftUI/GitTicketsCommands.swift:27:15: error: type 'GitTicketsCommands' does not conform to protocol 'Commands'
public struct GitTicketsCommands: Commands {
^
/Users/admin/builder/spi-builder-workspace/Sources/GitTickets/UI/SwiftUI/GitTicketsCommands.swift:27:15: error: unavailable static method '_makeCommands(content:inputs:)' was used to satisfy a requirement of protocol 'Commands'
public struct GitTicketsCommands: Commands {
^
SwiftUI.Commands._makeCommands:3:34: note: '_makeCommands(content:inputs:)' declared here
nonisolated public static func _makeCommands(content: _GraphValue<Self>, inputs: _CommandsInputs) -> _CommandsOutputs}
^
SwiftUI.Commands._makeCommands:3:27: note: requirement '_makeCommands(content:inputs:)' declared here
nonisolated static func _makeCommands(content: _GraphValue<Self>, inputs: _CommandsInputs) -> _CommandsOutputs}
^
/Users/admin/builder/spi-builder-workspace/Sources/GitTickets/UI/SwiftUI/GitTicketsCommands.swift:27:15: error: unavailable instance method '_resolve(into:)' was used to satisfy a requirement of protocol 'Commands'
public struct GitTicketsCommands: Commands {
^
SwiftUI.Commands._resolve:2:40: note: '_resolve(into:)' declared here
@MainActor @preconcurrency public func _resolve(into resolved: inout _ResolvedCommands)}
^
SwiftUI.Commands._resolve:2:33: note: requirement '_resolve(into:)' declared here
@MainActor @preconcurrency func _resolve(into resolved: inout _ResolvedCommands)}
^
/Users/admin/builder/spi-builder-workspace/Sources/GitTickets/UI/SwiftUI/GitTicketsMyIssuesCommands.swift:22:20: error: 'CommandGroupPlacement' is unavailable in watchOS
let placement: CommandGroupPlacement
^~~~~~~~~~~~~~~~~~~~~
SwiftUI.CommandGroupPlacement:4:15: note: 'CommandGroupPlacement' has been explicitly marked unavailable here
public struct CommandGroupPlacement : Sendable {
^
/Users/admin/builder/spi-builder-workspace/Sources/GitTickets/UI/SwiftUI/GitTicketsMyIssuesCommands.swift:24:27: error: 'KeyboardShortcut' is unavailable in watchOS
let keyboardShortcut: KeyboardShortcut?
^~~~~~~~~~~~~~~~
SwiftUI.KeyboardShortcut:4:15: note: 'KeyboardShortcut' has been explicitly marked unavailable here
public struct KeyboardShortcut : Sendable {
^
/Users/admin/builder/spi-builder-workspace/Sources/GitTickets/UI/SwiftUI/GitTicketsMyIssuesCommands.swift:42:20: error: 'CommandGroupPlacement' is unavailable in watchOS
placement: CommandGroupPlacement = .help,
^~~~~~~~~~~~~~~~~~~~~
SwiftUI.CommandGroupPlacement:4:15: note: 'CommandGroupPlacement' has been explicitly marked unavailable here
public struct CommandGroupPlacement : Sendable {
^
/Users/admin/builder/spi-builder-workspace/Sources/GitTickets/UI/SwiftUI/GitTicketsMyIssuesCommands.swift:44:27: error: 'KeyboardShortcut' is unavailable in watchOS
keyboardShortcut: KeyboardShortcut? = nil,
^~~~~~~~~~~~~~~~
SwiftUI.KeyboardShortcut:4:15: note: 'KeyboardShortcut' has been explicitly marked unavailable here
public struct KeyboardShortcut : Sendable {
^
/Users/admin/builder/spi-builder-workspace/Sources/GitTickets/UI/SwiftUI/GitTicketsMyIssuesCommands.swift:55:27: error: 'Commands' is unavailable in watchOS
public var body: some Commands {
^~~~~~~~
SwiftUI.Commands:4:44: note: 'Commands' has been explicitly marked unavailable here
@MainActor @preconcurrency public protocol Commands {
^
/Users/admin/builder/spi-builder-workspace/Sources/GitTickets/UI/SwiftUI/GitTicketsMyIssuesCommands.swift:18:43: error: 'Commands' is unavailable in watchOS
public struct GitTicketsMyIssuesCommands: Commands {
^~~~~~~~
SwiftUI.Commands:4:44: note: 'Commands' has been explicitly marked unavailable here
@MainActor @preconcurrency public protocol Commands {
^
/Users/admin/builder/spi-builder-workspace/Sources/GitTickets/UI/SwiftUI/GitTicketsMyIssuesCommands.swift:18:15: error: type 'GitTicketsMyIssuesCommands' does not conform to protocol 'Commands'
public struct GitTicketsMyIssuesCommands: Commands {
^
/Users/admin/builder/spi-builder-workspace/Sources/GitTickets/UI/SwiftUI/GitTicketsMyIssuesCommands.swift:18:15: error: unavailable static method '_makeCommands(content:inputs:)' was used to satisfy a requirement of protocol 'Commands'
public struct GitTicketsMyIssuesCommands: Commands {
^
SwiftUI.Commands._makeCommands:3:34: note: '_makeCommands(content:inputs:)' declared here
nonisolated public static func _makeCommands(content: _GraphValue<Self>, inputs: _CommandsInputs) -> _CommandsOutputs}
^
SwiftUI.Commands._makeCommands:3:27: note: requirement '_makeCommands(content:inputs:)' declared here
nonisolated static func _makeCommands(content: _GraphValue<Self>, inputs: _CommandsInputs) -> _CommandsOutputs}
^
/Users/admin/builder/spi-builder-workspace/Sources/GitTickets/UI/SwiftUI/GitTicketsMyIssuesCommands.swift:18:15: error: unavailable instance method '_resolve(into:)' was used to satisfy a requirement of protocol 'Commands'
public struct GitTicketsMyIssuesCommands: Commands {
^
SwiftUI.Commands._resolve:2:40: note: '_resolve(into:)' declared here
@MainActor @preconcurrency public func _resolve(into resolved: inout _ResolvedCommands)}
^
SwiftUI.Commands._resolve:2:33: note: requirement '_resolve(into:)' declared here
@MainActor @preconcurrency func _resolve(into resolved: inout _ResolvedCommands)}
^
Failed frontend command:
/Applications/Xcode-26.3.0.app/Contents/Developer/Toolchains/XcodeDefault.xctoolchain/usr/bin/swift-frontend -frontend -emit-module -experimental-skip-non-inlinable-function-bodies-without-types /Users/admin/builder/spi-builder-workspace/.derivedData/Build/Intermediates.noindex/GitTickets.build/Debug-watchos/GitTickets.build/DerivedSources/resource_bundle_accessor.swift /Users/admin/builder/spi-builder-workspace/Sources/GitTickets/Auth/DeviceFlow/DeviceFlowCoordinator.swift /Users/admin/builder/spi-builder-workspace/Sources/GitTickets/Auth/DeviceFlow/DeviceFlowPayloads.swift /Users/admin/builder/spi-builder-workspace/Sources/GitTickets/Auth/DeviceFlow/DeviceFlowSubmitter.swift /Users/admin/builder/spi-builder-workspace/Sources/GitTickets/Auth/DeviceFlow/TokenStore.swift /Users/admin/builder/spi-builder-workspace/Sources/GitTickets/Auth/IssueSubmitter.swift /Users/admin/builder/spi-builder-workspace/Sources/GitTickets/Auth/Relay/RelayClient.swift /Users/admin/builder/spi-builder-workspace/Sources/GitTickets/Auth/Relay/RelayPayload.swift /Users/admin/builder/spi-builder-workspace/Sources/GitTickets/Auth/Relay/RelaySignature.swift /Users/admin/builder/spi-builder-workspace/Sources/GitTickets/Auth/Relay/RelaySubmitter.swift /Users/admin/builder/spi-builder-workspace/Sources/GitTickets/Bodybuilder/BodyTemplates.swift /Users/admin/builder/spi-builder-workspace/Sources/GitTickets/Bodybuilder/CorrelationMarker.swift /Users/admin/builder/spi-builder-workspace/Sources/GitTickets/Bodybuilder/IssueBodyBuilder.swift /Users/admin/builder/spi-builder-workspace/Sources/GitTickets/Diagnostics/DeviceInfo.swift /Users/admin/builder/spi-builder-workspace/Sources/GitTickets/Diagnostics/DiagnosticsBlob.swift /Users/admin/builder/spi-builder-workspace/Sources/GitTickets/Diagnostics/DiagnosticsCollector.swift /Users/admin/builder/spi-builder-workspace/Sources/GitTickets/Diagnostics/OSLogTailer.swift /Users/admin/builder/spi-builder-workspace/Sources/GitTickets/Diagnostics/RedactionPipeline.swift /Users/admin/builder/spi-builder-workspace/Sources/GitTickets/Networking/HTTPClient.swift /Users/admin/builder/spi-builder-workspace/Sources/GitTickets/Networking/RateLimitBackoff.swift /Users/admin/builder/spi-builder-workspace/Sources/GitTickets/Networking/UserAgent.swift /Users/admin/builder/spi-builder-workspace/Sources/GitTickets/PublicAPI/AuthMode.swift /Users/admin/builder/spi-builder-workspace/Sources/GitTickets/PublicAPI/Configuration.swift /Users/admin/builder/spi-builder-workspace/Sources/GitTickets/PublicAPI/GitTickets.swift /Users/admin/builder/spi-builder-workspace/Sources/GitTickets/PublicAPI/GitTicketsError.swift /Users/admin/builder/spi-builder-workspace/Sources/GitTickets/PublicAPI/Logger.swift /Users/admin/builder/spi-builder-workspace/Sources/GitTickets/PublicAPI/Models.swift /Users/admin/builder/spi-builder-workspace/Sources/GitTickets/PublicAPI/MyIssuesRefresh.swift /Users/admin/builder/spi-builder-workspace/Sources/GitTickets/PublicAPI/Policies.swift /Users/admin/builder/spi-builder-workspace/Sources/GitTickets/PublicAPI/Theme.swift /Users/admin/builder/spi-builder-workspace/Sources/GitTickets/Screenshot/ScreenshotCapture+iOS.swift /Users/admin/builder/spi-builder-workspace/Sources/GitTickets/Screenshot/ScreenshotCapture+macOS.swift /Users/admin/builder/spi-builder-workspace/Sources/GitTickets/Screenshot/ScreenshotCapture.swift /Users/admin/builder/spi-builder-workspace/Sources/GitTickets/Storage/DeviceIdentity.swift /Users/admin/builder/spi-builder-workspace/Sources/GitTickets/Storage/Keychain.swift /Users/admin/builder/spi-builder-workspace/Sources/GitTickets/Storage/SubmissionCache.swift /Users/admin/builder/spi-builder-workspace/Sources/GitTickets/Storage/SubmissionRecord.swift /Users/admin/builder/spi-builder-workspace/Sources/GitTickets/UI/AppKit/GitTicketsMenuItemFactory.swift /Users/admin/builder/spi-builder-workspace/Sources/GitTickets/UI/AppKit/ReportWindowController.swift /Users/admin/builder/spi-builder-workspace/Sources/GitTickets/UI/SwiftUI/AttachmentPreviewSheet.swift /Users/admin/builder/spi-builder-workspace/Sources/GitTickets/UI/SwiftUI/DeviceFlowSheet.swift /Users/admin/builder/spi-builder-workspace/Sources/GitTickets/UI/SwiftUI/DiagnosticsDisclosure.swift /Users/admin/builder/spi-builder-workspace/Sources/GitTickets/UI/SwiftUI/GitTicketsCommands.swift /Users/admin/builder/spi-builder-workspace/Sources/GitTickets/UI/SwiftUI/GitTicketsFormFields.swift /Users/admin/builder/spi-builder-workspace/Sources/GitTickets/UI/SwiftUI/GitTicketsMyIssuesCommands.swift /Users/admin/builder/spi-builder-workspace/Sources/GitTickets/UI/SwiftUI/GitTicketsMyIssuesView.swift /Users/admin/builder/spi-builder-workspace/Sources/GitTickets/UI/SwiftUI/GitTicketsSupportingViews.swift /Users/admin/builder/spi-builder-workspace/Sources/GitTickets/UI/SwiftUI/GitTicketsTheme+Support.swift /Users/admin/builder/spi-builder-workspace/Sources/GitTickets/UI/SwiftUI/GitTicketsView.swift /Users/admin/builder/spi-builder-workspace/Sources/GitTickets/UI/SwiftUI/HeaderImage.swift /Users/admin/builder/spi-builder-workspace/Sources/GitTickets/UI/SwiftUI/IssueDetailComponents.swift /Users/admin/builder/spi-builder-workspace/Sources/GitTickets/UI/SwiftUI/IssueDetailView.swift /Users/admin/builder/spi-builder-workspace/Sources/GitTickets/UI/SwiftUI/MarkdownCommentView.swift /Users/admin/builder/spi-builder-workspace/Sources/GitTickets/UI/SwiftUI/PrivacyBanner.swift /Users/admin/builder/spi-builder-workspace/Sources/GitTickets/UI/SwiftUI/RefreshTriggers.swift /Users/admin/builder/spi-builder-workspace/Sources/GitTickets/UI/SwiftUI/ReportFormFields.swift /Users/admin/builder/spi-builder-workspace/Sources/GitTickets/UI/SwiftUI/ScreenshotThumbnail.swift /Users/admin/builder/spi-builder-workspace/Sources/GitTickets/UI/UIKit/GitTicketsViewController.swift -target arm64_32-apple-watchos11.0 -module-can-import-version Darwin 347.40.2 0 -module-can-import-version UIKit 9126.2.4 9126.2.4 -disable-cross-import-overlay-search -swift-module-cross-import AuthenticationServices /Applications/Xcode-26.3.0.app/Contents/Developer/Platforms/WatchOS.platform/Developer/SDKs/WatchOS.sdk/System/Library/Frameworks/AuthenticationServices.framework/Modules/AuthenticationServices.swiftcrossimport/SwiftUI.swiftoverlay -swift-module-cross-import AuthenticationServices /Applications/Xcode-26.3.0.app/Contents/Developer/Platforms/WatchOS.platform/Developer/SDKs/WatchOS26.2.sdk/System/Library/Frameworks/AuthenticationServices.framework/Modules/AuthenticationServices.swiftcrossimport/SwiftUI.swiftoverlay -swift-module-cross-import Darwin /Applications/Xcode-26.3.0.app/Contents/Developer/Platforms/WatchOS.platform/Developer/SDKs/WatchOS.sdk/usr/include/Darwin.swiftcrossimport/xlocale.swiftoverlay -load-resolved-plugin /Applications/Xcode-26.3.0.app/Contents/Developer/Platforms/WatchOS.platform/Developer/usr/lib/swift/host/plugins/libFoundationMacros.dylib\#/Applications/Xcode-26.3.0.app/Contents/Developer/Platforms/WatchOS.platform/Developer/usr/bin/swift-plugin-server\#FoundationMacros -load-resolved-plugin /Applications/Xcode-26.3.0.app/Contents/Developer/Platforms/WatchOS.platform/Developer/usr/lib/swift/host/plugins/libObservationMacros.dylib\#/Applications/Xcode-26.3.0.app/Contents/Developer/Platforms/WatchOS.platform/Developer/usr/bin/swift-plugin-server\#ObservationMacros -load-resolved-plugin /Applications/Xcode-26.3.0.app/Contents/Developer/Platforms/WatchOS.platform/Developer/usr/lib/swift/host/plugins/libPreviewsMacros.dylib\#/Applications/Xcode-26.3.0.app/Contents/Developer/Platforms/WatchOS.platform/Developer/usr/bin/swift-plugin-server\#PreviewsMacros -load-resolved-plugin /Applications/Xcode-26.3.0.app/Contents/Developer/Platforms/WatchOS.platform/Developer/usr/lib/swift/host/plugins/libSwiftMacros.dylib\#/Applications/Xcode-26.3.0.app/Contents/Developer/Platforms/WatchOS.platform/Developer/usr/bin/swift-plugin-server\#SwiftMacros -load-resolved-plugin /Applications/Xcode-26.3.0.app/Contents/Developer/Platforms/WatchOS.platform/Developer/usr/lib/swift/host/plugins/libSwiftUIMacros.dylib\#/Applications/Xcode-26.3.0.app/Contents/Developer/Platforms/WatchOS.platform/Developer/usr/bin/swift-plugin-server\#SwiftUIMacros -disable-implicit-swift-modules -Xcc -fno-implicit-modules -Xcc -fno-implicit-module-maps -explicit-swift-module-map-file /Users/admin/builder/spi-builder-workspace/.derivedData/Build/Intermediates.noindex/GitTickets.build/Debug-watchos/GitTickets.build/Objects-normal/arm64_32/GitTickets-dependencies-1.json -enable-objc-interop -sdk /Applications/Xcode-26.3.0.app/Contents/Developer/Platforms/WatchOS.platform/Developer/SDKs/WatchOS26.2.sdk -I /Users/admin/builder/spi-builder-workspace/.derivedData/Build/Products/Debug-watchos -Isystem /Applications/Xcode-26.3.0.app/Contents/Developer/Platforms/WatchOS.platform/Developer/usr/lib -F /Users/admin/builder/spi-builder-workspace/.derivedData/Build/Products/Debug-watchos -F /Applications/Xcode-26.3.0.app/Contents/Developer/Platforms/WatchOS.platform/Developer/Library/Frameworks -F /Applications/Xcode-26.3.0.app/Contents/Developer/Platforms/WatchOS.platform/Developer/SDKs/WatchOS26.2.sdk/Developer/Library/Frameworks -no-color-diagnostics -Xcc -fno-color-diagnostics -enable-testing -g -debug-info-format\=dwarf -dwarf-version\=5 -module-cache-path /Users/admin/builder/spi-builder-workspace/.derivedData/Build/Intermediates.noindex/SwiftExplicitPrecompiledModules -profile-generate -profile-coverage-mapping -swift-version 6 -enforce-exclusivity\=checked -Onone -D SWIFT_PACKAGE -D DEBUG -D SWIFT_MODULE_RESOURCE_BUNDLE_AVAILABLE -D Xcode -serialize-debugging-options -const-gather-protocols-file /Users/admin/builder/spi-builder-workspace/.derivedData/Build/Intermediates.noindex/GitTickets.build/Debug-watchos/GitTickets.build/Objects-normal/arm64_32/GitTickets_const_extract_protocols.json -enable-experimental-feature DebugDescriptionMacro -empty-abi-descriptor -validate-clang-modules-once -clang-build-session-file /Users/admin/builder/spi-builder-workspace/.derivedData/ModuleCache.noindex/Session.modulevalidation -Xcc -working-directory -Xcc /Users/admin/builder/spi-builder-workspace/.swiftpm/xcode -enable-anonymous-context-mangled-names -file-compilation-dir /Users/admin/builder/spi-builder-workspace/.swiftpm/xcode -Xcc -D_LIBCPP_HARDENING_MODE\=_LIBCPP_HARDENING_MODE_DEBUG -Xcc -ivfsstatcache -Xcc /Users/admin/builder/spi-builder-workspace/.derivedData/SDKStatCaches.noindex/watchos26.2-23S303-dc75598d0054f22ec865fa860f139d721753b489057de6bda919edfa1c59a62b.sdkstatcache -Xcc -I/Users/admin/builder/spi-builder-workspace/.derivedData/Build/Intermediates.noindex/GitTickets.build/Debug-watchos/GitTickets.build/swift-overrides.hmap -Xcc -I/Users/admin/builder/spi-builder-workspace/.derivedData/Build/Products/Debug-watchos/include -Xcc -I/Users/admin/builder/spi-builder-workspace/.derivedData/Build/Intermediates.noindex/GitTickets.build/Debug-watchos/GitTickets.build/DerivedSources-normal/arm64_32 -Xcc -I/Users/admin/builder/spi-builder-workspace/.derivedData/Build/Intermediates.noindex/GitTickets.build/Debug-watchos/GitTickets.build/DerivedSources/arm64_32 -Xcc -I/Users/admin/builder/spi-builder-workspace/.derivedData/Build/Intermediates.noindex/GitTickets.build/Debug-watchos/GitTickets.build/DerivedSources -Xcc -DSWIFT_PACKAGE -Xcc -DDEBUG\=1 -no-auto-bridging-header-chaining -module-name GitTickets -package-name spi_builder_workspace -frontend-parseable-output -disable-clang-spi -target-sdk-version 26.2 -target-sdk-name watchos26.2 -clang-target arm64_32-apple-watchos26.2 -in-process-plugin-server-path /Applications/Xcode-26.3.0.app/Contents/Developer/Toolchains/XcodeDefault.xctoolchain/usr/lib/swift/host/libSwiftInProcPluginServer.dylib -emit-module-doc-path /Users/admin/builder/spi-builder-workspace/.derivedData/Build/Intermediates.noindex/GitTickets.build/Debug-watchos/GitTickets.build/Objects-normal/arm64_32/GitTickets.swiftdoc -emit-module-source-info-path /Users/admin/builder/spi-builder-workspace/.derivedData/Build/Intermediates.noindex/GitTickets.build/Debug-watchos/GitTickets.build/Objects-normal/arm64_32/GitTickets.swiftsourceinfo -emit-objc-header-path /Users/admin/builder/spi-builder-workspace/.derivedData/Build/Intermediates.noindex/GitTickets.build/Debug-watchos/GitTickets.build/Objects-normal/arm64_32/GitTickets-Swift.h -serialize-diagnostics-path /Users/admin/builder/spi-builder-workspace/.derivedData/Build/Intermediates.noindex/GitTickets.build/Debug-watchos/GitTickets.build/Objects-normal/arm64_32/GitTickets-primary-emit-module.dia -emit-dependencies-path /Users/admin/builder/spi-builder-workspace/.derivedData/Build/Intermediates.noindex/GitTickets.build/Debug-watchos/GitTickets.build/Objects-normal/arm64_32/GitTickets-primary-emit-module.d -o /Users/admin/builder/spi-builder-workspace/.derivedData/Build/Intermediates.noindex/GitTickets.build/Debug-watchos/GitTickets.build/Objects-normal/arm64_32/GitTickets.swiftmodule -emit-abi-descriptor-path /Users/admin/builder/spi-builder-workspace/.derivedData/Build/Intermediates.noindex/GitTickets.build/Debug-watchos/GitTickets.build/Objects-normal/arm64_32/GitTickets.abi.json
SwiftCompile normal arm64_32 Compiling\ resource_bundle_accessor.swift,\ DeviceFlowCoordinator.swift,\ DeviceFlowPayloads.swift,\ DeviceFlowSubmitter.swift,\ TokenStore.swift,\ IssueSubmitter.swift /Users/admin/builder/spi-builder-workspace/.derivedData/Build/Intermediates.noindex/GitTickets.build/Debug-watchos/GitTickets.build/DerivedSources/resource_bundle_accessor.swift /Users/admin/builder/spi-builder-workspace/Sources/GitTickets/Auth/DeviceFlow/DeviceFlowCoordinator.swift /Users/admin/builder/spi-builder-workspace/Sources/GitTickets/Auth/DeviceFlow/DeviceFlowPayloads.swift /Users/admin/builder/spi-builder-workspace/Sources/GitTickets/Auth/DeviceFlow/DeviceFlowSubmitter.swift /Users/admin/builder/spi-builder-workspace/Sources/GitTickets/Auth/DeviceFlow/TokenStore.swift /Users/admin/builder/spi-builder-workspace/Sources/GitTickets/Auth/IssueSubmitter.swift (in target 'GitTickets' from project 'GitTickets')
SwiftCompile normal arm64_32 /Users/admin/builder/spi-builder-workspace/.derivedData/Build/Intermediates.noindex/GitTickets.build/Debug-watchos/GitTickets.build/DerivedSources/resource_bundle_accessor.swift (in target 'GitTickets' from project 'GitTickets')
cd /Users/admin/builder/spi-builder-workspace/.swiftpm/xcode
SwiftCompile normal arm64_32 /Users/admin/builder/spi-builder-workspace/Sources/GitTickets/Auth/DeviceFlow/DeviceFlowCoordinator.swift (in target 'GitTickets' from project 'GitTickets')
cd /Users/admin/builder/spi-builder-workspace/.swiftpm/xcode
SwiftCompile normal arm64_32 /Users/admin/builder/spi-builder-workspace/Sources/GitTickets/Auth/DeviceFlow/DeviceFlowPayloads.swift (in target 'GitTickets' from project 'GitTickets')
cd /Users/admin/builder/spi-builder-workspace/.swiftpm/xcode
SwiftCompile normal arm64_32 /Users/admin/builder/spi-builder-workspace/Sources/GitTickets/Auth/DeviceFlow/DeviceFlowSubmitter.swift (in target 'GitTickets' from project 'GitTickets')
cd /Users/admin/builder/spi-builder-workspace/.swiftpm/xcode
SwiftCompile normal arm64_32 /Users/admin/builder/spi-builder-workspace/Sources/GitTickets/Auth/DeviceFlow/TokenStore.swift (in target 'GitTickets' from project 'GitTickets')
cd /Users/admin/builder/spi-builder-workspace/.swiftpm/xcode
SwiftCompile normal arm64_32 /Users/admin/builder/spi-builder-workspace/Sources/GitTickets/Auth/IssueSubmitter.swift (in target 'GitTickets' from project 'GitTickets')
cd /Users/admin/builder/spi-builder-workspace/.swiftpm/xcode
SwiftCompile normal arm64_32 Compiling\ GitTicketsError.swift,\ Logger.swift,\ Models.swift,\ MyIssuesRefresh.swift,\ Policies.swift,\ Theme.swift /Users/admin/builder/spi-builder-workspace/Sources/GitTickets/PublicAPI/GitTicketsError.swift /Users/admin/builder/spi-builder-workspace/Sources/GitTickets/PublicAPI/Logger.swift /Users/admin/builder/spi-builder-workspace/Sources/GitTickets/PublicAPI/Models.swift /Users/admin/builder/spi-builder-workspace/Sources/GitTickets/PublicAPI/MyIssuesRefresh.swift /Users/admin/builder/spi-builder-workspace/Sources/GitTickets/PublicAPI/Policies.swift /Users/admin/builder/spi-builder-workspace/Sources/GitTickets/PublicAPI/Theme.swift (in target 'GitTickets' from project 'GitTickets')
SwiftCompile normal arm64_32 /Users/admin/builder/spi-builder-workspace/Sources/GitTickets/PublicAPI/GitTicketsError.swift (in target 'GitTickets' from project 'GitTickets')
cd /Users/admin/builder/spi-builder-workspace/.swiftpm/xcode
SwiftCompile normal arm64_32 /Users/admin/builder/spi-builder-workspace/Sources/GitTickets/PublicAPI/Logger.swift (in target 'GitTickets' from project 'GitTickets')
cd /Users/admin/builder/spi-builder-workspace/.swiftpm/xcode
SwiftCompile normal arm64_32 /Users/admin/builder/spi-builder-workspace/Sources/GitTickets/PublicAPI/Models.swift (in target 'GitTickets' from project 'GitTickets')
cd /Users/admin/builder/spi-builder-workspace/.swiftpm/xcode
SwiftCompile normal arm64_32 /Users/admin/builder/spi-builder-workspace/Sources/GitTickets/PublicAPI/MyIssuesRefresh.swift (in target 'GitTickets' from project 'GitTickets')
cd /Users/admin/builder/spi-builder-workspace/.swiftpm/xcode
SwiftCompile normal arm64_32 /Users/admin/builder/spi-builder-workspace/Sources/GitTickets/PublicAPI/Policies.swift (in target 'GitTickets' from project 'GitTickets')
cd /Users/admin/builder/spi-builder-workspace/.swiftpm/xcode
SwiftCompile normal arm64_32 /Users/admin/builder/spi-builder-workspace/Sources/GitTickets/PublicAPI/Theme.swift (in target 'GitTickets' from project 'GitTickets')
cd /Users/admin/builder/spi-builder-workspace/.swiftpm/xcode
SwiftCompile normal arm64_32 Compiling\ IssueBodyBuilder.swift,\ DeviceInfo.swift,\ DiagnosticsBlob.swift,\ DiagnosticsCollector.swift,\ OSLogTailer.swift,\ RedactionPipeline.swift /Users/admin/builder/spi-builder-workspace/Sources/GitTickets/Bodybuilder/IssueBodyBuilder.swift /Users/admin/builder/spi-builder-workspace/Sources/GitTickets/Diagnostics/DeviceInfo.swift /Users/admin/builder/spi-builder-workspace/Sources/GitTickets/Diagnostics/DiagnosticsBlob.swift /Users/admin/builder/spi-builder-workspace/Sources/GitTickets/Diagnostics/DiagnosticsCollector.swift /Users/admin/builder/spi-builder-workspace/Sources/GitTickets/Diagnostics/OSLogTailer.swift /Users/admin/builder/spi-builder-workspace/Sources/GitTickets/Diagnostics/RedactionPipeline.swift (in target 'GitTickets' from project 'GitTickets')
SwiftCompile normal arm64_32 /Users/admin/builder/spi-builder-workspace/Sources/GitTickets/Bodybuilder/IssueBodyBuilder.swift (in target 'GitTickets' from project 'GitTickets')
cd /Users/admin/builder/spi-builder-workspace/.swiftpm/xcode
SwiftCompile normal arm64_32 /Users/admin/builder/spi-builder-workspace/Sources/GitTickets/Diagnostics/DeviceInfo.swift (in target 'GitTickets' from project 'GitTickets')
cd /Users/admin/builder/spi-builder-workspace/.swiftpm/xcode
SwiftCompile normal arm64_32 /Users/admin/builder/spi-builder-workspace/Sources/GitTickets/Diagnostics/DiagnosticsBlob.swift (in target 'GitTickets' from project 'GitTickets')
cd /Users/admin/builder/spi-builder-workspace/.swiftpm/xcode
SwiftCompile normal arm64_32 /Users/admin/builder/spi-builder-workspace/Sources/GitTickets/Diagnostics/DiagnosticsCollector.swift (in target 'GitTickets' from project 'GitTickets')
cd /Users/admin/builder/spi-builder-workspace/.swiftpm/xcode
SwiftCompile normal arm64_32 /Users/admin/builder/spi-builder-workspace/Sources/GitTickets/Diagnostics/OSLogTailer.swift (in target 'GitTickets' from project 'GitTickets')
cd /Users/admin/builder/spi-builder-workspace/.swiftpm/xcode
SwiftCompile normal arm64_32 /Users/admin/builder/spi-builder-workspace/Sources/GitTickets/Diagnostics/RedactionPipeline.swift (in target 'GitTickets' from project 'GitTickets')
cd /Users/admin/builder/spi-builder-workspace/.swiftpm/xcode
SwiftCompile normal arm64_32 Compiling\ RelayClient.swift,\ RelayPayload.swift,\ RelaySignature.swift,\ RelaySubmitter.swift,\ BodyTemplates.swift,\ CorrelationMarker.swift /Users/admin/builder/spi-builder-workspace/Sources/GitTickets/Auth/Relay/RelayClient.swift /Users/admin/builder/spi-builder-workspace/Sources/GitTickets/Auth/Relay/RelayPayload.swift /Users/admin/builder/spi-builder-workspace/Sources/GitTickets/Auth/Relay/RelaySignature.swift /Users/admin/builder/spi-builder-workspace/Sources/GitTickets/Auth/Relay/RelaySubmitter.swift /Users/admin/builder/spi-builder-workspace/Sources/GitTickets/Bodybuilder/BodyTemplates.swift /Users/admin/builder/spi-builder-workspace/Sources/GitTickets/Bodybuilder/CorrelationMarker.swift (in target 'GitTickets' from project 'GitTickets')
SwiftCompile normal arm64_32 /Users/admin/builder/spi-builder-workspace/Sources/GitTickets/Auth/Relay/RelayClient.swift (in target 'GitTickets' from project 'GitTickets')
cd /Users/admin/builder/spi-builder-workspace/.swiftpm/xcode
SwiftCompile normal arm64_32 /Users/admin/builder/spi-builder-workspace/Sources/GitTickets/Auth/Relay/RelayPayload.swift (in target 'GitTickets' from project 'GitTickets')
cd /Users/admin/builder/spi-builder-workspace/.swiftpm/xcode
SwiftCompile normal arm64_32 /Users/admin/builder/spi-builder-workspace/Sources/GitTickets/Auth/Relay/RelaySignature.swift (in target 'GitTickets' from project 'GitTickets')
cd /Users/admin/builder/spi-builder-workspace/.swiftpm/xcode
SwiftCompile normal arm64_32 /Users/admin/builder/spi-builder-workspace/Sources/GitTickets/Auth/Relay/RelaySubmitter.swift (in target 'GitTickets' from project 'GitTickets')
cd /Users/admin/builder/spi-builder-workspace/.swiftpm/xcode
SwiftCompile normal arm64_32 /Users/admin/builder/spi-builder-workspace/Sources/GitTickets/Bodybuilder/BodyTemplates.swift (in target 'GitTickets' from project 'GitTickets')
cd /Users/admin/builder/spi-builder-workspace/.swiftpm/xcode
SwiftCompile normal arm64_32 /Users/admin/builder/spi-builder-workspace/Sources/GitTickets/Bodybuilder/CorrelationMarker.swift (in target 'GitTickets' from project 'GitTickets')
cd /Users/admin/builder/spi-builder-workspace/.swiftpm/xcode
SwiftCompile normal arm64_32 Compiling\ ScreenshotCapture+iOS.swift,\ ScreenshotCapture+macOS.swift,\ ScreenshotCapture.swift,\ DeviceIdentity.swift,\ Keychain.swift,\ SubmissionCache.swift /Users/admin/builder/spi-builder-workspace/Sources/GitTickets/Screenshot/ScreenshotCapture+iOS.swift /Users/admin/builder/spi-builder-workspace/Sources/GitTickets/Screenshot/ScreenshotCapture+macOS.swift /Users/admin/builder/spi-builder-workspace/Sources/GitTickets/Screenshot/ScreenshotCapture.swift /Users/admin/builder/spi-builder-workspace/Sources/GitTickets/Storage/DeviceIdentity.swift /Users/admin/builder/spi-builder-workspace/Sources/GitTickets/Storage/Keychain.swift /Users/admin/builder/spi-builder-workspace/Sources/GitTickets/Storage/SubmissionCache.swift (in target 'GitTickets' from project 'GitTickets')
SwiftCompile normal arm64_32 /Users/admin/builder/spi-builder-workspace/Sources/GitTickets/Screenshot/ScreenshotCapture+iOS.swift (in target 'GitTickets' from project 'GitTickets')
cd /Users/admin/builder/spi-builder-workspace/.swiftpm/xcode
SwiftCompile normal arm64_32 /Users/admin/builder/spi-builder-workspace/Sources/GitTickets/Screenshot/ScreenshotCapture+macOS.swift (in target 'GitTickets' from project 'GitTickets')
cd /Users/admin/builder/spi-builder-workspace/.swiftpm/xcode
SwiftCompile normal arm64_32 /Users/admin/builder/spi-builder-workspace/Sources/GitTickets/Screenshot/ScreenshotCapture.swift (in target 'GitTickets' from project 'GitTickets')
cd /Users/admin/builder/spi-builder-workspace/.swiftpm/xcode
SwiftCompile normal arm64_32 /Users/admin/builder/spi-builder-workspace/Sources/GitTickets/Storage/DeviceIdentity.swift (in target 'GitTickets' from project 'GitTickets')
cd /Users/admin/builder/spi-builder-workspace/.swiftpm/xcode
SwiftCompile normal arm64_32 /Users/admin/builder/spi-builder-workspace/Sources/GitTickets/Storage/Keychain.swift (in target 'GitTickets' from project 'GitTickets')
cd /Users/admin/builder/spi-builder-workspace/.swiftpm/xcode
SwiftCompile normal arm64_32 /Users/admin/builder/spi-builder-workspace/Sources/GitTickets/Storage/SubmissionCache.swift (in target 'GitTickets' from project 'GitTickets')
cd /Users/admin/builder/spi-builder-workspace/.swiftpm/xcode
SwiftCompile normal arm64_32 Compiling\ HTTPClient.swift,\ RateLimitBackoff.swift,\ UserAgent.swift,\ AuthMode.swift,\ Configuration.swift,\ GitTickets.swift /Users/admin/builder/spi-builder-workspace/Sources/GitTickets/Networking/HTTPClient.swift /Users/admin/builder/spi-builder-workspace/Sources/GitTickets/Networking/RateLimitBackoff.swift /Users/admin/builder/spi-builder-workspace/Sources/GitTickets/Networking/UserAgent.swift /Users/admin/builder/spi-builder-workspace/Sources/GitTickets/PublicAPI/AuthMode.swift /Users/admin/builder/spi-builder-workspace/Sources/GitTickets/PublicAPI/Configuration.swift /Users/admin/builder/spi-builder-workspace/Sources/GitTickets/PublicAPI/GitTickets.swift (in target 'GitTickets' from project 'GitTickets')
SwiftCompile normal arm64_32 /Users/admin/builder/spi-builder-workspace/Sources/GitTickets/Networking/HTTPClient.swift (in target 'GitTickets' from project 'GitTickets')
cd /Users/admin/builder/spi-builder-workspace/.swiftpm/xcode
SwiftCompile normal arm64_32 /Users/admin/builder/spi-builder-workspace/Sources/GitTickets/Networking/RateLimitBackoff.swift (in target 'GitTickets' from project 'GitTickets')
cd /Users/admin/builder/spi-builder-workspace/.swiftpm/xcode
SwiftCompile normal arm64_32 /Users/admin/builder/spi-builder-workspace/Sources/GitTickets/Networking/UserAgent.swift (in target 'GitTickets' from project 'GitTickets')
cd /Users/admin/builder/spi-builder-workspace/.swiftpm/xcode
SwiftCompile normal arm64_32 /Users/admin/builder/spi-builder-workspace/Sources/GitTickets/PublicAPI/AuthMode.swift (in target 'GitTickets' from project 'GitTickets')
cd /Users/admin/builder/spi-builder-workspace/.swiftpm/xcode
SwiftCompile normal arm64_32 /Users/admin/builder/spi-builder-workspace/Sources/GitTickets/PublicAPI/Configuration.swift (in target 'GitTickets' from project 'GitTickets')
cd /Users/admin/builder/spi-builder-workspace/.swiftpm/xcode
SwiftCompile normal arm64_32 /Users/admin/builder/spi-builder-workspace/Sources/GitTickets/PublicAPI/GitTickets.swift (in target 'GitTickets' from project 'GitTickets')
cd /Users/admin/builder/spi-builder-workspace/.swiftpm/xcode
SwiftCompile normal arm64_32 Compiling\ SubmissionRecord.swift,\ GitTicketsMenuItemFactory.swift,\ ReportWindowController.swift,\ AttachmentPreviewSheet.swift,\ DeviceFlowSheet.swift,\ DiagnosticsDisclosure.swift /Users/admin/builder/spi-builder-workspace/Sources/GitTickets/Storage/SubmissionRecord.swift /Users/admin/builder/spi-builder-workspace/Sources/GitTickets/UI/AppKit/GitTicketsMenuItemFactory.swift /Users/admin/builder/spi-builder-workspace/Sources/GitTickets/UI/AppKit/ReportWindowController.swift /Users/admin/builder/spi-builder-workspace/Sources/GitTickets/UI/SwiftUI/AttachmentPreviewSheet.swift /Users/admin/builder/spi-builder-workspace/Sources/GitTickets/UI/SwiftUI/DeviceFlowSheet.swift /Users/admin/builder/spi-builder-workspace/Sources/GitTickets/UI/SwiftUI/DiagnosticsDisclosure.swift (in target 'GitTickets' from project 'GitTickets')
SwiftCompile normal arm64_32 /Users/admin/builder/spi-builder-workspace/Sources/GitTickets/Storage/SubmissionRecord.swift (in target 'GitTickets' from project 'GitTickets')
cd /Users/admin/builder/spi-builder-workspace/.swiftpm/xcode
SwiftCompile normal arm64_32 /Users/admin/builder/spi-builder-workspace/Sources/GitTickets/UI/AppKit/GitTicketsMenuItemFactory.swift (in target 'GitTickets' from project 'GitTickets')
cd /Users/admin/builder/spi-builder-workspace/.swiftpm/xcode
SwiftCompile normal arm64_32 /Users/admin/builder/spi-builder-workspace/Sources/GitTickets/UI/AppKit/ReportWindowController.swift (in target 'GitTickets' from project 'GitTickets')
cd /Users/admin/builder/spi-builder-workspace/.swiftpm/xcode
SwiftCompile normal arm64_32 /Users/admin/builder/spi-builder-workspace/Sources/GitTickets/UI/SwiftUI/AttachmentPreviewSheet.swift (in target 'GitTickets' from project 'GitTickets')
cd /Users/admin/builder/spi-builder-workspace/.swiftpm/xcode
SwiftCompile normal arm64_32 /Users/admin/builder/spi-builder-workspace/Sources/GitTickets/UI/SwiftUI/DeviceFlowSheet.swift (in target 'GitTickets' from project 'GitTickets')
cd /Users/admin/builder/spi-builder-workspace/.swiftpm/xcode
SwiftCompile normal arm64_32 /Users/admin/builder/spi-builder-workspace/Sources/GitTickets/UI/SwiftUI/DiagnosticsDisclosure.swift (in target 'GitTickets' from project 'GitTickets')
cd /Users/admin/builder/spi-builder-workspace/.swiftpm/xcode
SwiftCompile normal arm64_32 Compiling\ GitTicketsView.swift,\ HeaderImage.swift,\ IssueDetailComponents.swift,\ IssueDetailView.swift,\ MarkdownCommentView.swift /Users/admin/builder/spi-builder-workspace/Sources/GitTickets/UI/SwiftUI/GitTicketsView.swift /Users/admin/builder/spi-builder-workspace/Sources/GitTickets/UI/SwiftUI/HeaderImage.swift /Users/admin/builder/spi-builder-workspace/Sources/GitTickets/UI/SwiftUI/IssueDetailComponents.swift /Users/admin/builder/spi-builder-workspace/Sources/GitTickets/UI/SwiftUI/IssueDetailView.swift /Users/admin/builder/spi-builder-workspace/Sources/GitTickets/UI/SwiftUI/MarkdownCommentView.swift (in target 'GitTickets' from project 'GitTickets')
SwiftCompile normal arm64_32 /Users/admin/builder/spi-builder-workspace/Sources/GitTickets/UI/SwiftUI/GitTicketsView.swift (in target 'GitTickets' from project 'GitTickets')
cd /Users/admin/builder/spi-builder-workspace/.swiftpm/xcode
SwiftCompile normal arm64_32 /Users/admin/builder/spi-builder-workspace/Sources/GitTickets/UI/SwiftUI/HeaderImage.swift (in target 'GitTickets' from project 'GitTickets')
cd /Users/admin/builder/spi-builder-workspace/.swiftpm/xcode
SwiftCompile normal arm64_32 /Users/admin/builder/spi-builder-workspace/Sources/GitTickets/UI/SwiftUI/IssueDetailComponents.swift (in target 'GitTickets' from project 'GitTickets')
cd /Users/admin/builder/spi-builder-workspace/.swiftpm/xcode
SwiftCompile normal arm64_32 /Users/admin/builder/spi-builder-workspace/Sources/GitTickets/UI/SwiftUI/IssueDetailView.swift (in target 'GitTickets' from project 'GitTickets')
cd /Users/admin/builder/spi-builder-workspace/.swiftpm/xcode
SwiftCompile normal arm64_32 /Users/admin/builder/spi-builder-workspace/Sources/GitTickets/UI/SwiftUI/MarkdownCommentView.swift (in target 'GitTickets' from project 'GitTickets')
cd /Users/admin/builder/spi-builder-workspace/.swiftpm/xcode
SwiftEmitModule normal arm64 Emitting\ module\ for\ GitTickets (in target 'GitTickets' from project 'GitTickets')
EmitSwiftModule normal arm64 (in target 'GitTickets' from project 'GitTickets')
cd /Users/admin/builder/spi-builder-workspace/.swiftpm/xcode
SwiftCompile normal arm64 Compiling\ ScreenshotCapture+iOS.swift,\ ScreenshotCapture+macOS.swift,\ ScreenshotCapture.swift,\ DeviceIdentity.swift,\ Keychain.swift,\ SubmissionCache.swift /Users/admin/builder/spi-builder-workspace/Sources/GitTickets/Screenshot/ScreenshotCapture+iOS.swift /Users/admin/builder/spi-builder-workspace/Sources/GitTickets/Screenshot/ScreenshotCapture+macOS.swift /Users/admin/builder/spi-builder-workspace/Sources/GitTickets/Screenshot/ScreenshotCapture.swift /Users/admin/builder/spi-builder-workspace/Sources/GitTickets/Storage/DeviceIdentity.swift /Users/admin/builder/spi-builder-workspace/Sources/GitTickets/Storage/Keychain.swift /Users/admin/builder/spi-builder-workspace/Sources/GitTickets/Storage/SubmissionCache.swift (in target 'GitTickets' from project 'GitTickets')
2026-10-09 04:02:10.724 xcodebuild[1087:6047] [MT] IDERunDestination: Supported platforms for the buildables in the current scheme is empty.
** BUILD FAILED **
The following build commands failed:
EmitSwiftModule normal arm64_32 (in target 'GitTickets' from project 'GitTickets')
SwiftEmitModule normal arm64_32 Emitting\ module\ for\ GitTickets (in target 'GitTickets' from project 'GitTickets')
Building workspace spi-builder-workspace with scheme GitTickets
(3 failures)
BUILD FAILURE 6.2 watchOS