Build Information
Failed to build SwiftWebGPU, reference main (4242a8), with Swift 6.4 for watchOS using Xcode 27.0 on 27 Sep 2026 16:23:06 UTC.
Build Command
env DEVELOPER_DIR=/Applications/Xcode-27.0.0-Release.Candidate.app xcrun xcodebuild -IDEClonedSourcePackagesDirPathOverride=$PWD/.dependencies -skipMacroValidation -skipPackagePluginValidation -derivedDataPath $PWD/.derivedData build -scheme SwiftWebGPU -destination generic/platform=watchOSBuild Log
cd /Users/admin/builder/spi-builder-workspace/.dependencies/checkouts/JavaScriptKit
/Applications/Xcode-27.0.0-Release.Candidate.app/Contents/Developer/Toolchains/XcodeDefault.xctoolchain/usr/bin/clang -Xlinker -reproducible -target arm64_32-apple-watchos9.0 -r -isysroot /Applications/Xcode-27.0.0-Release.Candidate.app/Contents/Developer/Platforms/WatchOS.platform/Developer/SDKs/WatchOS27.0.sdk -O0 -w -Xlinker -no_warn_duplicate_libraries -F/Users/admin/builder/spi-builder-workspace/.derivedData/Build/Intermediates.noindex/EagerLinkingTBDs/Debug-watchos -F/Users/admin/builder/spi-builder-workspace/.derivedData/Build/Products/Debug-watchos -iframework /Applications/Xcode-27.0.0-Release.Candidate.app/Contents/Developer/Platforms/WatchOS.platform/Developer/Library/Frameworks -iframework /Applications/Xcode-27.0.0-Release.Candidate.app/Contents/Developer/Platforms/WatchOS.platform/Developer/SDKs/WatchOS27.0.sdk/Developer/Library/Frameworks -filelist /Users/admin/builder/spi-builder-workspace/.derivedData/Build/Intermediates.noindex/JavaScriptKit.build/Debug-watchos/_CJavaScriptEventLoop-t.build/Objects-normal/arm64_32/_CJavaScriptEventLoop.LinkFileList -nostdlib -Xlinker -object_path_lto -Xlinker /Users/admin/builder/spi-builder-workspace/.derivedData/Build/Intermediates.noindex/JavaScriptKit.build/Debug-watchos/_CJavaScriptEventLoop-t.build/Objects-normal/arm64_32/_CJavaScriptEventLoop_lto.o -Xlinker -no_deduplicate -Xlinker -debug_variant -Xlinker -dependency_info -Xlinker /Users/admin/builder/spi-builder-workspace/.derivedData/Build/Intermediates.noindex/JavaScriptKit.build/Debug-watchos/_CJavaScriptEventLoop-t.build/Objects-normal/arm64_32/_CJavaScriptEventLoop_dependency_info.dat -o /Users/admin/builder/spi-builder-workspace/.derivedData/Build/Intermediates.noindex/JavaScriptKit.build/Debug-watchos/_CJavaScriptEventLoop-t.build/Objects-normal/arm64_32/Binary/_CJavaScriptEventLoop.o
CreateUniversalBinary /Users/admin/builder/spi-builder-workspace/.derivedData/Build/Products/Debug-watchos/_CJavaScriptEventLoop.o normal arm64\ arm64_32 (in target '_CJavaScriptEventLoop' from project 'JavaScriptKit')
cd /Users/admin/builder/spi-builder-workspace/.dependencies/checkouts/JavaScriptKit
/Applications/Xcode-27.0.0-Release.Candidate.app/Contents/Developer/Toolchains/XcodeDefault.xctoolchain/usr/bin/lipo -create /Users/admin/builder/spi-builder-workspace/.derivedData/Build/Intermediates.noindex/JavaScriptKit.build/Debug-watchos/_CJavaScriptEventLoop-t.build/Objects-normal/arm64/Binary/_CJavaScriptEventLoop.o /Users/admin/builder/spi-builder-workspace/.derivedData/Build/Intermediates.noindex/JavaScriptKit.build/Debug-watchos/_CJavaScriptEventLoop-t.build/Objects-normal/arm64_32/Binary/_CJavaScriptEventLoop.o -output /Users/admin/builder/spi-builder-workspace/.derivedData/Build/Products/Debug-watchos/_CJavaScriptEventLoop.o
CompileC /Users/admin/builder/spi-builder-workspace/.derivedData/Build/Intermediates.noindex/JavaScriptKit.build/Debug-watchos/_CJavaScriptKit-t.build/Objects-normal/arm64_32/_CJavaScriptKit.o /Users/admin/builder/spi-builder-workspace/.dependencies/checkouts/JavaScriptKit/Sources/_CJavaScriptKit/_CJavaScriptKit.c normal arm64_32 c com.apple.compilers.llvm.clang.1_0.compiler (in target '_CJavaScriptKit' from project 'JavaScriptKit')
cd /Users/admin/builder/spi-builder-workspace/.swiftpm/xcode
Using response file: /Users/admin/builder/spi-builder-workspace/.derivedData/Build/Intermediates.noindex/JavaScriptKit.build/Debug-watchos/_CJavaScriptKit-t.build/Objects-normal/arm64_32/7187679823f38a2a940e0043cdf9d637-common-args.resp
/Applications/Xcode-27.0.0-Release.Candidate.app/Contents/Developer/Toolchains/XcodeDefault.xctoolchain/usr/bin/clang -x c -ivfsstatcache /Users/admin/builder/spi-builder-workspace/.derivedData/SDKStatCaches.noindex/watchos27.0-24R360-e829b21a6f8c9b70876ba0858053c04477534ef55a1706bf4c1112bbb242f0a2.sdkstatcache -target arm64_32-apple-watchos9.0 -fmessage-length\=0 -fdiagnostics-show-note-include-stack -fmacro-backtrace-limit\=0 -fno-color-diagnostics -fmodules-prune-interval\=86400 -fmodules-prune-after\=345600 -fbuild-session-file\=/Users/admin/builder/spi-builder-workspace/.derivedData/ModuleCache.noindex/Session.modulevalidation -fmodules-validate-once-per-build-session -Wnon-modular-include-in-framework-module -Werror\=non-modular-include-in-framework-module -Wno-trigraphs -Wno-missing-field-initializers -Wno-missing-prototypes -Wno-return-type -Wno-missing-braces -Wparentheses -Wswitch -Wno-unused-function -Wno-unused-label -Wno-unused-parameter -Wno-unused-variable -Wunused-value -Wno-empty-body -Wno-uninitialized -Wno-unknown-pragmas -w -Wno-shadow -Wno-four-char-constants -Wno-conversion -Wno-constant-conversion -Wno-int-conversion -Wno-bool-conversion -Wno-enum-conversion -Wno-float-conversion -Wno-non-literal-null-conversion -Wno-objc-literal-conversion -Wno-shorten-64-to-32 -Wpointer-sign -Wno-newline-eof -Wno-implicit-fallthrough -isysroot /Applications/Xcode-27.0.0-Release.Candidate.app/Contents/Developer/Platforms/WatchOS.platform/Developer/SDKs/WatchOS27.0.sdk -fstrict-aliasing -Wdeprecated-declarations -Wno-sign-conversion -Wno-infinite-recursion -Wno-comma -Wno-block-capture-autoreleasing -Wno-strict-prototypes -Wno-semicolon-before-method-body -index-store-path /Users/admin/builder/spi-builder-workspace/.derivedData/Index.noindex/DataStore @/Users/admin/builder/spi-builder-workspace/.derivedData/Build/Intermediates.noindex/JavaScriptKit.build/Debug-watchos/_CJavaScriptKit-t.build/Objects-normal/arm64_32/7187679823f38a2a940e0043cdf9d637-common-args.resp -MMD -MT dependencies -MF /Users/admin/builder/spi-builder-workspace/.derivedData/Build/Intermediates.noindex/JavaScriptKit.build/Debug-watchos/_CJavaScriptKit-t.build/Objects-normal/arm64_32/_CJavaScriptKit.d --serialize-diagnostics /Users/admin/builder/spi-builder-workspace/.derivedData/Build/Intermediates.noindex/JavaScriptKit.build/Debug-watchos/_CJavaScriptKit-t.build/Objects-normal/arm64_32/_CJavaScriptKit.dia -c /Users/admin/builder/spi-builder-workspace/.dependencies/checkouts/JavaScriptKit/Sources/_CJavaScriptKit/_CJavaScriptKit.c -o /Users/admin/builder/spi-builder-workspace/.derivedData/Build/Intermediates.noindex/JavaScriptKit.build/Debug-watchos/_CJavaScriptKit-t.build/Objects-normal/arm64_32/_CJavaScriptKit.o -index-unit-output-path /JavaScriptKit.build/Debug-watchos/_CJavaScriptKit-t.build/Objects-normal/arm64_32/_CJavaScriptKit.o
CompileC /Users/admin/builder/spi-builder-workspace/.derivedData/Build/Intermediates.noindex/JavaScriptKit.build/Debug-watchos/_CJavaScriptKit-t.build/Objects-normal/arm64/_CJavaScriptKit.o /Users/admin/builder/spi-builder-workspace/.dependencies/checkouts/JavaScriptKit/Sources/_CJavaScriptKit/_CJavaScriptKit.c normal arm64 c com.apple.compilers.llvm.clang.1_0.compiler (in target '_CJavaScriptKit' from project 'JavaScriptKit')
cd /Users/admin/builder/spi-builder-workspace/.swiftpm/xcode
Using response file: /Users/admin/builder/spi-builder-workspace/.derivedData/Build/Intermediates.noindex/JavaScriptKit.build/Debug-watchos/_CJavaScriptKit-t.build/Objects-normal/arm64/7187679823f38a2a940e0043cdf9d637-common-args.resp
/Applications/Xcode-27.0.0-Release.Candidate.app/Contents/Developer/Toolchains/XcodeDefault.xctoolchain/usr/bin/clang -x c -ivfsstatcache /Users/admin/builder/spi-builder-workspace/.derivedData/SDKStatCaches.noindex/watchos27.0-24R360-e829b21a6f8c9b70876ba0858053c04477534ef55a1706bf4c1112bbb242f0a2.sdkstatcache -target arm64-apple-watchos9.0 -fmessage-length\=0 -fdiagnostics-show-note-include-stack -fmacro-backtrace-limit\=0 -fno-color-diagnostics -fmodules-prune-interval\=86400 -fmodules-prune-after\=345600 -fbuild-session-file\=/Users/admin/builder/spi-builder-workspace/.derivedData/ModuleCache.noindex/Session.modulevalidation -fmodules-validate-once-per-build-session -Wnon-modular-include-in-framework-module -Werror\=non-modular-include-in-framework-module -Wno-trigraphs -Wno-missing-field-initializers -Wno-missing-prototypes -Wno-return-type -Wno-missing-braces -Wparentheses -Wswitch -Wno-unused-function -Wno-unused-label -Wno-unused-parameter -Wno-unused-variable -Wunused-value -Wno-empty-body -Wno-uninitialized -Wno-unknown-pragmas -w -Wno-shadow -Wno-four-char-constants -Wno-conversion -Wno-constant-conversion -Wno-int-conversion -Wno-bool-conversion -Wno-enum-conversion -Wno-float-conversion -Wno-non-literal-null-conversion -Wno-objc-literal-conversion -Wshorten-64-to-32 -Wpointer-sign -Wno-newline-eof -Wno-implicit-fallthrough -isysroot /Applications/Xcode-27.0.0-Release.Candidate.app/Contents/Developer/Platforms/WatchOS.platform/Developer/SDKs/WatchOS27.0.sdk -fstrict-aliasing -Wdeprecated-declarations -Wno-sign-conversion -Wno-infinite-recursion -Wno-comma -Wno-block-capture-autoreleasing -Wno-strict-prototypes -Wno-semicolon-before-method-body -index-store-path /Users/admin/builder/spi-builder-workspace/.derivedData/Index.noindex/DataStore @/Users/admin/builder/spi-builder-workspace/.derivedData/Build/Intermediates.noindex/JavaScriptKit.build/Debug-watchos/_CJavaScriptKit-t.build/Objects-normal/arm64/7187679823f38a2a940e0043cdf9d637-common-args.resp -MMD -MT dependencies -MF /Users/admin/builder/spi-builder-workspace/.derivedData/Build/Intermediates.noindex/JavaScriptKit.build/Debug-watchos/_CJavaScriptKit-t.build/Objects-normal/arm64/_CJavaScriptKit.d --serialize-diagnostics /Users/admin/builder/spi-builder-workspace/.derivedData/Build/Intermediates.noindex/JavaScriptKit.build/Debug-watchos/_CJavaScriptKit-t.build/Objects-normal/arm64/_CJavaScriptKit.dia -c /Users/admin/builder/spi-builder-workspace/.dependencies/checkouts/JavaScriptKit/Sources/_CJavaScriptKit/_CJavaScriptKit.c -o /Users/admin/builder/spi-builder-workspace/.derivedData/Build/Intermediates.noindex/JavaScriptKit.build/Debug-watchos/_CJavaScriptKit-t.build/Objects-normal/arm64/_CJavaScriptKit.o -index-unit-output-path /JavaScriptKit.build/Debug-watchos/_CJavaScriptKit-t.build/Objects-normal/arm64/_CJavaScriptKit.o
Ld /Users/admin/builder/spi-builder-workspace/.derivedData/Build/Intermediates.noindex/JavaScriptKit.build/Debug-watchos/_CJavaScriptKit-t.build/Objects-normal/arm64_32/Binary/_CJavaScriptKit.o normal arm64_32 (in target '_CJavaScriptKit' from project 'JavaScriptKit')
cd /Users/admin/builder/spi-builder-workspace/.dependencies/checkouts/JavaScriptKit
/Applications/Xcode-27.0.0-Release.Candidate.app/Contents/Developer/Toolchains/XcodeDefault.xctoolchain/usr/bin/clang -Xlinker -reproducible -target arm64_32-apple-watchos9.0 -r -isysroot /Applications/Xcode-27.0.0-Release.Candidate.app/Contents/Developer/Platforms/WatchOS.platform/Developer/SDKs/WatchOS27.0.sdk -O0 -w -Xlinker -no_warn_duplicate_libraries -F/Users/admin/builder/spi-builder-workspace/.derivedData/Build/Intermediates.noindex/EagerLinkingTBDs/Debug-watchos -F/Users/admin/builder/spi-builder-workspace/.derivedData/Build/Products/Debug-watchos -iframework /Applications/Xcode-27.0.0-Release.Candidate.app/Contents/Developer/Platforms/WatchOS.platform/Developer/Library/Frameworks -iframework /Applications/Xcode-27.0.0-Release.Candidate.app/Contents/Developer/Platforms/WatchOS.platform/Developer/SDKs/WatchOS27.0.sdk/Developer/Library/Frameworks -filelist /Users/admin/builder/spi-builder-workspace/.derivedData/Build/Intermediates.noindex/JavaScriptKit.build/Debug-watchos/_CJavaScriptKit-t.build/Objects-normal/arm64_32/_CJavaScriptKit.LinkFileList -nostdlib -Xlinker -object_path_lto -Xlinker /Users/admin/builder/spi-builder-workspace/.derivedData/Build/Intermediates.noindex/JavaScriptKit.build/Debug-watchos/_CJavaScriptKit-t.build/Objects-normal/arm64_32/_CJavaScriptKit_lto.o -Xlinker -no_deduplicate -Xlinker -debug_variant -Xlinker -dependency_info -Xlinker /Users/admin/builder/spi-builder-workspace/.derivedData/Build/Intermediates.noindex/JavaScriptKit.build/Debug-watchos/_CJavaScriptKit-t.build/Objects-normal/arm64_32/_CJavaScriptKit_dependency_info.dat -o /Users/admin/builder/spi-builder-workspace/.derivedData/Build/Intermediates.noindex/JavaScriptKit.build/Debug-watchos/_CJavaScriptKit-t.build/Objects-normal/arm64_32/Binary/_CJavaScriptKit.o
Ld /Users/admin/builder/spi-builder-workspace/.derivedData/Build/Intermediates.noindex/JavaScriptKit.build/Debug-watchos/_CJavaScriptKit-t.build/Objects-normal/arm64/Binary/_CJavaScriptKit.o normal arm64 (in target '_CJavaScriptKit' from project 'JavaScriptKit')
cd /Users/admin/builder/spi-builder-workspace/.dependencies/checkouts/JavaScriptKit
/Applications/Xcode-27.0.0-Release.Candidate.app/Contents/Developer/Toolchains/XcodeDefault.xctoolchain/usr/bin/clang -Xlinker -reproducible -target arm64-apple-watchos9.0 -r -isysroot /Applications/Xcode-27.0.0-Release.Candidate.app/Contents/Developer/Platforms/WatchOS.platform/Developer/SDKs/WatchOS27.0.sdk -O0 -w -Xlinker -no_warn_duplicate_libraries -F/Users/admin/builder/spi-builder-workspace/.derivedData/Build/Intermediates.noindex/EagerLinkingTBDs/Debug-watchos -F/Users/admin/builder/spi-builder-workspace/.derivedData/Build/Products/Debug-watchos -iframework /Applications/Xcode-27.0.0-Release.Candidate.app/Contents/Developer/Platforms/WatchOS.platform/Developer/Library/Frameworks -iframework /Applications/Xcode-27.0.0-Release.Candidate.app/Contents/Developer/Platforms/WatchOS.platform/Developer/SDKs/WatchOS27.0.sdk/Developer/Library/Frameworks -filelist /Users/admin/builder/spi-builder-workspace/.derivedData/Build/Intermediates.noindex/JavaScriptKit.build/Debug-watchos/_CJavaScriptKit-t.build/Objects-normal/arm64/_CJavaScriptKit.LinkFileList -nostdlib -Xlinker -object_path_lto -Xlinker /Users/admin/builder/spi-builder-workspace/.derivedData/Build/Intermediates.noindex/JavaScriptKit.build/Debug-watchos/_CJavaScriptKit-t.build/Objects-normal/arm64/_CJavaScriptKit_lto.o -Xlinker -no_deduplicate -Xlinker -debug_variant -Xlinker -dependency_info -Xlinker /Users/admin/builder/spi-builder-workspace/.derivedData/Build/Intermediates.noindex/JavaScriptKit.build/Debug-watchos/_CJavaScriptKit-t.build/Objects-normal/arm64/_CJavaScriptKit_dependency_info.dat -o /Users/admin/builder/spi-builder-workspace/.derivedData/Build/Intermediates.noindex/JavaScriptKit.build/Debug-watchos/_CJavaScriptKit-t.build/Objects-normal/arm64/Binary/_CJavaScriptKit.o
CreateUniversalBinary /Users/admin/builder/spi-builder-workspace/.derivedData/Build/Products/Debug-watchos/_CJavaScriptKit.o normal arm64\ arm64_32 (in target '_CJavaScriptKit' from project 'JavaScriptKit')
cd /Users/admin/builder/spi-builder-workspace/.dependencies/checkouts/JavaScriptKit
/Applications/Xcode-27.0.0-Release.Candidate.app/Contents/Developer/Toolchains/XcodeDefault.xctoolchain/usr/bin/lipo -create /Users/admin/builder/spi-builder-workspace/.derivedData/Build/Intermediates.noindex/JavaScriptKit.build/Debug-watchos/_CJavaScriptKit-t.build/Objects-normal/arm64/Binary/_CJavaScriptKit.o /Users/admin/builder/spi-builder-workspace/.derivedData/Build/Intermediates.noindex/JavaScriptKit.build/Debug-watchos/_CJavaScriptKit-t.build/Objects-normal/arm64_32/Binary/_CJavaScriptKit.o -output /Users/admin/builder/spi-builder-workspace/.derivedData/Build/Products/Debug-watchos/_CJavaScriptKit.o
SwiftDriver BridgeJSMacros normal arm64 com.apple.xcode.tools.swift.compiler (in target 'BridgeJSMacros' from project 'JavaScriptKit')
cd /Users/admin/builder/spi-builder-workspace/.swiftpm/xcode
builtin-SwiftDriver -- /Applications/Xcode-27.0.0-Release.Candidate.app/Contents/Developer/Toolchains/XcodeDefault.xctoolchain/usr/bin/swiftc -parse-as-library -module-name BridgeJSMacros -Onone @/Users/admin/builder/spi-builder-workspace/.derivedData/Build/Intermediates.noindex/JavaScriptKit.build/Debug/BridgeJSMacros-t.build/Objects-normal/arm64/BridgeJSMacros.SwiftFileList -DSWIFT_PACKAGE -DDEBUG -DXcode -I /Users/admin/builder/spi-builder-workspace/.dependencies/prebuilts/swift-syntax/603.0.2/swiftlang-6.4.0.34.1-macosx27.0-MacroSupport/Modules -I /Users/admin/builder/spi-builder-workspace/.dependencies/checkouts/swift-syntax/Sources/_SwiftLibraryPluginProviderCShims/include -I /Users/admin/builder/spi-builder-workspace/.dependencies/checkouts/swift-syntax/Sources/_SwiftSyntaxCShims/include -plugin-path /Applications/Xcode-27.0.0-Release.Candidate.app/Contents/Developer/Toolchains/XcodeDefault.xctoolchain/usr/lib/swift/host/plugins/testing -enable-experimental-feature DebugDescriptionMacro -sdk /Applications/Xcode-27.0.0-Release.Candidate.app/Contents/Developer/Platforms/MacOSX.platform/Developer/SDKs/MacOSX27.0.sdk -target arm64-apple-macos13.0 -g -module-cache-path /Users/admin/builder/spi-builder-workspace/.derivedData/ModuleCache.noindex -Xfrontend -serialize-debugging-options -profile-coverage-mapping -profile-generate -enable-testing -suppress-warnings -index-store-path /Users/admin/builder/spi-builder-workspace/.derivedData/Index.noindex/DataStore -Xcc -D_LIBCPP_HARDENING_MODE\=_LIBCPP_HARDENING_MODE_DEBUG -swift-version 6 -I /Users/admin/builder/spi-builder-workspace/.derivedData/Build/Products/Debug -Isystem /Applications/Xcode-27.0.0-Release.Candidate.app/Contents/Developer/Platforms/MacOSX.platform/Developer/usr/lib -F /Users/admin/builder/spi-builder-workspace/.derivedData/Build/Products/Debug -F /Applications/Xcode-27.0.0-Release.Candidate.app/Contents/Developer/Platforms/MacOSX.platform/Developer/Library/Frameworks -c -j10 -enable-batch-mode -incremental -Xcc -ivfsstatcache -Xcc /Users/admin/builder/spi-builder-workspace/.derivedData/SDKStatCaches.noindex/macosx27.0-26A425-e829b21a6f8c9b70876ba0858053c0446a22442a12e9d48fe1a705f55a1adfc4.sdkstatcache -output-file-map /Users/admin/builder/spi-builder-workspace/.derivedData/Build/Intermediates.noindex/JavaScriptKit.build/Debug/BridgeJSMacros-t.build/Objects-normal/arm64/BridgeJSMacros-OutputFileMap.json -save-temps -no-color-diagnostics -explicit-module-build -module-cache-path /Users/admin/builder/spi-builder-workspace/.derivedData/Build/Intermediates.noindex/SwiftExplicitPrecompiledModules -clang-scanner-module-cache-path /Users/admin/builder/spi-builder-workspace/.derivedData/ModuleCache.noindex -sdk-module-cache-path /Users/admin/builder/spi-builder-workspace/.derivedData/SDKExplicitPrecompiledModules -emit-dependencies -emit-module -emit-module-path /Users/admin/builder/spi-builder-workspace/.derivedData/Build/Intermediates.noindex/JavaScriptKit.build/Debug/BridgeJSMacros-t.build/Objects-normal/arm64/BridgeJSMacros.swiftmodule -serialize-diagnostics -dependency-scan-serialize-diagnostics-path /Users/admin/builder/spi-builder-workspace/.derivedData/Build/Intermediates.noindex/JavaScriptKit.build/Debug/BridgeJSMacros-t.build/Objects-normal/arm64/BridgeJSMacros-dependency-scan.dia -user-module-version 0.56.1 -validate-clang-modules-once -clang-build-session-file /Users/admin/builder/spi-builder-workspace/.derivedData/ModuleCache.noindex/Session.modulevalidation -Xcc -fmodules-prune-interval\=86400 -Xcc -fmodules-prune-after\=345600 -package-name javascriptkit -emit-const-values -const-gather-protocols-list /Users/admin/builder/spi-builder-workspace/.derivedData/Build/Intermediates.noindex/JavaScriptKit.build/Debug/BridgeJSMacros-t.build/Objects-normal/arm64/BridgeJSMacros_const_extract_protocols.json -Xcc -I/Users/admin/builder/spi-builder-workspace/.derivedData/Build/Products/Debug/include -Xcc -I/Users/admin/builder/spi-builder-workspace/.derivedData/Build/Intermediates.noindex/JavaScriptKit.build/Debug/BridgeJSMacros-t.build/DerivedSources-normal/arm64 -Xcc -I/Users/admin/builder/spi-builder-workspace/.derivedData/Build/Intermediates.noindex/JavaScriptKit.build/Debug/BridgeJSMacros-t.build/DerivedSources/arm64 -Xcc -I/Users/admin/builder/spi-builder-workspace/.derivedData/Build/Intermediates.noindex/JavaScriptKit.build/Debug/BridgeJSMacros-t.build/DerivedSources -Xcc -DSWIFT_PACKAGE -Xcc -DDEBUG\=1 -working-directory /Users/admin/builder/spi-builder-workspace/.swiftpm/xcode -experimental-emit-module-separately -disable-cmo
SwiftExplicitDependencyGeneratePcm arm64 /Users/admin/builder/spi-builder-workspace/.derivedData/SDKExplicitPrecompiledModules/_AvailabilityInternal-5OQ8S18SKM02L42PKV6U5ZAWA.pcm
SwiftExplicitDependencyGeneratePcm arm64 /Users/admin/builder/spi-builder-workspace/.derivedData/SDKExplicitPrecompiledModules/_Builtin_float-EXGUO4XEWWSRONNTP4II1R3BM.pcm
SwiftExplicitDependencyGeneratePcm arm64 /Users/admin/builder/spi-builder-workspace/.derivedData/SDKExplicitPrecompiledModules/_Builtin_stdbool-8V6HC39D8H2ZKW3GSD1KJ09A9.pcm
SwiftExplicitDependencyGeneratePcm arm64 /Users/admin/builder/spi-builder-workspace/.derivedData/SDKExplicitPrecompiledModules/_Builtin_stddef-BRQYWAPA5F9I3AGC7LZEIAIGS.pcm
SwiftExplicitDependencyGeneratePcm arm64 /Users/admin/builder/spi-builder-workspace/.derivedData/SDKExplicitPrecompiledModules/_SwiftConcurrencyShims-11TYQJH3GW4GGN6M952RT44S2.pcm
SwiftExplicitDependencyGeneratePcm arm64 /Users/admin/builder/spi-builder-workspace/.derivedData/SDKExplicitPrecompiledModules/_Builtin_stdarg-DVP6W0QP66W8E74TX0GQAIEFM.pcm
SwiftExplicitDependencyGeneratePcm arm64 /Users/admin/builder/spi-builder-workspace/.derivedData/SDKExplicitPrecompiledModules/SwiftShims-8117TUG7HSOLBQL517OWAROM7.pcm
SwiftExplicitDependencyGeneratePcm arm64 /Users/admin/builder/spi-builder-workspace/.derivedData/SDKExplicitPrecompiledModules/ptrcheck-7F7OST5MV9OHXZMCIL2H6FYAO.pcm
SwiftExplicitDependencyGeneratePcm arm64 /Users/admin/builder/spi-builder-workspace/.derivedData/SDKExplicitPrecompiledModules/_DarwinFoundation1-CEB668520FVMM3FPLUP3ZX3DP.pcm
SwiftExplicitDependencyGeneratePcm arm64 /Users/admin/builder/spi-builder-workspace/.derivedData/SDKExplicitPrecompiledModules/_Builtin_limits-HXF6WMF65IXTY4LB9YQRPDVS.pcm
SwiftExplicitDependencyGeneratePcm arm64 /Users/admin/builder/spi-builder-workspace/.derivedData/SDKExplicitPrecompiledModules/_DarwinFoundation2-8A4UVIA5QLD0UNZXBQYRW6KN7.pcm
SwiftExplicitDependencyGeneratePcm arm64 /Users/admin/builder/spi-builder-workspace/.derivedData/SDKExplicitPrecompiledModules/sys_types-8B5WBGNKQGP8VGVHGXXFAVHM4.pcm
SwiftExplicitDependencyGeneratePcm arm64 /Users/admin/builder/spi-builder-workspace/.derivedData/SDKExplicitPrecompiledModules/_Builtin_stdint-1OD4P9W70NM45YK5V1IH8JOXR.pcm
SwiftExplicitDependencyGeneratePcm arm64 /Users/admin/builder/spi-builder-workspace/.derivedData/SDKExplicitPrecompiledModules/_DarwinFoundation3-DNXKXFFQ8MRLRO9KQN10R21I0.pcm
SwiftExplicitDependencyGeneratePcm arm64 /Users/admin/builder/spi-builder-workspace/.derivedData/SDKExplicitPrecompiledModules/_Builtin_stdatomic-1R9WVHFT4FALJXANBPLNOQ734.pcm
SwiftExplicitDependencyGeneratePcm arm64 /Users/admin/builder/spi-builder-workspace/.derivedData/SDKExplicitPrecompiledModules/_Builtin_inttypes-489CMR9E9YGXYB1ZU4Y2FSN2V.pcm
SwiftExplicitDependencyGeneratePcm arm64 /Users/admin/builder/spi-builder-workspace/.derivedData/Build/Intermediates.noindex/SwiftExplicitPrecompiledModules/_SwiftSyntaxCShims-DGKN5B59Y829682EF9W6OBFOV.pcm
SwiftExplicitDependencyGeneratePcm arm64 /Users/admin/builder/spi-builder-workspace/.derivedData/SDKExplicitPrecompiledModules/Darwin-4SSYTF9FPWUAJVNBQDXTH3HIS.pcm
SwiftExplicitDependencyGeneratePcm arm64 /Users/admin/builder/spi-builder-workspace/.derivedData/SDKExplicitPrecompiledModules/launch-EFXL3YL04KHGWJLOU1XU768V7.pcm
SwiftExplicitDependencyGeneratePcm arm64 /Users/admin/builder/spi-builder-workspace/.derivedData/SDKExplicitPrecompiledModules/MachO-4D0HJWYC59S7APTHBHDUKR7KJ.pcm
SwiftExplicitDependencyGeneratePcm arm64 /Users/admin/builder/spi-builder-workspace/.derivedData/SDKExplicitPrecompiledModules/ObjectiveC-5UUM8AH9LJRERY99K1GUBURMO.pcm
SwiftExplicitDependencyGeneratePcm arm64 /Users/admin/builder/spi-builder-workspace/.derivedData/SDKExplicitPrecompiledModules/os_object-BTDIN6QZYDLDQ14FCV3ILP969.pcm
SwiftExplicitDependencyGeneratePcm arm64 /Users/admin/builder/spi-builder-workspace/.derivedData/SDKExplicitPrecompiledModules/os_workgroup-5KW4GI1VTT4BL3CP7IBC3MXQT.pcm
SwiftExplicitDependencyGeneratePcm arm64 /Users/admin/builder/spi-builder-workspace/.derivedData/SDKExplicitPrecompiledModules/Dispatch-6G7SC7DNRDQILDZM7AA5CBO9R.pcm
SwiftExplicitDependencyGeneratePcm arm64 /Users/admin/builder/spi-builder-workspace/.derivedData/SDKExplicitPrecompiledModules/XPC-BCOQO9UGC7BBHCJY0IGQSWASH.pcm
SwiftExplicitDependencyGeneratePcm arm64 /Users/admin/builder/spi-builder-workspace/.derivedData/SDKExplicitPrecompiledModules/os-C7U69HZXFHL69YJDFLWT0U3FZ.pcm
SwiftEmitModule normal arm64 Emitting\ module\ for\ BridgeJSMacros (in target 'BridgeJSMacros' from project 'JavaScriptKit')
SwiftCompile normal arm64 (in target 'BridgeJSMacros' from project 'JavaScriptKit')
cd /Users/admin/builder/spi-builder-workspace/.swiftpm/xcode
SwiftCompile normal arm64 Compiling\ JSClassMacro.swift /Users/admin/builder/spi-builder-workspace/.dependencies/checkouts/JavaScriptKit/Plugins/BridgeJS/Sources/BridgeJSMacros/JSClassMacro.swift (in target 'BridgeJSMacros' from project 'JavaScriptKit')
SwiftCompile normal arm64 /Users/admin/builder/spi-builder-workspace/.dependencies/checkouts/JavaScriptKit/Plugins/BridgeJS/Sources/BridgeJSMacros/JSClassMacro.swift (in target 'BridgeJSMacros' from project 'JavaScriptKit')
cd /Users/admin/builder/spi-builder-workspace/.swiftpm/xcode
builtin-SwiftPerFileCompile JSClassMacro.swift
SwiftCompile normal arm64 Compiling\ JSFunctionMacro.swift /Users/admin/builder/spi-builder-workspace/.dependencies/checkouts/JavaScriptKit/Plugins/BridgeJS/Sources/BridgeJSMacros/JSFunctionMacro.swift (in target 'BridgeJSMacros' from project 'JavaScriptKit')
SwiftCompile normal arm64 /Users/admin/builder/spi-builder-workspace/.dependencies/checkouts/JavaScriptKit/Plugins/BridgeJS/Sources/BridgeJSMacros/JSFunctionMacro.swift (in target 'BridgeJSMacros' from project 'JavaScriptKit')
cd /Users/admin/builder/spi-builder-workspace/.swiftpm/xcode
builtin-SwiftPerFileCompile JSFunctionMacro.swift
SwiftCompile normal arm64 Compiling\ JSGetterMacro.swift /Users/admin/builder/spi-builder-workspace/.dependencies/checkouts/JavaScriptKit/Plugins/BridgeJS/Sources/BridgeJSMacros/JSGetterMacro.swift (in target 'BridgeJSMacros' from project 'JavaScriptKit')
SwiftCompile normal arm64 /Users/admin/builder/spi-builder-workspace/.dependencies/checkouts/JavaScriptKit/Plugins/BridgeJS/Sources/BridgeJSMacros/JSGetterMacro.swift (in target 'BridgeJSMacros' from project 'JavaScriptKit')
cd /Users/admin/builder/spi-builder-workspace/.swiftpm/xcode
builtin-SwiftPerFileCompile JSGetterMacro.swift
SwiftCompile normal arm64 Compiling\ JSSetterMacro.swift /Users/admin/builder/spi-builder-workspace/.dependencies/checkouts/JavaScriptKit/Plugins/BridgeJS/Sources/BridgeJSMacros/JSSetterMacro.swift (in target 'BridgeJSMacros' from project 'JavaScriptKit')
SwiftCompile normal arm64 /Users/admin/builder/spi-builder-workspace/.dependencies/checkouts/JavaScriptKit/Plugins/BridgeJS/Sources/BridgeJSMacros/JSSetterMacro.swift (in target 'BridgeJSMacros' from project 'JavaScriptKit')
cd /Users/admin/builder/spi-builder-workspace/.swiftpm/xcode
builtin-SwiftPerFileCompile JSSetterMacro.swift
SwiftCompile normal arm64 Compiling\ BridgeJSMacrosPlugin.swift /Users/admin/builder/spi-builder-workspace/.dependencies/checkouts/JavaScriptKit/Plugins/BridgeJS/Sources/BridgeJSMacros/BridgeJSMacrosPlugin.swift (in target 'BridgeJSMacros' from project 'JavaScriptKit')
SwiftCompile normal arm64 /Users/admin/builder/spi-builder-workspace/.dependencies/checkouts/JavaScriptKit/Plugins/BridgeJS/Sources/BridgeJSMacros/BridgeJSMacrosPlugin.swift (in target 'BridgeJSMacros' from project 'JavaScriptKit')
cd /Users/admin/builder/spi-builder-workspace/.swiftpm/xcode
builtin-SwiftPerFileCompile BridgeJSMacrosPlugin.swift
SwiftCompile normal arm64 Compiling\ JSMacroSupport.swift /Users/admin/builder/spi-builder-workspace/.dependencies/checkouts/JavaScriptKit/Plugins/BridgeJS/Sources/BridgeJSMacros/JSMacroSupport.swift (in target 'BridgeJSMacros' from project 'JavaScriptKit')
SwiftCompile normal arm64 /Users/admin/builder/spi-builder-workspace/.dependencies/checkouts/JavaScriptKit/Plugins/BridgeJS/Sources/BridgeJSMacros/JSMacroSupport.swift (in target 'BridgeJSMacros' from project 'JavaScriptKit')
cd /Users/admin/builder/spi-builder-workspace/.swiftpm/xcode
builtin-SwiftPerFileCompile JSMacroSupport.swift
SwiftDriverJobDiscovery normal arm64 Emitting module for BridgeJSMacros (in target 'BridgeJSMacros' from project 'JavaScriptKit')
SwiftDriver\ Compilation\ Requirements BridgeJSMacros normal arm64 com.apple.xcode.tools.swift.compiler (in target 'BridgeJSMacros' from project 'JavaScriptKit')
cd /Users/admin/builder/spi-builder-workspace/.swiftpm/xcode
builtin-Swift-Compilation-Requirements -- /Applications/Xcode-27.0.0-Release.Candidate.app/Contents/Developer/Toolchains/XcodeDefault.xctoolchain/usr/bin/swiftc -parse-as-library -module-name BridgeJSMacros -Onone @/Users/admin/builder/spi-builder-workspace/.derivedData/Build/Intermediates.noindex/JavaScriptKit.build/Debug/BridgeJSMacros-t.build/Objects-normal/arm64/BridgeJSMacros.SwiftFileList -DSWIFT_PACKAGE -DDEBUG -DXcode -I /Users/admin/builder/spi-builder-workspace/.dependencies/prebuilts/swift-syntax/603.0.2/swiftlang-6.4.0.34.1-macosx27.0-MacroSupport/Modules -I /Users/admin/builder/spi-builder-workspace/.dependencies/checkouts/swift-syntax/Sources/_SwiftLibraryPluginProviderCShims/include -I /Users/admin/builder/spi-builder-workspace/.dependencies/checkouts/swift-syntax/Sources/_SwiftSyntaxCShims/include -plugin-path /Applications/Xcode-27.0.0-Release.Candidate.app/Contents/Developer/Toolchains/XcodeDefault.xctoolchain/usr/lib/swift/host/plugins/testing -enable-experimental-feature DebugDescriptionMacro -sdk /Applications/Xcode-27.0.0-Release.Candidate.app/Contents/Developer/Platforms/MacOSX.platform/Developer/SDKs/MacOSX27.0.sdk -target arm64-apple-macos13.0 -g -module-cache-path /Users/admin/builder/spi-builder-workspace/.derivedData/ModuleCache.noindex -Xfrontend -serialize-debugging-options -profile-coverage-mapping -profile-generate -enable-testing -suppress-warnings -index-store-path /Users/admin/builder/spi-builder-workspace/.derivedData/Index.noindex/DataStore -Xcc -D_LIBCPP_HARDENING_MODE\=_LIBCPP_HARDENING_MODE_DEBUG -swift-version 6 -I /Users/admin/builder/spi-builder-workspace/.derivedData/Build/Products/Debug -Isystem /Applications/Xcode-27.0.0-Release.Candidate.app/Contents/Developer/Platforms/MacOSX.platform/Developer/usr/lib -F /Users/admin/builder/spi-builder-workspace/.derivedData/Build/Products/Debug -F /Applications/Xcode-27.0.0-Release.Candidate.app/Contents/Developer/Platforms/MacOSX.platform/Developer/Library/Frameworks -c -j10 -enable-batch-mode -incremental -Xcc -ivfsstatcache -Xcc /Users/admin/builder/spi-builder-workspace/.derivedData/SDKStatCaches.noindex/macosx27.0-26A425-e829b21a6f8c9b70876ba0858053c0446a22442a12e9d48fe1a705f55a1adfc4.sdkstatcache -output-file-map /Users/admin/builder/spi-builder-workspace/.derivedData/Build/Intermediates.noindex/JavaScriptKit.build/Debug/BridgeJSMacros-t.build/Objects-normal/arm64/BridgeJSMacros-OutputFileMap.json -save-temps -no-color-diagnostics -explicit-module-build -module-cache-path /Users/admin/builder/spi-builder-workspace/.derivedData/Build/Intermediates.noindex/SwiftExplicitPrecompiledModules -clang-scanner-module-cache-path /Users/admin/builder/spi-builder-workspace/.derivedData/ModuleCache.noindex -sdk-module-cache-path /Users/admin/builder/spi-builder-workspace/.derivedData/SDKExplicitPrecompiledModules -emit-dependencies -emit-module -emit-module-path /Users/admin/builder/spi-builder-workspace/.derivedData/Build/Intermediates.noindex/JavaScriptKit.build/Debug/BridgeJSMacros-t.build/Objects-normal/arm64/BridgeJSMacros.swiftmodule -serialize-diagnostics -dependency-scan-serialize-diagnostics-path /Users/admin/builder/spi-builder-workspace/.derivedData/Build/Intermediates.noindex/JavaScriptKit.build/Debug/BridgeJSMacros-t.build/Objects-normal/arm64/BridgeJSMacros-dependency-scan.dia -user-module-version 0.56.1 -validate-clang-modules-once -clang-build-session-file /Users/admin/builder/spi-builder-workspace/.derivedData/ModuleCache.noindex/Session.modulevalidation -Xcc -fmodules-prune-interval\=86400 -Xcc -fmodules-prune-after\=345600 -package-name javascriptkit -emit-const-values -const-gather-protocols-list /Users/admin/builder/spi-builder-workspace/.derivedData/Build/Intermediates.noindex/JavaScriptKit.build/Debug/BridgeJSMacros-t.build/Objects-normal/arm64/BridgeJSMacros_const_extract_protocols.json -Xcc -I/Users/admin/builder/spi-builder-workspace/.derivedData/Build/Products/Debug/include -Xcc -I/Users/admin/builder/spi-builder-workspace/.derivedData/Build/Intermediates.noindex/JavaScriptKit.build/Debug/BridgeJSMacros-t.build/DerivedSources-normal/arm64 -Xcc -I/Users/admin/builder/spi-builder-workspace/.derivedData/Build/Intermediates.noindex/JavaScriptKit.build/Debug/BridgeJSMacros-t.build/DerivedSources/arm64 -Xcc -I/Users/admin/builder/spi-builder-workspace/.derivedData/Build/Intermediates.noindex/JavaScriptKit.build/Debug/BridgeJSMacros-t.build/DerivedSources -Xcc -DSWIFT_PACKAGE -Xcc -DDEBUG\=1 -working-directory /Users/admin/builder/spi-builder-workspace/.swiftpm/xcode -experimental-emit-module-separately -disable-cmo
SwiftDriverJobDiscovery normal arm64 Compiling BridgeJSMacrosPlugin.swift (in target 'BridgeJSMacros' from project 'JavaScriptKit')
SwiftDriverJobDiscovery normal arm64 Compiling JSGetterMacro.swift (in target 'BridgeJSMacros' from project 'JavaScriptKit')
SwiftDriverJobDiscovery normal arm64 Compiling JSFunctionMacro.swift (in target 'BridgeJSMacros' from project 'JavaScriptKit')
SwiftDriverJobDiscovery normal arm64 Compiling JSClassMacro.swift (in target 'BridgeJSMacros' from project 'JavaScriptKit')
SwiftDriverJobDiscovery normal arm64 Compiling JSSetterMacro.swift (in target 'BridgeJSMacros' from project 'JavaScriptKit')
SwiftDriverJobDiscovery normal arm64 Compiling JSMacroSupport.swift (in target 'BridgeJSMacros' from project 'JavaScriptKit')
SwiftDriver\ Compilation BridgeJSMacros normal arm64 com.apple.xcode.tools.swift.compiler (in target 'BridgeJSMacros' from project 'JavaScriptKit')
cd /Users/admin/builder/spi-builder-workspace/.swiftpm/xcode
builtin-Swift-Compilation -- /Applications/Xcode-27.0.0-Release.Candidate.app/Contents/Developer/Toolchains/XcodeDefault.xctoolchain/usr/bin/swiftc -parse-as-library -module-name BridgeJSMacros -Onone @/Users/admin/builder/spi-builder-workspace/.derivedData/Build/Intermediates.noindex/JavaScriptKit.build/Debug/BridgeJSMacros-t.build/Objects-normal/arm64/BridgeJSMacros.SwiftFileList -DSWIFT_PACKAGE -DDEBUG -DXcode -I /Users/admin/builder/spi-builder-workspace/.dependencies/prebuilts/swift-syntax/603.0.2/swiftlang-6.4.0.34.1-macosx27.0-MacroSupport/Modules -I /Users/admin/builder/spi-builder-workspace/.dependencies/checkouts/swift-syntax/Sources/_SwiftLibraryPluginProviderCShims/include -I /Users/admin/builder/spi-builder-workspace/.dependencies/checkouts/swift-syntax/Sources/_SwiftSyntaxCShims/include -plugin-path /Applications/Xcode-27.0.0-Release.Candidate.app/Contents/Developer/Toolchains/XcodeDefault.xctoolchain/usr/lib/swift/host/plugins/testing -enable-experimental-feature DebugDescriptionMacro -sdk /Applications/Xcode-27.0.0-Release.Candidate.app/Contents/Developer/Platforms/MacOSX.platform/Developer/SDKs/MacOSX27.0.sdk -target arm64-apple-macos13.0 -g -module-cache-path /Users/admin/builder/spi-builder-workspace/.derivedData/ModuleCache.noindex -Xfrontend -serialize-debugging-options -profile-coverage-mapping -profile-generate -enable-testing -suppress-warnings -index-store-path /Users/admin/builder/spi-builder-workspace/.derivedData/Index.noindex/DataStore -Xcc -D_LIBCPP_HARDENING_MODE\=_LIBCPP_HARDENING_MODE_DEBUG -swift-version 6 -I /Users/admin/builder/spi-builder-workspace/.derivedData/Build/Products/Debug -Isystem /Applications/Xcode-27.0.0-Release.Candidate.app/Contents/Developer/Platforms/MacOSX.platform/Developer/usr/lib -F /Users/admin/builder/spi-builder-workspace/.derivedData/Build/Products/Debug -F /Applications/Xcode-27.0.0-Release.Candidate.app/Contents/Developer/Platforms/MacOSX.platform/Developer/Library/Frameworks -c -j10 -enable-batch-mode -incremental -Xcc -ivfsstatcache -Xcc /Users/admin/builder/spi-builder-workspace/.derivedData/SDKStatCaches.noindex/macosx27.0-26A425-e829b21a6f8c9b70876ba0858053c0446a22442a12e9d48fe1a705f55a1adfc4.sdkstatcache -output-file-map /Users/admin/builder/spi-builder-workspace/.derivedData/Build/Intermediates.noindex/JavaScriptKit.build/Debug/BridgeJSMacros-t.build/Objects-normal/arm64/BridgeJSMacros-OutputFileMap.json -save-temps -no-color-diagnostics -explicit-module-build -module-cache-path /Users/admin/builder/spi-builder-workspace/.derivedData/Build/Intermediates.noindex/SwiftExplicitPrecompiledModules -clang-scanner-module-cache-path /Users/admin/builder/spi-builder-workspace/.derivedData/ModuleCache.noindex -sdk-module-cache-path /Users/admin/builder/spi-builder-workspace/.derivedData/SDKExplicitPrecompiledModules -emit-dependencies -emit-module -emit-module-path /Users/admin/builder/spi-builder-workspace/.derivedData/Build/Intermediates.noindex/JavaScriptKit.build/Debug/BridgeJSMacros-t.build/Objects-normal/arm64/BridgeJSMacros.swiftmodule -serialize-diagnostics -dependency-scan-serialize-diagnostics-path /Users/admin/builder/spi-builder-workspace/.derivedData/Build/Intermediates.noindex/JavaScriptKit.build/Debug/BridgeJSMacros-t.build/Objects-normal/arm64/BridgeJSMacros-dependency-scan.dia -user-module-version 0.56.1 -validate-clang-modules-once -clang-build-session-file /Users/admin/builder/spi-builder-workspace/.derivedData/ModuleCache.noindex/Session.modulevalidation -Xcc -fmodules-prune-interval\=86400 -Xcc -fmodules-prune-after\=345600 -package-name javascriptkit -emit-const-values -const-gather-protocols-list /Users/admin/builder/spi-builder-workspace/.derivedData/Build/Intermediates.noindex/JavaScriptKit.build/Debug/BridgeJSMacros-t.build/Objects-normal/arm64/BridgeJSMacros_const_extract_protocols.json -Xcc -I/Users/admin/builder/spi-builder-workspace/.derivedData/Build/Products/Debug/include -Xcc -I/Users/admin/builder/spi-builder-workspace/.derivedData/Build/Intermediates.noindex/JavaScriptKit.build/Debug/BridgeJSMacros-t.build/DerivedSources-normal/arm64 -Xcc -I/Users/admin/builder/spi-builder-workspace/.derivedData/Build/Intermediates.noindex/JavaScriptKit.build/Debug/BridgeJSMacros-t.build/DerivedSources/arm64 -Xcc -I/Users/admin/builder/spi-builder-workspace/.derivedData/Build/Intermediates.noindex/JavaScriptKit.build/Debug/BridgeJSMacros-t.build/DerivedSources -Xcc -DSWIFT_PACKAGE -Xcc -DDEBUG\=1 -working-directory /Users/admin/builder/spi-builder-workspace/.swiftpm/xcode -experimental-emit-module-separately -disable-cmo
Ld /Users/admin/builder/spi-builder-workspace/.derivedData/Build/Products/Debug/BridgeJSMacros normal (in target 'BridgeJSMacros' from project 'JavaScriptKit')
cd /Users/admin/builder/spi-builder-workspace/.dependencies/checkouts/JavaScriptKit
/Applications/Xcode-27.0.0-Release.Candidate.app/Contents/Developer/Toolchains/XcodeDefault.xctoolchain/usr/bin/swiftc -Xlinker -reproducible -target arm64-apple-macos13.0 -emit-executable -sdk /Applications/Xcode-27.0.0-Release.Candidate.app/Contents/Developer/Platforms/MacOSX.platform/Developer/SDKs/MacOSX27.0.sdk -suppress-warnings -Xlinker -no_warn_duplicate_libraries -L/Users/admin/builder/spi-builder-workspace/.derivedData/Build/Intermediates.noindex/EagerLinkingTBDs/Debug -L/Users/admin/builder/spi-builder-workspace/.derivedData/Build/Products/Debug -L/Users/admin/builder/spi-builder-workspace/.dependencies/prebuilts/swift-syntax/603.0.2/swiftlang-6.4.0.34.1-macosx27.0-MacroSupport/lib -L/Applications/Xcode-27.0.0-Release.Candidate.app/Contents/Developer/Platforms/MacOSX.platform/Developer/usr/lib -F/Users/admin/builder/spi-builder-workspace/.derivedData/Build/Intermediates.noindex/EagerLinkingTBDs/Debug -F/Users/admin/builder/spi-builder-workspace/.derivedData/Build/Products/Debug -Fsystem /Applications/Xcode-27.0.0-Release.Candidate.app/Contents/Developer/Platforms/MacOSX.platform/Developer/Library/Frameworks @/Users/admin/builder/spi-builder-workspace/.derivedData/Build/Intermediates.noindex/JavaScriptKit.build/Debug/BridgeJSMacros-t.build/Objects-normal/arm64/BridgeJSMacros.LinkFileList -Xlinker -rpath -Xlinker /usr/lib/swift -Xlinker -object_path_lto -Xlinker /Users/admin/builder/spi-builder-workspace/.derivedData/Build/Intermediates.noindex/JavaScriptKit.build/Debug/BridgeJSMacros-t.build/Objects-normal/arm64/BridgeJSMacros_lto.o -Xclang-linker -rdynamic -Xlinker -no_deduplicate -Xlinker -debug_variant -Xlinker -dependency_info -Xlinker /Users/admin/builder/spi-builder-workspace/.derivedData/Build/Intermediates.noindex/JavaScriptKit.build/Debug/BridgeJSMacros-t.build/Objects-normal/arm64/BridgeJSMacros_dependency_info.dat -link-objc-runtime -profile-generate -L/Applications/Xcode-27.0.0-Release.Candidate.app/Contents/Developer/Toolchains/XcodeDefault.xctoolchain/usr/lib/swift/macosx -L/usr/lib/swift -Xlinker -add_ast_path -Xlinker /Users/admin/builder/spi-builder-workspace/.derivedData/Build/Intermediates.noindex/JavaScriptKit.build/Debug/BridgeJSMacros-t.build/Objects-normal/arm64/BridgeJSMacros.swiftmodule -lMacroSupport -o /Users/admin/builder/spi-builder-workspace/.derivedData/Build/Products/Debug/BridgeJSMacros -no-stdlib-rpath
RegisterExecutionPolicyException /Users/admin/builder/spi-builder-workspace/.derivedData/Build/Products/Debug/BridgeJSMacros (in target 'BridgeJSMacros' from project 'JavaScriptKit')
cd /Users/admin/builder/spi-builder-workspace/.dependencies/checkouts/JavaScriptKit
builtin-RegisterExecutionPolicyException /Users/admin/builder/spi-builder-workspace/.derivedData/Build/Products/Debug/BridgeJSMacros
SwiftDriver JavaScriptKit normal arm64_32 com.apple.xcode.tools.swift.compiler (in target 'JavaScriptKit' from project 'JavaScriptKit')
cd /Users/admin/builder/spi-builder-workspace/.swiftpm/xcode
builtin-SwiftDriver -- /Applications/Xcode-27.0.0-Release.Candidate.app/Contents/Developer/Toolchains/XcodeDefault.xctoolchain/usr/bin/swiftc -parse-as-library -module-name JavaScriptKit -Onone @/Users/admin/builder/spi-builder-workspace/.derivedData/Build/Intermediates.noindex/JavaScriptKit.build/Debug-watchos/JavaScriptKit-t.build/Objects-normal/arm64_32/JavaScriptKit.SwiftFileList -DSWIFT_PACKAGE -DDEBUG -DSWIFT_MODULE_RESOURCE_BUNDLE_UNAVAILABLE -Xcc -fmodule-map-file\=/Users/admin/builder/spi-builder-workspace/.dependencies/checkouts/JavaScriptKit/Sources/_CJavaScriptKit/include/module.modulemap -DXcode -enable-experimental-feature Extern -plugin-path /Applications/Xcode-27.0.0-Release.Candidate.app/Contents/Developer/Toolchains/XcodeDefault.xctoolchain/usr/lib/swift/host/plugins/testing -enable-experimental-feature DebugDescriptionMacro -sdk /Applications/Xcode-27.0.0-Release.Candidate.app/Contents/Developer/Platforms/WatchOS.platform/Developer/SDKs/WatchOS27.0.sdk -target arm64_32-apple-watchos9.0 -g -module-cache-path /Users/admin/builder/spi-builder-workspace/.derivedData/ModuleCache.noindex -Xfrontend -serialize-debugging-options -profile-coverage-mapping -profile-generate -enable-testing -suppress-warnings -index-store-path /Users/admin/builder/spi-builder-workspace/.derivedData/Index.noindex/DataStore -Xcc -D_LIBCPP_HARDENING_MODE\=_LIBCPP_HARDENING_MODE_DEBUG -swift-version 6 -I /Users/admin/builder/spi-builder-workspace/.derivedData/Build/Products/Debug-watchos -Isystem /Applications/Xcode-27.0.0-Release.Candidate.app/Contents/Developer/Platforms/WatchOS.platform/Developer/usr/lib -F /Users/admin/builder/spi-builder-workspace/.derivedData/Build/Products/Debug-watchos/PackageFrameworks -F /Users/admin/builder/spi-builder-workspace/.derivedData/Build/Products/Debug-watchos -F /Applications/Xcode-27.0.0-Release.Candidate.app/Contents/Developer/Platforms/WatchOS.platform/Developer/Library/Frameworks -F /Applications/Xcode-27.0.0-Release.Candidate.app/Contents/Developer/Platforms/WatchOS.platform/Developer/SDKs/WatchOS27.0.sdk/Developer/Library/Frameworks -Xfrontend -load-plugin-executable -Xfrontend /Users/admin/builder/spi-builder-workspace/.derivedData/Build/Products/Debug/BridgeJSMacros\#BridgeJSMacros -c -j10 -enable-batch-mode -incremental -Xcc -ivfsstatcache -Xcc /Users/admin/builder/spi-builder-workspace/.derivedData/SDKStatCaches.noindex/watchos27.0-24R360-e829b21a6f8c9b70876ba0858053c04477534ef55a1706bf4c1112bbb242f0a2.sdkstatcache -output-file-map /Users/admin/builder/spi-builder-workspace/.derivedData/Build/Intermediates.noindex/JavaScriptKit.build/Debug-watchos/JavaScriptKit-t.build/Objects-normal/arm64_32/JavaScriptKit-OutputFileMap.json -save-temps -no-color-diagnostics -explicit-module-build -module-cache-path /Users/admin/builder/spi-builder-workspace/.derivedData/Build/Intermediates.noindex/SwiftExplicitPrecompiledModules -clang-scanner-module-cache-path /Users/admin/builder/spi-builder-workspace/.derivedData/ModuleCache.noindex -sdk-module-cache-path /Users/admin/builder/spi-builder-workspace/.derivedData/SDKExplicitPrecompiledModules -emit-dependencies -emit-module -emit-module-path /Users/admin/builder/spi-builder-workspace/.derivedData/Build/Intermediates.noindex/JavaScriptKit.build/Debug-watchos/JavaScriptKit-t.build/Objects-normal/arm64_32/JavaScriptKit.swiftmodule -serialize-diagnostics -dependency-scan-serialize-diagnostics-path /Users/admin/builder/spi-builder-workspace/.derivedData/Build/Intermediates.noindex/JavaScriptKit.build/Debug-watchos/JavaScriptKit-t.build/Objects-normal/arm64_32/JavaScriptKit-dependency-scan.dia -user-module-version 0.56.1 -validate-clang-modules-once -clang-build-session-file /Users/admin/builder/spi-builder-workspace/.derivedData/ModuleCache.noindex/Session.modulevalidation -Xcc -fmodules-prune-interval\=86400 -Xcc -fmodules-prune-after\=345600 -package-name javascriptkit -emit-const-values -const-gather-protocols-list /Users/admin/builder/spi-builder-workspace/.derivedData/Build/Intermediates.noindex/JavaScriptKit.build/Debug-watchos/JavaScriptKit-t.build/Objects-normal/arm64_32/JavaScriptKit_const_extract_protocols.json -Xcc -I/Users/admin/builder/spi-builder-workspace/.dependencies/checkouts/JavaScriptKit/Sources/_CJavaScriptKit/include -Xcc -I/Users/admin/builder/spi-builder-workspace/.derivedData/Build/Products/Debug-watchos/include -Xcc -I/Users/admin/builder/spi-builder-workspace/.derivedData/Build/Intermediates.noindex/JavaScriptKit.build/Debug-watchos/JavaScriptKit-t.build/DerivedSources-normal/arm64_32 -Xcc -I/Users/admin/builder/spi-builder-workspace/.derivedData/Build/Intermediates.noindex/JavaScriptKit.build/Debug-watchos/JavaScriptKit-t.build/DerivedSources/arm64_32 -Xcc -I/Users/admin/builder/spi-builder-workspace/.derivedData/Build/Intermediates.noindex/JavaScriptKit.build/Debug-watchos/JavaScriptKit-t.build/DerivedSources -Xcc -DSWIFT_PACKAGE -Xcc -DDEBUG\=1 -emit-objc-header -emit-objc-header-path /Users/admin/builder/spi-builder-workspace/.derivedData/Build/Intermediates.noindex/JavaScriptKit.build/Debug-watchos/JavaScriptKit-t.build/Objects-normal/arm64_32/JavaScriptKit-Swift.h -working-directory /Users/admin/builder/spi-builder-workspace/.swiftpm/xcode -experimental-emit-module-separately -disable-cmo
SwiftDriver JavaScriptKit normal arm64 com.apple.xcode.tools.swift.compiler (in target 'JavaScriptKit' from project 'JavaScriptKit')
cd /Users/admin/builder/spi-builder-workspace/.swiftpm/xcode
builtin-SwiftDriver -- /Applications/Xcode-27.0.0-Release.Candidate.app/Contents/Developer/Toolchains/XcodeDefault.xctoolchain/usr/bin/swiftc -parse-as-library -module-name JavaScriptKit -Onone @/Users/admin/builder/spi-builder-workspace/.derivedData/Build/Intermediates.noindex/JavaScriptKit.build/Debug-watchos/JavaScriptKit-t.build/Objects-normal/arm64/JavaScriptKit.SwiftFileList -DSWIFT_PACKAGE -DDEBUG -DSWIFT_MODULE_RESOURCE_BUNDLE_UNAVAILABLE -Xcc -fmodule-map-file\=/Users/admin/builder/spi-builder-workspace/.dependencies/checkouts/JavaScriptKit/Sources/_CJavaScriptKit/include/module.modulemap -DXcode -enable-experimental-feature Extern -plugin-path /Applications/Xcode-27.0.0-Release.Candidate.app/Contents/Developer/Toolchains/XcodeDefault.xctoolchain/usr/lib/swift/host/plugins/testing -enable-experimental-feature DebugDescriptionMacro -sdk /Applications/Xcode-27.0.0-Release.Candidate.app/Contents/Developer/Platforms/WatchOS.platform/Developer/SDKs/WatchOS27.0.sdk -target arm64-apple-watchos9.0 -g -module-cache-path /Users/admin/builder/spi-builder-workspace/.derivedData/ModuleCache.noindex -Xfrontend -serialize-debugging-options -profile-coverage-mapping -profile-generate -enable-testing -suppress-warnings -index-store-path /Users/admin/builder/spi-builder-workspace/.derivedData/Index.noindex/DataStore -Xcc -D_LIBCPP_HARDENING_MODE\=_LIBCPP_HARDENING_MODE_DEBUG -swift-version 6 -I /Users/admin/builder/spi-builder-workspace/.derivedData/Build/Products/Debug-watchos -Isystem /Applications/Xcode-27.0.0-Release.Candidate.app/Contents/Developer/Platforms/WatchOS.platform/Developer/usr/lib -F /Users/admin/builder/spi-builder-workspace/.derivedData/Build/Products/Debug-watchos/PackageFrameworks -F /Users/admin/builder/spi-builder-workspace/.derivedData/Build/Products/Debug-watchos -F /Applications/Xcode-27.0.0-Release.Candidate.app/Contents/Developer/Platforms/WatchOS.platform/Developer/Library/Frameworks -F /Applications/Xcode-27.0.0-Release.Candidate.app/Contents/Developer/Platforms/WatchOS.platform/Developer/SDKs/WatchOS27.0.sdk/Developer/Library/Frameworks -Xfrontend -load-plugin-executable -Xfrontend /Users/admin/builder/spi-builder-workspace/.derivedData/Build/Products/Debug/BridgeJSMacros\#BridgeJSMacros -c -j10 -enable-batch-mode -incremental -Xcc -ivfsstatcache -Xcc /Users/admin/builder/spi-builder-workspace/.derivedData/SDKStatCaches.noindex/watchos27.0-24R360-e829b21a6f8c9b70876ba0858053c04477534ef55a1706bf4c1112bbb242f0a2.sdkstatcache -output-file-map /Users/admin/builder/spi-builder-workspace/.derivedData/Build/Intermediates.noindex/JavaScriptKit.build/Debug-watchos/JavaScriptKit-t.build/Objects-normal/arm64/JavaScriptKit-OutputFileMap.json -save-temps -no-color-diagnostics -explicit-module-build -module-cache-path /Users/admin/builder/spi-builder-workspace/.derivedData/Build/Intermediates.noindex/SwiftExplicitPrecompiledModules -clang-scanner-module-cache-path /Users/admin/builder/spi-builder-workspace/.derivedData/ModuleCache.noindex -sdk-module-cache-path /Users/admin/builder/spi-builder-workspace/.derivedData/SDKExplicitPrecompiledModules -emit-dependencies -emit-module -emit-module-path /Users/admin/builder/spi-builder-workspace/.derivedData/Build/Intermediates.noindex/JavaScriptKit.build/Debug-watchos/JavaScriptKit-t.build/Objects-normal/arm64/JavaScriptKit.swiftmodule -serialize-diagnostics -dependency-scan-serialize-diagnostics-path /Users/admin/builder/spi-builder-workspace/.derivedData/Build/Intermediates.noindex/JavaScriptKit.build/Debug-watchos/JavaScriptKit-t.build/Objects-normal/arm64/JavaScriptKit-dependency-scan.dia -user-module-version 0.56.1 -validate-clang-modules-once -clang-build-session-file /Users/admin/builder/spi-builder-workspace/.derivedData/ModuleCache.noindex/Session.modulevalidation -Xcc -fmodules-prune-interval\=86400 -Xcc -fmodules-prune-after\=345600 -package-name javascriptkit -emit-const-values -const-gather-protocols-list /Users/admin/builder/spi-builder-workspace/.derivedData/Build/Intermediates.noindex/JavaScriptKit.build/Debug-watchos/JavaScriptKit-t.build/Objects-normal/arm64/JavaScriptKit_const_extract_protocols.json -Xcc -I/Users/admin/builder/spi-builder-workspace/.dependencies/checkouts/JavaScriptKit/Sources/_CJavaScriptKit/include -Xcc -I/Users/admin/builder/spi-builder-workspace/.derivedData/Build/Products/Debug-watchos/include -Xcc -I/Users/admin/builder/spi-builder-workspace/.derivedData/Build/Intermediates.noindex/JavaScriptKit.build/Debug-watchos/JavaScriptKit-t.build/DerivedSources-normal/arm64 -Xcc -I/Users/admin/builder/spi-builder-workspace/.derivedData/Build/Intermediates.noindex/JavaScriptKit.build/Debug-watchos/JavaScriptKit-t.build/DerivedSources/arm64 -Xcc -I/Users/admin/builder/spi-builder-workspace/.derivedData/Build/Intermediates.noindex/JavaScriptKit.build/Debug-watchos/JavaScriptKit-t.build/DerivedSources -Xcc -DSWIFT_PACKAGE -Xcc -DDEBUG\=1 -emit-objc-header -emit-objc-header-path /Users/admin/builder/spi-builder-workspace/.derivedData/Build/Intermediates.noindex/JavaScriptKit.build/Debug-watchos/JavaScriptKit-t.build/Objects-normal/arm64/JavaScriptKit-Swift.h -working-directory /Users/admin/builder/spi-builder-workspace/.swiftpm/xcode -experimental-emit-module-separately -disable-cmo
SwiftExplicitDependencyGeneratePcm arm64 /Users/admin/builder/spi-builder-workspace/.derivedData/SDKExplicitPrecompiledModules/_SwiftConcurrencyShims-CTPSFSTDCBVSSQFHL6I305U72.pcm
SwiftExplicitDependencyGeneratePcm arm64 /Users/admin/builder/spi-builder-workspace/.derivedData/SDKExplicitPrecompiledModules/_Builtin_stddef-5OH846KKUPSJJT7GCX9XU1TKG.pcm
SwiftExplicitDependencyGeneratePcm arm64 /Users/admin/builder/spi-builder-workspace/.derivedData/SDKExplicitPrecompiledModules/_Builtin_float-E4M4A8689VXF1T7P7BV56IKBT.pcm
SwiftExplicitDependencyGeneratePcm arm64 /Users/admin/builder/spi-builder-workspace/.derivedData/SDKExplicitPrecompiledModules/_Builtin_stdarg-3X4KLXUYEI0UGBILP4X7D0CYW.pcm
SwiftExplicitDependencyGeneratePcm arm64 /Users/admin/builder/spi-builder-workspace/.derivedData/SDKExplicitPrecompiledModules/_AvailabilityInternal-42EVAC8Q6P1ZT6G3A168N97G4.pcm
SwiftExplicitDependencyGeneratePcm arm64 /Users/admin/builder/spi-builder-workspace/.derivedData/SDKExplicitPrecompiledModules/_Builtin_stdbool-B692L2PMR118794VVYBG37897.pcm
SwiftExplicitDependencyGeneratePcm arm64 /Users/admin/builder/spi-builder-workspace/.derivedData/SDKExplicitPrecompiledModules/SwiftShims-AJ4AZYHQNC33R5RLN7AGEIOMP.pcm
SwiftExplicitDependencyGeneratePcm arm64 /Users/admin/builder/spi-builder-workspace/.derivedData/SDKExplicitPrecompiledModules/ptrcheck-8K07997SIHO7YGY7UQ3LOQ3TJ.pcm
SwiftExplicitDependencyGeneratePcm arm64_32 /Users/admin/builder/spi-builder-workspace/.derivedData/SDKExplicitPrecompiledModules/_Builtin_stddef-2F9BFIPBQ5EWNSK5G7G7V4EKL.pcm
SwiftExplicitDependencyGeneratePcm arm64_32 /Users/admin/builder/spi-builder-workspace/.derivedData/SDKExplicitPrecompiledModules/ptrcheck-EAZ3I917ZFA9H6ZCL6PGLG4TR.pcm
SwiftExplicitDependencyGeneratePcm arm64_32 /Users/admin/builder/spi-builder-workspace/.derivedData/SDKExplicitPrecompiledModules/_Builtin_stdarg-EYJP6DFYQL9GJLH1TJ84A8MHV.pcm
SwiftExplicitDependencyGeneratePcm arm64_32 /Users/admin/builder/spi-builder-workspace/.derivedData/SDKExplicitPrecompiledModules/_AvailabilityInternal-22ZP1ILSQW16KHXZS5GBZHOCS.pcm
SwiftExplicitDependencyGeneratePcm arm64_32 /Users/admin/builder/spi-builder-workspace/.derivedData/SDKExplicitPrecompiledModules/_SwiftConcurrencyShims-58G4ISYSYDV3AT1DDGEE0QCUF.pcm
SwiftExplicitDependencyGeneratePcm arm64_32 /Users/admin/builder/spi-builder-workspace/.derivedData/SDKExplicitPrecompiledModules/_Builtin_stdbool-84ZA1VDW90AGWZ2LF5KOCM8DZ.pcm
SwiftExplicitDependencyGeneratePcm arm64_32 /Users/admin/builder/spi-builder-workspace/.derivedData/SDKExplicitPrecompiledModules/_Builtin_float-372PLGDQ1U3B6Z5EA5DJMDORJ.pcm
SwiftExplicitDependencyGeneratePcm arm64_32 /Users/admin/builder/spi-builder-workspace/.derivedData/SDKExplicitPrecompiledModules/SwiftShims-D9VBB138U50XYYGW2C2V21N3L.pcm
SwiftExplicitDependencyGeneratePcm arm64 /Users/admin/builder/spi-builder-workspace/.derivedData/SDKExplicitPrecompiledModules/_DarwinFoundation1-7YQ9TVI7XTOGQU9OADRXP33D1.pcm
SwiftExplicitDependencyGeneratePcm arm64_32 /Users/admin/builder/spi-builder-workspace/.derivedData/SDKExplicitPrecompiledModules/_DarwinFoundation1-5SNIO0SFHX9KJZTLQGIPAPXUZ.pcm
SwiftExplicitDependencyGeneratePcm arm64 /Users/admin/builder/spi-builder-workspace/.derivedData/SDKExplicitPrecompiledModules/_DarwinFoundation2-CUPL4FH2SA95GMALQP4M6O8UA.pcm
SwiftExplicitDependencyGeneratePcm arm64 /Users/admin/builder/spi-builder-workspace/.derivedData/SDKExplicitPrecompiledModules/_Builtin_limits-75TRA1C7IHYOFCG3KJXQVTHJ4.pcm
SwiftExplicitDependencyGeneratePcm arm64_32 /Users/admin/builder/spi-builder-workspace/.derivedData/SDKExplicitPrecompiledModules/_Builtin_limits-AQMEC9CLG0FZQN6TLGDQ6WF78.pcm
SwiftExplicitDependencyGeneratePcm arm64_32 /Users/admin/builder/spi-builder-workspace/.derivedData/SDKExplicitPrecompiledModules/_DarwinFoundation2-FP2Q8F1Q2HR151SBYKTU6Q8B.pcm
SwiftExplicitDependencyGeneratePcm arm64 /Users/admin/builder/spi-builder-workspace/.derivedData/SDKExplicitPrecompiledModules/sys_types-9KPVYINL86WUSHF45TU8PWZZ1.pcm
SwiftExplicitDependencyGeneratePcm arm64 /Users/admin/builder/spi-builder-workspace/.derivedData/SDKExplicitPrecompiledModules/_Builtin_stdint-6TUACK4YPMARFT56PLIO388SJ.pcm
SwiftExplicitDependencyGeneratePcm arm64_32 /Users/admin/builder/spi-builder-workspace/.derivedData/SDKExplicitPrecompiledModules/sys_types-65NN51P1G7GN2GUAUPC53JJ7N.pcm
SwiftExplicitDependencyGeneratePcm arm64_32 /Users/admin/builder/spi-builder-workspace/.derivedData/SDKExplicitPrecompiledModules/_Builtin_stdint-6IWJLTRH2WB6RCG4THPA65RDS.pcm
SwiftExplicitDependencyGeneratePcm arm64 /Users/admin/builder/spi-builder-workspace/.derivedData/SDKExplicitPrecompiledModules/_DarwinFoundation3-EJXZKD8LN9EYM9OWP9VLJ49PK.pcm
SwiftExplicitDependencyGeneratePcm arm64_32 /Users/admin/builder/spi-builder-workspace/.derivedData/SDKExplicitPrecompiledModules/_DarwinFoundation3-3YOBOPIW2MF1LRNQH7JBUBY4G.pcm
SwiftExplicitDependencyGeneratePcm arm64 /Users/admin/builder/spi-builder-workspace/.derivedData/Build/Intermediates.noindex/SwiftExplicitPrecompiledModules/_CJavaScriptKit-A5QTZ6EN7H7WI84YL4B1LAUQI.pcm
SwiftExplicitDependencyGeneratePcm arm64 /Users/admin/builder/spi-builder-workspace/.derivedData/SDKExplicitPrecompiledModules/_Builtin_inttypes-86YTNV5YADPJXFMJ82N3R4GWQ.pcm
SwiftExplicitDependencyGeneratePcm arm64_32 /Users/admin/builder/spi-builder-workspace/.derivedData/Build/Intermediates.noindex/SwiftExplicitPrecompiledModules/_CJavaScriptKit-57EN36F175YHB6LKZN7EON6YN.pcm
SwiftExplicitDependencyGeneratePcm arm64_32 /Users/admin/builder/spi-builder-workspace/.derivedData/SDKExplicitPrecompiledModules/_Builtin_inttypes-BPZJ68HW1IMYWSHROAZ0IMUJP.pcm
SwiftExplicitDependencyGeneratePcm arm64 /Users/admin/builder/spi-builder-workspace/.derivedData/SDKExplicitPrecompiledModules/Darwin-CSB8C43KELVSFIQVR0803IZPN.pcm
SwiftExplicitDependencyGeneratePcm arm64_32 /Users/admin/builder/spi-builder-workspace/.derivedData/SDKExplicitPrecompiledModules/Darwin-10D35ZJWCWG7LJAF579U7I5V7.pcm
SwiftEmitModule normal arm64 Emitting\ module\ for\ JavaScriptKit (in target 'JavaScriptKit' from project 'JavaScriptKit')
SwiftCompile normal arm64 (in target 'JavaScriptKit' from project 'JavaScriptKit')
cd /Users/admin/builder/spi-builder-workspace/.swiftpm/xcode
SwiftCompile normal arm64 Compiling\ JSArray.swift,\ JSDate.swift,\ JSError.swift /Users/admin/builder/spi-builder-workspace/.dependencies/checkouts/JavaScriptKit/Sources/JavaScriptKit/BasicObjects/JSArray.swift /Users/admin/builder/spi-builder-workspace/.dependencies/checkouts/JavaScriptKit/Sources/JavaScriptKit/BasicObjects/JSDate.swift /Users/admin/builder/spi-builder-workspace/.dependencies/checkouts/JavaScriptKit/Sources/JavaScriptKit/BasicObjects/JSError.swift (in target 'JavaScriptKit' from project 'JavaScriptKit')
SwiftCompile normal arm64 /Users/admin/builder/spi-builder-workspace/.dependencies/checkouts/JavaScriptKit/Sources/JavaScriptKit/BasicObjects/JSArray.swift (in target 'JavaScriptKit' from project 'JavaScriptKit')
cd /Users/admin/builder/spi-builder-workspace/.swiftpm/xcode
builtin-SwiftPerFileCompile JSArray.swift
SwiftCompile normal arm64 /Users/admin/builder/spi-builder-workspace/.dependencies/checkouts/JavaScriptKit/Sources/JavaScriptKit/BasicObjects/JSDate.swift (in target 'JavaScriptKit' from project 'JavaScriptKit')
cd /Users/admin/builder/spi-builder-workspace/.swiftpm/xcode
builtin-SwiftPerFileCompile JSDate.swift
SwiftCompile normal arm64 /Users/admin/builder/spi-builder-workspace/.dependencies/checkouts/JavaScriptKit/Sources/JavaScriptKit/BasicObjects/JSError.swift (in target 'JavaScriptKit' from project 'JavaScriptKit')
cd /Users/admin/builder/spi-builder-workspace/.swiftpm/xcode
builtin-SwiftPerFileCompile JSError.swift
SwiftCompile normal arm64 Compiling\ JSString.swift,\ JSSymbol.swift,\ JSThrowingFunction.swift /Users/admin/builder/spi-builder-workspace/.dependencies/checkouts/JavaScriptKit/Sources/JavaScriptKit/FundamentalObjects/JSString.swift /Users/admin/builder/spi-builder-workspace/.dependencies/checkouts/JavaScriptKit/Sources/JavaScriptKit/FundamentalObjects/JSSymbol.swift /Users/admin/builder/spi-builder-workspace/.dependencies/checkouts/JavaScriptKit/Sources/JavaScriptKit/FundamentalObjects/JSThrowingFunction.swift (in target 'JavaScriptKit' from project 'JavaScriptKit')
SwiftCompile normal arm64 /Users/admin/builder/spi-builder-workspace/.dependencies/checkouts/JavaScriptKit/Sources/JavaScriptKit/FundamentalObjects/JSString.swift (in target 'JavaScriptKit' from project 'JavaScriptKit')
cd /Users/admin/builder/spi-builder-workspace/.swiftpm/xcode
builtin-SwiftPerFileCompile JSString.swift
SwiftCompile normal arm64 /Users/admin/builder/spi-builder-workspace/.dependencies/checkouts/JavaScriptKit/Sources/JavaScriptKit/FundamentalObjects/JSSymbol.swift (in target 'JavaScriptKit' from project 'JavaScriptKit')
cd /Users/admin/builder/spi-builder-workspace/.swiftpm/xcode
builtin-SwiftPerFileCompile JSSymbol.swift
SwiftCompile normal arm64 /Users/admin/builder/spi-builder-workspace/.dependencies/checkouts/JavaScriptKit/Sources/JavaScriptKit/FundamentalObjects/JSThrowingFunction.swift (in target 'JavaScriptKit' from project 'JavaScriptKit')
cd /Users/admin/builder/spi-builder-workspace/.swiftpm/xcode
builtin-SwiftPerFileCompile JSThrowingFunction.swift
SwiftCompile normal arm64 Compiling\ JSBridgedType.swift,\ JSException.swift /Users/admin/builder/spi-builder-workspace/.dependencies/checkouts/JavaScriptKit/Sources/JavaScriptKit/JSBridgedType.swift /Users/admin/builder/spi-builder-workspace/.dependencies/checkouts/JavaScriptKit/Sources/JavaScriptKit/JSException.swift (in target 'JavaScriptKit' from project 'JavaScriptKit')
SwiftCompile normal arm64 /Users/admin/builder/spi-builder-workspace/.dependencies/checkouts/JavaScriptKit/Sources/JavaScriptKit/JSBridgedType.swift (in target 'JavaScriptKit' from project 'JavaScriptKit')
cd /Users/admin/builder/spi-builder-workspace/.swiftpm/xcode
builtin-SwiftPerFileCompile JSBridgedType.swift
SwiftCompile normal arm64 /Users/admin/builder/spi-builder-workspace/.dependencies/checkouts/JavaScriptKit/Sources/JavaScriptKit/JSException.swift (in target 'JavaScriptKit' from project 'JavaScriptKit')
cd /Users/admin/builder/spi-builder-workspace/.swiftpm/xcode
builtin-SwiftPerFileCompile JSException.swift
SwiftCompile normal arm64 Compiling\ JSTracing.swift,\ JSUndefinedOr.swift /Users/admin/builder/spi-builder-workspace/.dependencies/checkouts/JavaScriptKit/Sources/JavaScriptKit/JSTracing.swift /Users/admin/builder/spi-builder-workspace/.dependencies/checkouts/JavaScriptKit/Sources/JavaScriptKit/JSUndefinedOr.swift (in target 'JavaScriptKit' from project 'JavaScriptKit')
SwiftCompile normal arm64 /Users/admin/builder/spi-builder-workspace/.dependencies/checkouts/JavaScriptKit/Sources/JavaScriptKit/JSTracing.swift (in target 'JavaScriptKit' from project 'JavaScriptKit')
cd /Users/admin/builder/spi-builder-workspace/.swiftpm/xcode
builtin-SwiftPerFileCompile JSTracing.swift
SwiftCompile normal arm64 /Users/admin/builder/spi-builder-workspace/.dependencies/checkouts/JavaScriptKit/Sources/JavaScriptKit/JSUndefinedOr.swift (in target 'JavaScriptKit' from project 'JavaScriptKit')
cd /Users/admin/builder/spi-builder-workspace/.swiftpm/xcode
builtin-SwiftPerFileCompile JSUndefinedOr.swift
SwiftCompile normal arm64 Compiling\ JSClosure.swift,\ JSObject+CallAsFunction.swift,\ JSObject.swift /Users/admin/builder/spi-builder-workspace/.dependencies/checkouts/JavaScriptKit/Sources/JavaScriptKit/FundamentalObjects/JSClosure.swift /Users/admin/builder/spi-builder-workspace/.dependencies/checkouts/JavaScriptKit/Sources/JavaScriptKit/FundamentalObjects/JSObject+CallAsFunction.swift /Users/admin/builder/spi-builder-workspace/.dependencies/checkouts/JavaScriptKit/Sources/JavaScriptKit/FundamentalObjects/JSObject.swift (in target 'JavaScriptKit' from project 'JavaScriptKit')
SwiftCompile normal arm64 /Users/admin/builder/spi-builder-workspace/.dependencies/checkouts/JavaScriptKit/Sources/JavaScriptKit/FundamentalObjects/JSClosure.swift (in target 'JavaScriptKit' from project 'JavaScriptKit')
cd /Users/admin/builder/spi-builder-workspace/.swiftpm/xcode
builtin-SwiftPerFileCompile JSClosure.swift
SwiftCompile normal arm64 /Users/admin/builder/spi-builder-workspace/.dependencies/checkouts/JavaScriptKit/Sources/JavaScriptKit/FundamentalObjects/JSObject+CallAsFunction.swift (in target 'JavaScriptKit' from project 'JavaScriptKit')
cd /Users/admin/builder/spi-builder-workspace/.swiftpm/xcode
builtin-SwiftPerFileCompile JSObject+CallAsFunction.swift
SwiftCompile normal arm64 /Users/admin/builder/spi-builder-workspace/.dependencies/checkouts/JavaScriptKit/Sources/JavaScriptKit/FundamentalObjects/JSObject.swift (in target 'JavaScriptKit' from project 'JavaScriptKit')
cd /Users/admin/builder/spi-builder-workspace/.swiftpm/xcode
builtin-SwiftPerFileCompile JSObject.swift
SwiftCompile normal arm64 Compiling\ JSPromise.swift,\ JSTimer.swift,\ JSTypedArray.swift /Users/admin/builder/spi-builder-workspace/.dependencies/checkouts/JavaScriptKit/Sources/JavaScriptKit/BasicObjects/JSPromise.swift /Users/admin/builder/spi-builder-workspace/.dependencies/checkouts/JavaScriptKit/Sources/JavaScriptKit/BasicObjects/JSTimer.swift /Users/admin/builder/spi-builder-workspace/.dependencies/checkouts/JavaScriptKit/Sources/JavaScriptKit/BasicObjects/JSTypedArray.swift (in target 'JavaScriptKit' from project 'JavaScriptKit')
SwiftCompile normal arm64 /Users/admin/builder/spi-builder-workspace/.dependencies/checkouts/JavaScriptKit/Sources/JavaScriptKit/BasicObjects/JSPromise.swift (in target 'JavaScriptKit' from project 'JavaScriptKit')
cd /Users/admin/builder/spi-builder-workspace/.swiftpm/xcode
builtin-SwiftPerFileCompile JSPromise.swift
SwiftCompile normal arm64 /Users/admin/builder/spi-builder-workspace/.dependencies/checkouts/JavaScriptKit/Sources/JavaScriptKit/BasicObjects/JSTimer.swift (in target 'JavaScriptKit' from project 'JavaScriptKit')
cd /Users/admin/builder/spi-builder-workspace/.swiftpm/xcode
builtin-SwiftPerFileCompile JSTimer.swift
SwiftCompile normal arm64 /Users/admin/builder/spi-builder-workspace/.dependencies/checkouts/JavaScriptKit/Sources/JavaScriptKit/BasicObjects/JSTypedArray.swift (in target 'JavaScriptKit' from project 'JavaScriptKit')
cd /Users/admin/builder/spi-builder-workspace/.swiftpm/xcode
builtin-SwiftPerFileCompile JSTypedArray.swift
SwiftCompile normal arm64 Compiling\ BridgeJSIntrinsics.swift,\ ConstructibleFromJSValue.swift,\ ConvertibleToJSValue.swift /Users/admin/builder/spi-builder-workspace/.dependencies/checkouts/JavaScriptKit/Sources/JavaScriptKit/BridgeJSIntrinsics.swift /Users/admin/builder/spi-builder-workspace/.dependencies/checkouts/JavaScriptKit/Sources/JavaScriptKit/ConstructibleFromJSValue.swift /Users/admin/builder/spi-builder-workspace/.dependencies/checkouts/JavaScriptKit/Sources/JavaScriptKit/ConvertibleToJSValue.swift (in target 'JavaScriptKit' from project 'JavaScriptKit')
SwiftCompile normal arm64 /Users/admin/builder/spi-builder-workspace/.dependencies/checkouts/JavaScriptKit/Sources/JavaScriptKit/BridgeJSIntrinsics.swift (in target 'JavaScriptKit' from project 'JavaScriptKit')
cd /Users/admin/builder/spi-builder-workspace/.swiftpm/xcode
builtin-SwiftPerFileCompile BridgeJSIntrinsics.swift
SwiftCompile normal arm64 /Users/admin/builder/spi-builder-workspace/.dependencies/checkouts/JavaScriptKit/Sources/JavaScriptKit/ConstructibleFromJSValue.swift (in target 'JavaScriptKit' from project 'JavaScriptKit')
cd /Users/admin/builder/spi-builder-workspace/.swiftpm/xcode
builtin-SwiftPerFileCompile ConstructibleFromJSValue.swift
SwiftCompile normal arm64 /Users/admin/builder/spi-builder-workspace/.dependencies/checkouts/JavaScriptKit/Sources/JavaScriptKit/ConvertibleToJSValue.swift (in target 'JavaScriptKit' from project 'JavaScriptKit')
cd /Users/admin/builder/spi-builder-workspace/.swiftpm/xcode
builtin-SwiftPerFileCompile ConvertibleToJSValue.swift
SwiftCompile normal arm64 Compiling\ JSValue.swift,\ JSValueDecoder.swift /Users/admin/builder/spi-builder-workspace/.dependencies/checkouts/JavaScriptKit/Sources/JavaScriptKit/JSValue.swift /Users/admin/builder/spi-builder-workspace/.dependencies/checkouts/JavaScriptKit/Sources/JavaScriptKit/JSValueDecoder.swift (in target 'JavaScriptKit' from project 'JavaScriptKit')
SwiftCompile normal arm64 /Users/admin/builder/spi-builder-workspace/.dependencies/checkouts/JavaScriptKit/Sources/JavaScriptKit/JSValue.swift (in target 'JavaScriptKit' from project 'JavaScriptKit')
cd /Users/admin/builder/spi-builder-workspace/.swiftpm/xcode
builtin-SwiftPerFileCompile JSValue.swift
SwiftCompile normal arm64 /Users/admin/builder/spi-builder-workspace/.dependencies/checkouts/JavaScriptKit/Sources/JavaScriptKit/JSValueDecoder.swift (in target 'JavaScriptKit' from project 'JavaScriptKit')
cd /Users/admin/builder/spi-builder-workspace/.swiftpm/xcode
builtin-SwiftPerFileCompile JSValueDecoder.swift
SwiftCompile normal arm64 Compiling\ Deprecated.swift,\ Features.swift,\ JSBigInt.swift /Users/admin/builder/spi-builder-workspace/.dependencies/checkouts/JavaScriptKit/Sources/JavaScriptKit/Deprecated.swift /Users/admin/builder/spi-builder-workspace/.dependencies/checkouts/JavaScriptKit/Sources/JavaScriptKit/Features.swift /Users/admin/builder/spi-builder-workspace/.dependencies/checkouts/JavaScriptKit/Sources/JavaScriptKit/FundamentalObjects/JSBigInt.swift (in target 'JavaScriptKit' from project 'JavaScriptKit')
SwiftCompile normal arm64 /Users/admin/builder/spi-builder-workspace/.dependencies/checkouts/JavaScriptKit/Sources/JavaScriptKit/Deprecated.swift (in target 'JavaScriptKit' from project 'JavaScriptKit')
cd /Users/admin/builder/spi-builder-workspace/.swiftpm/xcode
builtin-SwiftPerFileCompile Deprecated.swift
SwiftCompile normal arm64 /Users/admin/builder/spi-builder-workspace/.dependencies/checkouts/JavaScriptKit/Sources/JavaScriptKit/Features.swift (in target 'JavaScriptKit' from project 'JavaScriptKit')
cd /Users/admin/builder/spi-builder-workspace/.swiftpm/xcode
builtin-SwiftPerFileCompile Features.swift
SwiftCompile normal arm64 /Users/admin/builder/spi-builder-workspace/.dependencies/checkouts/JavaScriptKit/Sources/JavaScriptKit/FundamentalObjects/JSBigInt.swift (in target 'JavaScriptKit' from project 'JavaScriptKit')
cd /Users/admin/builder/spi-builder-workspace/.swiftpm/xcode
builtin-SwiftPerFileCompile JSBigInt.swift
SwiftEmitModule normal arm64_32 Emitting\ module\ for\ JavaScriptKit (in target 'JavaScriptKit' from project 'JavaScriptKit')
SwiftCompile normal arm64_32 (in target 'JavaScriptKit' from project 'JavaScriptKit')
cd /Users/admin/builder/spi-builder-workspace/.swiftpm/xcode
SwiftDriverJobDiscovery normal arm64 Compiling JSTracing.swift, JSUndefinedOr.swift (in target 'JavaScriptKit' from project 'JavaScriptKit')
SwiftCompile normal arm64_32 Compiling\ JSBridgedType.swift,\ JSException.swift /Users/admin/builder/spi-builder-workspace/.dependencies/checkouts/JavaScriptKit/Sources/JavaScriptKit/JSBridgedType.swift /Users/admin/builder/spi-builder-workspace/.dependencies/checkouts/JavaScriptKit/Sources/JavaScriptKit/JSException.swift (in target 'JavaScriptKit' from project 'JavaScriptKit')
SwiftCompile normal arm64_32 /Users/admin/builder/spi-builder-workspace/.dependencies/checkouts/JavaScriptKit/Sources/JavaScriptKit/JSBridgedType.swift (in target 'JavaScriptKit' from project 'JavaScriptKit')
cd /Users/admin/builder/spi-builder-workspace/.swiftpm/xcode
builtin-SwiftPerFileCompile JSBridgedType.swift
SwiftCompile normal arm64_32 /Users/admin/builder/spi-builder-workspace/.dependencies/checkouts/JavaScriptKit/Sources/JavaScriptKit/JSException.swift (in target 'JavaScriptKit' from project 'JavaScriptKit')
cd /Users/admin/builder/spi-builder-workspace/.swiftpm/xcode
builtin-SwiftPerFileCompile JSException.swift
SwiftDriverJobDiscovery normal arm64 Compiling JSBridgedType.swift, JSException.swift (in target 'JavaScriptKit' from project 'JavaScriptKit')
SwiftCompile normal arm64_32 Compiling\ JSValue.swift,\ JSValueDecoder.swift /Users/admin/builder/spi-builder-workspace/.dependencies/checkouts/JavaScriptKit/Sources/JavaScriptKit/JSValue.swift /Users/admin/builder/spi-builder-workspace/.dependencies/checkouts/JavaScriptKit/Sources/JavaScriptKit/JSValueDecoder.swift (in target 'JavaScriptKit' from project 'JavaScriptKit')
SwiftCompile normal arm64_32 /Users/admin/builder/spi-builder-workspace/.dependencies/checkouts/JavaScriptKit/Sources/JavaScriptKit/JSValue.swift (in target 'JavaScriptKit' from project 'JavaScriptKit')
cd /Users/admin/builder/spi-builder-workspace/.swiftpm/xcode
builtin-SwiftPerFileCompile JSValue.swift
SwiftCompile normal arm64_32 /Users/admin/builder/spi-builder-workspace/.dependencies/checkouts/JavaScriptKit/Sources/JavaScriptKit/JSValueDecoder.swift (in target 'JavaScriptKit' from project 'JavaScriptKit')
cd /Users/admin/builder/spi-builder-workspace/.swiftpm/xcode
builtin-SwiftPerFileCompile JSValueDecoder.swift
SwiftDriverJobDiscovery normal arm64 Compiling Deprecated.swift, Features.swift, JSBigInt.swift (in target 'JavaScriptKit' from project 'JavaScriptKit')
SwiftCompile normal arm64_32 Compiling\ JSArray.swift,\ JSDate.swift,\ JSError.swift /Users/admin/builder/spi-builder-workspace/.dependencies/checkouts/JavaScriptKit/Sources/JavaScriptKit/BasicObjects/JSArray.swift /Users/admin/builder/spi-builder-workspace/.dependencies/checkouts/JavaScriptKit/Sources/JavaScriptKit/BasicObjects/JSDate.swift /Users/admin/builder/spi-builder-workspace/.dependencies/checkouts/JavaScriptKit/Sources/JavaScriptKit/BasicObjects/JSError.swift (in target 'JavaScriptKit' from project 'JavaScriptKit')
SwiftCompile normal arm64_32 /Users/admin/builder/spi-builder-workspace/.dependencies/checkouts/JavaScriptKit/Sources/JavaScriptKit/BasicObjects/JSArray.swift (in target 'JavaScriptKit' from project 'JavaScriptKit')
cd /Users/admin/builder/spi-builder-workspace/.swiftpm/xcode
builtin-SwiftPerFileCompile JSArray.swift
SwiftCompile normal arm64_32 /Users/admin/builder/spi-builder-workspace/.dependencies/checkouts/JavaScriptKit/Sources/JavaScriptKit/BasicObjects/JSDate.swift (in target 'JavaScriptKit' from project 'JavaScriptKit')
cd /Users/admin/builder/spi-builder-workspace/.swiftpm/xcode
builtin-SwiftPerFileCompile JSDate.swift
SwiftCompile normal arm64_32 /Users/admin/builder/spi-builder-workspace/.dependencies/checkouts/JavaScriptKit/Sources/JavaScriptKit/BasicObjects/JSError.swift (in target 'JavaScriptKit' from project 'JavaScriptKit')
cd /Users/admin/builder/spi-builder-workspace/.swiftpm/xcode
builtin-SwiftPerFileCompile JSError.swift
SwiftDriverJobDiscovery normal arm64 Compiling JSClosure.swift, JSObject+CallAsFunction.swift, JSObject.swift (in target 'JavaScriptKit' from project 'JavaScriptKit')
SwiftCompile normal arm64_32 Compiling\ Deprecated.swift,\ Features.swift,\ JSBigInt.swift /Users/admin/builder/spi-builder-workspace/.dependencies/checkouts/JavaScriptKit/Sources/JavaScriptKit/Deprecated.swift /Users/admin/builder/spi-builder-workspace/.dependencies/checkouts/JavaScriptKit/Sources/JavaScriptKit/Features.swift /Users/admin/builder/spi-builder-workspace/.dependencies/checkouts/JavaScriptKit/Sources/JavaScriptKit/FundamentalObjects/JSBigInt.swift (in target 'JavaScriptKit' from project 'JavaScriptKit')
SwiftCompile normal arm64_32 /Users/admin/builder/spi-builder-workspace/.dependencies/checkouts/JavaScriptKit/Sources/JavaScriptKit/Deprecated.swift (in target 'JavaScriptKit' from project 'JavaScriptKit')
cd /Users/admin/builder/spi-builder-workspace/.swiftpm/xcode
builtin-SwiftPerFileCompile Deprecated.swift
SwiftCompile normal arm64_32 /Users/admin/builder/spi-builder-workspace/.dependencies/checkouts/JavaScriptKit/Sources/JavaScriptKit/Features.swift (in target 'JavaScriptKit' from project 'JavaScriptKit')
cd /Users/admin/builder/spi-builder-workspace/.swiftpm/xcode
builtin-SwiftPerFileCompile Features.swift
SwiftCompile normal arm64_32 /Users/admin/builder/spi-builder-workspace/.dependencies/checkouts/JavaScriptKit/Sources/JavaScriptKit/FundamentalObjects/JSBigInt.swift (in target 'JavaScriptKit' from project 'JavaScriptKit')
cd /Users/admin/builder/spi-builder-workspace/.swiftpm/xcode
builtin-SwiftPerFileCompile JSBigInt.swift
SwiftDriverJobDiscovery normal arm64 Compiling JSArray.swift, JSDate.swift, JSError.swift (in target 'JavaScriptKit' from project 'JavaScriptKit')
SwiftCompile normal arm64_32 Compiling\ JSPromise.swift,\ JSTimer.swift,\ JSTypedArray.swift /Users/admin/builder/spi-builder-workspace/.dependencies/checkouts/JavaScriptKit/Sources/JavaScriptKit/BasicObjects/JSPromise.swift /Users/admin/builder/spi-builder-workspace/.dependencies/checkouts/JavaScriptKit/Sources/JavaScriptKit/BasicObjects/JSTimer.swift /Users/admin/builder/spi-builder-workspace/.dependencies/checkouts/JavaScriptKit/Sources/JavaScriptKit/BasicObjects/JSTypedArray.swift (in target 'JavaScriptKit' from project 'JavaScriptKit')
SwiftCompile normal arm64_32 /Users/admin/builder/spi-builder-workspace/.dependencies/checkouts/JavaScriptKit/Sources/JavaScriptKit/BasicObjects/JSPromise.swift (in target 'JavaScriptKit' from project 'JavaScriptKit')
cd /Users/admin/builder/spi-builder-workspace/.swiftpm/xcode
builtin-SwiftPerFileCompile JSPromise.swift
SwiftCompile normal arm64_32 /Users/admin/builder/spi-builder-workspace/.dependencies/checkouts/JavaScriptKit/Sources/JavaScriptKit/BasicObjects/JSTimer.swift (in target 'JavaScriptKit' from project 'JavaScriptKit')
cd /Users/admin/builder/spi-builder-workspace/.swiftpm/xcode
builtin-SwiftPerFileCompile JSTimer.swift
SwiftCompile normal arm64_32 /Users/admin/builder/spi-builder-workspace/.dependencies/checkouts/JavaScriptKit/Sources/JavaScriptKit/BasicObjects/JSTypedArray.swift (in target 'JavaScriptKit' from project 'JavaScriptKit')
cd /Users/admin/builder/spi-builder-workspace/.swiftpm/xcode
builtin-SwiftPerFileCompile JSTypedArray.swift
SwiftDriverJobDiscovery normal arm64 Compiling JSString.swift, JSSymbol.swift, JSThrowingFunction.swift (in target 'JavaScriptKit' from project 'JavaScriptKit')
SwiftCompile normal arm64_32 Compiling\ BridgeJSIntrinsics.swift,\ ConstructibleFromJSValue.swift,\ ConvertibleToJSValue.swift /Users/admin/builder/spi-builder-workspace/.dependencies/checkouts/JavaScriptKit/Sources/JavaScriptKit/BridgeJSIntrinsics.swift /Users/admin/builder/spi-builder-workspace/.dependencies/checkouts/JavaScriptKit/Sources/JavaScriptKit/ConstructibleFromJSValue.swift /Users/admin/builder/spi-builder-workspace/.dependencies/checkouts/JavaScriptKit/Sources/JavaScriptKit/ConvertibleToJSValue.swift (in target 'JavaScriptKit' from project 'JavaScriptKit')
SwiftCompile normal arm64_32 /Users/admin/builder/spi-builder-workspace/.dependencies/checkouts/JavaScriptKit/Sources/JavaScriptKit/BridgeJSIntrinsics.swift (in target 'JavaScriptKit' from project 'JavaScriptKit')
cd /Users/admin/builder/spi-builder-workspace/.swiftpm/xcode
builtin-SwiftPerFileCompile BridgeJSIntrinsics.swift
SwiftCompile normal arm64_32 /Users/admin/builder/spi-builder-workspace/.dependencies/checkouts/JavaScriptKit/Sources/JavaScriptKit/ConstructibleFromJSValue.swift (in target 'JavaScriptKit' from project 'JavaScriptKit')
cd /Users/admin/builder/spi-builder-workspace/.swiftpm/xcode
builtin-SwiftPerFileCompile ConstructibleFromJSValue.swift
SwiftCompile normal arm64_32 /Users/admin/builder/spi-builder-workspace/.dependencies/checkouts/JavaScriptKit/Sources/JavaScriptKit/ConvertibleToJSValue.swift (in target 'JavaScriptKit' from project 'JavaScriptKit')
cd /Users/admin/builder/spi-builder-workspace/.swiftpm/xcode
builtin-SwiftPerFileCompile ConvertibleToJSValue.swift
SwiftDriverJobDiscovery normal arm64 Compiling JSValue.swift, JSValueDecoder.swift (in target 'JavaScriptKit' from project 'JavaScriptKit')
SwiftCompile normal arm64_32 Compiling\ JSString.swift,\ JSSymbol.swift,\ JSThrowingFunction.swift /Users/admin/builder/spi-builder-workspace/.dependencies/checkouts/JavaScriptKit/Sources/JavaScriptKit/FundamentalObjects/JSString.swift /Users/admin/builder/spi-builder-workspace/.dependencies/checkouts/JavaScriptKit/Sources/JavaScriptKit/FundamentalObjects/JSSymbol.swift /Users/admin/builder/spi-builder-workspace/.dependencies/checkouts/JavaScriptKit/Sources/JavaScriptKit/FundamentalObjects/JSThrowingFunction.swift (in target 'JavaScriptKit' from project 'JavaScriptKit')
SwiftCompile normal arm64_32 /Users/admin/builder/spi-builder-workspace/.dependencies/checkouts/JavaScriptKit/Sources/JavaScriptKit/FundamentalObjects/JSString.swift (in target 'JavaScriptKit' from project 'JavaScriptKit')
cd /Users/admin/builder/spi-builder-workspace/.swiftpm/xcode
builtin-SwiftPerFileCompile JSString.swift
SwiftCompile normal arm64_32 /Users/admin/builder/spi-builder-workspace/.dependencies/checkouts/JavaScriptKit/Sources/JavaScriptKit/FundamentalObjects/JSSymbol.swift (in target 'JavaScriptKit' from project 'JavaScriptKit')
cd /Users/admin/builder/spi-builder-workspace/.swiftpm/xcode
builtin-SwiftPerFileCompile JSSymbol.swift
SwiftCompile normal arm64_32 /Users/admin/builder/spi-builder-workspace/.dependencies/checkouts/JavaScriptKit/Sources/JavaScriptKit/FundamentalObjects/JSThrowingFunction.swift (in target 'JavaScriptKit' from project 'JavaScriptKit')
cd /Users/admin/builder/spi-builder-workspace/.swiftpm/xcode
builtin-SwiftPerFileCompile JSThrowingFunction.swift
SwiftDriverJobDiscovery normal arm64 Compiling JSPromise.swift, JSTimer.swift, JSTypedArray.swift (in target 'JavaScriptKit' from project 'JavaScriptKit')
SwiftCompile normal arm64_32 Compiling\ JSClosure.swift,\ JSObject+CallAsFunction.swift,\ JSObject.swift /Users/admin/builder/spi-builder-workspace/.dependencies/checkouts/JavaScriptKit/Sources/JavaScriptKit/FundamentalObjects/JSClosure.swift /Users/admin/builder/spi-builder-workspace/.dependencies/checkouts/JavaScriptKit/Sources/JavaScriptKit/FundamentalObjects/JSObject+CallAsFunction.swift /Users/admin/builder/spi-builder-workspace/.dependencies/checkouts/JavaScriptKit/Sources/JavaScriptKit/FundamentalObjects/JSObject.swift (in target 'JavaScriptKit' from project 'JavaScriptKit')
SwiftCompile normal arm64_32 /Users/admin/builder/spi-builder-workspace/.dependencies/checkouts/JavaScriptKit/Sources/JavaScriptKit/FundamentalObjects/JSClosure.swift (in target 'JavaScriptKit' from project 'JavaScriptKit')
cd /Users/admin/builder/spi-builder-workspace/.swiftpm/xcode
builtin-SwiftPerFileCompile JSClosure.swift
SwiftCompile normal arm64_32 /Users/admin/builder/spi-builder-workspace/.dependencies/checkouts/JavaScriptKit/Sources/JavaScriptKit/FundamentalObjects/JSObject+CallAsFunction.swift (in target 'JavaScriptKit' from project 'JavaScriptKit')
cd /Users/admin/builder/spi-builder-workspace/.swiftpm/xcode
builtin-SwiftPerFileCompile JSObject+CallAsFunction.swift
SwiftCompile normal arm64_32 /Users/admin/builder/spi-builder-workspace/.dependencies/checkouts/JavaScriptKit/Sources/JavaScriptKit/FundamentalObjects/JSObject.swift (in target 'JavaScriptKit' from project 'JavaScriptKit')
cd /Users/admin/builder/spi-builder-workspace/.swiftpm/xcode
builtin-SwiftPerFileCompile JSObject.swift
SwiftDriverJobDiscovery normal arm64 Emitting module for JavaScriptKit (in target 'JavaScriptKit' from project 'JavaScriptKit')
SwiftDriver\ Compilation\ Requirements JavaScriptKit normal arm64 com.apple.xcode.tools.swift.compiler (in target 'JavaScriptKit' from project 'JavaScriptKit')
cd /Users/admin/builder/spi-builder-workspace/.swiftpm/xcode
builtin-Swift-Compilation-Requirements -- /Applications/Xcode-27.0.0-Release.Candidate.app/Contents/Developer/Toolchains/XcodeDefault.xctoolchain/usr/bin/swiftc -parse-as-library -module-name JavaScriptKit -Onone @/Users/admin/builder/spi-builder-workspace/.derivedData/Build/Intermediates.noindex/JavaScriptKit.build/Debug-watchos/JavaScriptKit-t.build/Objects-normal/arm64/JavaScriptKit.SwiftFileList -DSWIFT_PACKAGE -DDEBUG -DSWIFT_MODULE_RESOURCE_BUNDLE_UNAVAILABLE -Xcc -fmodule-map-file\=/Users/admin/builder/spi-builder-workspace/.dependencies/checkouts/JavaScriptKit/Sources/_CJavaScriptKit/include/module.modulemap -DXcode -enable-experimental-feature Extern -plugin-path /Applications/Xcode-27.0.0-Release.Candidate.app/Contents/Developer/Toolchains/XcodeDefault.xctoolchain/usr/lib/swift/host/plugins/testing -enable-experimental-feature DebugDescriptionMacro -sdk /Applications/Xcode-27.0.0-Release.Candidate.app/Contents/Developer/Platforms/WatchOS.platform/Developer/SDKs/WatchOS27.0.sdk -target arm64-apple-watchos9.0 -g -module-cache-path /Users/admin/builder/spi-builder-workspace/.derivedData/ModuleCache.noindex -Xfrontend -serialize-debugging-options -profile-coverage-mapping -profile-generate -enable-testing -suppress-warnings -index-store-path /Users/admin/builder/spi-builder-workspace/.derivedData/Index.noindex/DataStore -Xcc -D_LIBCPP_HARDENING_MODE\=_LIBCPP_HARDENING_MODE_DEBUG -swift-version 6 -I /Users/admin/builder/spi-builder-workspace/.derivedData/Build/Products/Debug-watchos -Isystem /Applications/Xcode-27.0.0-Release.Candidate.app/Contents/Developer/Platforms/WatchOS.platform/Developer/usr/lib -F /Users/admin/builder/spi-builder-workspace/.derivedData/Build/Products/Debug-watchos/PackageFrameworks -F /Users/admin/builder/spi-builder-workspace/.derivedData/Build/Products/Debug-watchos -F /Applications/Xcode-27.0.0-Release.Candidate.app/Contents/Developer/Platforms/WatchOS.platform/Developer/Library/Frameworks -F /Applications/Xcode-27.0.0-Release.Candidate.app/Contents/Developer/Platforms/WatchOS.platform/Developer/SDKs/WatchOS27.0.sdk/Developer/Library/Frameworks -Xfrontend -load-plugin-executable -Xfrontend /Users/admin/builder/spi-builder-workspace/.derivedData/Build/Products/Debug/BridgeJSMacros\#BridgeJSMacros -c -j10 -enable-batch-mode -incremental -Xcc -ivfsstatcache -Xcc /Users/admin/builder/spi-builder-workspace/.derivedData/SDKStatCaches.noindex/watchos27.0-24R360-e829b21a6f8c9b70876ba0858053c04477534ef55a1706bf4c1112bbb242f0a2.sdkstatcache -output-file-map /Users/admin/builder/spi-builder-workspace/.derivedData/Build/Intermediates.noindex/JavaScriptKit.build/Debug-watchos/JavaScriptKit-t.build/Objects-normal/arm64/JavaScriptKit-OutputFileMap.json -save-temps -no-color-diagnostics -explicit-module-build -module-cache-path /Users/admin/builder/spi-builder-workspace/.derivedData/Build/Intermediates.noindex/SwiftExplicitPrecompiledModules -clang-scanner-module-cache-path /Users/admin/builder/spi-builder-workspace/.derivedData/ModuleCache.noindex -sdk-module-cache-path /Users/admin/builder/spi-builder-workspace/.derivedData/SDKExplicitPrecompiledModules -emit-dependencies -emit-module -emit-module-path /Users/admin/builder/spi-builder-workspace/.derivedData/Build/Intermediates.noindex/JavaScriptKit.build/Debug-watchos/JavaScriptKit-t.build/Objects-normal/arm64/JavaScriptKit.swiftmodule -serialize-diagnostics -dependency-scan-serialize-diagnostics-path /Users/admin/builder/spi-builder-workspace/.derivedData/Build/Intermediates.noindex/JavaScriptKit.build/Debug-watchos/JavaScriptKit-t.build/Objects-normal/arm64/JavaScriptKit-dependency-scan.dia -user-module-version 0.56.1 -validate-clang-modules-once -clang-build-session-file /Users/admin/builder/spi-builder-workspace/.derivedData/ModuleCache.noindex/Session.modulevalidation -Xcc -fmodules-prune-interval\=86400 -Xcc -fmodules-prune-after\=345600 -package-name javascriptkit -emit-const-values -const-gather-protocols-list /Users/admin/builder/spi-builder-workspace/.derivedData/Build/Intermediates.noindex/JavaScriptKit.build/Debug-watchos/JavaScriptKit-t.build/Objects-normal/arm64/JavaScriptKit_const_extract_protocols.json -Xcc -I/Users/admin/builder/spi-builder-workspace/.dependencies/checkouts/JavaScriptKit/Sources/_CJavaScriptKit/include -Xcc -I/Users/admin/builder/spi-builder-workspace/.derivedData/Build/Products/Debug-watchos/include -Xcc -I/Users/admin/builder/spi-builder-workspace/.derivedData/Build/Intermediates.noindex/JavaScriptKit.build/Debug-watchos/JavaScriptKit-t.build/DerivedSources-normal/arm64 -Xcc -I/Users/admin/builder/spi-builder-workspace/.derivedData/Build/Intermediates.noindex/JavaScriptKit.build/Debug-watchos/JavaScriptKit-t.build/DerivedSources/arm64 -Xcc -I/Users/admin/builder/spi-builder-workspace/.derivedData/Build/Intermediates.noindex/JavaScriptKit.build/Debug-watchos/JavaScriptKit-t.build/DerivedSources -Xcc -DSWIFT_PACKAGE -Xcc -DDEBUG\=1 -emit-objc-header -emit-objc-header-path /Users/admin/builder/spi-builder-workspace/.derivedData/Build/Intermediates.noindex/JavaScriptKit.build/Debug-watchos/JavaScriptKit-t.build/Objects-normal/arm64/JavaScriptKit-Swift.h -working-directory /Users/admin/builder/spi-builder-workspace/.swiftpm/xcode -experimental-emit-module-separately -disable-cmo
SwiftDriverJobDiscovery normal arm64_32 Compiling JSBridgedType.swift, JSException.swift (in target 'JavaScriptKit' from project 'JavaScriptKit')
SwiftCompile normal arm64 Compiling\ Macros.swift,\ ThreadLocal.swift /Users/admin/builder/spi-builder-workspace/.dependencies/checkouts/JavaScriptKit/Sources/JavaScriptKit/Macros.swift /Users/admin/builder/spi-builder-workspace/.dependencies/checkouts/JavaScriptKit/Sources/JavaScriptKit/ThreadLocal.swift (in target 'JavaScriptKit' from project 'JavaScriptKit')
SwiftCompile normal arm64 /Users/admin/builder/spi-builder-workspace/.dependencies/checkouts/JavaScriptKit/Sources/JavaScriptKit/Macros.swift (in target 'JavaScriptKit' from project 'JavaScriptKit')
cd /Users/admin/builder/spi-builder-workspace/.swiftpm/xcode
builtin-SwiftPerFileCompile Macros.swift
SwiftCompile normal arm64 /Users/admin/builder/spi-builder-workspace/.dependencies/checkouts/JavaScriptKit/Sources/JavaScriptKit/ThreadLocal.swift (in target 'JavaScriptKit' from project 'JavaScriptKit')
cd /Users/admin/builder/spi-builder-workspace/.swiftpm/xcode
builtin-SwiftPerFileCompile ThreadLocal.swift
Copy /Users/admin/builder/spi-builder-workspace/.derivedData/Build/Products/Debug-watchos/JavaScriptKit.swiftmodule/arm64-apple-watchos.swiftmodule /Users/admin/builder/spi-builder-workspace/.derivedData/Build/Intermediates.noindex/JavaScriptKit.build/Debug-watchos/JavaScriptKit-t.build/Objects-normal/arm64/JavaScriptKit.swiftmodule (in target 'JavaScriptKit' from project 'JavaScriptKit')
cd /Users/admin/builder/spi-builder-workspace/.dependencies/checkouts/JavaScriptKit
builtin-copy -exclude .DS_Store -exclude CVS -exclude .svn -exclude .git -exclude .hg -resolve-src-symlinks -rename /Users/admin/builder/spi-builder-workspace/.derivedData/Build/Intermediates.noindex/JavaScriptKit.build/Debug-watchos/JavaScriptKit-t.build/Objects-normal/arm64/JavaScriptKit.swiftmodule /Users/admin/builder/spi-builder-workspace/.derivedData/Build/Products/Debug-watchos/JavaScriptKit.swiftmodule/arm64-apple-watchos.swiftmodule
SwiftDriverJobDiscovery normal arm64_32 Emitting module for JavaScriptKit (in target 'JavaScriptKit' from project 'JavaScriptKit')
SwiftDriver\ Compilation\ Requirements JavaScriptKit normal arm64_32 com.apple.xcode.tools.swift.compiler (in target 'JavaScriptKit' from project 'JavaScriptKit')
cd /Users/admin/builder/spi-builder-workspace/.swiftpm/xcode
builtin-Swift-Compilation-Requirements -- /Applications/Xcode-27.0.0-Release.Candidate.app/Contents/Developer/Toolchains/XcodeDefault.xctoolchain/usr/bin/swiftc -parse-as-library -module-name JavaScriptKit -Onone @/Users/admin/builder/spi-builder-workspace/.derivedData/Build/Intermediates.noindex/JavaScriptKit.build/Debug-watchos/JavaScriptKit-t.build/Objects-normal/arm64_32/JavaScriptKit.SwiftFileList -DSWIFT_PACKAGE -DDEBUG -DSWIFT_MODULE_RESOURCE_BUNDLE_UNAVAILABLE -Xcc -fmodule-map-file\=/Users/admin/builder/spi-builder-workspace/.dependencies/checkouts/JavaScriptKit/Sources/_CJavaScriptKit/include/module.modulemap -DXcode -enable-experimental-feature Extern -plugin-path /Applications/Xcode-27.0.0-Release.Candidate.app/Contents/Developer/Toolchains/XcodeDefault.xctoolchain/usr/lib/swift/host/plugins/testing -enable-experimental-feature DebugDescriptionMacro -sdk /Applications/Xcode-27.0.0-Release.Candidate.app/Contents/Developer/Platforms/WatchOS.platform/Developer/SDKs/WatchOS27.0.sdk -target arm64_32-apple-watchos9.0 -g -module-cache-path /Users/admin/builder/spi-builder-workspace/.derivedData/ModuleCache.noindex -Xfrontend -serialize-debugging-options -profile-coverage-mapping -profile-generate -enable-testing -suppress-warnings -index-store-path /Users/admin/builder/spi-builder-workspace/.derivedData/Index.noindex/DataStore -Xcc -D_LIBCPP_HARDENING_MODE\=_LIBCPP_HARDENING_MODE_DEBUG -swift-version 6 -I /Users/admin/builder/spi-builder-workspace/.derivedData/Build/Products/Debug-watchos -Isystem /Applications/Xcode-27.0.0-Release.Candidate.app/Contents/Developer/Platforms/WatchOS.platform/Developer/usr/lib -F /Users/admin/builder/spi-builder-workspace/.derivedData/Build/Products/Debug-watchos/PackageFrameworks -F /Users/admin/builder/spi-builder-workspace/.derivedData/Build/Products/Debug-watchos -F /Applications/Xcode-27.0.0-Release.Candidate.app/Contents/Developer/Platforms/WatchOS.platform/Developer/Library/Frameworks -F /Applications/Xcode-27.0.0-Release.Candidate.app/Contents/Developer/Platforms/WatchOS.platform/Developer/SDKs/WatchOS27.0.sdk/Developer/Library/Frameworks -Xfrontend -load-plugin-executable -Xfrontend /Users/admin/builder/spi-builder-workspace/.derivedData/Build/Products/Debug/BridgeJSMacros\#BridgeJSMacros -c -j10 -enable-batch-mode -incremental -Xcc -ivfsstatcache -Xcc /Users/admin/builder/spi-builder-workspace/.derivedData/SDKStatCaches.noindex/watchos27.0-24R360-e829b21a6f8c9b70876ba0858053c04477534ef55a1706bf4c1112bbb242f0a2.sdkstatcache -output-file-map /Users/admin/builder/spi-builder-workspace/.derivedData/Build/Intermediates.noindex/JavaScriptKit.build/Debug-watchos/JavaScriptKit-t.build/Objects-normal/arm64_32/JavaScriptKit-OutputFileMap.json -save-temps -no-color-diagnostics -explicit-module-build -module-cache-path /Users/admin/builder/spi-builder-workspace/.derivedData/Build/Intermediates.noindex/SwiftExplicitPrecompiledModules -clang-scanner-module-cache-path /Users/admin/builder/spi-builder-workspace/.derivedData/ModuleCache.noindex -sdk-module-cache-path /Users/admin/builder/spi-builder-workspace/.derivedData/SDKExplicitPrecompiledModules -emit-dependencies -emit-module -emit-module-path /Users/admin/builder/spi-builder-workspace/.derivedData/Build/Intermediates.noindex/JavaScriptKit.build/Debug-watchos/JavaScriptKit-t.build/Objects-normal/arm64_32/JavaScriptKit.swiftmodule -serialize-diagnostics -dependency-scan-serialize-diagnostics-path /Users/admin/builder/spi-builder-workspace/.derivedData/Build/Intermediates.noindex/JavaScriptKit.build/Debug-watchos/JavaScriptKit-t.build/Objects-normal/arm64_32/JavaScriptKit-dependency-scan.dia -user-module-version 0.56.1 -validate-clang-modules-once -clang-build-session-file /Users/admin/builder/spi-builder-workspace/.derivedData/ModuleCache.noindex/Session.modulevalidation -Xcc -fmodules-prune-interval\=86400 -Xcc -fmodules-prune-after\=345600 -package-name javascriptkit -emit-const-values -const-gather-protocols-list /Users/admin/builder/spi-builder-workspace/.derivedData/Build/Intermediates.noindex/JavaScriptKit.build/Debug-watchos/JavaScriptKit-t.build/Objects-normal/arm64_32/JavaScriptKit_const_extract_protocols.json -Xcc -I/Users/admin/builder/spi-builder-workspace/.dependencies/checkouts/JavaScriptKit/Sources/_CJavaScriptKit/include -Xcc -I/Users/admin/builder/spi-builder-workspace/.derivedData/Build/Products/Debug-watchos/include -Xcc -I/Users/admin/builder/spi-builder-workspace/.derivedData/Build/Intermediates.noindex/JavaScriptKit.build/Debug-watchos/JavaScriptKit-t.build/DerivedSources-normal/arm64_32 -Xcc -I/Users/admin/builder/spi-builder-workspace/.derivedData/Build/Intermediates.noindex/JavaScriptKit.build/Debug-watchos/JavaScriptKit-t.build/DerivedSources/arm64_32 -Xcc -I/Users/admin/builder/spi-builder-workspace/.derivedData/Build/Intermediates.noindex/JavaScriptKit.build/Debug-watchos/JavaScriptKit-t.build/DerivedSources -Xcc -DSWIFT_PACKAGE -Xcc -DDEBUG\=1 -emit-objc-header -emit-objc-header-path /Users/admin/builder/spi-builder-workspace/.derivedData/Build/Intermediates.noindex/JavaScriptKit.build/Debug-watchos/JavaScriptKit-t.build/Objects-normal/arm64_32/JavaScriptKit-Swift.h -working-directory /Users/admin/builder/spi-builder-workspace/.swiftpm/xcode -experimental-emit-module-separately -disable-cmo
Copy /Users/admin/builder/spi-builder-workspace/.derivedData/Build/Products/Debug-watchos/JavaScriptKit.swiftmodule/arm64-apple-watchos.swiftdoc /Users/admin/builder/spi-builder-workspace/.derivedData/Build/Intermediates.noindex/JavaScriptKit.build/Debug-watchos/JavaScriptKit-t.build/Objects-normal/arm64/JavaScriptKit.swiftdoc (in target 'JavaScriptKit' from project 'JavaScriptKit')
cd /Users/admin/builder/spi-builder-workspace/.dependencies/checkouts/JavaScriptKit
builtin-copy -exclude .DS_Store -exclude CVS -exclude .svn -exclude .git -exclude .hg -resolve-src-symlinks -rename /Users/admin/builder/spi-builder-workspace/.derivedData/Build/Intermediates.noindex/JavaScriptKit.build/Debug-watchos/JavaScriptKit-t.build/Objects-normal/arm64/JavaScriptKit.swiftdoc /Users/admin/builder/spi-builder-workspace/.derivedData/Build/Products/Debug-watchos/JavaScriptKit.swiftmodule/arm64-apple-watchos.swiftdoc
SwiftMergeGeneratedHeaders /Users/admin/builder/spi-builder-workspace/.derivedData/Build/Intermediates.noindex/GeneratedModuleMaps-watchos/JavaScriptKit-Swift.h /Users/admin/builder/spi-builder-workspace/.derivedData/Build/Intermediates.noindex/JavaScriptKit.build/Debug-watchos/JavaScriptKit-t.build/Objects-normal/arm64/JavaScriptKit-Swift.h /Users/admin/builder/spi-builder-workspace/.derivedData/Build/Intermediates.noindex/JavaScriptKit.build/Debug-watchos/JavaScriptKit-t.build/Objects-normal/arm64_32/JavaScriptKit-Swift.h (in target 'JavaScriptKit' from project 'JavaScriptKit')
cd /Users/admin/builder/spi-builder-workspace/.dependencies/checkouts/JavaScriptKit
builtin-swiftHeaderTool -arch arm64 /Users/admin/builder/spi-builder-workspace/.derivedData/Build/Intermediates.noindex/JavaScriptKit.build/Debug-watchos/JavaScriptKit-t.build/Objects-normal/arm64/JavaScriptKit-Swift.h -arch arm64_32 /Users/admin/builder/spi-builder-workspace/.derivedData/Build/Intermediates.noindex/JavaScriptKit.build/Debug-watchos/JavaScriptKit-t.build/Objects-normal/arm64_32/JavaScriptKit-Swift.h -o /Users/admin/builder/spi-builder-workspace/.derivedData/Build/Intermediates.noindex/GeneratedModuleMaps-watchos/JavaScriptKit-Swift.h
Copy /Users/admin/builder/spi-builder-workspace/.derivedData/Build/Products/Debug-watchos/JavaScriptKit.swiftmodule/arm64_32-apple-watchos.swiftmodule /Users/admin/builder/spi-builder-workspace/.derivedData/Build/Intermediates.noindex/JavaScriptKit.build/Debug-watchos/JavaScriptKit-t.build/Objects-normal/arm64_32/JavaScriptKit.swiftmodule (in target 'JavaScriptKit' from project 'JavaScriptKit')
cd /Users/admin/builder/spi-builder-workspace/.dependencies/checkouts/JavaScriptKit
builtin-copy -exclude .DS_Store -exclude CVS -exclude .svn -exclude .git -exclude .hg -resolve-src-symlinks -rename /Users/admin/builder/spi-builder-workspace/.derivedData/Build/Intermediates.noindex/JavaScriptKit.build/Debug-watchos/JavaScriptKit-t.build/Objects-normal/arm64_32/JavaScriptKit.swiftmodule /Users/admin/builder/spi-builder-workspace/.derivedData/Build/Products/Debug-watchos/JavaScriptKit.swiftmodule/arm64_32-apple-watchos.swiftmodule
Copy /Users/admin/builder/spi-builder-workspace/.derivedData/Build/Products/Debug-watchos/JavaScriptKit.swiftmodule/arm64_32-apple-watchos.swiftdoc /Users/admin/builder/spi-builder-workspace/.derivedData/Build/Intermediates.noindex/JavaScriptKit.build/Debug-watchos/JavaScriptKit-t.build/Objects-normal/arm64_32/JavaScriptKit.swiftdoc (in target 'JavaScriptKit' from project 'JavaScriptKit')
cd /Users/admin/builder/spi-builder-workspace/.dependencies/checkouts/JavaScriptKit
builtin-copy -exclude .DS_Store -exclude CVS -exclude .svn -exclude .git -exclude .hg -resolve-src-symlinks -rename /Users/admin/builder/spi-builder-workspace/.derivedData/Build/Intermediates.noindex/JavaScriptKit.build/Debug-watchos/JavaScriptKit-t.build/Objects-normal/arm64_32/JavaScriptKit.swiftdoc /Users/admin/builder/spi-builder-workspace/.derivedData/Build/Products/Debug-watchos/JavaScriptKit.swiftmodule/arm64_32-apple-watchos.swiftdoc
Copy /Users/admin/builder/spi-builder-workspace/.derivedData/Build/Products/Debug-watchos/JavaScriptKit.swiftmodule/arm64_32-apple-watchos.abi.json /Users/admin/builder/spi-builder-workspace/.derivedData/Build/Intermediates.noindex/JavaScriptKit.build/Debug-watchos/JavaScriptKit-t.build/Objects-normal/arm64_32/JavaScriptKit.abi.json (in target 'JavaScriptKit' from project 'JavaScriptKit')
cd /Users/admin/builder/spi-builder-workspace/.dependencies/checkouts/JavaScriptKit
builtin-copy -exclude .DS_Store -exclude CVS -exclude .svn -exclude .git -exclude .hg -resolve-src-symlinks -rename /Users/admin/builder/spi-builder-workspace/.derivedData/Build/Intermediates.noindex/JavaScriptKit.build/Debug-watchos/JavaScriptKit-t.build/Objects-normal/arm64_32/JavaScriptKit.abi.json /Users/admin/builder/spi-builder-workspace/.derivedData/Build/Products/Debug-watchos/JavaScriptKit.swiftmodule/arm64_32-apple-watchos.abi.json
SwiftDriverJobDiscovery normal arm64_32 Compiling JSPromise.swift, JSTimer.swift, JSTypedArray.swift (in target 'JavaScriptKit' from project 'JavaScriptKit')
Copy /Users/admin/builder/spi-builder-workspace/.derivedData/Build/Products/Debug-watchos/JavaScriptKit.swiftmodule/arm64-apple-watchos.abi.json /Users/admin/builder/spi-builder-workspace/.derivedData/Build/Intermediates.noindex/JavaScriptKit.build/Debug-watchos/JavaScriptKit-t.build/Objects-normal/arm64/JavaScriptKit.abi.json (in target 'JavaScriptKit' from project 'JavaScriptKit')
cd /Users/admin/builder/spi-builder-workspace/.dependencies/checkouts/JavaScriptKit
builtin-copy -exclude .DS_Store -exclude CVS -exclude .svn -exclude .git -exclude .hg -resolve-src-symlinks -rename /Users/admin/builder/spi-builder-workspace/.derivedData/Build/Intermediates.noindex/JavaScriptKit.build/Debug-watchos/JavaScriptKit-t.build/Objects-normal/arm64/JavaScriptKit.abi.json /Users/admin/builder/spi-builder-workspace/.derivedData/Build/Products/Debug-watchos/JavaScriptKit.swiftmodule/arm64-apple-watchos.abi.json
Copy /Users/admin/builder/spi-builder-workspace/.derivedData/Build/Products/Debug-watchos/JavaScriptKit.swiftmodule/Project/arm64_32-apple-watchos.swiftsourceinfo /Users/admin/builder/spi-builder-workspace/.derivedData/Build/Intermediates.noindex/JavaScriptKit.build/Debug-watchos/JavaScriptKit-t.build/Objects-normal/arm64_32/JavaScriptKit.swiftsourceinfo (in target 'JavaScriptKit' from project 'JavaScriptKit')
cd /Users/admin/builder/spi-builder-workspace/.dependencies/checkouts/JavaScriptKit
builtin-copy -exclude .DS_Store -exclude CVS -exclude .svn -exclude .git -exclude .hg -resolve-src-symlinks -rename /Users/admin/builder/spi-builder-workspace/.derivedData/Build/Intermediates.noindex/JavaScriptKit.build/Debug-watchos/JavaScriptKit-t.build/Objects-normal/arm64_32/JavaScriptKit.swiftsourceinfo /Users/admin/builder/spi-builder-workspace/.derivedData/Build/Products/Debug-watchos/JavaScriptKit.swiftmodule/Project/arm64_32-apple-watchos.swiftsourceinfo
Copy /Users/admin/builder/spi-builder-workspace/.derivedData/Build/Products/Debug-watchos/JavaScriptKit.swiftmodule/Project/arm64-apple-watchos.swiftsourceinfo /Users/admin/builder/spi-builder-workspace/.derivedData/Build/Intermediates.noindex/JavaScriptKit.build/Debug-watchos/JavaScriptKit-t.build/Objects-normal/arm64/JavaScriptKit.swiftsourceinfo (in target 'JavaScriptKit' from project 'JavaScriptKit')
cd /Users/admin/builder/spi-builder-workspace/.dependencies/checkouts/JavaScriptKit
builtin-copy -exclude .DS_Store -exclude CVS -exclude .svn -exclude .git -exclude .hg -resolve-src-symlinks -rename /Users/admin/builder/spi-builder-workspace/.derivedData/Build/Intermediates.noindex/JavaScriptKit.build/Debug-watchos/JavaScriptKit-t.build/Objects-normal/arm64/JavaScriptKit.swiftsourceinfo /Users/admin/builder/spi-builder-workspace/.derivedData/Build/Products/Debug-watchos/JavaScriptKit.swiftmodule/Project/arm64-apple-watchos.swiftsourceinfo
SwiftCompile normal arm64_32 Compiling\ JSTracing.swift,\ JSUndefinedOr.swift /Users/admin/builder/spi-builder-workspace/.dependencies/checkouts/JavaScriptKit/Sources/JavaScriptKit/JSTracing.swift /Users/admin/builder/spi-builder-workspace/.dependencies/checkouts/JavaScriptKit/Sources/JavaScriptKit/JSUndefinedOr.swift (in target 'JavaScriptKit' from project 'JavaScriptKit')
SwiftCompile normal arm64_32 /Users/admin/builder/spi-builder-workspace/.dependencies/checkouts/JavaScriptKit/Sources/JavaScriptKit/JSTracing.swift (in target 'JavaScriptKit' from project 'JavaScriptKit')
cd /Users/admin/builder/spi-builder-workspace/.swiftpm/xcode
builtin-SwiftPerFileCompile JSTracing.swift
SwiftCompile normal arm64_32 /Users/admin/builder/spi-builder-workspace/.dependencies/checkouts/JavaScriptKit/Sources/JavaScriptKit/JSUndefinedOr.swift (in target 'JavaScriptKit' from project 'JavaScriptKit')
cd /Users/admin/builder/spi-builder-workspace/.swiftpm/xcode
builtin-SwiftPerFileCompile JSUndefinedOr.swift
SwiftDriverJobDiscovery normal arm64_32 Compiling Deprecated.swift, Features.swift, JSBigInt.swift (in target 'JavaScriptKit' from project 'JavaScriptKit')
SwiftCompile normal arm64_32 Compiling\ Macros.swift,\ ThreadLocal.swift /Users/admin/builder/spi-builder-workspace/.dependencies/checkouts/JavaScriptKit/Sources/JavaScriptKit/Macros.swift /Users/admin/builder/spi-builder-workspace/.dependencies/checkouts/JavaScriptKit/Sources/JavaScriptKit/ThreadLocal.swift (in target 'JavaScriptKit' from project 'JavaScriptKit')
SwiftCompile normal arm64_32 /Users/admin/builder/spi-builder-workspace/.dependencies/checkouts/JavaScriptKit/Sources/JavaScriptKit/Macros.swift (in target 'JavaScriptKit' from project 'JavaScriptKit')
cd /Users/admin/builder/spi-builder-workspace/.swiftpm/xcode
builtin-SwiftPerFileCompile Macros.swift
SwiftCompile normal arm64_32 /Users/admin/builder/spi-builder-workspace/.dependencies/checkouts/JavaScriptKit/Sources/JavaScriptKit/ThreadLocal.swift (in target 'JavaScriptKit' from project 'JavaScriptKit')
cd /Users/admin/builder/spi-builder-workspace/.swiftpm/xcode
builtin-SwiftPerFileCompile ThreadLocal.swift
SwiftDriverJobDiscovery normal arm64_32 Compiling JSString.swift, JSSymbol.swift, JSThrowingFunction.swift (in target 'JavaScriptKit' from project 'JavaScriptKit')
SwiftDriver JavaScriptEventLoop normal arm64_32 com.apple.xcode.tools.swift.compiler (in target 'JavaScriptEventLoop' from project 'JavaScriptKit')
cd /Users/admin/builder/spi-builder-workspace/.swiftpm/xcode
builtin-SwiftDriver -- /Applications/Xcode-27.0.0-Release.Candidate.app/Contents/Developer/Toolchains/XcodeDefault.xctoolchain/usr/bin/swiftc -parse-as-library -module-name JavaScriptEventLoop -Onone @/Users/admin/builder/spi-builder-workspace/.derivedData/Build/Intermediates.noindex/JavaScriptKit.build/Debug-watchos/JavaScriptEventLoop-t.build/Objects-normal/arm64_32/JavaScriptEventLoop.SwiftFileList -DSWIFT_PACKAGE -DDEBUG -DSWIFT_MODULE_RESOURCE_BUNDLE_UNAVAILABLE -Xcc -fmodule-map-file\=/Users/admin/builder/spi-builder-workspace/.dependencies/checkouts/JavaScriptKit/Sources/_CJavaScriptEventLoop/include/module.modulemap -Xcc -fmodule-map-file\=/Users/admin/builder/spi-builder-workspace/.dependencies/checkouts/JavaScriptKit/Sources/_CJavaScriptKit/include/module.modulemap -DXcode -plugin-path /Applications/Xcode-27.0.0-Release.Candidate.app/Contents/Developer/Toolchains/XcodeDefault.xctoolchain/usr/lib/swift/host/plugins/testing -enable-experimental-feature DebugDescriptionMacro -sdk /Applications/Xcode-27.0.0-Release.Candidate.app/Contents/Developer/Platforms/WatchOS.platform/Developer/SDKs/WatchOS27.0.sdk -target arm64_32-apple-watchos9.0 -g -module-cache-path /Users/admin/builder/spi-builder-workspace/.derivedData/ModuleCache.noindex -Xfrontend -serialize-debugging-options -profile-coverage-mapping -profile-generate -enable-testing -suppress-warnings -index-store-path /Users/admin/builder/spi-builder-workspace/.derivedData/Index.noindex/DataStore -Xcc -D_LIBCPP_HARDENING_MODE\=_LIBCPP_HARDENING_MODE_DEBUG -swift-version 6 -I /Users/admin/builder/spi-builder-workspace/.derivedData/Build/Products/Debug-watchos -Isystem /Applications/Xcode-27.0.0-Release.Candidate.app/Contents/Developer/Platforms/WatchOS.platform/Developer/usr/lib -F /Users/admin/builder/spi-builder-workspace/.derivedData/Build/Products/Debug-watchos/PackageFrameworks -F /Users/admin/builder/spi-builder-workspace/.derivedData/Build/Products/Debug-watchos -F /Applications/Xcode-27.0.0-Release.Candidate.app/Contents/Developer/Platforms/WatchOS.platform/Developer/Library/Frameworks -F /Applications/Xcode-27.0.0-Release.Candidate.app/Contents/Developer/Platforms/WatchOS.platform/Developer/SDKs/WatchOS27.0.sdk/Developer/Library/Frameworks -Xfrontend -load-plugin-executable -Xfrontend /Users/admin/builder/spi-builder-workspace/.derivedData/Build/Products/Debug/BridgeJSMacros\#BridgeJSMacros -c -j10 -enable-batch-mode -incremental -Xcc -ivfsstatcache -Xcc /Users/admin/builder/spi-builder-workspace/.derivedData/SDKStatCaches.noindex/watchos27.0-24R360-e829b21a6f8c9b70876ba0858053c04477534ef55a1706bf4c1112bbb242f0a2.sdkstatcache -output-file-map /Users/admin/builder/spi-builder-workspace/.derivedData/Build/Intermediates.noindex/JavaScriptKit.build/Debug-watchos/JavaScriptEventLoop-t.build/Objects-normal/arm64_32/JavaScriptEventLoop-OutputFileMap.json -save-temps -no-color-diagnostics -explicit-module-build -module-cache-path /Users/admin/builder/spi-builder-workspace/.derivedData/Build/Intermediates.noindex/SwiftExplicitPrecompiledModules -clang-scanner-module-cache-path /Users/admin/builder/spi-builder-workspace/.derivedData/ModuleCache.noindex -sdk-module-cache-path /Users/admin/builder/spi-builder-workspace/.derivedData/SDKExplicitPrecompiledModules -emit-dependencies -emit-module -emit-module-path /Users/admin/builder/spi-builder-workspace/.derivedData/Build/Intermediates.noindex/JavaScriptKit.build/Debug-watchos/JavaScriptEventLoop-t.build/Objects-normal/arm64_32/JavaScriptEventLoop.swiftmodule -serialize-diagnostics -dependency-scan-serialize-diagnostics-path /Users/admin/builder/spi-builder-workspace/.derivedData/Build/Intermediates.noindex/JavaScriptKit.build/Debug-watchos/JavaScriptEventLoop-t.build/Objects-normal/arm64_32/JavaScriptEventLoop-dependency-scan.dia -user-module-version 0.56.1 -validate-clang-modules-once -clang-build-session-file /Users/admin/builder/spi-builder-workspace/.derivedData/ModuleCache.noindex/Session.modulevalidation -Xcc -fmodules-prune-interval\=86400 -Xcc -fmodules-prune-after\=345600 -package-name javascriptkit -emit-const-values -const-gather-protocols-list /Users/admin/builder/spi-builder-workspace/.derivedData/Build/Intermediates.noindex/JavaScriptKit.build/Debug-watchos/JavaScriptEventLoop-t.build/Objects-normal/arm64_32/JavaScriptEventLoop_const_extract_protocols.json -Xcc -I/Users/admin/builder/spi-builder-workspace/.dependencies/checkouts/JavaScriptKit/Sources/_CJavaScriptEventLoop/include -Xcc -I/Users/admin/builder/spi-builder-workspace/.dependencies/checkouts/JavaScriptKit/Sources/_CJavaScriptKit/include -Xcc -I/Users/admin/builder/spi-builder-workspace/.derivedData/Build/Products/Debug-watchos/include -Xcc -I/Users/admin/builder/spi-builder-workspace/.derivedData/Build/Intermediates.noindex/JavaScriptKit.build/Debug-watchos/JavaScriptEventLoop-t.build/DerivedSources-normal/arm64_32 -Xcc -I/Users/admin/builder/spi-builder-workspace/.derivedData/Build/Intermediates.noindex/JavaScriptKit.build/Debug-watchos/JavaScriptEventLoop-t.build/DerivedSources/arm64_32 -Xcc -I/Users/admin/builder/spi-builder-workspace/.derivedData/Build/Intermediates.noindex/JavaScriptKit.build/Debug-watchos/JavaScriptEventLoop-t.build/DerivedSources -Xcc -DSWIFT_PACKAGE -Xcc -DDEBUG\=1 -emit-objc-header -emit-objc-header-path /Users/admin/builder/spi-builder-workspace/.derivedData/Build/Intermediates.noindex/JavaScriptKit.build/Debug-watchos/JavaScriptEventLoop-t.build/Objects-normal/arm64_32/JavaScriptEventLoop-Swift.h -working-directory /Users/admin/builder/spi-builder-workspace/.swiftpm/xcode -experimental-emit-module-separately -disable-cmo
SwiftDriver JavaScriptEventLoop normal arm64 com.apple.xcode.tools.swift.compiler (in target 'JavaScriptEventLoop' from project 'JavaScriptKit')
cd /Users/admin/builder/spi-builder-workspace/.swiftpm/xcode
builtin-SwiftDriver -- /Applications/Xcode-27.0.0-Release.Candidate.app/Contents/Developer/Toolchains/XcodeDefault.xctoolchain/usr/bin/swiftc -parse-as-library -module-name JavaScriptEventLoop -Onone @/Users/admin/builder/spi-builder-workspace/.derivedData/Build/Intermediates.noindex/JavaScriptKit.build/Debug-watchos/JavaScriptEventLoop-t.build/Objects-normal/arm64/JavaScriptEventLoop.SwiftFileList -DSWIFT_PACKAGE -DDEBUG -DSWIFT_MODULE_RESOURCE_BUNDLE_UNAVAILABLE -Xcc -fmodule-map-file\=/Users/admin/builder/spi-builder-workspace/.dependencies/checkouts/JavaScriptKit/Sources/_CJavaScriptEventLoop/include/module.modulemap -Xcc -fmodule-map-file\=/Users/admin/builder/spi-builder-workspace/.dependencies/checkouts/JavaScriptKit/Sources/_CJavaScriptKit/include/module.modulemap -DXcode -plugin-path /Applications/Xcode-27.0.0-Release.Candidate.app/Contents/Developer/Toolchains/XcodeDefault.xctoolchain/usr/lib/swift/host/plugins/testing -enable-experimental-feature DebugDescriptionMacro -sdk /Applications/Xcode-27.0.0-Release.Candidate.app/Contents/Developer/Platforms/WatchOS.platform/Developer/SDKs/WatchOS27.0.sdk -target arm64-apple-watchos9.0 -g -module-cache-path /Users/admin/builder/spi-builder-workspace/.derivedData/ModuleCache.noindex -Xfrontend -serialize-debugging-options -profile-coverage-mapping -profile-generate -enable-testing -suppress-warnings -index-store-path /Users/admin/builder/spi-builder-workspace/.derivedData/Index.noindex/DataStore -Xcc -D_LIBCPP_HARDENING_MODE\=_LIBCPP_HARDENING_MODE_DEBUG -swift-version 6 -I /Users/admin/builder/spi-builder-workspace/.derivedData/Build/Products/Debug-watchos -Isystem /Applications/Xcode-27.0.0-Release.Candidate.app/Contents/Developer/Platforms/WatchOS.platform/Developer/usr/lib -F /Users/admin/builder/spi-builder-workspace/.derivedData/Build/Products/Debug-watchos/PackageFrameworks -F /Users/admin/builder/spi-builder-workspace/.derivedData/Build/Products/Debug-watchos -F /Applications/Xcode-27.0.0-Release.Candidate.app/Contents/Developer/Platforms/WatchOS.platform/Developer/Library/Frameworks -F /Applications/Xcode-27.0.0-Release.Candidate.app/Contents/Developer/Platforms/WatchOS.platform/Developer/SDKs/WatchOS27.0.sdk/Developer/Library/Frameworks -Xfrontend -load-plugin-executable -Xfrontend /Users/admin/builder/spi-builder-workspace/.derivedData/Build/Products/Debug/BridgeJSMacros\#BridgeJSMacros -c -j10 -enable-batch-mode -incremental -Xcc -ivfsstatcache -Xcc /Users/admin/builder/spi-builder-workspace/.derivedData/SDKStatCaches.noindex/watchos27.0-24R360-e829b21a6f8c9b70876ba0858053c04477534ef55a1706bf4c1112bbb242f0a2.sdkstatcache -output-file-map /Users/admin/builder/spi-builder-workspace/.derivedData/Build/Intermediates.noindex/JavaScriptKit.build/Debug-watchos/JavaScriptEventLoop-t.build/Objects-normal/arm64/JavaScriptEventLoop-OutputFileMap.json -save-temps -no-color-diagnostics -explicit-module-build -module-cache-path /Users/admin/builder/spi-builder-workspace/.derivedData/Build/Intermediates.noindex/SwiftExplicitPrecompiledModules -clang-scanner-module-cache-path /Users/admin/builder/spi-builder-workspace/.derivedData/ModuleCache.noindex -sdk-module-cache-path /Users/admin/builder/spi-builder-workspace/.derivedData/SDKExplicitPrecompiledModules -emit-dependencies -emit-module -emit-module-path /Users/admin/builder/spi-builder-workspace/.derivedData/Build/Intermediates.noindex/JavaScriptKit.build/Debug-watchos/JavaScriptEventLoop-t.build/Objects-normal/arm64/JavaScriptEventLoop.swiftmodule -serialize-diagnostics -dependency-scan-serialize-diagnostics-path /Users/admin/builder/spi-builder-workspace/.derivedData/Build/Intermediates.noindex/JavaScriptKit.build/Debug-watchos/JavaScriptEventLoop-t.build/Objects-normal/arm64/JavaScriptEventLoop-dependency-scan.dia -user-module-version 0.56.1 -validate-clang-modules-once -clang-build-session-file /Users/admin/builder/spi-builder-workspace/.derivedData/ModuleCache.noindex/Session.modulevalidation -Xcc -fmodules-prune-interval\=86400 -Xcc -fmodules-prune-after\=345600 -package-name javascriptkit -emit-const-values -const-gather-protocols-list /Users/admin/builder/spi-builder-workspace/.derivedData/Build/Intermediates.noindex/JavaScriptKit.build/Debug-watchos/JavaScriptEventLoop-t.build/Objects-normal/arm64/JavaScriptEventLoop_const_extract_protocols.json -Xcc -I/Users/admin/builder/spi-builder-workspace/.dependencies/checkouts/JavaScriptKit/Sources/_CJavaScriptEventLoop/include -Xcc -I/Users/admin/builder/spi-builder-workspace/.dependencies/checkouts/JavaScriptKit/Sources/_CJavaScriptKit/include -Xcc -I/Users/admin/builder/spi-builder-workspace/.derivedData/Build/Products/Debug-watchos/include -Xcc -I/Users/admin/builder/spi-builder-workspace/.derivedData/Build/Intermediates.noindex/JavaScriptKit.build/Debug-watchos/JavaScriptEventLoop-t.build/DerivedSources-normal/arm64 -Xcc -I/Users/admin/builder/spi-builder-workspace/.derivedData/Build/Intermediates.noindex/JavaScriptKit.build/Debug-watchos/JavaScriptEventLoop-t.build/DerivedSources/arm64 -Xcc -I/Users/admin/builder/spi-builder-workspace/.derivedData/Build/Intermediates.noindex/JavaScriptKit.build/Debug-watchos/JavaScriptEventLoop-t.build/DerivedSources -Xcc -DSWIFT_PACKAGE -Xcc -DDEBUG\=1 -emit-objc-header -emit-objc-header-path /Users/admin/builder/spi-builder-workspace/.derivedData/Build/Intermediates.noindex/JavaScriptKit.build/Debug-watchos/JavaScriptEventLoop-t.build/Objects-normal/arm64/JavaScriptEventLoop-Swift.h -working-directory /Users/admin/builder/spi-builder-workspace/.swiftpm/xcode -experimental-emit-module-separately -disable-cmo
SwiftDriverJobDiscovery normal arm64_32 Compiling JSArray.swift, JSDate.swift, JSError.swift (in target 'JavaScriptKit' from project 'JavaScriptKit')
SwiftDriverJobDiscovery normal arm64 Compiling BridgeJSIntrinsics.swift, ConstructibleFromJSValue.swift, ConvertibleToJSValue.swift (in target 'JavaScriptKit' from project 'JavaScriptKit')
SwiftDriverJobDiscovery normal arm64_32 Compiling JSValue.swift, JSValueDecoder.swift (in target 'JavaScriptKit' from project 'JavaScriptKit')
SwiftDriverJobDiscovery normal arm64_32 Compiling JSTracing.swift, JSUndefinedOr.swift (in target 'JavaScriptKit' from project 'JavaScriptKit')
SwiftExplicitDependencyGeneratePcm arm64_32 /Users/admin/builder/spi-builder-workspace/.derivedData/SDKExplicitPrecompiledModules/_Builtin_stdalign-7ZCX4ZEFEYEDBM4O67E6Z3ADI.pcm
SwiftExplicitDependencyGeneratePcm arm64 /Users/admin/builder/spi-builder-workspace/.derivedData/SDKExplicitPrecompiledModules/_Builtin_stdalign-4YMHM1NDV6PAG7OGEK4HZ2WFO.pcm
SwiftExplicitDependencyGeneratePcm arm64_32 /Users/admin/builder/spi-builder-workspace/.derivedData/Build/Intermediates.noindex/SwiftExplicitPrecompiledModules/_CJavaScriptEventLoop-8ROQ2BCSHFSDUVLWHIMXAE2YM.pcm
SwiftExplicitDependencyGeneratePcm arm64 /Users/admin/builder/spi-builder-workspace/.derivedData/Build/Intermediates.noindex/SwiftExplicitPrecompiledModules/_CJavaScriptEventLoop-60SED00E4GD1WQZ9XKZOGXX9Q.pcm
SwiftCompile normal arm64_32 Compiling\ WebWorkerTaskExecutor.swift /Users/admin/builder/spi-builder-workspace/.dependencies/checkouts/JavaScriptKit/Sources/JavaScriptEventLoop/WebWorkerTaskExecutor.swift (in target 'JavaScriptEventLoop' from project 'JavaScriptKit')
SwiftCompile normal arm64_32 /Users/admin/builder/spi-builder-workspace/.dependencies/checkouts/JavaScriptKit/Sources/JavaScriptEventLoop/WebWorkerTaskExecutor.swift (in target 'JavaScriptEventLoop' from project 'JavaScriptKit')
cd /Users/admin/builder/spi-builder-workspace/.swiftpm/xcode
builtin-SwiftPerFileCompile WebWorkerTaskExecutor.swift
SwiftCompile normal arm64_32 Compiling\ JobQueue.swift /Users/admin/builder/spi-builder-workspace/.dependencies/checkouts/JavaScriptKit/Sources/JavaScriptEventLoop/JobQueue.swift (in target 'JavaScriptEventLoop' from project 'JavaScriptKit')
SwiftCompile normal arm64_32 /Users/admin/builder/spi-builder-workspace/.dependencies/checkouts/JavaScriptKit/Sources/JavaScriptEventLoop/JobQueue.swift (in target 'JavaScriptEventLoop' from project 'JavaScriptKit')
cd /Users/admin/builder/spi-builder-workspace/.swiftpm/xcode
builtin-SwiftPerFileCompile JobQueue.swift
SwiftCompile normal arm64_32 Compiling\ WebWorkerDedicatedExecutor.swift /Users/admin/builder/spi-builder-workspace/.dependencies/checkouts/JavaScriptKit/Sources/JavaScriptEventLoop/WebWorkerDedicatedExecutor.swift (in target 'JavaScriptEventLoop' from project 'JavaScriptKit')
SwiftCompile normal arm64_32 /Users/admin/builder/spi-builder-workspace/.dependencies/checkouts/JavaScriptKit/Sources/JavaScriptEventLoop/WebWorkerDedicatedExecutor.swift (in target 'JavaScriptEventLoop' from project 'JavaScriptKit')
cd /Users/admin/builder/spi-builder-workspace/.swiftpm/xcode
builtin-SwiftPerFileCompile WebWorkerDedicatedExecutor.swift
SwiftCompile normal arm64_32 Compiling\ JavaScriptEventLoop+LegacyHooks.swift /Users/admin/builder/spi-builder-workspace/.dependencies/checkouts/JavaScriptKit/Sources/JavaScriptEventLoop/JavaScriptEventLoop+LegacyHooks.swift (in target 'JavaScriptEventLoop' from project 'JavaScriptKit')
SwiftCompile normal arm64_32 /Users/admin/builder/spi-builder-workspace/.dependencies/checkouts/JavaScriptKit/Sources/JavaScriptEventLoop/JavaScriptEventLoop+LegacyHooks.swift (in target 'JavaScriptEventLoop' from project 'JavaScriptKit')
cd /Users/admin/builder/spi-builder-workspace/.swiftpm/xcode
builtin-SwiftPerFileCompile JavaScriptEventLoop+LegacyHooks.swift
SwiftCompile normal arm64_32 Compiling\ JavaScriptEventLoop.swift /Users/admin/builder/spi-builder-workspace/.dependencies/checkouts/JavaScriptKit/Sources/JavaScriptEventLoop/JavaScriptEventLoop.swift (in target 'JavaScriptEventLoop' from project 'JavaScriptKit')
/Users/admin/builder/spi-builder-workspace/.dependencies/checkouts/JavaScriptKit/Sources/JavaScriptEventLoop/JavaScriptEventLoop.swift:129:13: error: module '_Concurrency' has no member named '_createExecutors'
127 | if #available(macOS 9999, iOS 9999, watchOS 9999, tvOS 9999, visionOS 9999, *) {
128 | // For Swift 6.4 and above, we can use the new `ExecutorFactory` API
129 | _Concurrency._createExecutors(factory: JavaScriptEventLoop.self)
| `- error: module '_Concurrency' has no member named '_createExecutors'
130 | }
131 | #else
Failed frontend command:
/Applications/Xcode-27.0.0-Release.Candidate.app/Contents/Developer/Toolchains/XcodeDefault.xctoolchain/usr/bin/swift-frontend -frontend -c /Users/admin/builder/spi-builder-workspace/.dependencies/checkouts/JavaScriptKit/Sources/JavaScriptEventLoop/JSRemote.swift /Users/admin/builder/spi-builder-workspace/.dependencies/checkouts/JavaScriptKit/Sources/JavaScriptEventLoop/JSSending.swift /Users/admin/builder/spi-builder-workspace/.dependencies/checkouts/JavaScriptKit/Sources/JavaScriptEventLoop/JavaScriptEventLoop+ExecutorFactory.swift /Users/admin/builder/spi-builder-workspace/.dependencies/checkouts/JavaScriptKit/Sources/JavaScriptEventLoop/JavaScriptEventLoop+LegacyHooks.swift -primary-file /Users/admin/builder/spi-builder-workspace/.dependencies/checkouts/JavaScriptKit/Sources/JavaScriptEventLoop/JavaScriptEventLoop.swift /Users/admin/builder/spi-builder-workspace/.dependencies/checkouts/JavaScriptKit/Sources/JavaScriptEventLoop/JobQueue.swift /Users/admin/builder/spi-builder-workspace/.dependencies/checkouts/JavaScriptKit/Sources/JavaScriptEventLoop/WebWorkerDedicatedExecutor.swift /Users/admin/builder/spi-builder-workspace/.dependencies/checkouts/JavaScriptKit/Sources/JavaScriptEventLoop/WebWorkerTaskExecutor.swift -emit-dependencies-path /Users/admin/builder/spi-builder-workspace/.derivedData/Build/Intermediates.noindex/JavaScriptKit.build/Debug-watchos/JavaScriptEventLoop-t.build/Objects-normal/arm64_32/JavaScriptEventLoop.d -emit-const-values-path /Users/admin/builder/spi-builder-workspace/.derivedData/Build/Intermediates.noindex/JavaScriptKit.build/Debug-watchos/JavaScriptEventLoop-t.build/Objects-normal/arm64_32/JavaScriptEventLoop.swiftconstvalues -emit-reference-dependencies-path /Users/admin/builder/spi-builder-workspace/.derivedData/Build/Intermediates.noindex/JavaScriptKit.build/Debug-watchos/JavaScriptEventLoop-t.build/Objects-normal/arm64_32/JavaScriptEventLoop.swiftdeps -serialize-diagnostics-path /Users/admin/builder/spi-builder-workspace/.derivedData/Build/Intermediates.noindex/JavaScriptKit.build/Debug-watchos/JavaScriptEventLoop-t.build/Objects-normal/arm64_32/JavaScriptEventLoop.dia -target arm64_32-apple-watchos9.0 -module-can-import-version Synchronization 6.4.0.31 0 -disable-cross-import-overlay-search -load-resolved-plugin \#/Users/admin/builder/spi-builder-workspace/.derivedData/Build/Products/Debug/BridgeJSMacros\#BridgeJSMacros -load-resolved-plugin /Applications/Xcode-27.0.0-Release.Candidate.app/Contents/Developer/Platforms/WatchOS.platform/Developer/usr/lib/swift/host/plugins/libSwiftMacros.dylib\#/Applications/Xcode-27.0.0-Release.Candidate.app/Contents/Developer/Platforms/WatchOS.platform/Developer/usr/bin/swift-plugin-server\#SwiftMacros -disable-implicit-swift-modules -Xcc -fno-implicit-modules -Xcc -fno-implicit-module-maps -explicit-swift-module-map-file /Users/admin/builder/spi-builder-workspace/.derivedData/Build/Intermediates.noindex/JavaScriptKit.build/Debug-watchos/JavaScriptEventLoop-t.build/Objects-normal/arm64_32/JavaScriptEventLoop-dependencies-1.json -enable-objc-interop -sdk /Applications/Xcode-27.0.0-Release.Candidate.app/Contents/Developer/Platforms/WatchOS.platform/Developer/SDKs/WatchOS27.0.sdk -I /Users/admin/builder/spi-builder-workspace/.derivedData/Build/Products/Debug-watchos -Isystem /Applications/Xcode-27.0.0-Release.Candidate.app/Contents/Developer/Platforms/WatchOS.platform/Developer/usr/lib -F /Users/admin/builder/spi-builder-workspace/.derivedData/Build/Products/Debug-watchos/PackageFrameworks -F /Users/admin/builder/spi-builder-workspace/.derivedData/Build/Products/Debug-watchos -F /Applications/Xcode-27.0.0-Release.Candidate.app/Contents/Developer/Platforms/WatchOS.platform/Developer/Library/Frameworks -F /Applications/Xcode-27.0.0-Release.Candidate.app/Contents/Developer/Platforms/WatchOS.platform/Developer/SDKs/WatchOS27.0.sdk/Developer/Library/Frameworks -module-cache-path /Users/admin/builder/spi-builder-workspace/.derivedData/Build/Intermediates.noindex/SwiftExplicitPrecompiledModules -no-color-diagnostics -Xcc -fno-color-diagnostics -enable-testing -g -debug-info-format\=dwarf -dwarf-version\=4 -suppress-warnings -profile-generate -profile-coverage-mapping -swift-version 6 -Onone -D SWIFT_PACKAGE -D DEBUG -D SWIFT_MODULE_RESOURCE_BUNDLE_UNAVAILABLE -D Xcode -serialize-debugging-options -load-plugin-executable /Users/admin/builder/spi-builder-workspace/.derivedData/Build/Products/Debug/BridgeJSMacros\#BridgeJSMacros -enable-experimental-feature DebugDescriptionMacro -empty-abi-descriptor -user-module-version 0.56.1 -validate-clang-modules-once -clang-build-session-file /Users/admin/builder/spi-builder-workspace/.derivedData/ModuleCache.noindex/Session.modulevalidation -Xcc -working-directory -Xcc /Users/admin/builder/spi-builder-workspace/.swiftpm/xcode -enable-anonymous-context-mangled-names -file-compilation-dir /Users/admin/builder/spi-builder-workspace/.swiftpm/xcode -Xcc -fmodule-map-file\=/Users/admin/builder/spi-builder-workspace/.dependencies/checkouts/JavaScriptKit/Sources/_CJavaScriptEventLoop/include/module.modulemap -Xcc -fmodule-map-file\=/Users/admin/builder/spi-builder-workspace/.dependencies/checkouts/JavaScriptKit/Sources/_CJavaScriptKit/include/module.modulemap -Xcc -D_LIBCPP_HARDENING_MODE\=_LIBCPP_HARDENING_MODE_DEBUG -Xcc -ivfsstatcache -Xcc /Users/admin/builder/spi-builder-workspace/.derivedData/SDKStatCaches.noindex/watchos27.0-24R360-e829b21a6f8c9b70876ba0858053c04477534ef55a1706bf4c1112bbb242f0a2.sdkstatcache -Xcc -fmodules-prune-interval\=86400 -Xcc -fmodules-prune-after\=345600 -Xcc -I/Users/admin/builder/spi-builder-workspace/.dependencies/checkouts/JavaScriptKit/Sources/_CJavaScriptEventLoop/include -Xcc -I/Users/admin/builder/spi-builder-workspace/.dependencies/checkouts/JavaScriptKit/Sources/_CJavaScriptKit/include -Xcc -I/Users/admin/builder/spi-builder-workspace/.derivedData/Build/Products/Debug-watchos/include -Xcc -I/Users/admin/builder/spi-builder-workspace/.derivedData/Build/Intermediates.noindex/JavaScriptKit.build/Debug-watchos/JavaScriptEventLoop-t.build/DerivedSources-normal/arm64_32 -Xcc -I/Users/admin/builder/spi-builder-workspace/.derivedData/Build/Intermediates.noindex/JavaScriptKit.build/Debug-watchos/JavaScriptEventLoop-t.build/DerivedSources/arm64_32 -Xcc -I/Users/admin/builder/spi-builder-workspace/.derivedData/Build/Intermediates.noindex/JavaScriptKit.build/Debug-watchos/JavaScriptEventLoop-t.build/DerivedSources -Xcc -DSWIFT_PACKAGE -Xcc -DDEBUG\=1 -no-auto-bridging-header-chaining -module-name JavaScriptEventLoop -package-name javascriptkit -const-gather-protocols-file /Users/admin/builder/spi-builder-workspace/.derivedData/Build/Intermediates.noindex/JavaScriptKit.build/Debug-watchos/JavaScriptEventLoop-t.build/Objects-normal/arm64_32/JavaScriptEventLoop_const_extract_protocols.json -disable-clang-spi -clang-target arm64_32-apple-watchos27.0 -target-sdk-version 27.0 -target-sdk-name watchos27.0 -in-process-plugin-server-path /Applications/Xcode-27.0.0-Release.Candidate.app/Contents/Developer/Toolchains/XcodeDefault.xctoolchain/usr/lib/swift/host/libSwiftInProcPluginServer.dylib -parse-as-library -o /Users/admin/builder/spi-builder-workspace/.derivedData/Build/Intermediates.noindex/JavaScriptKit.build/Debug-watchos/JavaScriptEventLoop-t.build/Objects-normal/arm64_32/JavaScriptEventLoop.o -debug-module-path /Users/admin/builder/spi-builder-workspace/.derivedData/Build/Intermediates.noindex/JavaScriptKit.build/Debug-watchos/JavaScriptEventLoop-t.build/Objects-normal/arm64_32/JavaScriptEventLoop.swiftmodule -index-unit-output-path /JavaScriptKit.build/Debug-watchos/JavaScriptEventLoop-t.build/Objects-normal/arm64_32/JavaScriptEventLoop.o -index-store-path /Users/admin/builder/spi-builder-workspace/.derivedData/Index.noindex/DataStore -index-system-modules
SwiftCompile normal arm64_32 /Users/admin/builder/spi-builder-workspace/.dependencies/checkouts/JavaScriptKit/Sources/JavaScriptEventLoop/JavaScriptEventLoop.swift (in target 'JavaScriptEventLoop' from project 'JavaScriptKit')
cd /Users/admin/builder/spi-builder-workspace/.swiftpm/xcode
builtin-SwiftPerFileCompile JavaScriptEventLoop.swift
SwiftEmitModule normal arm64_32 Emitting\ module\ for\ JavaScriptEventLoop (in target 'JavaScriptEventLoop' from project 'JavaScriptKit')
/Users/admin/builder/spi-builder-workspace/.dependencies/checkouts/JavaScriptKit/Sources/JavaScriptEventLoop/JavaScriptEventLoop+ExecutorFactory.swift:20:32: error: cannot find type 'MainExecutor' in scope
18 | @available(macOS 9999, iOS 9999, watchOS 9999, tvOS 9999, visionOS 9999, *)
19 | @_spi(ExperimentalCustomExecutors)
20 | extension JavaScriptEventLoop: MainExecutor {
| `- error: cannot find type 'MainExecutor' in scope
21 | public func run() throws {
22 | // This method is called from `swift_task_asyncMainDrainQueueImpl`.
/Users/admin/builder/spi-builder-workspace/.dependencies/checkouts/JavaScriptKit/Sources/JavaScriptEventLoop/JavaScriptEventLoop+ExecutorFactory.swift:36:32: error: cannot find type 'SchedulingExecutor' in scope
34 | @available(macOS 9999, iOS 9999, watchOS 9999, tvOS 9999, visionOS 9999, *)
35 | @_spi(ExperimentalCustomExecutors)
36 | extension JavaScriptEventLoop: SchedulingExecutor {
| `- error: cannot find type 'SchedulingExecutor' in scope
37 | public func enqueue<C: Clock>(
38 | _ job: consuming ExecutorJob,
/Users/admin/builder/spi-builder-workspace/.dependencies/checkouts/JavaScriptKit/Sources/JavaScriptEventLoop/JavaScriptEventLoop+ExecutorFactory.swift:75:32: error: cannot find type 'ExecutorFactory' in scope
73 | @available(macOS 9999, iOS 9999, watchOS 9999, tvOS 9999, visionOS 9999, *)
74 | @_spi(ExperimentalCustomExecutors)
75 | extension JavaScriptEventLoop: ExecutorFactory {
| `- error: cannot find type 'ExecutorFactory' in scope
76 | // Forward all operations to the current thread's JavaScriptEventLoop instance
77 | final class CurrentThread: TaskExecutor, SchedulingExecutor, MainExecutor, SerialExecutor {
/Users/admin/builder/spi-builder-workspace/.dependencies/checkouts/JavaScriptKit/Sources/JavaScriptEventLoop/JavaScriptEventLoop+ExecutorFactory.swift:77:46: error: cannot find type 'SchedulingExecutor' in scope
75 | extension JavaScriptEventLoop: ExecutorFactory {
76 | // Forward all operations to the current thread's JavaScriptEventLoop instance
77 | final class CurrentThread: TaskExecutor, SchedulingExecutor, MainExecutor, SerialExecutor {
| `- error: cannot find type 'SchedulingExecutor' in scope
78 | func checkIsolated() {}
79 |
/Users/admin/builder/spi-builder-workspace/.dependencies/checkouts/JavaScriptKit/Sources/JavaScriptEventLoop/JavaScriptEventLoop+ExecutorFactory.swift:77:66: error: cannot find type 'MainExecutor' in scope
75 | extension JavaScriptEventLoop: ExecutorFactory {
76 | // Forward all operations to the current thread's JavaScriptEventLoop instance
77 | final class CurrentThread: TaskExecutor, SchedulingExecutor, MainExecutor, SerialExecutor {
| `- error: cannot find type 'MainExecutor' in scope
78 | func checkIsolated() {}
79 |
/Users/admin/builder/spi-builder-workspace/.dependencies/checkouts/JavaScriptKit/Sources/JavaScriptEventLoop/JavaScriptEventLoop+ExecutorFactory.swift:105:41: error: cannot find type 'MainExecutor' in scope
103 | }
104 |
105 | public static var mainExecutor: any MainExecutor {
| `- error: cannot find type 'MainExecutor' in scope
106 | CurrentThread()
107 | }
SwiftCompile normal arm64_32 (in target 'JavaScriptEventLoop' from project 'JavaScriptKit')
cd /Users/admin/builder/spi-builder-workspace/.swiftpm/xcode
SwiftEmitModule normal arm64 Emitting\ module\ for\ JavaScriptEventLoop (in target 'JavaScriptEventLoop' from project 'JavaScriptKit')
/Users/admin/builder/spi-builder-workspace/.dependencies/checkouts/JavaScriptKit/Sources/JavaScriptEventLoop/JavaScriptEventLoop+ExecutorFactory.swift:20:32: error: cannot find type 'MainExecutor' in scope
18 | @available(macOS 9999, iOS 9999, watchOS 9999, tvOS 9999, visionOS 9999, *)
19 | @_spi(ExperimentalCustomExecutors)
20 | extension JavaScriptEventLoop: MainExecutor {
| `- error: cannot find type 'MainExecutor' in scope
21 | public func run() throws {
22 | // This method is called from `swift_task_asyncMainDrainQueueImpl`.
/Users/admin/builder/spi-builder-workspace/.dependencies/checkouts/JavaScriptKit/Sources/JavaScriptEventLoop/JavaScriptEventLoop+ExecutorFactory.swift:36:32: error: cannot find type 'SchedulingExecutor' in scope
34 | @available(macOS 9999, iOS 9999, watchOS 9999, tvOS 9999, visionOS 9999, *)
35 | @_spi(ExperimentalCustomExecutors)
36 | extension JavaScriptEventLoop: SchedulingExecutor {
| `- error: cannot find type 'SchedulingExecutor' in scope
37 | public func enqueue<C: Clock>(
38 | _ job: consuming ExecutorJob,
/Users/admin/builder/spi-builder-workspace/.dependencies/checkouts/JavaScriptKit/Sources/JavaScriptEventLoop/JavaScriptEventLoop+ExecutorFactory.swift:75:32: error: cannot find type 'ExecutorFactory' in scope
73 | @available(macOS 9999, iOS 9999, watchOS 9999, tvOS 9999, visionOS 9999, *)
74 | @_spi(ExperimentalCustomExecutors)
75 | extension JavaScriptEventLoop: ExecutorFactory {
| `- error: cannot find type 'ExecutorFactory' in scope
76 | // Forward all operations to the current thread's JavaScriptEventLoop instance
77 | final class CurrentThread: TaskExecutor, SchedulingExecutor, MainExecutor, SerialExecutor {
/Users/admin/builder/spi-builder-workspace/.dependencies/checkouts/JavaScriptKit/Sources/JavaScriptEventLoop/JavaScriptEventLoop+ExecutorFactory.swift:77:46: error: cannot find type 'SchedulingExecutor' in scope
75 | extension JavaScriptEventLoop: ExecutorFactory {
76 | // Forward all operations to the current thread's JavaScriptEventLoop instance
77 | final class CurrentThread: TaskExecutor, SchedulingExecutor, MainExecutor, SerialExecutor {
| `- error: cannot find type 'SchedulingExecutor' in scope
78 | func checkIsolated() {}
79 |
/Users/admin/builder/spi-builder-workspace/.dependencies/checkouts/JavaScriptKit/Sources/JavaScriptEventLoop/JavaScriptEventLoop+ExecutorFactory.swift:77:66: error: cannot find type 'MainExecutor' in scope
75 | extension JavaScriptEventLoop: ExecutorFactory {
76 | // Forward all operations to the current thread's JavaScriptEventLoop instance
77 | final class CurrentThread: TaskExecutor, SchedulingExecutor, MainExecutor, SerialExecutor {
| `- error: cannot find type 'MainExecutor' in scope
78 | func checkIsolated() {}
79 |
SwiftCompile normal arm64 (in target 'JavaScriptEventLoop' from project 'JavaScriptKit')
cd /Users/admin/builder/spi-builder-workspace/.swiftpm/xcode
SwiftDriverJobDiscovery normal arm64 Compiling Macros.swift, ThreadLocal.swift (in target 'JavaScriptKit' from project 'JavaScriptKit')
SwiftDriver\ Compilation JavaScriptKit normal arm64 com.apple.xcode.tools.swift.compiler (in target 'JavaScriptKit' from project 'JavaScriptKit')
cd /Users/admin/builder/spi-builder-workspace/.swiftpm/xcode
builtin-Swift-Compilation -- /Applications/Xcode-27.0.0-Release.Candidate.app/Contents/Developer/Toolchains/XcodeDefault.xctoolchain/usr/bin/swiftc -parse-as-library -module-name JavaScriptKit -Onone @/Users/admin/builder/spi-builder-workspace/.derivedData/Build/Intermediates.noindex/JavaScriptKit.build/Debug-watchos/JavaScriptKit-t.build/Objects-normal/arm64/JavaScriptKit.SwiftFileList -DSWIFT_PACKAGE -DDEBUG -DSWIFT_MODULE_RESOURCE_BUNDLE_UNAVAILABLE -Xcc -fmodule-map-file\=/Users/admin/builder/spi-builder-workspace/.dependencies/checkouts/JavaScriptKit/Sources/_CJavaScriptKit/include/module.modulemap -DXcode -enable-experimental-feature Extern -plugin-path /Applications/Xcode-27.0.0-Release.Candidate.app/Contents/Developer/Toolchains/XcodeDefault.xctoolchain/usr/lib/swift/host/plugins/testing -enable-experimental-feature DebugDescriptionMacro -sdk /Applications/Xcode-27.0.0-Release.Candidate.app/Contents/Developer/Platforms/WatchOS.platform/Developer/SDKs/WatchOS27.0.sdk -target arm64-apple-watchos9.0 -g -module-cache-path /Users/admin/builder/spi-builder-workspace/.derivedData/ModuleCache.noindex -Xfrontend -serialize-debugging-options -profile-coverage-mapping -profile-generate -enable-testing -suppress-warnings -index-store-path /Users/admin/builder/spi-builder-workspace/.derivedData/Index.noindex/DataStore -Xcc -D_LIBCPP_HARDENING_MODE\=_LIBCPP_HARDENING_MODE_DEBUG -swift-version 6 -I /Users/admin/builder/spi-builder-workspace/.derivedData/Build/Products/Debug-watchos -Isystem /Applications/Xcode-27.0.0-Release.Candidate.app/Contents/Developer/Platforms/WatchOS.platform/Developer/usr/lib -F /Users/admin/builder/spi-builder-workspace/.derivedData/Build/Products/Debug-watchos/PackageFrameworks -F /Users/admin/builder/spi-builder-workspace/.derivedData/Build/Products/Debug-watchos -F /Applications/Xcode-27.0.0-Release.Candidate.app/Contents/Developer/Platforms/WatchOS.platform/Developer/Library/Frameworks -F /Applications/Xcode-27.0.0-Release.Candidate.app/Contents/Developer/Platforms/WatchOS.platform/Developer/SDKs/WatchOS27.0.sdk/Developer/Library/Frameworks -Xfrontend -load-plugin-executable -Xfrontend /Users/admin/builder/spi-builder-workspace/.derivedData/Build/Products/Debug/BridgeJSMacros\#BridgeJSMacros -c -j10 -enable-batch-mode -incremental -Xcc -ivfsstatcache -Xcc /Users/admin/builder/spi-builder-workspace/.derivedData/SDKStatCaches.noindex/watchos27.0-24R360-e829b21a6f8c9b70876ba0858053c04477534ef55a1706bf4c1112bbb242f0a2.sdkstatcache -output-file-map /Users/admin/builder/spi-builder-workspace/.derivedData/Build/Intermediates.noindex/JavaScriptKit.build/Debug-watchos/JavaScriptKit-t.build/Objects-normal/arm64/JavaScriptKit-OutputFileMap.json -save-temps -no-color-diagnostics -explicit-module-build -module-cache-path /Users/admin/builder/spi-builder-workspace/.derivedData/Build/Intermediates.noindex/SwiftExplicitPrecompiledModules -clang-scanner-module-cache-path /Users/admin/builder/spi-builder-workspace/.derivedData/ModuleCache.noindex -sdk-module-cache-path /Users/admin/builder/spi-builder-workspace/.derivedData/SDKExplicitPrecompiledModules -emit-dependencies -emit-module -emit-module-path /Users/admin/builder/spi-builder-workspace/.derivedData/Build/Intermediates.noindex/JavaScriptKit.build/Debug-watchos/JavaScriptKit-t.build/Objects-normal/arm64/JavaScriptKit.swiftmodule -serialize-diagnostics -dependency-scan-serialize-diagnostics-path /Users/admin/builder/spi-builder-workspace/.derivedData/Build/Intermediates.noindex/JavaScriptKit.build/Debug-watchos/JavaScriptKit-t.build/Objects-normal/arm64/JavaScriptKit-dependency-scan.dia -user-module-version 0.56.1 -validate-clang-modules-once -clang-build-session-file /Users/admin/builder/spi-builder-workspace/.derivedData/ModuleCache.noindex/Session.modulevalidation -Xcc -fmodules-prune-interval\=86400 -Xcc -fmodules-prune-after\=345600 -package-name javascriptkit -emit-const-values -const-gather-protocols-list /Users/admin/builder/spi-builder-workspace/.derivedData/Build/Intermediates.noindex/JavaScriptKit.build/Debug-watchos/JavaScriptKit-t.build/Objects-normal/arm64/JavaScriptKit_const_extract_protocols.json -Xcc -I/Users/admin/builder/spi-builder-workspace/.dependencies/checkouts/JavaScriptKit/Sources/_CJavaScriptKit/include -Xcc -I/Users/admin/builder/spi-builder-workspace/.derivedData/Build/Products/Debug-watchos/include -Xcc -I/Users/admin/builder/spi-builder-workspace/.derivedData/Build/Intermediates.noindex/JavaScriptKit.build/Debug-watchos/JavaScriptKit-t.build/DerivedSources-normal/arm64 -Xcc -I/Users/admin/builder/spi-builder-workspace/.derivedData/Build/Intermediates.noindex/JavaScriptKit.build/Debug-watchos/JavaScriptKit-t.build/DerivedSources/arm64 -Xcc -I/Users/admin/builder/spi-builder-workspace/.derivedData/Build/Intermediates.noindex/JavaScriptKit.build/Debug-watchos/JavaScriptKit-t.build/DerivedSources -Xcc -DSWIFT_PACKAGE -Xcc -DDEBUG\=1 -emit-objc-header -emit-objc-header-path /Users/admin/builder/spi-builder-workspace/.derivedData/Build/Intermediates.noindex/JavaScriptKit.build/Debug-watchos/JavaScriptKit-t.build/Objects-normal/arm64/JavaScriptKit-Swift.h -working-directory /Users/admin/builder/spi-builder-workspace/.swiftpm/xcode -experimental-emit-module-separately -disable-cmo
SwiftDriverJobDiscovery normal arm64_32 Compiling Macros.swift, ThreadLocal.swift (in target 'JavaScriptKit' from project 'JavaScriptKit')
SwiftCompile normal arm64 Compiling\ JavaScriptEventLoop+LegacyHooks.swift /Users/admin/builder/spi-builder-workspace/.dependencies/checkouts/JavaScriptKit/Sources/JavaScriptEventLoop/JavaScriptEventLoop+LegacyHooks.swift (in target 'JavaScriptEventLoop' from project 'JavaScriptKit')
SwiftCompile normal arm64 /Users/admin/builder/spi-builder-workspace/.dependencies/checkouts/JavaScriptKit/Sources/JavaScriptEventLoop/JavaScriptEventLoop+LegacyHooks.swift (in target 'JavaScriptEventLoop' from project 'JavaScriptKit')
cd /Users/admin/builder/spi-builder-workspace/.swiftpm/xcode
builtin-SwiftPerFileCompile JavaScriptEventLoop+LegacyHooks.swift
Ld /Users/admin/builder/spi-builder-workspace/.derivedData/Build/Intermediates.noindex/JavaScriptKit.build/Debug-watchos/JavaScriptKit-t.build/Objects-normal/arm64/Binary/JavaScriptKit.o normal arm64 (in target 'JavaScriptKit' from project 'JavaScriptKit')
cd /Users/admin/builder/spi-builder-workspace/.dependencies/checkouts/JavaScriptKit
/Applications/Xcode-27.0.0-Release.Candidate.app/Contents/Developer/Toolchains/XcodeDefault.xctoolchain/usr/bin/clang -Xlinker -reproducible -target arm64-apple-watchos9.0 -r -isysroot /Applications/Xcode-27.0.0-Release.Candidate.app/Contents/Developer/Platforms/WatchOS.platform/Developer/SDKs/WatchOS27.0.sdk -O0 -w -Xlinker -no_warn_duplicate_libraries -F/Users/admin/builder/spi-builder-workspace/.derivedData/Build/Intermediates.noindex/EagerLinkingTBDs/Debug-watchos -F/Users/admin/builder/spi-builder-workspace/.derivedData/Build/Products/Debug-watchos/PackageFrameworks -F/Users/admin/builder/spi-builder-workspace/.derivedData/Build/Products/Debug-watchos -iframework /Applications/Xcode-27.0.0-Release.Candidate.app/Contents/Developer/Platforms/WatchOS.platform/Developer/Library/Frameworks -iframework /Applications/Xcode-27.0.0-Release.Candidate.app/Contents/Developer/Platforms/WatchOS.platform/Developer/SDKs/WatchOS27.0.sdk/Developer/Library/Frameworks -filelist /Users/admin/builder/spi-builder-workspace/.derivedData/Build/Intermediates.noindex/JavaScriptKit.build/Debug-watchos/JavaScriptKit-t.build/Objects-normal/arm64/JavaScriptKit.LinkFileList -nostdlib -Xlinker -object_path_lto -Xlinker /Users/admin/builder/spi-builder-workspace/.derivedData/Build/Intermediates.noindex/JavaScriptKit.build/Debug-watchos/JavaScriptKit-t.build/Objects-normal/arm64/JavaScriptKit_lto.o -Xlinker -no_deduplicate -Xlinker -debug_variant -Xlinker -dependency_info -Xlinker /Users/admin/builder/spi-builder-workspace/.derivedData/Build/Intermediates.noindex/JavaScriptKit.build/Debug-watchos/JavaScriptKit-t.build/Objects-normal/arm64/JavaScriptKit_dependency_info.dat -fobjc-link-runtime -L/Applications/Xcode-27.0.0-Release.Candidate.app/Contents/Developer/Toolchains/XcodeDefault.xctoolchain/usr/lib/swift/watchos -L/usr/lib/swift -Xlinker -add_ast_path -Xlinker /Users/admin/builder/spi-builder-workspace/.derivedData/Build/Intermediates.noindex/JavaScriptKit.build/Debug-watchos/JavaScriptKit-t.build/Objects-normal/arm64/JavaScriptKit.swiftmodule -o /Users/admin/builder/spi-builder-workspace/.derivedData/Build/Intermediates.noindex/JavaScriptKit.build/Debug-watchos/JavaScriptKit-t.build/Objects-normal/arm64/Binary/JavaScriptKit.o
PruneExplicitPrecompiledModules /Users/admin/builder/spi-builder-workspace/.derivedData/Build/Intermediates.noindex/ExplicitPrecompiledModules
PruneExplicitPrecompiledModules /Users/admin/builder/spi-builder-workspace/.derivedData/SDKExplicitPrecompiledModules
PruneExplicitPrecompiledModules /Users/admin/builder/spi-builder-workspace/.derivedData/Build/Intermediates.noindex/SwiftExplicitPrecompiledModules
2026-09-27 12:22:41.966 xcodebuild[775:4838] [MT] IDERunDestination: Supported platforms for the buildables in the current scheme is empty.
** BUILD FAILED **
The following build commands failed:
SwiftCompile normal arm64_32 Compiling\ JavaScriptEventLoop.swift /Users/admin/builder/spi-builder-workspace/.dependencies/checkouts/JavaScriptKit/Sources/JavaScriptEventLoop/JavaScriptEventLoop.swift (in target 'JavaScriptEventLoop' from project 'JavaScriptKit')
SwiftCompile normal arm64_32 /Users/admin/builder/spi-builder-workspace/.dependencies/checkouts/JavaScriptKit/Sources/JavaScriptEventLoop/JavaScriptEventLoop.swift (in target 'JavaScriptEventLoop' from project 'JavaScriptKit')
Building workspace SwiftWebGPU with scheme SwiftWebGPU
(3 failures)
Command line invocation:
/Applications/Xcode-27.0.0-Release.Candidate.app/Contents/Developer/usr/bin/xcodebuild -IDEClonedSourcePackagesDirPathOverride=/Users/admin/builder/spi-builder-workspace/.dependencies -resolvePackageDependencies
Resolve Package Graph
Resolved source packages:
JavaScriptKit: https://github.com/swiftwasm/JavaScriptKit @ 0.56.1
swift-syntax: https://github.com/swiftlang/swift-syntax @ 603.0.2
SwiftWebGPU: /Users/admin/builder/spi-builder-workspace
resolved source packages: JavaScriptKit, swift-syntax, SwiftWebGPU
2026-09-27 12:22:57.752 xcodebuild[1008:5905] [MT] IDERunDestination: Supported platforms for the buildables in the current scheme is empty.
{
"dependencies" : [
{
"identity" : "javascriptkit",
"requirement" : {
"exact" : [
"0.56.1"
]
},
"type" : "sourceControl",
"url" : "https://github.com/swiftwasm/JavaScriptKit"
}
],
"manifest_display_name" : "SwiftWebGPU",
"name" : "SwiftWebGPU",
"path" : "/Users/admin/builder/spi-builder-workspace",
"platforms" : [
{
"name" : "macos",
"version" : "13.0"
}
],
"products" : [
{
"name" : "SwiftWebGPU",
"targets" : [
"SwiftWebGPU"
],
"type" : {
"library" : [
"automatic"
]
}
}
],
"targets" : [
{
"c99name" : "SwiftWebGPUTests",
"module_type" : "SwiftTarget",
"name" : "SwiftWebGPUTests",
"path" : "Tests/SwiftWebGPUTests",
"sources" : [
"SwiftWebGPUTests.swift"
],
"target_dependencies" : [
"SwiftWebGPU"
],
"type" : "test"
},
{
"c99name" : "SwiftWebGPU",
"module_type" : "SwiftTarget",
"name" : "SwiftWebGPU",
"path" : "Sources/SwiftWebGPU",
"product_dependencies" : [
"JavaScriptKit",
"JavaScriptEventLoop"
],
"product_memberships" : [
"SwiftWebGPU"
],
"sources" : [
"GPU.swift",
"GPUAdapter.swift",
"GPUBindGroup.swift",
"GPUBuffer.swift",
"GPUCanvasContext.swift",
"GPUCommandEncoder.swift",
"GPUDevice.swift",
"GPUEnums.swift",
"GPUErrors.swift",
"GPUFlags.swift",
"GPUQueue.swift",
"GPURenderPassEncoder.swift",
"GPURenderPipeline.swift",
"GPUSampler.swift",
"GPUShaderModule.swift",
"GPUTexture.swift"
],
"type" : "library"
}
],
"tools_version" : "6.4"
}
{
"workspace" : {
"name" : "SwiftWebGPU",
"schemes" : [
"SwiftWebGPU"
]
}
}
2026-09-27 12:23:01.803 xcodebuild[1032:6072] [MT] IDERunDestination: Supported platforms for the buildables in the current scheme is empty.
Running build ...
env DEVELOPER_DIR=/Applications/Xcode-27.0.0-Release.Candidate.app xcrun xcodebuild -IDEClonedSourcePackagesDirPathOverride=$PWD/.dependencies -skipMacroValidation -skipPackagePluginValidation -derivedDataPath $PWD/.derivedData build -scheme SwiftWebGPU -destination generic/platform=watchOS
Command line invocation:
/Applications/Xcode-27.0.0-Release.Candidate.app/Contents/Developer/usr/bin/xcodebuild -IDEClonedSourcePackagesDirPathOverride=/Users/admin/builder/spi-builder-workspace/.dependencies -skipMacroValidation -skipPackagePluginValidation -derivedDataPath /Users/admin/builder/spi-builder-workspace/.derivedData build -scheme SwiftWebGPU -destination generic/platform=watchOS
Resolve Package Graph
Resolved source packages:
SwiftWebGPU: /Users/admin/builder/spi-builder-workspace
swift-syntax: https://github.com/swiftlang/swift-syntax @ 603.0.2
JavaScriptKit: https://github.com/swiftwasm/JavaScriptKit @ 0.56.1
ComputePackagePrebuildTargetDependencyGraph
Prepare packages
CreateBuildRequest
SendProjectDescription
CreateBuildOperation
ComputeTargetDependencyGraph
note: Building targets in dependency order
note: Target dependency graph (9 targets)
Target 'SwiftWebGPU-product' in project 'SwiftWebGPU'
➜ Explicit dependency on target 'SwiftWebGPU' in project 'SwiftWebGPU'
➜ Explicit dependency on target 'JavaScriptKit-product' in project 'JavaScriptKit'
➜ Explicit dependency on target 'JavaScriptEventLoop-product' in project 'JavaScriptKit'
Target 'SwiftWebGPU' in project 'SwiftWebGPU'
➜ Explicit dependency on target 'JavaScriptKit-product' in project 'JavaScriptKit'
➜ Explicit dependency on target 'JavaScriptEventLoop-product' in project 'JavaScriptKit'
Target 'JavaScriptEventLoop-product' in project 'JavaScriptKit'
➜ Explicit dependency on target 'JavaScriptEventLoop' in project 'JavaScriptKit'
➜ Explicit dependency on target '_CJavaScriptKit' in project 'JavaScriptKit'
➜ Explicit dependency on target 'BridgeJSMacros' in project 'JavaScriptKit'
➜ Explicit dependency on target 'JavaScriptKit' in project 'JavaScriptKit'
➜ Explicit dependency on target '_CJavaScriptEventLoop' in project 'JavaScriptKit'
Target 'JavaScriptEventLoop' in project 'JavaScriptKit'
➜ Explicit dependency on target '_CJavaScriptKit' in project 'JavaScriptKit'
➜ Explicit dependency on target 'BridgeJSMacros' in project 'JavaScriptKit'
➜ Explicit dependency on target 'JavaScriptKit' in project 'JavaScriptKit'
➜ Explicit dependency on target '_CJavaScriptEventLoop' in project 'JavaScriptKit'
Target '_CJavaScriptEventLoop' in project 'JavaScriptKit' (no dependencies)
Target 'JavaScriptKit-product' in project 'JavaScriptKit'
➜ Explicit dependency on target 'JavaScriptKit' in project 'JavaScriptKit'
➜ Explicit dependency on target '_CJavaScriptKit' in project 'JavaScriptKit'
➜ Explicit dependency on target 'BridgeJSMacros' in project 'JavaScriptKit'
Target 'JavaScriptKit' in project 'JavaScriptKit'
➜ Explicit dependency on target '_CJavaScriptKit' in project 'JavaScriptKit'
➜ Explicit dependency on target 'BridgeJSMacros' in project 'JavaScriptKit'
Target 'BridgeJSMacros' in project 'JavaScriptKit' (no dependencies)
Target '_CJavaScriptKit' in project 'JavaScriptKit' (no dependencies)
GatherProvisioningInputs
CreateBuildDescription
ClangStatCache /Applications/Xcode-27.0.0-Release.Candidate.app/Contents/Developer/Toolchains/XcodeDefault.xctoolchain/usr/bin/clang-stat-cache /Applications/Xcode-27.0.0-Release.Candidate.app/Contents/Developer/Platforms/WatchOS.platform/Developer/SDKs/WatchOS27.0.sdk /Users/admin/builder/spi-builder-workspace/.derivedData/SDKStatCaches.noindex/watchos27.0-24R360-e829b21a6f8c9b70876ba0858053c04477534ef55a1706bf4c1112bbb242f0a2.sdkstatcache
cd /Users/admin/builder/spi-builder-workspace/.swiftpm/xcode
/Applications/Xcode-27.0.0-Release.Candidate.app/Contents/Developer/Toolchains/XcodeDefault.xctoolchain/usr/bin/clang-stat-cache /Applications/Xcode-27.0.0-Release.Candidate.app/Contents/Developer/Platforms/WatchOS.platform/Developer/SDKs/WatchOS27.0.sdk -o /Users/admin/builder/spi-builder-workspace/.derivedData/SDKStatCaches.noindex/watchos27.0-24R360-e829b21a6f8c9b70876ba0858053c04477534ef55a1706bf4c1112bbb242f0a2.sdkstatcache
ClangStatCache /Applications/Xcode-27.0.0-Release.Candidate.app/Contents/Developer/Toolchains/XcodeDefault.xctoolchain/usr/bin/clang-stat-cache /Applications/Xcode-27.0.0-Release.Candidate.app/Contents/Developer/Platforms/MacOSX.platform/Developer/SDKs/MacOSX27.0.sdk /Users/admin/builder/spi-builder-workspace/.derivedData/SDKStatCaches.noindex/macosx27.0-26A425-e829b21a6f8c9b70876ba0858053c0446a22442a12e9d48fe1a705f55a1adfc4.sdkstatcache
cd /Users/admin/builder/spi-builder-workspace/.swiftpm/xcode
/Applications/Xcode-27.0.0-Release.Candidate.app/Contents/Developer/Toolchains/XcodeDefault.xctoolchain/usr/bin/clang-stat-cache /Applications/Xcode-27.0.0-Release.Candidate.app/Contents/Developer/Platforms/MacOSX.platform/Developer/SDKs/MacOSX27.0.sdk -o /Users/admin/builder/spi-builder-workspace/.derivedData/SDKStatCaches.noindex/macosx27.0-26A425-e829b21a6f8c9b70876ba0858053c0446a22442a12e9d48fe1a705f55a1adfc4.sdkstatcache
Ld /Users/admin/builder/spi-builder-workspace/.derivedData/Build/Intermediates.noindex/JavaScriptKit.build/Debug-watchos/JavaScriptKit-t.build/Objects-normal/arm64/Binary/JavaScriptKit.o normal arm64 (in target 'JavaScriptKit' from project 'JavaScriptKit')
cd /Users/admin/builder/spi-builder-workspace/.dependencies/checkouts/JavaScriptKit
/Applications/Xcode-27.0.0-Release.Candidate.app/Contents/Developer/Toolchains/XcodeDefault.xctoolchain/usr/bin/clang -Xlinker -reproducible -target arm64-apple-watchos9.0 -r -isysroot /Applications/Xcode-27.0.0-Release.Candidate.app/Contents/Developer/Platforms/WatchOS.platform/Developer/SDKs/WatchOS27.0.sdk -O0 -w -Xlinker -no_warn_duplicate_libraries -F/Users/admin/builder/spi-builder-workspace/.derivedData/Build/Intermediates.noindex/EagerLinkingTBDs/Debug-watchos -F/Users/admin/builder/spi-builder-workspace/.derivedData/Build/Products/Debug-watchos/PackageFrameworks -F/Users/admin/builder/spi-builder-workspace/.derivedData/Build/Products/Debug-watchos -iframework /Applications/Xcode-27.0.0-Release.Candidate.app/Contents/Developer/Platforms/WatchOS.platform/Developer/Library/Frameworks -iframework /Applications/Xcode-27.0.0-Release.Candidate.app/Contents/Developer/Platforms/WatchOS.platform/Developer/SDKs/WatchOS27.0.sdk/Developer/Library/Frameworks -filelist /Users/admin/builder/spi-builder-workspace/.derivedData/Build/Intermediates.noindex/JavaScriptKit.build/Debug-watchos/JavaScriptKit-t.build/Objects-normal/arm64/JavaScriptKit.LinkFileList -nostdlib -Xlinker -object_path_lto -Xlinker /Users/admin/builder/spi-builder-workspace/.derivedData/Build/Intermediates.noindex/JavaScriptKit.build/Debug-watchos/JavaScriptKit-t.build/Objects-normal/arm64/JavaScriptKit_lto.o -Xlinker -no_deduplicate -Xlinker -debug_variant -Xlinker -dependency_info -Xlinker /Users/admin/builder/spi-builder-workspace/.derivedData/Build/Intermediates.noindex/JavaScriptKit.build/Debug-watchos/JavaScriptKit-t.build/Objects-normal/arm64/JavaScriptKit_dependency_info.dat -fobjc-link-runtime -L/Applications/Xcode-27.0.0-Release.Candidate.app/Contents/Developer/Toolchains/XcodeDefault.xctoolchain/usr/lib/swift/watchos -L/usr/lib/swift -Xlinker -add_ast_path -Xlinker /Users/admin/builder/spi-builder-workspace/.derivedData/Build/Intermediates.noindex/JavaScriptKit.build/Debug-watchos/JavaScriptKit-t.build/Objects-normal/arm64/JavaScriptKit.swiftmodule -o /Users/admin/builder/spi-builder-workspace/.derivedData/Build/Intermediates.noindex/JavaScriptKit.build/Debug-watchos/JavaScriptKit-t.build/Objects-normal/arm64/Binary/JavaScriptKit.o
SwiftDriver JavaScriptEventLoop normal arm64_32 com.apple.xcode.tools.swift.compiler (in target 'JavaScriptEventLoop' from project 'JavaScriptKit')
cd /Users/admin/builder/spi-builder-workspace/.swiftpm/xcode
builtin-SwiftDriver -- /Applications/Xcode-27.0.0-Release.Candidate.app/Contents/Developer/Toolchains/XcodeDefault.xctoolchain/usr/bin/swiftc -parse-as-library -module-name JavaScriptEventLoop -Onone @/Users/admin/builder/spi-builder-workspace/.derivedData/Build/Intermediates.noindex/JavaScriptKit.build/Debug-watchos/JavaScriptEventLoop-t.build/Objects-normal/arm64_32/JavaScriptEventLoop.SwiftFileList -DSWIFT_PACKAGE -DDEBUG -DSWIFT_MODULE_RESOURCE_BUNDLE_UNAVAILABLE -Xcc -fmodule-map-file\=/Users/admin/builder/spi-builder-workspace/.dependencies/checkouts/JavaScriptKit/Sources/_CJavaScriptEventLoop/include/module.modulemap -Xcc -fmodule-map-file\=/Users/admin/builder/spi-builder-workspace/.dependencies/checkouts/JavaScriptKit/Sources/_CJavaScriptKit/include/module.modulemap -DXcode -plugin-path /Applications/Xcode-27.0.0-Release.Candidate.app/Contents/Developer/Toolchains/XcodeDefault.xctoolchain/usr/lib/swift/host/plugins/testing -enable-experimental-feature DebugDescriptionMacro -sdk /Applications/Xcode-27.0.0-Release.Candidate.app/Contents/Developer/Platforms/WatchOS.platform/Developer/SDKs/WatchOS27.0.sdk -target arm64_32-apple-watchos9.0 -g -module-cache-path /Users/admin/builder/spi-builder-workspace/.derivedData/ModuleCache.noindex -Xfrontend -serialize-debugging-options -profile-coverage-mapping -profile-generate -enable-testing -suppress-warnings -index-store-path /Users/admin/builder/spi-builder-workspace/.derivedData/Index.noindex/DataStore -Xcc -D_LIBCPP_HARDENING_MODE\=_LIBCPP_HARDENING_MODE_DEBUG -swift-version 6 -I /Users/admin/builder/spi-builder-workspace/.derivedData/Build/Products/Debug-watchos -Isystem /Applications/Xcode-27.0.0-Release.Candidate.app/Contents/Developer/Platforms/WatchOS.platform/Developer/usr/lib -F /Users/admin/builder/spi-builder-workspace/.derivedData/Build/Products/Debug-watchos/PackageFrameworks -F /Users/admin/builder/spi-builder-workspace/.derivedData/Build/Products/Debug-watchos -F /Applications/Xcode-27.0.0-Release.Candidate.app/Contents/Developer/Platforms/WatchOS.platform/Developer/Library/Frameworks -F /Applications/Xcode-27.0.0-Release.Candidate.app/Contents/Developer/Platforms/WatchOS.platform/Developer/SDKs/WatchOS27.0.sdk/Developer/Library/Frameworks -Xfrontend -load-plugin-executable -Xfrontend /Users/admin/builder/spi-builder-workspace/.derivedData/Build/Products/Debug/BridgeJSMacros\#BridgeJSMacros -c -j10 -enable-batch-mode -incremental -Xcc -ivfsstatcache -Xcc /Users/admin/builder/spi-builder-workspace/.derivedData/SDKStatCaches.noindex/watchos27.0-24R360-e829b21a6f8c9b70876ba0858053c04477534ef55a1706bf4c1112bbb242f0a2.sdkstatcache -output-file-map /Users/admin/builder/spi-builder-workspace/.derivedData/Build/Intermediates.noindex/JavaScriptKit.build/Debug-watchos/JavaScriptEventLoop-t.build/Objects-normal/arm64_32/JavaScriptEventLoop-OutputFileMap.json -save-temps -no-color-diagnostics -explicit-module-build -module-cache-path /Users/admin/builder/spi-builder-workspace/.derivedData/Build/Intermediates.noindex/SwiftExplicitPrecompiledModules -clang-scanner-module-cache-path /Users/admin/builder/spi-builder-workspace/.derivedData/ModuleCache.noindex -sdk-module-cache-path /Users/admin/builder/spi-builder-workspace/.derivedData/SDKExplicitPrecompiledModules -emit-dependencies -emit-module -emit-module-path /Users/admin/builder/spi-builder-workspace/.derivedData/Build/Intermediates.noindex/JavaScriptKit.build/Debug-watchos/JavaScriptEventLoop-t.build/Objects-normal/arm64_32/JavaScriptEventLoop.swiftmodule -serialize-diagnostics -dependency-scan-serialize-diagnostics-path /Users/admin/builder/spi-builder-workspace/.derivedData/Build/Intermediates.noindex/JavaScriptKit.build/Debug-watchos/JavaScriptEventLoop-t.build/Objects-normal/arm64_32/JavaScriptEventLoop-dependency-scan.dia -user-module-version 0.56.1 -validate-clang-modules-once -clang-build-session-file /Users/admin/builder/spi-builder-workspace/.derivedData/ModuleCache.noindex/Session.modulevalidation -Xcc -fmodules-prune-interval\=86400 -Xcc -fmodules-prune-after\=345600 -package-name javascriptkit -emit-const-values -const-gather-protocols-list /Users/admin/builder/spi-builder-workspace/.derivedData/Build/Intermediates.noindex/JavaScriptKit.build/Debug-watchos/JavaScriptEventLoop-t.build/Objects-normal/arm64_32/JavaScriptEventLoop_const_extract_protocols.json -Xcc -I/Users/admin/builder/spi-builder-workspace/.dependencies/checkouts/JavaScriptKit/Sources/_CJavaScriptEventLoop/include -Xcc -I/Users/admin/builder/spi-builder-workspace/.dependencies/checkouts/JavaScriptKit/Sources/_CJavaScriptKit/include -Xcc -I/Users/admin/builder/spi-builder-workspace/.derivedData/Build/Products/Debug-watchos/include -Xcc -I/Users/admin/builder/spi-builder-workspace/.derivedData/Build/Intermediates.noindex/JavaScriptKit.build/Debug-watchos/JavaScriptEventLoop-t.build/DerivedSources-normal/arm64_32 -Xcc -I/Users/admin/builder/spi-builder-workspace/.derivedData/Build/Intermediates.noindex/JavaScriptKit.build/Debug-watchos/JavaScriptEventLoop-t.build/DerivedSources/arm64_32 -Xcc -I/Users/admin/builder/spi-builder-workspace/.derivedData/Build/Intermediates.noindex/JavaScriptKit.build/Debug-watchos/JavaScriptEventLoop-t.build/DerivedSources -Xcc -DSWIFT_PACKAGE -Xcc -DDEBUG\=1 -emit-objc-header -emit-objc-header-path /Users/admin/builder/spi-builder-workspace/.derivedData/Build/Intermediates.noindex/JavaScriptKit.build/Debug-watchos/JavaScriptEventLoop-t.build/Objects-normal/arm64_32/JavaScriptEventLoop-Swift.h -working-directory /Users/admin/builder/spi-builder-workspace/.swiftpm/xcode -experimental-emit-module-separately -disable-cmo
SwiftDriver JavaScriptKit normal arm64_32 com.apple.xcode.tools.swift.compiler (in target 'JavaScriptKit' from project 'JavaScriptKit')
cd /Users/admin/builder/spi-builder-workspace/.swiftpm/xcode
builtin-SwiftDriver -- /Applications/Xcode-27.0.0-Release.Candidate.app/Contents/Developer/Toolchains/XcodeDefault.xctoolchain/usr/bin/swiftc -parse-as-library -module-name JavaScriptKit -Onone @/Users/admin/builder/spi-builder-workspace/.derivedData/Build/Intermediates.noindex/JavaScriptKit.build/Debug-watchos/JavaScriptKit-t.build/Objects-normal/arm64_32/JavaScriptKit.SwiftFileList -DSWIFT_PACKAGE -DDEBUG -DSWIFT_MODULE_RESOURCE_BUNDLE_UNAVAILABLE -Xcc -fmodule-map-file\=/Users/admin/builder/spi-builder-workspace/.dependencies/checkouts/JavaScriptKit/Sources/_CJavaScriptKit/include/module.modulemap -DXcode -enable-experimental-feature Extern -plugin-path /Applications/Xcode-27.0.0-Release.Candidate.app/Contents/Developer/Toolchains/XcodeDefault.xctoolchain/usr/lib/swift/host/plugins/testing -enable-experimental-feature DebugDescriptionMacro -sdk /Applications/Xcode-27.0.0-Release.Candidate.app/Contents/Developer/Platforms/WatchOS.platform/Developer/SDKs/WatchOS27.0.sdk -target arm64_32-apple-watchos9.0 -g -module-cache-path /Users/admin/builder/spi-builder-workspace/.derivedData/ModuleCache.noindex -Xfrontend -serialize-debugging-options -profile-coverage-mapping -profile-generate -enable-testing -suppress-warnings -index-store-path /Users/admin/builder/spi-builder-workspace/.derivedData/Index.noindex/DataStore -Xcc -D_LIBCPP_HARDENING_MODE\=_LIBCPP_HARDENING_MODE_DEBUG -swift-version 6 -I /Users/admin/builder/spi-builder-workspace/.derivedData/Build/Products/Debug-watchos -Isystem /Applications/Xcode-27.0.0-Release.Candidate.app/Contents/Developer/Platforms/WatchOS.platform/Developer/usr/lib -F /Users/admin/builder/spi-builder-workspace/.derivedData/Build/Products/Debug-watchos/PackageFrameworks -F /Users/admin/builder/spi-builder-workspace/.derivedData/Build/Products/Debug-watchos -F /Applications/Xcode-27.0.0-Release.Candidate.app/Contents/Developer/Platforms/WatchOS.platform/Developer/Library/Frameworks -F /Applications/Xcode-27.0.0-Release.Candidate.app/Contents/Developer/Platforms/WatchOS.platform/Developer/SDKs/WatchOS27.0.sdk/Developer/Library/Frameworks -Xfrontend -load-plugin-executable -Xfrontend /Users/admin/builder/spi-builder-workspace/.derivedData/Build/Products/Debug/BridgeJSMacros\#BridgeJSMacros -c -j10 -enable-batch-mode -incremental -Xcc -ivfsstatcache -Xcc /Users/admin/builder/spi-builder-workspace/.derivedData/SDKStatCaches.noindex/watchos27.0-24R360-e829b21a6f8c9b70876ba0858053c04477534ef55a1706bf4c1112bbb242f0a2.sdkstatcache -output-file-map /Users/admin/builder/spi-builder-workspace/.derivedData/Build/Intermediates.noindex/JavaScriptKit.build/Debug-watchos/JavaScriptKit-t.build/Objects-normal/arm64_32/JavaScriptKit-OutputFileMap.json -save-temps -no-color-diagnostics -explicit-module-build -module-cache-path /Users/admin/builder/spi-builder-workspace/.derivedData/Build/Intermediates.noindex/SwiftExplicitPrecompiledModules -clang-scanner-module-cache-path /Users/admin/builder/spi-builder-workspace/.derivedData/ModuleCache.noindex -sdk-module-cache-path /Users/admin/builder/spi-builder-workspace/.derivedData/SDKExplicitPrecompiledModules -emit-dependencies -emit-module -emit-module-path /Users/admin/builder/spi-builder-workspace/.derivedData/Build/Intermediates.noindex/JavaScriptKit.build/Debug-watchos/JavaScriptKit-t.build/Objects-normal/arm64_32/JavaScriptKit.swiftmodule -serialize-diagnostics -dependency-scan-serialize-diagnostics-path /Users/admin/builder/spi-builder-workspace/.derivedData/Build/Intermediates.noindex/JavaScriptKit.build/Debug-watchos/JavaScriptKit-t.build/Objects-normal/arm64_32/JavaScriptKit-dependency-scan.dia -user-module-version 0.56.1 -validate-clang-modules-once -clang-build-session-file /Users/admin/builder/spi-builder-workspace/.derivedData/ModuleCache.noindex/Session.modulevalidation -Xcc -fmodules-prune-interval\=86400 -Xcc -fmodules-prune-after\=345600 -package-name javascriptkit -emit-const-values -const-gather-protocols-list /Users/admin/builder/spi-builder-workspace/.derivedData/Build/Intermediates.noindex/JavaScriptKit.build/Debug-watchos/JavaScriptKit-t.build/Objects-normal/arm64_32/JavaScriptKit_const_extract_protocols.json -Xcc -I/Users/admin/builder/spi-builder-workspace/.dependencies/checkouts/JavaScriptKit/Sources/_CJavaScriptKit/include -Xcc -I/Users/admin/builder/spi-builder-workspace/.derivedData/Build/Products/Debug-watchos/include -Xcc -I/Users/admin/builder/spi-builder-workspace/.derivedData/Build/Intermediates.noindex/JavaScriptKit.build/Debug-watchos/JavaScriptKit-t.build/DerivedSources-normal/arm64_32 -Xcc -I/Users/admin/builder/spi-builder-workspace/.derivedData/Build/Intermediates.noindex/JavaScriptKit.build/Debug-watchos/JavaScriptKit-t.build/DerivedSources/arm64_32 -Xcc -I/Users/admin/builder/spi-builder-workspace/.derivedData/Build/Intermediates.noindex/JavaScriptKit.build/Debug-watchos/JavaScriptKit-t.build/DerivedSources -Xcc -DSWIFT_PACKAGE -Xcc -DDEBUG\=1 -emit-objc-header -emit-objc-header-path /Users/admin/builder/spi-builder-workspace/.derivedData/Build/Intermediates.noindex/JavaScriptKit.build/Debug-watchos/JavaScriptKit-t.build/Objects-normal/arm64_32/JavaScriptKit-Swift.h -working-directory /Users/admin/builder/spi-builder-workspace/.swiftpm/xcode -experimental-emit-module-separately -disable-cmo
SwiftDriver JavaScriptEventLoop normal arm64 com.apple.xcode.tools.swift.compiler (in target 'JavaScriptEventLoop' from project 'JavaScriptKit')
cd /Users/admin/builder/spi-builder-workspace/.swiftpm/xcode
builtin-SwiftDriver -- /Applications/Xcode-27.0.0-Release.Candidate.app/Contents/Developer/Toolchains/XcodeDefault.xctoolchain/usr/bin/swiftc -parse-as-library -module-name JavaScriptEventLoop -Onone @/Users/admin/builder/spi-builder-workspace/.derivedData/Build/Intermediates.noindex/JavaScriptKit.build/Debug-watchos/JavaScriptEventLoop-t.build/Objects-normal/arm64/JavaScriptEventLoop.SwiftFileList -DSWIFT_PACKAGE -DDEBUG -DSWIFT_MODULE_RESOURCE_BUNDLE_UNAVAILABLE -Xcc -fmodule-map-file\=/Users/admin/builder/spi-builder-workspace/.dependencies/checkouts/JavaScriptKit/Sources/_CJavaScriptEventLoop/include/module.modulemap -Xcc -fmodule-map-file\=/Users/admin/builder/spi-builder-workspace/.dependencies/checkouts/JavaScriptKit/Sources/_CJavaScriptKit/include/module.modulemap -DXcode -plugin-path /Applications/Xcode-27.0.0-Release.Candidate.app/Contents/Developer/Toolchains/XcodeDefault.xctoolchain/usr/lib/swift/host/plugins/testing -enable-experimental-feature DebugDescriptionMacro -sdk /Applications/Xcode-27.0.0-Release.Candidate.app/Contents/Developer/Platforms/WatchOS.platform/Developer/SDKs/WatchOS27.0.sdk -target arm64-apple-watchos9.0 -g -module-cache-path /Users/admin/builder/spi-builder-workspace/.derivedData/ModuleCache.noindex -Xfrontend -serialize-debugging-options -profile-coverage-mapping -profile-generate -enable-testing -suppress-warnings -index-store-path /Users/admin/builder/spi-builder-workspace/.derivedData/Index.noindex/DataStore -Xcc -D_LIBCPP_HARDENING_MODE\=_LIBCPP_HARDENING_MODE_DEBUG -swift-version 6 -I /Users/admin/builder/spi-builder-workspace/.derivedData/Build/Products/Debug-watchos -Isystem /Applications/Xcode-27.0.0-Release.Candidate.app/Contents/Developer/Platforms/WatchOS.platform/Developer/usr/lib -F /Users/admin/builder/spi-builder-workspace/.derivedData/Build/Products/Debug-watchos/PackageFrameworks -F /Users/admin/builder/spi-builder-workspace/.derivedData/Build/Products/Debug-watchos -F /Applications/Xcode-27.0.0-Release.Candidate.app/Contents/Developer/Platforms/WatchOS.platform/Developer/Library/Frameworks -F /Applications/Xcode-27.0.0-Release.Candidate.app/Contents/Developer/Platforms/WatchOS.platform/Developer/SDKs/WatchOS27.0.sdk/Developer/Library/Frameworks -Xfrontend -load-plugin-executable -Xfrontend /Users/admin/builder/spi-builder-workspace/.derivedData/Build/Products/Debug/BridgeJSMacros\#BridgeJSMacros -c -j10 -enable-batch-mode -incremental -Xcc -ivfsstatcache -Xcc /Users/admin/builder/spi-builder-workspace/.derivedData/SDKStatCaches.noindex/watchos27.0-24R360-e829b21a6f8c9b70876ba0858053c04477534ef55a1706bf4c1112bbb242f0a2.sdkstatcache -output-file-map /Users/admin/builder/spi-builder-workspace/.derivedData/Build/Intermediates.noindex/JavaScriptKit.build/Debug-watchos/JavaScriptEventLoop-t.build/Objects-normal/arm64/JavaScriptEventLoop-OutputFileMap.json -save-temps -no-color-diagnostics -explicit-module-build -module-cache-path /Users/admin/builder/spi-builder-workspace/.derivedData/Build/Intermediates.noindex/SwiftExplicitPrecompiledModules -clang-scanner-module-cache-path /Users/admin/builder/spi-builder-workspace/.derivedData/ModuleCache.noindex -sdk-module-cache-path /Users/admin/builder/spi-builder-workspace/.derivedData/SDKExplicitPrecompiledModules -emit-dependencies -emit-module -emit-module-path /Users/admin/builder/spi-builder-workspace/.derivedData/Build/Intermediates.noindex/JavaScriptKit.build/Debug-watchos/JavaScriptEventLoop-t.build/Objects-normal/arm64/JavaScriptEventLoop.swiftmodule -serialize-diagnostics -dependency-scan-serialize-diagnostics-path /Users/admin/builder/spi-builder-workspace/.derivedData/Build/Intermediates.noindex/JavaScriptKit.build/Debug-watchos/JavaScriptEventLoop-t.build/Objects-normal/arm64/JavaScriptEventLoop-dependency-scan.dia -user-module-version 0.56.1 -validate-clang-modules-once -clang-build-session-file /Users/admin/builder/spi-builder-workspace/.derivedData/ModuleCache.noindex/Session.modulevalidation -Xcc -fmodules-prune-interval\=86400 -Xcc -fmodules-prune-after\=345600 -package-name javascriptkit -emit-const-values -const-gather-protocols-list /Users/admin/builder/spi-builder-workspace/.derivedData/Build/Intermediates.noindex/JavaScriptKit.build/Debug-watchos/JavaScriptEventLoop-t.build/Objects-normal/arm64/JavaScriptEventLoop_const_extract_protocols.json -Xcc -I/Users/admin/builder/spi-builder-workspace/.dependencies/checkouts/JavaScriptKit/Sources/_CJavaScriptEventLoop/include -Xcc -I/Users/admin/builder/spi-builder-workspace/.dependencies/checkouts/JavaScriptKit/Sources/_CJavaScriptKit/include -Xcc -I/Users/admin/builder/spi-builder-workspace/.derivedData/Build/Products/Debug-watchos/include -Xcc -I/Users/admin/builder/spi-builder-workspace/.derivedData/Build/Intermediates.noindex/JavaScriptKit.build/Debug-watchos/JavaScriptEventLoop-t.build/DerivedSources-normal/arm64 -Xcc -I/Users/admin/builder/spi-builder-workspace/.derivedData/Build/Intermediates.noindex/JavaScriptKit.build/Debug-watchos/JavaScriptEventLoop-t.build/DerivedSources/arm64 -Xcc -I/Users/admin/builder/spi-builder-workspace/.derivedData/Build/Intermediates.noindex/JavaScriptKit.build/Debug-watchos/JavaScriptEventLoop-t.build/DerivedSources -Xcc -DSWIFT_PACKAGE -Xcc -DDEBUG\=1 -emit-objc-header -emit-objc-header-path /Users/admin/builder/spi-builder-workspace/.derivedData/Build/Intermediates.noindex/JavaScriptKit.build/Debug-watchos/JavaScriptEventLoop-t.build/Objects-normal/arm64/JavaScriptEventLoop-Swift.h -working-directory /Users/admin/builder/spi-builder-workspace/.swiftpm/xcode -experimental-emit-module-separately -disable-cmo
SwiftEmitModule normal arm64_32 Emitting\ module\ for\ JavaScriptEventLoop (in target 'JavaScriptEventLoop' from project 'JavaScriptKit')
SwiftCompile normal arm64_32 (in target 'JavaScriptEventLoop' from project 'JavaScriptKit')
cd /Users/admin/builder/spi-builder-workspace/.swiftpm/xcode
/Users/admin/builder/spi-builder-workspace/.dependencies/checkouts/JavaScriptKit/Sources/JavaScriptEventLoop/JavaScriptEventLoop+ExecutorFactory.swift:20:32: error: cannot find type 'MainExecutor' in scope
18 | @available(macOS 9999, iOS 9999, watchOS 9999, tvOS 9999, visionOS 9999, *)
19 | @_spi(ExperimentalCustomExecutors)
20 | extension JavaScriptEventLoop: MainExecutor {
| `- error: cannot find type 'MainExecutor' in scope
21 | public func run() throws {
22 | // This method is called from `swift_task_asyncMainDrainQueueImpl`.
/Users/admin/builder/spi-builder-workspace/.dependencies/checkouts/JavaScriptKit/Sources/JavaScriptEventLoop/JavaScriptEventLoop+ExecutorFactory.swift:36:32: error: cannot find type 'SchedulingExecutor' in scope
34 | @available(macOS 9999, iOS 9999, watchOS 9999, tvOS 9999, visionOS 9999, *)
35 | @_spi(ExperimentalCustomExecutors)
36 | extension JavaScriptEventLoop: SchedulingExecutor {
| `- error: cannot find type 'SchedulingExecutor' in scope
37 | public func enqueue<C: Clock>(
38 | _ job: consuming ExecutorJob,
/Users/admin/builder/spi-builder-workspace/.dependencies/checkouts/JavaScriptKit/Sources/JavaScriptEventLoop/JavaScriptEventLoop+ExecutorFactory.swift:75:32: error: cannot find type 'ExecutorFactory' in scope
73 | @available(macOS 9999, iOS 9999, watchOS 9999, tvOS 9999, visionOS 9999, *)
74 | @_spi(ExperimentalCustomExecutors)
75 | extension JavaScriptEventLoop: ExecutorFactory {
| `- error: cannot find type 'ExecutorFactory' in scope
76 | // Forward all operations to the current thread's JavaScriptEventLoop instance
77 | final class CurrentThread: TaskExecutor, SchedulingExecutor, MainExecutor, SerialExecutor {
/Users/admin/builder/spi-builder-workspace/.dependencies/checkouts/JavaScriptKit/Sources/JavaScriptEventLoop/JavaScriptEventLoop+ExecutorFactory.swift:77:46: error: cannot find type 'SchedulingExecutor' in scope
75 | extension JavaScriptEventLoop: ExecutorFactory {
76 | // Forward all operations to the current thread's JavaScriptEventLoop instance
77 | final class CurrentThread: TaskExecutor, SchedulingExecutor, MainExecutor, SerialExecutor {
| `- error: cannot find type 'SchedulingExecutor' in scope
78 | func checkIsolated() {}
79 |
/Users/admin/builder/spi-builder-workspace/.dependencies/checkouts/JavaScriptKit/Sources/JavaScriptEventLoop/JavaScriptEventLoop+ExecutorFactory.swift:77:66: error: cannot find type 'MainExecutor' in scope
75 | extension JavaScriptEventLoop: ExecutorFactory {
76 | // Forward all operations to the current thread's JavaScriptEventLoop instance
77 | final class CurrentThread: TaskExecutor, SchedulingExecutor, MainExecutor, SerialExecutor {
| `- error: cannot find type 'MainExecutor' in scope
78 | func checkIsolated() {}
79 |
SwiftCompile normal arm64 Compiling\ JavaScriptEventLoop+LegacyHooks.swift /Users/admin/builder/spi-builder-workspace/.dependencies/checkouts/JavaScriptKit/Sources/JavaScriptEventLoop/JavaScriptEventLoop+LegacyHooks.swift (in target 'JavaScriptEventLoop' from project 'JavaScriptKit')
SwiftCompile normal arm64 /Users/admin/builder/spi-builder-workspace/.dependencies/checkouts/JavaScriptKit/Sources/JavaScriptEventLoop/JavaScriptEventLoop+LegacyHooks.swift (in target 'JavaScriptEventLoop' from project 'JavaScriptKit')
cd /Users/admin/builder/spi-builder-workspace/.swiftpm/xcode
builtin-SwiftPerFileCompile JavaScriptEventLoop+LegacyHooks.swift
SwiftCompile normal arm64 Compiling\ JSSending.swift /Users/admin/builder/spi-builder-workspace/.dependencies/checkouts/JavaScriptKit/Sources/JavaScriptEventLoop/JSSending.swift (in target 'JavaScriptEventLoop' from project 'JavaScriptKit')
SwiftCompile normal arm64 /Users/admin/builder/spi-builder-workspace/.dependencies/checkouts/JavaScriptKit/Sources/JavaScriptEventLoop/JSSending.swift (in target 'JavaScriptEventLoop' from project 'JavaScriptKit')
cd /Users/admin/builder/spi-builder-workspace/.swiftpm/xcode
builtin-SwiftPerFileCompile JSSending.swift
SwiftCompile normal arm64_32 Compiling\ WebWorkerDedicatedExecutor.swift /Users/admin/builder/spi-builder-workspace/.dependencies/checkouts/JavaScriptKit/Sources/JavaScriptEventLoop/WebWorkerDedicatedExecutor.swift (in target 'JavaScriptEventLoop' from project 'JavaScriptKit')
SwiftCompile normal arm64_32 /Users/admin/builder/spi-builder-workspace/.dependencies/checkouts/JavaScriptKit/Sources/JavaScriptEventLoop/WebWorkerDedicatedExecutor.swift (in target 'JavaScriptEventLoop' from project 'JavaScriptKit')
cd /Users/admin/builder/spi-builder-workspace/.swiftpm/xcode
builtin-SwiftPerFileCompile WebWorkerDedicatedExecutor.swift
SwiftCompile normal arm64_32 Compiling\ JSSending.swift /Users/admin/builder/spi-builder-workspace/.dependencies/checkouts/JavaScriptKit/Sources/JavaScriptEventLoop/JSSending.swift (in target 'JavaScriptEventLoop' from project 'JavaScriptKit')
SwiftCompile normal arm64_32 /Users/admin/builder/spi-builder-workspace/.dependencies/checkouts/JavaScriptKit/Sources/JavaScriptEventLoop/JSSending.swift (in target 'JavaScriptEventLoop' from project 'JavaScriptKit')
cd /Users/admin/builder/spi-builder-workspace/.swiftpm/xcode
builtin-SwiftPerFileCompile JSSending.swift
SwiftCompile normal arm64 Compiling\ JSRemote.swift /Users/admin/builder/spi-builder-workspace/.dependencies/checkouts/JavaScriptKit/Sources/JavaScriptEventLoop/JSRemote.swift (in target 'JavaScriptEventLoop' from project 'JavaScriptKit')
SwiftCompile normal arm64 /Users/admin/builder/spi-builder-workspace/.dependencies/checkouts/JavaScriptKit/Sources/JavaScriptEventLoop/JSRemote.swift (in target 'JavaScriptEventLoop' from project 'JavaScriptKit')
cd /Users/admin/builder/spi-builder-workspace/.swiftpm/xcode
builtin-SwiftPerFileCompile JSRemote.swift
SwiftCompile normal arm64 Compiling\ JavaScriptEventLoop.swift /Users/admin/builder/spi-builder-workspace/.dependencies/checkouts/JavaScriptKit/Sources/JavaScriptEventLoop/JavaScriptEventLoop.swift (in target 'JavaScriptEventLoop' from project 'JavaScriptKit')
SwiftCompile normal arm64 /Users/admin/builder/spi-builder-workspace/.dependencies/checkouts/JavaScriptKit/Sources/JavaScriptEventLoop/JavaScriptEventLoop.swift (in target 'JavaScriptEventLoop' from project 'JavaScriptKit')
cd /Users/admin/builder/spi-builder-workspace/.swiftpm/xcode
builtin-SwiftPerFileCompile JavaScriptEventLoop.swift
SwiftCompile normal arm64_32 Compiling\ WebWorkerTaskExecutor.swift /Users/admin/builder/spi-builder-workspace/.dependencies/checkouts/JavaScriptKit/Sources/JavaScriptEventLoop/WebWorkerTaskExecutor.swift (in target 'JavaScriptEventLoop' from project 'JavaScriptKit')
SwiftCompile normal arm64_32 /Users/admin/builder/spi-builder-workspace/.dependencies/checkouts/JavaScriptKit/Sources/JavaScriptEventLoop/WebWorkerTaskExecutor.swift (in target 'JavaScriptEventLoop' from project 'JavaScriptKit')
cd /Users/admin/builder/spi-builder-workspace/.swiftpm/xcode
builtin-SwiftPerFileCompile WebWorkerTaskExecutor.swift
SwiftCompile normal arm64_32 Compiling\ JavaScriptEventLoop+ExecutorFactory.swift /Users/admin/builder/spi-builder-workspace/.dependencies/checkouts/JavaScriptKit/Sources/JavaScriptEventLoop/JavaScriptEventLoop+ExecutorFactory.swift (in target 'JavaScriptEventLoop' from project 'JavaScriptKit')
/Users/admin/builder/spi-builder-workspace/.dependencies/checkouts/JavaScriptKit/Sources/JavaScriptEventLoop/JavaScriptEventLoop+ExecutorFactory.swift:20:32: error: cannot find type 'MainExecutor' in scope
18 | @available(macOS 9999, iOS 9999, watchOS 9999, tvOS 9999, visionOS 9999, *)
19 | @_spi(ExperimentalCustomExecutors)
20 | extension JavaScriptEventLoop: MainExecutor {
| `- error: cannot find type 'MainExecutor' in scope
21 | public func run() throws {
22 | // This method is called from `swift_task_asyncMainDrainQueueImpl`.
/Users/admin/builder/spi-builder-workspace/.dependencies/checkouts/JavaScriptKit/Sources/JavaScriptEventLoop/JavaScriptEventLoop+ExecutorFactory.swift:36:32: error: cannot find type 'SchedulingExecutor' in scope
34 | @available(macOS 9999, iOS 9999, watchOS 9999, tvOS 9999, visionOS 9999, *)
35 | @_spi(ExperimentalCustomExecutors)
36 | extension JavaScriptEventLoop: SchedulingExecutor {
| `- error: cannot find type 'SchedulingExecutor' in scope
37 | public func enqueue<C: Clock>(
38 | _ job: consuming ExecutorJob,
/Users/admin/builder/spi-builder-workspace/.dependencies/checkouts/JavaScriptKit/Sources/JavaScriptEventLoop/JavaScriptEventLoop+ExecutorFactory.swift:75:32: error: cannot find type 'ExecutorFactory' in scope
73 | @available(macOS 9999, iOS 9999, watchOS 9999, tvOS 9999, visionOS 9999, *)
74 | @_spi(ExperimentalCustomExecutors)
75 | extension JavaScriptEventLoop: ExecutorFactory {
| `- error: cannot find type 'ExecutorFactory' in scope
76 | // Forward all operations to the current thread's JavaScriptEventLoop instance
77 | final class CurrentThread: TaskExecutor, SchedulingExecutor, MainExecutor, SerialExecutor {
/Users/admin/builder/spi-builder-workspace/.dependencies/checkouts/JavaScriptKit/Sources/JavaScriptEventLoop/JavaScriptEventLoop+ExecutorFactory.swift:77:46: error: cannot find type 'SchedulingExecutor' in scope
75 | extension JavaScriptEventLoop: ExecutorFactory {
76 | // Forward all operations to the current thread's JavaScriptEventLoop instance
77 | final class CurrentThread: TaskExecutor, SchedulingExecutor, MainExecutor, SerialExecutor {
| `- error: cannot find type 'SchedulingExecutor' in scope
78 | func checkIsolated() {}
79 |
/Users/admin/builder/spi-builder-workspace/.dependencies/checkouts/JavaScriptKit/Sources/JavaScriptEventLoop/JavaScriptEventLoop+ExecutorFactory.swift:77:66: error: cannot find type 'MainExecutor' in scope
75 | extension JavaScriptEventLoop: ExecutorFactory {
76 | // Forward all operations to the current thread's JavaScriptEventLoop instance
77 | final class CurrentThread: TaskExecutor, SchedulingExecutor, MainExecutor, SerialExecutor {
| `- error: cannot find type 'MainExecutor' in scope
78 | func checkIsolated() {}
79 |
/Users/admin/builder/spi-builder-workspace/.dependencies/checkouts/JavaScriptKit/Sources/JavaScriptEventLoop/JavaScriptEventLoop+ExecutorFactory.swift:105:41: error: cannot find type 'MainExecutor' in scope
103 | }
104 |
105 | public static var mainExecutor: any MainExecutor {
| `- error: cannot find type 'MainExecutor' in scope
106 | CurrentThread()
107 | }
Failed frontend command:
/Applications/Xcode-27.0.0-Release.Candidate.app/Contents/Developer/Toolchains/XcodeDefault.xctoolchain/usr/bin/swift-frontend -frontend -c /Users/admin/builder/spi-builder-workspace/.dependencies/checkouts/JavaScriptKit/Sources/JavaScriptEventLoop/JSRemote.swift /Users/admin/builder/spi-builder-workspace/.dependencies/checkouts/JavaScriptKit/Sources/JavaScriptEventLoop/JSSending.swift -primary-file /Users/admin/builder/spi-builder-workspace/.dependencies/checkouts/JavaScriptKit/Sources/JavaScriptEventLoop/JavaScriptEventLoop+ExecutorFactory.swift /Users/admin/builder/spi-builder-workspace/.dependencies/checkouts/JavaScriptKit/Sources/JavaScriptEventLoop/JavaScriptEventLoop+LegacyHooks.swift /Users/admin/builder/spi-builder-workspace/.dependencies/checkouts/JavaScriptKit/Sources/JavaScriptEventLoop/JavaScriptEventLoop.swift /Users/admin/builder/spi-builder-workspace/.dependencies/checkouts/JavaScriptKit/Sources/JavaScriptEventLoop/JobQueue.swift /Users/admin/builder/spi-builder-workspace/.dependencies/checkouts/JavaScriptKit/Sources/JavaScriptEventLoop/WebWorkerDedicatedExecutor.swift /Users/admin/builder/spi-builder-workspace/.dependencies/checkouts/JavaScriptKit/Sources/JavaScriptEventLoop/WebWorkerTaskExecutor.swift -emit-dependencies-path /Users/admin/builder/spi-builder-workspace/.derivedData/Build/Intermediates.noindex/JavaScriptKit.build/Debug-watchos/JavaScriptEventLoop-t.build/Objects-normal/arm64_32/JavaScriptEventLoop+ExecutorFactory.d -emit-const-values-path /Users/admin/builder/spi-builder-workspace/.derivedData/Build/Intermediates.noindex/JavaScriptKit.build/Debug-watchos/JavaScriptEventLoop-t.build/Objects-normal/arm64_32/JavaScriptEventLoop+ExecutorFactory.swiftconstvalues -emit-reference-dependencies-path /Users/admin/builder/spi-builder-workspace/.derivedData/Build/Intermediates.noindex/JavaScriptKit.build/Debug-watchos/JavaScriptEventLoop-t.build/Objects-normal/arm64_32/JavaScriptEventLoop+ExecutorFactory.swiftdeps -serialize-diagnostics-path /Users/admin/builder/spi-builder-workspace/.derivedData/Build/Intermediates.noindex/JavaScriptKit.build/Debug-watchos/JavaScriptEventLoop-t.build/Objects-normal/arm64_32/JavaScriptEventLoop+ExecutorFactory.dia -target arm64_32-apple-watchos9.0 -module-can-import-version Synchronization 6.4.0.31 0 -disable-cross-import-overlay-search -load-resolved-plugin \#/Users/admin/builder/spi-builder-workspace/.derivedData/Build/Products/Debug/BridgeJSMacros\#BridgeJSMacros -load-resolved-plugin /Applications/Xcode-27.0.0-Release.Candidate.app/Contents/Developer/Platforms/WatchOS.platform/Developer/usr/lib/swift/host/plugins/libSwiftMacros.dylib\#/Applications/Xcode-27.0.0-Release.Candidate.app/Contents/Developer/Platforms/WatchOS.platform/Developer/usr/bin/swift-plugin-server\#SwiftMacros -disable-implicit-swift-modules -Xcc -fno-implicit-modules -Xcc -fno-implicit-module-maps -explicit-swift-module-map-file /Users/admin/builder/spi-builder-workspace/.derivedData/Build/Intermediates.noindex/JavaScriptKit.build/Debug-watchos/JavaScriptEventLoop-t.build/Objects-normal/arm64_32/JavaScriptEventLoop-dependencies-1.json -enable-objc-interop -sdk /Applications/Xcode-27.0.0-Release.Candidate.app/Contents/Developer/Platforms/WatchOS.platform/Developer/SDKs/WatchOS27.0.sdk -I /Users/admin/builder/spi-builder-workspace/.derivedData/Build/Products/Debug-watchos -Isystem /Applications/Xcode-27.0.0-Release.Candidate.app/Contents/Developer/Platforms/WatchOS.platform/Developer/usr/lib -F /Users/admin/builder/spi-builder-workspace/.derivedData/Build/Products/Debug-watchos/PackageFrameworks -F /Users/admin/builder/spi-builder-workspace/.derivedData/Build/Products/Debug-watchos -F /Applications/Xcode-27.0.0-Release.Candidate.app/Contents/Developer/Platforms/WatchOS.platform/Developer/Library/Frameworks -F /Applications/Xcode-27.0.0-Release.Candidate.app/Contents/Developer/Platforms/WatchOS.platform/Developer/SDKs/WatchOS27.0.sdk/Developer/Library/Frameworks -module-cache-path /Users/admin/builder/spi-builder-workspace/.derivedData/Build/Intermediates.noindex/SwiftExplicitPrecompiledModules -no-color-diagnostics -Xcc -fno-color-diagnostics -enable-testing -g -debug-info-format\=dwarf -dwarf-version\=4 -suppress-warnings -profile-generate -profile-coverage-mapping -swift-version 6 -Onone -D SWIFT_PACKAGE -D DEBUG -D SWIFT_MODULE_RESOURCE_BUNDLE_UNAVAILABLE -D Xcode -serialize-debugging-options -load-plugin-executable /Users/admin/builder/spi-builder-workspace/.derivedData/Build/Products/Debug/BridgeJSMacros\#BridgeJSMacros -enable-experimental-feature DebugDescriptionMacro -empty-abi-descriptor -user-module-version 0.56.1 -validate-clang-modules-once -clang-build-session-file /Users/admin/builder/spi-builder-workspace/.derivedData/ModuleCache.noindex/Session.modulevalidation -Xcc -working-directory -Xcc /Users/admin/builder/spi-builder-workspace/.swiftpm/xcode -enable-anonymous-context-mangled-names -file-compilation-dir /Users/admin/builder/spi-builder-workspace/.swiftpm/xcode -Xcc -fmodule-map-file\=/Users/admin/builder/spi-builder-workspace/.dependencies/checkouts/JavaScriptKit/Sources/_CJavaScriptEventLoop/include/module.modulemap -Xcc -fmodule-map-file\=/Users/admin/builder/spi-builder-workspace/.dependencies/checkouts/JavaScriptKit/Sources/_CJavaScriptKit/include/module.modulemap -Xcc -D_LIBCPP_HARDENING_MODE\=_LIBCPP_HARDENING_MODE_DEBUG -Xcc -ivfsstatcache -Xcc /Users/admin/builder/spi-builder-workspace/.derivedData/SDKStatCaches.noindex/watchos27.0-24R360-e829b21a6f8c9b70876ba0858053c04477534ef55a1706bf4c1112bbb242f0a2.sdkstatcache -Xcc -fmodules-prune-interval\=86400 -Xcc -fmodules-prune-after\=345600 -Xcc -I/Users/admin/builder/spi-builder-workspace/.dependencies/checkouts/JavaScriptKit/Sources/_CJavaScriptEventLoop/include -Xcc -I/Users/admin/builder/spi-builder-workspace/.dependencies/checkouts/JavaScriptKit/Sources/_CJavaScriptKit/include -Xcc -I/Users/admin/builder/spi-builder-workspace/.derivedData/Build/Products/Debug-watchos/include -Xcc -I/Users/admin/builder/spi-builder-workspace/.derivedData/Build/Intermediates.noindex/JavaScriptKit.build/Debug-watchos/JavaScriptEventLoop-t.build/DerivedSources-normal/arm64_32 -Xcc -I/Users/admin/builder/spi-builder-workspace/.derivedData/Build/Intermediates.noindex/JavaScriptKit.build/Debug-watchos/JavaScriptEventLoop-t.build/DerivedSources/arm64_32 -Xcc -I/Users/admin/builder/spi-builder-workspace/.derivedData/Build/Intermediates.noindex/JavaScriptKit.build/Debug-watchos/JavaScriptEventLoop-t.build/DerivedSources -Xcc -DSWIFT_PACKAGE -Xcc -DDEBUG\=1 -no-auto-bridging-header-chaining -module-name JavaScriptEventLoop -package-name javascriptkit -const-gather-protocols-file /Users/admin/builder/spi-builder-workspace/.derivedData/Build/Intermediates.noindex/JavaScriptKit.build/Debug-watchos/JavaScriptEventLoop-t.build/Objects-normal/arm64_32/JavaScriptEventLoop_const_extract_protocols.json -disable-clang-spi -clang-target arm64_32-apple-watchos27.0 -target-sdk-version 27.0 -target-sdk-name watchos27.0 -in-process-plugin-server-path /Applications/Xcode-27.0.0-Release.Candidate.app/Contents/Developer/Toolchains/XcodeDefault.xctoolchain/usr/lib/swift/host/libSwiftInProcPluginServer.dylib -parse-as-library -o /Users/admin/builder/spi-builder-workspace/.derivedData/Build/Intermediates.noindex/JavaScriptKit.build/Debug-watchos/JavaScriptEventLoop-t.build/Objects-normal/arm64_32/JavaScriptEventLoop+ExecutorFactory.o -debug-module-path /Users/admin/builder/spi-builder-workspace/.derivedData/Build/Intermediates.noindex/JavaScriptKit.build/Debug-watchos/JavaScriptEventLoop-t.build/Objects-normal/arm64_32/JavaScriptEventLoop.swiftmodule -index-unit-output-path /JavaScriptKit.build/Debug-watchos/JavaScriptEventLoop-t.build/Objects-normal/arm64_32/JavaScriptEventLoop+ExecutorFactory.o -index-store-path /Users/admin/builder/spi-builder-workspace/.derivedData/Index.noindex/DataStore -index-system-modules
SwiftCompile normal arm64_32 /Users/admin/builder/spi-builder-workspace/.dependencies/checkouts/JavaScriptKit/Sources/JavaScriptEventLoop/JavaScriptEventLoop+ExecutorFactory.swift (in target 'JavaScriptEventLoop' from project 'JavaScriptKit')
cd /Users/admin/builder/spi-builder-workspace/.swiftpm/xcode
builtin-SwiftPerFileCompile JavaScriptEventLoop+ExecutorFactory.swift
SwiftCompile normal arm64_32 Compiling\ JavaScriptEventLoop+LegacyHooks.swift /Users/admin/builder/spi-builder-workspace/.dependencies/checkouts/JavaScriptKit/Sources/JavaScriptEventLoop/JavaScriptEventLoop+LegacyHooks.swift (in target 'JavaScriptEventLoop' from project 'JavaScriptKit')
SwiftCompile normal arm64_32 /Users/admin/builder/spi-builder-workspace/.dependencies/checkouts/JavaScriptKit/Sources/JavaScriptEventLoop/JavaScriptEventLoop+LegacyHooks.swift (in target 'JavaScriptEventLoop' from project 'JavaScriptKit')
cd /Users/admin/builder/spi-builder-workspace/.swiftpm/xcode
builtin-SwiftPerFileCompile JavaScriptEventLoop+LegacyHooks.swift
SwiftEmitModule normal arm64_32 Emitting\ module\ for\ JavaScriptKit (in target 'JavaScriptKit' from project 'JavaScriptKit')
SwiftCompile normal arm64_32 (in target 'JavaScriptKit' from project 'JavaScriptKit')
cd /Users/admin/builder/spi-builder-workspace/.swiftpm/xcode
PruneExplicitPrecompiledModules /Users/admin/builder/spi-builder-workspace/.derivedData/Build/Intermediates.noindex/ExplicitPrecompiledModules
PruneExplicitPrecompiledModules /Users/admin/builder/spi-builder-workspace/.derivedData/Build/Intermediates.noindex/SwiftExplicitPrecompiledModules
PruneExplicitPrecompiledModules /Users/admin/builder/spi-builder-workspace/.derivedData/SDKExplicitPrecompiledModules
2026-09-27 12:23:05.422 xcodebuild[1049:6199] [MT] IDERunDestination: Supported platforms for the buildables in the current scheme is empty.
** BUILD FAILED **
The following build commands failed:
SwiftCompile normal arm64_32 Compiling\ JavaScriptEventLoop+ExecutorFactory.swift /Users/admin/builder/spi-builder-workspace/.dependencies/checkouts/JavaScriptKit/Sources/JavaScriptEventLoop/JavaScriptEventLoop+ExecutorFactory.swift (in target 'JavaScriptEventLoop' from project 'JavaScriptKit')
SwiftCompile normal arm64_32 /Users/admin/builder/spi-builder-workspace/.dependencies/checkouts/JavaScriptKit/Sources/JavaScriptEventLoop/JavaScriptEventLoop+ExecutorFactory.swift (in target 'JavaScriptEventLoop' from project 'JavaScriptKit')
Building workspace SwiftWebGPU with scheme SwiftWebGPU
(3 failures)
BUILD FAILURE 6.4 watchOS