The Swift Package Index logo.Swift Package Index

Build Information

Failed to build SwiftBoxMetricsStatsD, reference master (9469b1), with Swift 6.4 for Linux on 16 Sep 2026 17:03:12 UTC.

Build Command

bash -c docker run --pull=always --rm -v "checkouts-54344847-0":/host -w "$PWD" -e JAVA_HOME="/root/.sdkman/candidates/java/current" -e SPI_BUILD="1" -e SPI_PROCESSING="1" registry.gitlab.com/saguaro1/spi-images:basic-6.4-latest swift build --triple x86_64-unknown-linux-gnu 2>&1

Build Log

========================================
RunAll
========================================
Builder version: 5.1.0
Interrupt handler set up.
========================================
Checkout
========================================
Clone URL: https://github.com/allegro/swiftbox-metrics-statsd.git
Reference: master
Initialized empty Git repository in /host/spi-builder-workspace/.git/
hint: Using 'master' as the name for the initial branch. This default branch name
hint: is subject to change. To configure the initial branch name to use in all
hint: of your new repositories, which will suppress this warning, call:
hint:
hint: 	git config --global init.defaultBranch <name>
hint:
hint: Names commonly chosen instead of 'master' are 'main', 'trunk' and
hint: 'development'. The just-created branch can be renamed via this command:
hint:
hint: 	git branch -m <name>
From https://github.com/allegro/swiftbox-metrics-statsd
 * branch            master     -> FETCH_HEAD
 * [new branch]      master     -> origin/master
HEAD is now at 9469b15 Move code to new repository
Cloned https://github.com/allegro/swiftbox-metrics-statsd.git
Revision (git rev-parse @):
9469b15546017392c33dae93904ef901607f3719
SUCCESS checkout https://github.com/allegro/swiftbox-metrics-statsd.git at master
========================================
Build
========================================
Selected platform:         linux
Swift version:             6.4
Building package at path:  $PWD
https://github.com/allegro/swiftbox-metrics-statsd.git
Running build ...
bash -c docker run --pull=always --rm -v "checkouts-54344847-0":/host -w "$PWD" -e JAVA_HOME="/root/.sdkman/candidates/java/current" -e SPI_BUILD="1" -e SPI_PROCESSING="1" registry.gitlab.com/saguaro1/spi-images:basic-6.4-latest swift build --triple x86_64-unknown-linux-gnu 2>&1
basic-6.4-latest: Pulling from saguaro1/spi-images
Digest: sha256:c77fcce225e223ac0fafed844619173fc6de8d62dd560eeb28db3182af6a282b
Status: Image is up to date for registry.gitlab.com/saguaro1/spi-images:basic-6.4-latest
Fetching https://github.com/apple/swift-metrics.git
Fetching https://github.com/allegro/swiftbox-logging.git
[1/3508] Fetching swift-metrics
[1615/3537] Fetching swift-metrics, swiftbox-logging
Fetched https://github.com/allegro/swiftbox-logging.git (0.53s)
Fetched https://github.com/apple/swift-metrics.git (0.53s)
Computing version for https://github.com/allegro/swiftbox-logging.git
Computed https://github.com/allegro/swiftbox-logging.git at 1.0.0 (0.74s)
Fetching https://github.com/vapor/vapor.git
[1/81399] Fetching vapor
Fetched https://github.com/vapor/vapor.git (10.22s)
Computing version for https://github.com/apple/swift-metrics.git
Computed https://github.com/apple/swift-metrics.git at 1.2.1 (10.42s)
Computing version for https://github.com/vapor/vapor.git
Computed https://github.com/vapor/vapor.git at 3.3.3 (1.36s)
Fetching https://github.com/vapor/multipart.git
Fetching https://github.com/vapor/websocket.git
Fetching https://github.com/vapor/service.git
Fetching https://github.com/vapor/template-kit.git
Fetching https://github.com/vapor/validation.git
Fetching https://github.com/vapor/url-encoded-form.git
[1/6278] Fetching multipart
[880/6659] Fetching multipart, url-encoded-form
[1529/7238] Fetching multipart, url-encoded-form, validation
Fetched https://github.com/vapor/url-encoded-form.git (0.47s)
Fetching https://github.com/vapor/database-kit.git
[2213/8139] Fetching multipart, validation, template-kit
Fetched https://github.com/vapor/validation.git (0.49s)
[1890/7560] Fetching multipart, template-kit
Fetching https://github.com/vapor/routing.git
Fetched https://github.com/vapor/template-kit.git (0.52s)
Fetching https://github.com/vapor/console.git
[1634/8948] Fetching multipart, websocket
[2168/9867] Fetching multipart, websocket, service
[2546/31417] Fetching multipart, websocket, service, routing
[4617/32598] Fetching multipart, websocket, service, routing, database-kit
Fetched https://github.com/vapor/database-kit.git (0.51s)
Fetching https://github.com/vapor/http.git
[9995/31417] Fetching multipart, websocket, service, routing
[11592/38260] Fetching multipart, websocket, service, routing, console
Fetched https://github.com/vapor/websocket.git (1.03s)
Fetched https://github.com/vapor/service.git (1.03s)
[8434/34671] Fetching multipart, routing, console
Fetching https://github.com/vapor/core.git
Fetched https://github.com/vapor/multipart.git (1.05s)
[2977/28393] Fetching routing, console
Fetched https://github.com/vapor/console.git (0.59s)
[5819/21550] Fetching routing
Fetched https://github.com/vapor/routing.git (0.93s)
[1/25467] Fetching http
[7132/45610] Fetching http, core
Fetched https://github.com/vapor/http.git (0.82s)
Fetching https://github.com/vapor/crypto.git
Fetched https://github.com/vapor/core.git (0.79s)
[1/2786] Fetching crypto
Fetched https://github.com/vapor/crypto.git (0.47s)
Computing version for https://github.com/vapor/http.git
Computed https://github.com/vapor/http.git at 3.4.0 (2.50s)
Fetching https://github.com/apple/swift-nio-ssl.git
Fetching https://github.com/apple/swift-nio.git
[1/16064] Fetching swift-nio-ssl
[16065/102011] Fetching swift-nio-ssl, swift-nio
Fetched https://github.com/apple/swift-nio-ssl.git (1.20s)
[4298/85947] Fetching swift-nio
Fetched https://github.com/apple/swift-nio.git (3.77s)
Computing version for https://github.com/vapor/validation.git
Computed https://github.com/vapor/validation.git at 2.1.1 (3.97s)
Computing version for https://github.com/vapor/service.git
Computed https://github.com/vapor/service.git at 1.0.2 (0.20s)
Computing version for https://github.com/apple/swift-nio.git
Computed https://github.com/apple/swift-nio.git at 1.14.4 (0.22s)
Fetching https://github.com/apple/swift-nio-zlib-support.git
[1/15] Fetching swift-nio-zlib-support
Fetched https://github.com/apple/swift-nio-zlib-support.git (0.61s)
Computing version for https://github.com/apple/swift-nio-zlib-support.git
Computed https://github.com/apple/swift-nio-zlib-support.git at 1.0.0 (0.84s)
Computing version for https://github.com/vapor/routing.git
Computed https://github.com/vapor/routing.git at 3.1.0 (0.63s)
Computing version for https://github.com/vapor/websocket.git
Computed https://github.com/vapor/websocket.git at 1.1.2 (1.29s)
Computing version for https://github.com/apple/swift-nio-ssl.git
Computed https://github.com/apple/swift-nio-ssl.git at 1.4.0 (1.92s)
Fetching https://github.com/apple/swift-nio-ssl-support.git
[1/16] Fetching swift-nio-ssl-support
Fetched https://github.com/apple/swift-nio-ssl-support.git (0.59s)
Computing version for https://github.com/apple/swift-nio-ssl-support.git
Computed https://github.com/apple/swift-nio-ssl-support.git at 1.0.0 (0.86s)
Computing version for https://github.com/vapor/crypto.git
Computed https://github.com/vapor/crypto.git at 3.4.1 (0.29s)
Computing version for https://github.com/vapor/console.git
Computed https://github.com/vapor/console.git at 3.1.1 (0.21s)
Computing version for https://github.com/vapor/database-kit.git
Computed https://github.com/vapor/database-kit.git at 1.3.3 (0.20s)
Computing version for https://github.com/vapor/url-encoded-form.git
Computed https://github.com/vapor/url-encoded-form.git at 1.1.0 (0.19s)
Computing version for https://github.com/vapor/template-kit.git
Computed https://github.com/vapor/template-kit.git at 1.5.0 (0.19s)
Computing version for https://github.com/vapor/multipart.git
Computed https://github.com/vapor/multipart.git at 3.1.3 (0.19s)
Computing version for https://github.com/vapor/core.git
Computed https://github.com/vapor/core.git at 3.10.1 (0.20s)
Creating working copy for https://github.com/vapor/websocket.git
Working copy of https://github.com/vapor/websocket.git resolved at 1.1.2
Creating working copy for https://github.com/apple/swift-nio.git
Working copy of https://github.com/apple/swift-nio.git resolved at 1.14.4
Creating working copy for https://github.com/vapor/validation.git
Working copy of https://github.com/vapor/validation.git resolved at 2.1.1
Creating working copy for https://github.com/vapor/service.git
Working copy of https://github.com/vapor/service.git resolved at 1.0.2
Creating working copy for https://github.com/apple/swift-nio-ssl-support.git
Working copy of https://github.com/apple/swift-nio-ssl-support.git resolved at 1.0.0
Creating working copy for https://github.com/allegro/swiftbox-logging.git
Working copy of https://github.com/allegro/swiftbox-logging.git resolved at 1.0.0
Creating working copy for https://github.com/vapor/vapor.git
Working copy of https://github.com/vapor/vapor.git resolved at 3.3.3
Creating working copy for https://github.com/vapor/http.git
Working copy of https://github.com/vapor/http.git resolved at 3.4.0
Creating working copy for https://github.com/vapor/core.git
Working copy of https://github.com/vapor/core.git resolved at 3.10.1
Creating working copy for https://github.com/vapor/template-kit.git
Working copy of https://github.com/vapor/template-kit.git resolved at 1.5.0
Creating working copy for https://github.com/apple/swift-nio-ssl.git
Working copy of https://github.com/apple/swift-nio-ssl.git resolved at 1.4.0
Creating working copy for https://github.com/vapor/url-encoded-form.git
Working copy of https://github.com/vapor/url-encoded-form.git resolved at 1.1.0
Creating working copy for https://github.com/vapor/crypto.git
Working copy of https://github.com/vapor/crypto.git resolved at 3.4.1
Creating working copy for https://github.com/vapor/routing.git
Working copy of https://github.com/vapor/routing.git resolved at 3.1.0
Creating working copy for https://github.com/vapor/multipart.git
Working copy of https://github.com/vapor/multipart.git resolved at 3.1.3
Creating working copy for https://github.com/vapor/console.git
Working copy of https://github.com/vapor/console.git resolved at 3.1.1
Creating working copy for https://github.com/vapor/database-kit.git
Working copy of https://github.com/vapor/database-kit.git resolved at 1.3.3
Creating working copy for https://github.com/apple/swift-metrics.git
Working copy of https://github.com/apple/swift-metrics.git resolved at 1.2.1
Creating working copy for https://github.com/apple/swift-nio-zlib-support.git
Working copy of https://github.com/apple/swift-nio-zlib-support.git resolved at 1.0.0
warning: 'swift-nio-ssl-support': ignoring declared target(s) 'swift-nio-ssl-support' in the system package
warning: 'swift-nio-zlib-support': ignoring declared target(s) 'swift-nio-zlib-support' in the system package
warning: 'swift-nio-ssl-support': ignoring declared target(s) 'swift-nio-ssl-support' in the system package
warning: 'swift-nio-zlib-support': ignoring declared target(s) 'swift-nio-zlib-support' in the system package
Building for debugging...
[Computing dependencies]
[Provisioning 2 / 74]
[Pre-planning 1 / 1295]
[Planning 382 / 1295]
[Planning 1268 / 1295]
[Planning deferred tasks]
[Starting]
[118 / 488] NIO
[241 / 489]
[254 / 508] CNIOZlib
[256 / 508] CNIOSHA1
[258 / 508] CNIOLinux
[261 / 508] NIOConcurrencyHelpers
[265 / 508] COperatingSystem
[269 / 508] Debugging
[282 / 508] CoreMetrics
[283 / 508] NIOConcurrencyHelpers
[294 / 508] NIOPriorityQueue
[296 / 508] CNIOOpenSSL
[298 / 508] CNIOOpenSSL
[307 / 520] NIO
[315 / 521] NIO
[318 / 522] NIOPriorityQueue
[320 / 523] NIOPriorityQueue
[323 / 523] NIO
[324 / 523] Debugging
[336 / 524] NIOTLS
[340 / 526]
[343 / 531] NIOTLS
[351 / 533] NIOHTTP1
[354 / 541] NIOHTTP1
[355 / 541] NIOHTTP1
[357 / 542] NIOTLS
[365 / 542] NIOWebSocket
[367 / 542] NIOHTTP1-product
[380 / 568] Bits
[383 / 576] NIOHTTP1
[389 / 576] NIOWebSocket
[401 / 576] NIO
[403 / 577] NIOWebSocket-product
[413 / 578] NIOOpenSSL-product
[414 / 578] NIOOpenSSL-product
[415 / 578] NIOOpenSSL-product
error: SwiftCompile normal x86_64 /host/spi-builder-workspace/.build/checkouts/swift-nio-ssl/Sources/NIOOpenSSL/SSLConnection.swift failed with a nonzero exit code. Command line:     cd /host
    builtin-SwiftPerFileCompile SSLConnection.swift
error: SwiftCompile normal x86_64 /host/spi-builder-workspace/.build/checkouts/swift-nio-ssl/Sources/NIOOpenSSL/SSLContext.swift failed with a nonzero exit code. Command line:     cd /host
    builtin-SwiftPerFileCompile SSLContext.swift
/host/spi-builder-workspace/.build/checkouts/swift-nio-ssl/Sources/NIOOpenSSL/SSLConnection.swift:308:29: error: cannot find 'SSL_get_peer_certificate' in scope
306 |     /// if available.
307 |     func getPeerCertificate() -> OpenSSLCertificate? {
308 |         guard let certPtr = SSL_get_peer_certificate(.make(optional: ssl)) else {
    |                             `- error: cannot find 'SSL_get_peer_certificate' in scope
309 |             return nil
310 |         }
/host/spi-builder-workspace/.build/checkouts/swift-nio-ssl/Sources/NIOOpenSSL/SSLContext.swift:130:34: error: cannot find 'SSL_OP_NO_COMPRESSION' in scope
128 |         CNIOOpenSSL_SSL_CTX_set_mode(ctx, Int(SSL_MODE_RELEASE_BUFFERS | SSL_MODE_AUTO_RETRY))
129 |
130 |         var opensslOptions = Int(SSL_OP_NO_COMPRESSION)
    |                                  `- error: cannot find 'SSL_OP_NO_COMPRESSION' in scope
131 |
132 |         // Handle TLS versions
/usr/include/openssl/ssl.h:387:10: note: macro 'SSL_OP_NO_COMPRESSION' unavailable: structure not supported
 385 | # define SSL_OP_NO_SESSION_RESUMPTION_ON_RENEGOTIATION   SSL_OP_BIT(16)
 386 |     /* Don't use compression even if supported */
 387 | # define SSL_OP_NO_COMPRESSION                           SSL_OP_BIT(17)
     |          `- note: macro 'SSL_OP_NO_COMPRESSION' unavailable: structure not supported
 388 |     /* Permit unsafe legacy renegotiation */
 389 | # define SSL_OP_ALLOW_UNSAFE_LEGACY_RENEGOTIATION        SSL_OP_BIT(18)
/host/spi-builder-workspace/.build/checkouts/swift-nio-ssl/Sources/NIOOpenSSL/SSLContext.swift:135:35: error: cannot find 'SSL_OP_NO_TLSv1_2' in scope
133 |         switch configuration.minimumTLSVersion {
134 |         case .tlsv13:
135 |             opensslOptions |= Int(SSL_OP_NO_TLSv1_2)
    |                                   `- error: cannot find 'SSL_OP_NO_TLSv1_2' in scope
136 |             fallthrough
137 |         case .tlsv12:
/usr/include/openssl/ssl.h:420:10: note: macro 'SSL_OP_NO_TLSv1_2' unavailable: structure not supported
 418 | # define SSL_OP_NO_SSLv3                                 SSL_OP_BIT(25)
 419 | # define SSL_OP_NO_TLSv1                                 SSL_OP_BIT(26)
 420 | # define SSL_OP_NO_TLSv1_2                               SSL_OP_BIT(27)
     |          `- note: macro 'SSL_OP_NO_TLSv1_2' unavailable: structure not supported
 421 | # define SSL_OP_NO_TLSv1_1                               SSL_OP_BIT(28)
 422 | # define SSL_OP_NO_TLSv1_3                               SSL_OP_BIT(29)
/host/spi-builder-workspace/.build/checkouts/swift-nio-ssl/Sources/NIOOpenSSL/SSLContext.swift:138:35: error: cannot find 'SSL_OP_NO_TLSv1_1' in scope
136 |             fallthrough
137 |         case .tlsv12:
138 |             opensslOptions |= Int(SSL_OP_NO_TLSv1_1)
    |                                   `- error: cannot find 'SSL_OP_NO_TLSv1_1' in scope
139 |             fallthrough
140 |         case .tlsv11:
/usr/include/openssl/ssl.h:421:10: note: macro 'SSL_OP_NO_TLSv1_1' unavailable: structure not supported
 419 | # define SSL_OP_NO_TLSv1                                 SSL_OP_BIT(26)
 420 | # define SSL_OP_NO_TLSv1_2                               SSL_OP_BIT(27)
 421 | # define SSL_OP_NO_TLSv1_1                               SSL_OP_BIT(28)
     |          `- note: macro 'SSL_OP_NO_TLSv1_1' unavailable: structure not supported
 422 | # define SSL_OP_NO_TLSv1_3                               SSL_OP_BIT(29)
 423 | # define SSL_OP_NO_DTLSv1                                SSL_OP_BIT(26)
/host/spi-builder-workspace/.build/checkouts/swift-nio-ssl/Sources/NIOOpenSSL/SSLContext.swift:141:35: error: cannot find 'SSL_OP_NO_TLSv1' in scope
139 |             fallthrough
140 |         case .tlsv11:
141 |             opensslOptions |= Int(SSL_OP_NO_TLSv1)
    |                                   `- error: cannot find 'SSL_OP_NO_TLSv1' in scope
142 |             fallthrough
143 |         case .tlsv1:
/usr/include/openssl/ssl.h:419:10: note: macro 'SSL_OP_NO_TLSv1' unavailable: structure not supported
 417 | # define SSL_OP_NO_ANTI_REPLAY                           SSL_OP_BIT(24)
 418 | # define SSL_OP_NO_SSLv3                                 SSL_OP_BIT(25)
 419 | # define SSL_OP_NO_TLSv1                                 SSL_OP_BIT(26)
     |          `- note: macro 'SSL_OP_NO_TLSv1' unavailable: structure not supported
 420 | # define SSL_OP_NO_TLSv1_2                               SSL_OP_BIT(27)
 421 | # define SSL_OP_NO_TLSv1_1                               SSL_OP_BIT(28)
/host/spi-builder-workspace/.build/checkouts/swift-nio-ssl/Sources/NIOOpenSSL/SSLContext.swift:144:35: error: cannot find 'SSL_OP_NO_SSLv3' in scope
142 |             fallthrough
143 |         case .tlsv1:
144 |             opensslOptions |= Int(SSL_OP_NO_SSLv3)
    |                                   `- error: cannot find 'SSL_OP_NO_SSLv3' in scope
145 |             fallthrough
146 |         case .sslv3:
/usr/include/openssl/ssl.h:418:10: note: macro 'SSL_OP_NO_SSLv3' unavailable: structure not supported
 416 |      */
 417 | # define SSL_OP_NO_ANTI_REPLAY                           SSL_OP_BIT(24)
 418 | # define SSL_OP_NO_SSLv3                                 SSL_OP_BIT(25)
     |          `- note: macro 'SSL_OP_NO_SSLv3' unavailable: structure not supported
 419 | # define SSL_OP_NO_TLSv1                                 SSL_OP_BIT(26)
 420 | # define SSL_OP_NO_TLSv1_2                               SSL_OP_BIT(27)
/host/spi-builder-workspace/.build/checkouts/swift-nio-ssl/Sources/NIOOpenSSL/SSLContext.swift:155:35: error: cannot find 'SSL_OP_NO_SSLv3' in scope
153 |         switch configuration.maximumTLSVersion {
154 |         case .some(.sslv2):
155 |             opensslOptions |= Int(SSL_OP_NO_SSLv3)
    |                                   `- error: cannot find 'SSL_OP_NO_SSLv3' in scope
156 |             fallthrough
157 |         case .some(.sslv3):
/usr/include/openssl/ssl.h:418:10: note: macro 'SSL_OP_NO_SSLv3' unavailable: structure not supported
 416 |      */
 417 | # define SSL_OP_NO_ANTI_REPLAY                           SSL_OP_BIT(24)
 418 | # define SSL_OP_NO_SSLv3                                 SSL_OP_BIT(25)
     |          `- note: macro 'SSL_OP_NO_SSLv3' unavailable: structure not supported
 419 | # define SSL_OP_NO_TLSv1                                 SSL_OP_BIT(26)
 420 | # define SSL_OP_NO_TLSv1_2                               SSL_OP_BIT(27)
/host/spi-builder-workspace/.build/checkouts/swift-nio-ssl/Sources/NIOOpenSSL/SSLContext.swift:158:35: error: cannot find 'SSL_OP_NO_TLSv1' in scope
156 |             fallthrough
157 |         case .some(.sslv3):
158 |             opensslOptions |= Int(SSL_OP_NO_TLSv1)
    |                                   `- error: cannot find 'SSL_OP_NO_TLSv1' in scope
159 |             fallthrough
160 |         case .some(.tlsv1):
/usr/include/openssl/ssl.h:419:10: note: macro 'SSL_OP_NO_TLSv1' unavailable: structure not supported
 417 | # define SSL_OP_NO_ANTI_REPLAY                           SSL_OP_BIT(24)
 418 | # define SSL_OP_NO_SSLv3                                 SSL_OP_BIT(25)
 419 | # define SSL_OP_NO_TLSv1                                 SSL_OP_BIT(26)
     |          `- note: macro 'SSL_OP_NO_TLSv1' unavailable: structure not supported
 420 | # define SSL_OP_NO_TLSv1_2                               SSL_OP_BIT(27)
 421 | # define SSL_OP_NO_TLSv1_1                               SSL_OP_BIT(28)
/host/spi-builder-workspace/.build/checkouts/swift-nio-ssl/Sources/NIOOpenSSL/SSLContext.swift:161:35: error: cannot find 'SSL_OP_NO_TLSv1_1' in scope
159 |             fallthrough
160 |         case .some(.tlsv1):
161 |             opensslOptions |= Int(SSL_OP_NO_TLSv1_1)
    |                                   `- error: cannot find 'SSL_OP_NO_TLSv1_1' in scope
162 |             fallthrough
163 |         case .some(.tlsv11):
/usr/include/openssl/ssl.h:421:10: note: macro 'SSL_OP_NO_TLSv1_1' unavailable: structure not supported
 419 | # define SSL_OP_NO_TLSv1                                 SSL_OP_BIT(26)
 420 | # define SSL_OP_NO_TLSv1_2                               SSL_OP_BIT(27)
 421 | # define SSL_OP_NO_TLSv1_1                               SSL_OP_BIT(28)
     |          `- note: macro 'SSL_OP_NO_TLSv1_1' unavailable: structure not supported
 422 | # define SSL_OP_NO_TLSv1_3                               SSL_OP_BIT(29)
 423 | # define SSL_OP_NO_DTLSv1                                SSL_OP_BIT(26)
/host/spi-builder-workspace/.build/checkouts/swift-nio-ssl/Sources/NIOOpenSSL/SSLContext.swift:164:35: error: cannot find 'SSL_OP_NO_TLSv1_2' in scope
162 |             fallthrough
163 |         case .some(.tlsv11):
164 |             opensslOptions |= Int(SSL_OP_NO_TLSv1_2)
    |                                   `- error: cannot find 'SSL_OP_NO_TLSv1_2' in scope
165 |             fallthrough
166 |         case .some(.tlsv12):
/usr/include/openssl/ssl.h:420:10: note: macro 'SSL_OP_NO_TLSv1_2' unavailable: structure not supported
 418 | # define SSL_OP_NO_SSLv3                                 SSL_OP_BIT(25)
 419 | # define SSL_OP_NO_TLSv1                                 SSL_OP_BIT(26)
 420 | # define SSL_OP_NO_TLSv1_2                               SSL_OP_BIT(27)
     |          `- note: macro 'SSL_OP_NO_TLSv1_2' unavailable: structure not supported
 421 | # define SSL_OP_NO_TLSv1_1                               SSL_OP_BIT(28)
 422 | # define SSL_OP_NO_TLSv1_3                               SSL_OP_BIT(29)
/host/spi-builder-workspace/.build/checkouts/swift-nio-ssl/Sources/NIOOpenSSL/SSLContext.swift:167:35: error: cannot find 'CNIOOpenSSL_SSL_OP_NO_TLSv1_3' in scope
165 |             fallthrough
166 |         case .some(.tlsv12):
167 |             opensslOptions |= Int(CNIOOpenSSL_SSL_OP_NO_TLSv1_3)
    |                                   `- error: cannot find 'CNIOOpenSSL_SSL_OP_NO_TLSv1_3' in scope
168 |         case .some(.tlsv13), .none:
169 |             break
Failed frontend command:
/usr/bin/swift-frontend -frontend -c /host/spi-builder-workspace/.build/checkouts/swift-nio-ssl/Sources/NIOOpenSSL/ByteBufferBIO.swift /host/spi-builder-workspace/.build/checkouts/swift-nio-ssl/Sources/NIOOpenSSL/IdentityVerification.swift /host/spi-builder-workspace/.build/checkouts/swift-nio-ssl/Sources/NIOOpenSSL/OpenSSLClientHandler.swift /host/spi-builder-workspace/.build/checkouts/swift-nio-ssl/Sources/NIOOpenSSL/OpenSSLHandler.swift /host/spi-builder-workspace/.build/checkouts/swift-nio-ssl/Sources/NIOOpenSSL/OpenSSLServerHandler.swift /host/spi-builder-workspace/.build/checkouts/swift-nio-ssl/Sources/NIOOpenSSL/PosixPort.swift /host/spi-builder-workspace/.build/checkouts/swift-nio-ssl/Sources/NIOOpenSSL/SSLCertificate.swift -primary-file /host/spi-builder-workspace/.build/checkouts/swift-nio-ssl/Sources/NIOOpenSSL/SSLConnection.swift -primary-file /host/spi-builder-workspace/.build/checkouts/swift-nio-ssl/Sources/NIOOpenSSL/SSLContext.swift /host/spi-builder-workspace/.build/checkouts/swift-nio-ssl/Sources/NIOOpenSSL/SSLErrors.swift /host/spi-builder-workspace/.build/checkouts/swift-nio-ssl/Sources/NIOOpenSSL/SSLInit.swift /host/spi-builder-workspace/.build/checkouts/swift-nio-ssl/Sources/NIOOpenSSL/SSLPKCS12Bundle.swift /host/spi-builder-workspace/.build/checkouts/swift-nio-ssl/Sources/NIOOpenSSL/SSLPointerTricks.swift /host/spi-builder-workspace/.build/checkouts/swift-nio-ssl/Sources/NIOOpenSSL/SSLPrivateKey.swift /host/spi-builder-workspace/.build/checkouts/swift-nio-ssl/Sources/NIOOpenSSL/SSLPublicKey.swift /host/spi-builder-workspace/.build/checkouts/swift-nio-ssl/Sources/NIOOpenSSL/SSLVerificationCallbacks.swift /host/spi-builder-workspace/.build/checkouts/swift-nio-ssl/Sources/NIOOpenSSL/TLSConfiguration.swift -emit-dependencies-path /host/spi-builder-workspace/.build/out/Intermediates.noindex/swift-nio-ssl.build/Debug-linux-x86_64/NIOOpenSSL-t.build/Objects-normal/x86_64/SSLConnection.d -emit-const-values-path /host/spi-builder-workspace/.build/out/Intermediates.noindex/swift-nio-ssl.build/Debug-linux-x86_64/NIOOpenSSL-t.build/Objects-normal/x86_64/SSLConnection.swiftconstvalues -emit-reference-dependencies-path /host/spi-builder-workspace/.build/out/Intermediates.noindex/swift-nio-ssl.build/Debug-linux-x86_64/NIOOpenSSL-t.build/Objects-normal/x86_64/SSLConnection.swiftdeps -serialize-diagnostics-path /host/spi-builder-workspace/.build/out/Intermediates.noindex/swift-nio-ssl.build/Debug-linux-x86_64/NIOOpenSSL-t.build/Objects-normal/x86_64/SSLConnection.dia -emit-dependencies-path /host/spi-builder-workspace/.build/out/Intermediates.noindex/swift-nio-ssl.build/Debug-linux-x86_64/NIOOpenSSL-t.build/Objects-normal/x86_64/SSLContext.d -emit-const-values-path /host/spi-builder-workspace/.build/out/Intermediates.noindex/swift-nio-ssl.build/Debug-linux-x86_64/NIOOpenSSL-t.build/Objects-normal/x86_64/SSLContext.swiftconstvalues -emit-reference-dependencies-path /host/spi-builder-workspace/.build/out/Intermediates.noindex/swift-nio-ssl.build/Debug-linux-x86_64/NIOOpenSSL-t.build/Objects-normal/x86_64/SSLContext.swiftdeps -serialize-diagnostics-path /host/spi-builder-workspace/.build/out/Intermediates.noindex/swift-nio-ssl.build/Debug-linux-x86_64/NIOOpenSSL-t.build/Objects-normal/x86_64/SSLContext.dia -target x86_64-unknown-linux-gnu -disable-objc-interop -I /host/spi-builder-workspace/.build/out/Products/Debug-linux-x86_64 -module-cache-path /host/spi-builder-workspace/.build/out/ModuleCache.noindex -color-diagnostics -Xcc -fcolor-diagnostics -enable-testing -g -debug-info-format\=dwarf -dwarf-version\=4 -suppress-warnings -swift-version 4 -Onone -D SWIFT_PACKAGE -D DEBUG -D SWIFT_MODULE_RESOURCE_BUNDLE_UNAVAILABLE -D Xcode -serialize-debugging-options -enable-experimental-feature DebugDescriptionMacro -empty-abi-descriptor -external-plugin-path /usr/lib/swift/host/plugins/testing\#/usr/bin/swift-plugin-server -validate-clang-modules-once -clang-build-session-file /host/spi-builder-workspace/.build/out/ModuleCache.noindex/Session.modulevalidation -Xcc -working-directory -Xcc /host -enable-anonymous-context-mangled-names -file-compilation-dir /host -Xcc -fmodule-map-file\=/host/spi-builder-workspace/.build/checkouts/swift-nio-zlib-support/module.modulemap -Xcc -fmodule-map-file\=/host/spi-builder-workspace/.build/out/Intermediates.noindex/GeneratedModuleMaps-linux-x86_64/CNIOSHA1.modulemap -Xcc -fmodule-map-file\=/host/spi-builder-workspace/.build/out/Intermediates.noindex/GeneratedModuleMaps-linux-x86_64/CNIOAtomics.modulemap -Xcc -fmodule-map-file\=/host/spi-builder-workspace/.build/out/Intermediates.noindex/GeneratedModuleMaps-linux-x86_64/CNIODarwin.modulemap -Xcc -fmodule-map-file\=/host/spi-builder-workspace/.build/out/Intermediates.noindex/GeneratedModuleMaps-linux-x86_64/CNIOLinux.modulemap -Xcc -fmodule-map-file\=/host/spi-builder-workspace/.build/out/Intermediates.noindex/GeneratedModuleMaps-linux-x86_64/CNIOOpenSSL.modulemap -Xcc -fmodule-map-file\=/host/spi-builder-workspace/.build/checkouts/swift-nio-ssl-support/module.modulemap -Xcc -fno-omit-frame-pointer -Xcc -D_LIBCPP_HARDENING_MODE\=_LIBCPP_HARDENING_MODE_DEBUG -Xcc -fmodules-prune-interval\=86400 -Xcc -fmodules-prune-after\=345600 -Xcc -I/host/spi-builder-workspace/.build/checkouts/swift-nio/Sources/CNIOSHA1/include -Xcc -I/host/spi-builder-workspace/.build/checkouts/swift-nio/Sources/CNIOAtomics/include -Xcc -I/host/spi-builder-workspace/.build/checkouts/swift-nio/Sources/CNIODarwin/include -Xcc -I/host/spi-builder-workspace/.build/checkouts/swift-nio/Sources/CNIOLinux/include -Xcc -I/host/spi-builder-workspace/.build/checkouts/swift-nio-ssl/Sources/CNIOOpenSSL/include -Xcc -I/host/spi-builder-workspace/.build/out/Products/Debug-linux-x86_64/include -Xcc -I/host/spi-builder-workspace/.build/out/Intermediates.noindex/swift-nio-ssl.build/Debug-linux-x86_64/NIOOpenSSL-t.build/DerivedSources-normal/x86_64 -Xcc -I/host/spi-builder-workspace/.build/out/Intermediates.noindex/swift-nio-ssl.build/Debug-linux-x86_64/NIOOpenSSL-t.build/DerivedSources/x86_64 -Xcc -I/host/spi-builder-workspace/.build/out/Intermediates.noindex/swift-nio-ssl.build/Debug-linux-x86_64/NIOOpenSSL-t.build/DerivedSources -Xcc -DSWIFT_PACKAGE -Xcc -DDEBUG\=1 -no-auto-bridging-header-chaining -module-name NIOOpenSSL -const-gather-protocols-file /host/spi-builder-workspace/.build/out/Intermediates.noindex/swift-nio-ssl.build/Debug-linux-x86_64/NIOOpenSSL-t.build/Objects-normal/x86_64/NIOOpenSSL_const_extract_protocols.json -in-process-plugin-server-path /usr/lib/swift/host/libSwiftInProcPluginServer.so -plugin-path /usr/lib/swift/host/plugins -plugin-path /usr/local/lib/swift/host/plugins -parse-as-library -o /host/spi-builder-workspace/.build/out/Intermediates.noindex/swift-nio-ssl.build/Debug-linux-x86_64/NIOOpenSSL-t.build/Objects-normal/x86_64/SSLConnection.o -o /host/spi-builder-workspace/.build/out/Intermediates.noindex/swift-nio-ssl.build/Debug-linux-x86_64/NIOOpenSSL-t.build/Objects-normal/x86_64/SSLContext.o -index-unit-output-path /swift-nio-ssl.build/Debug-linux-x86_64/NIOOpenSSL-t.build/Objects-normal/x86_64/SSLConnection.o -index-unit-output-path /swift-nio-ssl.build/Debug-linux-x86_64/NIOOpenSSL-t.build/Objects-normal/x86_64/SSLContext.o -index-store-path /host/spi-builder-workspace/.build/out -index-system-modules
[417 / 579] NIOWebSocket
error: Build failed
BUILD FAILURE 6.4 linux