The Swift Package Index logo.Swift Package Index

Build Information

Failed to build nstack, reference 2.1.0 (eae05e), with Swift 6.4 for watchOS using Xcode 27.0 on 20 Sep 2026 15:17:16 UTC.

Build Command

No build command. This typically means the build failed at an early stage where we determine the build command.

Build Log

========================================
RunAll
========================================
Builder version: 5.1.0
Interrupt handler set up.
========================================
Checkout
========================================
Clone URL: https://github.com/ml-archive/nstack.git
Reference: 2.1.0
Initialized empty Git repository in /Users/admin/builder/spi-builder-workspace/.git/
From https://github.com/ml-archive/nstack
 * tag               2.1.0      -> FETCH_HEAD
HEAD is now at eae05ea Merge pull request #31 from nodes-vapor/feature/vapor-2-files-support
Cloned https://github.com/ml-archive/nstack.git
Revision (git rev-parse @):
eae05ea1af2295a1aa0557506444606a9c7a6744
SUCCESS checkout https://github.com/ml-archive/nstack.git at 2.1.0
========================================
Build
========================================
Selected platform:         watchOS
Swift version:             6.4
Building package at path:  $PWD
https://github.com/ml-archive/nstack.git
Command line invocation:
    /Applications/Xcode-27.0.0-Release.Candidate.app/Contents/Developer/usr/bin/xcodebuild -IDEClonedSourcePackagesDirPathOverride=/Users/admin/builder/spi-builder-workspace/.dependencies -resolvePackageDependencies
Resolve Package Graph
package 'package.swift' is using Swift tools version 3.1.0 which is no longer supported; consider using '// swift-tools-version: 6.4' to specify the current tools version
Resolved source packages:
  spi-builder-workspace: (null)
2026-09-20 11:17:14.291 xcodebuild[563:3069] Writing error result bundle to /var/folders/xq/y_g06wb113726d38xsyx71_h0000gn/T/ResultBundle_2026-20-09_11-17-0014.xcresult
xcodebuild: error: Could not resolve package dependencies:
  package 'package.swift' is using Swift tools version 3.1.0 which is no longer supported; consider using '// swift-tools-version: 6.4' to specify the current tools version
Command line invocation:
    /Applications/Xcode-27.0.0-Release.Candidate.app/Contents/Developer/usr/bin/xcodebuild -IDEClonedSourcePackagesDirPathOverride=/Users/admin/builder/spi-builder-workspace/.dependencies -resolvePackageDependencies
Resolve Package Graph
package 'package.swift' is using Swift tools version 3.1.0 which is no longer supported; consider using '// swift-tools-version: 6.4' to specify the current tools version
Resolved source packages:
  spi-builder-workspace: (null)
2026-09-20 11:17:16.029 xcodebuild[609:3471] Writing error result bundle to /var/folders/xq/y_g06wb113726d38xsyx71_h0000gn/T/ResultBundle_2026-20-09_11-17-0016.xcresult
xcodebuild: error: Could not resolve package dependencies:
  package 'package.swift' is using Swift tools version 3.1.0 which is no longer supported; consider using '// swift-tools-version: 6.4' to specify the current tools version
BUILD FAILURE 6.4 watchOS