The Swift Package Index logo.Swift Package Index

Build Information

Failed to build spfk-testing, reference main (c6d9c2), with Swift 6.2 for Wasm on 16 Oct 2026 01:22:31 UTC.

Build Command

bash -c docker run --pull=always --rm -v "checkouts-53886769-0":/host -w "$PWD" -e JAVA_HOME="/root/.sdkman/candidates/java/current" -e SPI_BUILD="1" -e SPI_PROCESSING="1" registry.gitlab.com/saguaro1/spi-images:wasm-6.2-latest swift build --swift-sdk swift-6.2-RELEASE_wasm 2>&1

Build Log

========================================
RunAll
========================================
Builder version: 5.1.3
Interrupt handler set up.
========================================
Checkout
========================================
Clone URL: https://github.com/ryanfrancesconi/spfk-testing.git
Reference: main
Initialized empty Git repository in /host/spi-builder-workspace/.git/
hint: Using 'master' as the name for the initial branch. This default branch name
hint: is subject to change. To configure the initial branch name to use in all
hint: of your new repositories, which will suppress this warning, call:
hint:
hint: 	git config --global init.defaultBranch <name>
hint:
hint: Names commonly chosen instead of 'master' are 'main', 'trunk' and
hint: 'development'. The just-created branch can be renamed via this command:
hint:
hint: 	git branch -m <name>
From https://github.com/ryanfrancesconi/spfk-testing
 * branch            main       -> FETCH_HEAD
 * [new branch]      main       -> origin/main
HEAD is now at c6d9c2d Add the advancedSearch test tag
Cloned https://github.com/ryanfrancesconi/spfk-testing.git
Revision (git rev-parse @):
c6d9c2d5d2f9d2835614c652368beca387ce9c85
SUCCESS checkout https://github.com/ryanfrancesconi/spfk-testing.git at main
========================================
Build
========================================
Selected platform:         wasm
Swift version:             6.2
Building package at path:  $PWD
https://github.com/ryanfrancesconi/spfk-testing.git
Running build ...
bash -c docker run --pull=always --rm -v "checkouts-53886769-0":/host -w "$PWD" -e JAVA_HOME="/root/.sdkman/candidates/java/current" -e SPI_BUILD="1" -e SPI_PROCESSING="1" registry.gitlab.com/saguaro1/spi-images:wasm-6.2-latest swift build --swift-sdk swift-6.2-RELEASE_wasm 2>&1
wasm-6.2-latest: Pulling from saguaro1/spi-images
Digest: sha256:0563b842faffea9ddc6fe15fbd2051d02dff3ef29dc4b5bfe0a0910a084eee81
Status: Image is up to date for registry.gitlab.com/saguaro1/spi-images:wasm-6.2-latest
Building for debugging...
[0/82] Copying xmp.mp3
[0/82] Copying toc_many_children.mp3
[0/82] Copying tabla_pcm.mka
[0/82] Copying tabla_pcm_long_blocks.mka
[0/82] Copying tabla_cprt.m4a
[0/82] Copying tabla.mp4
[0/82] Copying tabla.mp3
[0/82] Copying tabla_flac.mka
[0/82] Copying tabla.ogg
[0/82] Copying tabla.mka
[0/82] Copying tabla.m4a
[0/82] Copying tabla.aac
[0/82] Copying songbird.jpg
[0/82] Copying sine.wv
[0/82] Copying tabla.flac
[0/82] Copying sine.wma
[0/82] Copying sine.ts
[0/82] Copying sine.w64
[0/82] Copying sine.snd
[0/82] Copying sine.opus
[0/82] Copying sine.m4v
[0/82] Copying sine.m4b
[0/82] Copying sine.aifc
[0/82] Copying sharksandwich.webp
[0/82] Copying sharksandwich.jpg
[25/82] Copying sharksandwich.heic
[26/82] Copying sine.au
[27/82] Copying sample.wmv
[27/82] Copying sample.webm
[29/82] Copying sample.mov
[30/82] Copying sample.mkv
[31/82] Copying sample.mka
[31/82] Copying sample.mxf
[31/82] Copying sample.avi
[31/82] Copying sample-timecode.mov
[31/82] Copying sample-timecode-offset.mov
[31/82] Copying tabla.wav
[31/82] Copying sample-nested-seekhead.mkv
[31/82] Copying sample-interleaved-cues.mkv
[31/82] Copying sample-dualaudio.mkv
[31/82] Copying sample-dualaudio.mov
[31/82] Copying rated_80.ogg
[31/82] Copying rated_80.mp3
[31/82] Copying rated_80.m4a
[31/82] Copying rated_80.flac
[31/82] Copying rated_80.wav
[31/82] Copying qtmeta.mov
[47/82] Copying rated_80.aif
[48/82] Copying no metadata.mp3
[49/82] Copying tabla_legacy_picture.flac
[49/82] Copying ixml.wav
[49/82] Copying gsharp_major.mp3
[49/82] Copying fsharp_major.mp3
[49/82] Copying pink_noise.wav
[49/82] Copying f_major.mp3
[49/82] Copying e_major.mp3
[49/82] Copying tabla_6_channel.wav
[49/82] Copying tabla.caf
[49/82] Copying tabla.aif
[49/82] Copying dualaudio.mka
[49/82] Copying dsharp_major.mp3
[49/82] Copying csharp_major.mp3
[49/82] Copying cowbell_bext.wav
[49/82] Copying cowbell.wav
[49/82] Copying c_major.mp3
[49/82] Copying boom.addAudio
[49/82] Copying g_major.mp3
[49/82] Copying bext_ixml_external.flac
[49/82] Copying b_major.mp3
[49/82] Copying no_data_chunk.wav
[49/82] Copying asharp_major.mp3
[49/82] Copying and-oh-how-they-danced.mp3
[49/82] Copying a_major.mp3
[50/82] Copying ITUNSMPB.m4a
[63/82] Write sources
[76/82] Copying dualaudio.m4a
[76/82] Copying and-oh-how-they-danced.wav
[78/82] Copying and-oh-how-they-danced_2.wav
[79/82] Copying d_major.mp3
[80/82] Copying 123456789_60BPM_48k.wav
[81/82] Write swift-version-24593BA9C3E375BF.txt
[83/106] Compiling SPFKTesting Tags+.swift
/host/spi-builder-workspace/Sources/SPFKTesting/AudioTestFile.swift:3:8: error: no such module 'AVFoundation'
 1 | // Copyright Ryan Francesconi. All Rights Reserved. Revision History at https://github.com/ryanfrancesconi/spfk-testing
 2 |
 3 | import AVFoundation
   |        `- error: no such module 'AVFoundation'
 4 | import Foundation
 5 |
[84/106] Compiling SPFKTesting TestBundleResources+FormatCoverage.swift
/host/spi-builder-workspace/Sources/SPFKTesting/AudioTestFile.swift:3:8: error: no such module 'AVFoundation'
 1 | // Copyright Ryan Francesconi. All Rights Reserved. Revision History at https://github.com/ryanfrancesconi/spfk-testing
 2 |
 3 | import AVFoundation
   |        `- error: no such module 'AVFoundation'
 4 | import Foundation
 5 |
[85/106] Compiling SPFKTesting TestBundleResources.swift
/host/spi-builder-workspace/Sources/SPFKTesting/AudioTestFile.swift:3:8: error: no such module 'AVFoundation'
 1 | // Copyright Ryan Francesconi. All Rights Reserved. Revision History at https://github.com/ryanfrancesconi/spfk-testing
 2 |
 3 | import AVFoundation
   |        `- error: no such module 'AVFoundation'
 4 | import Foundation
 5 |
[86/106] Compiling SPFKTesting VorbisComment.swift
/host/spi-builder-workspace/Sources/SPFKTesting/AudioTestFile.swift:3:8: error: no such module 'AVFoundation'
 1 | // Copyright Ryan Francesconi. All Rights Reserved. Revision History at https://github.com/ryanfrancesconi/spfk-testing
 2 |
 3 | import AVFoundation
   |        `- error: no such module 'AVFoundation'
 4 | import Foundation
 5 |
[87/108] Compiling SPFKTesting RIFFChunks+BEXT.swift
/host/spi-builder-workspace/Sources/SPFKTesting/AudioTestFile.swift:3:8: error: no such module 'AVFoundation'
 1 | // Copyright Ryan Francesconi. All Rights Reserved. Revision History at https://github.com/ryanfrancesconi/spfk-testing
 2 |
 3 | import AVFoundation
   |        `- error: no such module 'AVFoundation'
 4 | import Foundation
 5 |
[88/108] Compiling SPFKTesting RIFFChunks.swift
/host/spi-builder-workspace/Sources/SPFKTesting/AudioTestFile.swift:3:8: error: no such module 'AVFoundation'
 1 | // Copyright Ryan Francesconi. All Rights Reserved. Revision History at https://github.com/ryanfrancesconi/spfk-testing
 2 |
 3 | import AVFoundation
   |        `- error: no such module 'AVFoundation'
 4 | import Foundation
 5 |
[89/108] Compiling SPFKTesting RecordingIssues.swift
/host/spi-builder-workspace/Sources/SPFKTesting/AudioTestFile.swift:3:8: error: no such module 'AVFoundation'
 1 | // Copyright Ryan Francesconi. All Rights Reserved. Revision History at https://github.com/ryanfrancesconi/spfk-testing
 2 |
 3 | import AVFoundation
   |        `- error: no such module 'AVFoundation'
 4 | import Foundation
 5 |
[90/108] Compiling SPFKTesting ID3v2Frames+Tag.swift
/host/spi-builder-workspace/Sources/SPFKTesting/AudioTestFile.swift:3:8: error: no such module 'AVFoundation'
 1 | // Copyright Ryan Francesconi. All Rights Reserved. Revision History at https://github.com/ryanfrancesconi/spfk-testing
 2 |
 3 | import AVFoundation
   |        `- error: no such module 'AVFoundation'
 4 | import Foundation
 5 |
[91/108] Compiling SPFKTesting MP4Atoms.swift
/host/spi-builder-workspace/Sources/SPFKTesting/AudioTestFile.swift:3:8: error: no such module 'AVFoundation'
 1 | // Copyright Ryan Francesconi. All Rights Reserved. Revision History at https://github.com/ryanfrancesconi/spfk-testing
 2 |
 3 | import AVFoundation
   |        `- error: no such module 'AVFoundation'
 4 | import Foundation
 5 |
[92/108] Compiling SPFKTesting MatroskaElements.swift
/host/spi-builder-workspace/Sources/SPFKTesting/AudioTestFile.swift:3:8: error: no such module 'AVFoundation'
 1 | // Copyright Ryan Francesconi. All Rights Reserved. Revision History at https://github.com/ryanfrancesconi/spfk-testing
 2 |
 3 | import AVFoundation
   |        `- error: no such module 'AVFoundation'
 4 | import Foundation
 5 |
[93/108] Compiling SPFKTesting MatroskaTestFile.swift
/host/spi-builder-workspace/Sources/SPFKTesting/AudioTestFile.swift:3:8: error: no such module 'AVFoundation'
 1 | // Copyright Ryan Francesconi. All Rights Reserved. Revision History at https://github.com/ryanfrancesconi/spfk-testing
 2 |
 3 | import AVFoundation
   |        `- error: no such module 'AVFoundation'
 4 | import Foundation
 5 |
[94/108] Compiling SPFKTesting MediaChunkReaders.swift
/host/spi-builder-workspace/Sources/SPFKTesting/AudioTestFile.swift:3:8: error: no such module 'AVFoundation'
 1 | // Copyright Ryan Francesconi. All Rights Reserved. Revision History at https://github.com/ryanfrancesconi/spfk-testing
 2 |
 3 | import AVFoundation
   |        `- error: no such module 'AVFoundation'
 4 | import Foundation
 5 |
[95/108] Compiling SPFKTesting OggPackets.swift
/host/spi-builder-workspace/Sources/SPFKTesting/AudioTestFile.swift:3:8: error: no such module 'AVFoundation'
 1 | // Copyright Ryan Francesconi. All Rights Reserved. Revision History at https://github.com/ryanfrancesconi/spfk-testing
 2 |
 3 | import AVFoundation
   |        `- error: no such module 'AVFoundation'
 4 | import Foundation
 5 |
[96/108] Compiling SPFKTesting XMLTree.swift
/host/spi-builder-workspace/Sources/SPFKTesting/AudioTestFile.swift:3:8: error: no such module 'AVFoundation'
 1 | // Copyright Ryan Francesconi. All Rights Reserved. Revision History at https://github.com/ryanfrancesconi/spfk-testing
 2 |
 3 | import AVFoundation
   |        `- error: no such module 'AVFoundation'
 4 | import Foundation
 5 |
[97/108] Compiling SPFKTesting resource_bundle_accessor.swift
/host/spi-builder-workspace/Sources/SPFKTesting/AudioTestFile.swift:3:8: error: no such module 'AVFoundation'
 1 | // Copyright Ryan Francesconi. All Rights Reserved. Revision History at https://github.com/ryanfrancesconi/spfk-testing
 2 |
 3 | import AVFoundation
   |        `- error: no such module 'AVFoundation'
 4 | import Foundation
 5 |
[98/108] Compiling SPFKBench Measure.swift
[99/108] Emitting module SPFKBench
[100/108] Compiling SPFKBench RegressionRun.swift
/host/spi-builder-workspace/Sources/SPFKBench/RegressionRun.swift:106:85: error: 'atomic' is unavailable: atomic writing is unavailable in WASI because temporary files are not supported
104 |
105 |         if let flag = arguments.firstIndex(of: "--json"), arguments.indices.contains(flag + 1) {
106 |             try data.write(to: URL(fileURLWithPath: arguments[flag + 1]), options: .atomic)
    |                                                                                     `- error: 'atomic' is unavailable: atomic writing is unavailable in WASI because temporary files are not supported
107 |         } else {
108 |             FileHandle.standardOutput.write(data)
FoundationEssentials.Data.WritingOptions.atomic:4:23: note: 'atomic' has been explicitly marked unavailable here
2 |   struct WritingOptions {
3 | @available(*, unavailable, message: "atomic writing is unavailable in WASI because temporary files are not supported")
4 |     public static let atomic: Data.WritingOptions  }
  |                       `- note: 'atomic' has been explicitly marked unavailable here
5 | }
6 |
[101/108] Compiling SPFKBench BenchSamples.swift
/host/spi-builder-workspace/Sources/SPFKBench/BenchSamples.swift:42:71: error: cannot find 'DispatchTime' in scope
40 |     _ body: (T) async throws -> Void
41 | ) async rethrows -> BenchSamples {
42 |     try await sample(iterations: iterations, warmup: warmup, clock: { DispatchTime.now().uptimeNanoseconds }, prepare: prepare, body)
   |                                                                       `- error: cannot find 'DispatchTime' in scope
43 | }
44 |
error: emit-module command failed with exit code 1 (use -v to see invocation)
[102/108] Emitting module SPFKTesting
/host/spi-builder-workspace/Sources/SPFKTesting/AudioTestFile.swift:3:8: error: no such module 'AVFoundation'
 1 | // Copyright Ryan Francesconi. All Rights Reserved. Revision History at https://github.com/ryanfrancesconi/spfk-testing
 2 |
 3 | import AVFoundation
   |        `- error: no such module 'AVFoundation'
 4 | import Foundation
 5 |
BUILD FAILURE 6.2 wasm