Build Information
Failed to build ScreenCorners, reference main (a253b2), with Swift 6.2 for macOS (SPM) on 4 Sep 2026 05:50:34 UTC.
Build Command
env DEVELOPER_DIR=/Applications/Xcode-26.3.0.app xcrun swift build --arch arm64Build Log
========================================
RunAll
========================================
Builder version: 5.0.2
Interrupt handler set up.
========================================
Checkout
========================================
Clone URL: https://github.com/kylebshr/ScreenCorners.git
Reference: main
Initialized empty Git repository in /Users/admin/builder/spi-builder-workspace/.git/
From https://github.com/kylebshr/ScreenCorners
* branch main -> FETCH_HEAD
* [new branch] main -> origin/main
HEAD is now at a253b29 docs: fix `continuous` spelling (#13)
Cloned https://github.com/kylebshr/ScreenCorners.git
Revision (git rev-parse @):
a253b299c617e1430d8c0527fe10ce207a985cd7
SUCCESS checkout https://github.com/kylebshr/ScreenCorners.git at main
========================================
Build
========================================
Selected platform: macosSpm
Swift version: 6.2
Building package at path: $PWD
https://github.com/kylebshr/ScreenCorners.git
Running build ...
env DEVELOPER_DIR=/Applications/Xcode-26.3.0.app xcrun swift build --arch arm64
Building for debugging...
[0/2] Write sources
[1/2] Write swift-version--3CB7CFEC50E0D141.txt
error: emit-module command failed with exit code 1 (use -v to see invocation)
[3/4] Emitting module ScreenCorners
/Users/admin/builder/spi-builder-workspace/Sources/ScreenCorners/UIScreen+ScreenCorners.swift:8:8: error: no such module 'UIKit'
6 | //
7 |
8 | import UIKit
| `- error: no such module 'UIKit'
9 |
10 | extension UIScreen {
[4/4] Compiling ScreenCorners UIScreen+ScreenCorners.swift
/Users/admin/builder/spi-builder-workspace/Sources/ScreenCorners/UIScreen+ScreenCorners.swift:8:8: error: no such module 'UIKit'
6 | //
7 |
8 | import UIKit
| `- error: no such module 'UIKit'
9 |
10 | extension UIScreen {
BUILD FAILURE 6.2 macosSpm