The Swift Package Index logo.Swift Package Index

Build Information

Failed to build Period, reference main (ea2df3), with Swift 6.3 for Wasm on 4 Sep 2026 14:19:52 UTC.

Build Command

bash -c docker run --pull=always --rm -v "checkouts-54344844-1":/host -w "$PWD" -e JAVA_HOME="/root/.sdkman/candidates/java/current" -e SPI_BUILD="1" -e SPI_PROCESSING="1" registry.gitlab.com/saguaro1/spi-images:wasm-6.3-latest swift build --swift-sdk swift-6.3.2-RELEASE_wasm 2>&1

Build Log

========================================
RunAll
========================================
Builder version: 5.0.2
Interrupt handler set up.
========================================
Checkout
========================================
Clone URL: https://github.com/davdroman/Period.git
Reference: main
Initialized empty Git repository in /host/spi-builder-workspace/.git/
hint: Using 'master' as the name for the initial branch. This default branch name
hint: is subject to change. To configure the initial branch name to use in all
hint: of your new repositories, which will suppress this warning, call:
hint:
hint: 	git config --global init.defaultBranch <name>
hint:
hint: Names commonly chosen instead of 'master' are 'main', 'trunk' and
hint: 'development'. The just-created branch can be renamed via this command:
hint:
hint: 	git branch -m <name>
From https://github.com/davdroman/Period
 * branch            main       -> FETCH_HEAD
 * [new branch]      main       -> origin/main
HEAD is now at ea2df34 chore: enforce SwiftFormat configuration (#39)
Cloned https://github.com/davdroman/Period.git
Revision (git rev-parse @):
ea2df34111a5c8f6b637bbcdd5fb2c40c120f32a
SPI manifest file found: $PWD/.spi.yml
SUCCESS checkout https://github.com/davdroman/Period.git at main
========================================
Build
========================================
Selected platform:         wasm
Swift version:             6.3
Building package at path:  $PWD
https://github.com/davdroman/Period.git
Running build ...
bash -c docker run --pull=always --rm -v "checkouts-54344844-1":/host -w "$PWD" -e JAVA_HOME="/root/.sdkman/candidates/java/current" -e SPI_BUILD="1" -e SPI_PROCESSING="1" registry.gitlab.com/saguaro1/spi-images:wasm-6.3-latest swift build --swift-sdk swift-6.3.2-RELEASE_wasm 2>&1
wasm-6.3-latest: Pulling from saguaro1/spi-images
Digest: sha256:e92e38b97676c18adb57b57429ddfb766786102cb50cb918e0d9e8055d05b35d
Status: Image is up to date for registry.gitlab.com/saguaro1/spi-images:wasm-6.3-latest
Fetching https://github.com/davdroman/swift-json-testing
Fetching https://github.com/google/swift-benchmark
[1/254] Fetching swift-json-testing
[255/1744] Fetching swift-json-testing, swift-benchmark
Fetched https://github.com/davdroman/swift-json-testing from cache (0.61s)
Fetched https://github.com/google/swift-benchmark from cache (0.61s)
Computing version for https://github.com/davdroman/swift-json-testing
Computed https://github.com/davdroman/swift-json-testing at 0.2.0 (1.51s)
Fetching https://github.com/pointfreeco/swift-custom-dump
[1/5656] Fetching swift-custom-dump
Fetched https://github.com/pointfreeco/swift-custom-dump from cache (0.61s)
Computing version for https://github.com/google/swift-benchmark
Computed https://github.com/google/swift-benchmark at 0.1.2 (0.79s)
Fetching https://github.com/apple/swift-argument-parser
[1/18778] Fetching swift-argument-parser
Fetched https://github.com/apple/swift-argument-parser from cache (0.83s)
Computing version for https://github.com/pointfreeco/swift-custom-dump
Computed https://github.com/pointfreeco/swift-custom-dump at 1.7.3 (0.99s)
Fetching https://github.com/pointfreeco/xctest-dynamic-overlay
[1/2727] Fetching xctest-dynamic-overlay
Fetched https://github.com/pointfreeco/xctest-dynamic-overlay from cache (0.72s)
Computing version for https://github.com/pointfreeco/xctest-dynamic-overlay
Computed https://github.com/pointfreeco/xctest-dynamic-overlay at 1.13.1 (1.64s)
Computing version for https://github.com/apple/swift-argument-parser
Computed https://github.com/apple/swift-argument-parser at 1.8.2 (0.16s)
Creating working copy for https://github.com/apple/swift-argument-parser
Working copy of https://github.com/apple/swift-argument-parser resolved at 1.8.2
Creating working copy for https://github.com/google/swift-benchmark
Working copy of https://github.com/google/swift-benchmark resolved at 0.1.2
Creating working copy for https://github.com/pointfreeco/xctest-dynamic-overlay
Working copy of https://github.com/pointfreeco/xctest-dynamic-overlay resolved at 1.13.1
Creating working copy for https://github.com/davdroman/swift-json-testing
Working copy of https://github.com/davdroman/swift-json-testing resolved at 0.2.0
Creating working copy for https://github.com/pointfreeco/swift-custom-dump
Working copy of https://github.com/pointfreeco/swift-custom-dump resolved at 1.7.3
[1/1] Compiling plugin GenerateManual
[2/2] Compiling plugin GenerateDoccReference
Building for debugging...
[2/15] Write sources
[7/15] Write swift-version-24593BA9C3E375BF.txt
[9/25] Emitting module ArgumentParserToolInfo
[10/25] Compiling ArgumentParserToolInfo ToolInfo.swift
[11/26] Wrapping AST for ArgumentParserToolInfo for debugging
[13/73] Compiling Period Period.swift
[14/73] Compiling Period Formatting.swift
[15/73] Compiling Period ISO8601.swift
[16/73] Emitting module Period
[17/73] Compiling Period Arithmetic.swift
[18/73] Compiling Period Codable.swift
[19/73] Compiling Period Description.swift
[20/73] Compiling Period Calendar.swift
[21/74] Wrapping AST for Period for debugging
[23/74] Compiling ArgumentParser ParentCommand.swift
[24/74] Compiling ArgumentParser AsyncParsableCommand.swift
[25/74] Compiling ArgumentParser CommandConfiguration.swift
[26/74] Compiling ArgumentParser CommandGroup.swift
[27/74] Compiling ArgumentParser EnumerableFlag.swift
[28/74] Compiling ArgumentParser ExpressibleByArgument.swift
[29/74] Compiling ArgumentParser ParsableArguments.swift
[30/74] Compiling ArgumentParser Mutex.swift
[31/74] Compiling ArgumentParser Platform.swift
[32/74] Compiling ArgumentParser SequenceExtensions.swift
[33/74] Compiling ArgumentParser StringExtensions.swift
[34/74] Compiling ArgumentParser SwiftExtensions.swift
[35/74] Compiling ArgumentParser Tree.swift
[36/80] Compiling ArgumentParser Name.swift
[37/80] Compiling ArgumentParser Parsed.swift
[38/80] Compiling ArgumentParser ParsedValues.swift
[39/80] Compiling ArgumentParser ParserError.swift
[40/80] Compiling ArgumentParser SplitArguments.swift
[41/80] Compiling ArgumentParser DumpHelpGenerator.swift
[42/80] Compiling ArgumentParser ArgumentVisibility.swift
[43/80] Compiling ArgumentParser CompletionKind.swift
[44/80] Compiling ArgumentParser Errors.swift
[45/80] Compiling ArgumentParser Flag.swift
[46/80] Compiling ArgumentParser NameSpecification.swift
[47/80] Compiling ArgumentParser Option.swift
[48/80] Compiling ArgumentParser OptionGroup.swift
[49/80] Compiling ArgumentParser AsyncCompletionsValidator.swift
[50/80] Compiling ArgumentParser CodingKeyValidator.swift
[51/80] Compiling ArgumentParser NonsenseFlagsValidator.swift
[52/80] Compiling ArgumentParser ParsableArgumentsValidation.swift
[53/80] Compiling ArgumentParser PositionalArgumentsValidator.swift
[54/80] Compiling ArgumentParser UniqueNamesValidator.swift
[55/80] Compiling ArgumentParser BashCompletionsGenerator.swift
[56/80] Compiling ArgumentParser CompletionsGenerator.swift
[57/80] Compiling ArgumentParser FishCompletionsGenerator.swift
[58/80] Compiling ArgumentParser ZshCompletionsGenerator.swift
[59/80] Compiling ArgumentParser Argument.swift
[60/80] Compiling ArgumentParser ArgumentDiscussion.swift
[61/80] Compiling ArgumentParser ArgumentHelp.swift
[62/80] Compiling ArgumentParser HelpCommand.swift
[63/80] Compiling ArgumentParser HelpGenerator.swift
[64/80] Compiling ArgumentParser MessageInfo.swift
[65/80] Compiling ArgumentParser UsageGenerator.swift
[66/80] Compiling ArgumentParser CollectionExtensions.swift
[67/80] Compiling ArgumentParser Foundation.swift
[68/80] Emitting module ArgumentParser
[69/80] Compiling ArgumentParser ParsableCommand.swift
[70/80] Compiling ArgumentParser ArgumentDecoder.swift
[71/80] Compiling ArgumentParser ArgumentDefinition.swift
[72/80] Compiling ArgumentParser ArgumentSet.swift
[73/80] Compiling ArgumentParser CommandParser.swift
[74/80] Compiling ArgumentParser InputKey.swift
[75/80] Compiling ArgumentParser InputOrigin.swift
[76/81] Wrapping AST for ArgumentParser for debugging
error: emit-module command failed with exit code 1 (use -v to see invocation)
[78/97] Emitting module Benchmark
/host/spi-builder-workspace/.build/checkouts/swift-benchmark/Sources/Benchmark/BenchmarkTime.swift:15:8: error: no such module 'Dispatch'
13 | // limitations under the License.
14 |
15 | import Dispatch
   |        `- error: no such module 'Dispatch'
16 |
17 | @inline(__always)
[79/99] Compiling Benchmark Stats.swift
/host/spi-builder-workspace/.build/checkouts/swift-benchmark/Sources/Benchmark/BenchmarkTime.swift:15:8: error: no such module 'Dispatch'
13 | // limitations under the License.
14 |
15 | import Dispatch
   |        `- error: no such module 'Dispatch'
16 |
17 | @inline(__always)
[80/99] Compiling Benchmark TestIntegration.swift
/host/spi-builder-workspace/.build/checkouts/swift-benchmark/Sources/Benchmark/BenchmarkTime.swift:15:8: error: no such module 'Dispatch'
13 | // limitations under the License.
14 |
15 | import Dispatch
   |        `- error: no such module 'Dispatch'
16 |
17 | @inline(__always)
[81/99] Compiling Benchmark Benchmark.swift
/host/spi-builder-workspace/.build/checkouts/swift-benchmark/Sources/Benchmark/BenchmarkTime.swift:15:8: error: no such module 'Dispatch'
13 | // limitations under the License.
14 |
15 | import Dispatch
   |        `- error: no such module 'Dispatch'
16 |
17 | @inline(__always)
[82/99] Compiling Benchmark BenchmarkArguments.swift
/host/spi-builder-workspace/.build/checkouts/swift-benchmark/Sources/Benchmark/BenchmarkTime.swift:15:8: error: no such module 'Dispatch'
13 | // limitations under the License.
14 |
15 | import Dispatch
   |        `- error: no such module 'Dispatch'
16 |
17 | @inline(__always)
[83/99] Compiling Benchmark BenchmarkColumn.swift
/host/spi-builder-workspace/.build/checkouts/swift-benchmark/Sources/Benchmark/BenchmarkTime.swift:15:8: error: no such module 'Dispatch'
13 | // limitations under the License.
14 |
15 | import Dispatch
   |        `- error: no such module 'Dispatch'
16 |
17 | @inline(__always)
[84/99] Compiling Benchmark BenchmarkCommand.swift
/host/spi-builder-workspace/.build/checkouts/swift-benchmark/Sources/Benchmark/BenchmarkTime.swift:15:8: error: no such module 'Dispatch'
13 | // limitations under the License.
14 |
15 | import Dispatch
   |        `- error: no such module 'Dispatch'
16 |
17 | @inline(__always)
[85/99] Compiling Benchmark BenchmarkFilter.swift
/host/spi-builder-workspace/.build/checkouts/swift-benchmark/Sources/Benchmark/BenchmarkTime.swift:15:8: error: no such module 'Dispatch'
13 | // limitations under the License.
14 |
15 | import Dispatch
   |        `- error: no such module 'Dispatch'
16 |
17 | @inline(__always)
[86/99] Compiling Benchmark BenchmarkState.swift
/host/spi-builder-workspace/.build/checkouts/swift-benchmark/Sources/Benchmark/BenchmarkTime.swift:15:8: error: no such module 'Dispatch'
13 | // limitations under the License.
14 |
15 | import Dispatch
   |        `- error: no such module 'Dispatch'
16 |
17 | @inline(__always)
[87/99] Compiling Benchmark BenchmarkSuite.swift
/host/spi-builder-workspace/.build/checkouts/swift-benchmark/Sources/Benchmark/BenchmarkTime.swift:15:8: error: no such module 'Dispatch'
13 | // limitations under the License.
14 |
15 | import Dispatch
   |        `- error: no such module 'Dispatch'
16 |
17 | @inline(__always)
[88/99] Compiling Benchmark BenchmarkReporter.swift
/host/spi-builder-workspace/.build/checkouts/swift-benchmark/Sources/Benchmark/BenchmarkTime.swift:15:8: error: no such module 'Dispatch'
13 | // limitations under the License.
14 |
15 | import Dispatch
   |        `- error: no such module 'Dispatch'
16 |
17 | @inline(__always)
[89/99] Compiling Benchmark BenchmarkResult.swift
/host/spi-builder-workspace/.build/checkouts/swift-benchmark/Sources/Benchmark/BenchmarkTime.swift:15:8: error: no such module 'Dispatch'
13 | // limitations under the License.
14 |
15 | import Dispatch
   |        `- error: no such module 'Dispatch'
16 |
17 | @inline(__always)
[90/99] Compiling Benchmark BenchmarkTermination.swift
/host/spi-builder-workspace/.build/checkouts/swift-benchmark/Sources/Benchmark/BenchmarkTime.swift:15:8: error: no such module 'Dispatch'
13 | // limitations under the License.
14 |
15 | import Dispatch
   |        `- error: no such module 'Dispatch'
16 |
17 | @inline(__always)
[91/99] Compiling Benchmark BenchmarkTime.swift
/host/spi-builder-workspace/.build/checkouts/swift-benchmark/Sources/Benchmark/BenchmarkTime.swift:15:8: error: no such module 'Dispatch'
13 | // limitations under the License.
14 |
15 | import Dispatch
   |        `- error: no such module 'Dispatch'
16 |
17 | @inline(__always)
[92/99] Compiling Benchmark BenchmarkFormatter.swift
/host/spi-builder-workspace/.build/checkouts/swift-benchmark/Sources/Benchmark/BenchmarkTime.swift:15:8: error: no such module 'Dispatch'
13 | // limitations under the License.
14 |
15 | import Dispatch
   |        `- error: no such module 'Dispatch'
16 |
17 | @inline(__always)
[93/99] Compiling Benchmark BenchmarkMain.swift
/host/spi-builder-workspace/.build/checkouts/swift-benchmark/Sources/Benchmark/BenchmarkTime.swift:15:8: error: no such module 'Dispatch'
13 | // limitations under the License.
14 |
15 | import Dispatch
   |        `- error: no such module 'Dispatch'
16 |
17 | @inline(__always)
[94/99] Compiling Benchmark BenchmarkRunner.swift
/host/spi-builder-workspace/.build/checkouts/swift-benchmark/Sources/Benchmark/BenchmarkTime.swift:15:8: error: no such module 'Dispatch'
13 | // limitations under the License.
14 |
15 | import Dispatch
   |        `- error: no such module 'Dispatch'
16 |
17 | @inline(__always)
[95/99] Compiling Benchmark BenchmarkSetting.swift
/host/spi-builder-workspace/.build/checkouts/swift-benchmark/Sources/Benchmark/BenchmarkTime.swift:15:8: error: no such module 'Dispatch'
13 | // limitations under the License.
14 |
15 | import Dispatch
   |        `- error: no such module 'Dispatch'
16 |
17 | @inline(__always)
BUILD FAILURE 6.3 wasm