Build Information
Failed to build UUSwiftImage, reference main (e927bb), with Swift 6.1 for tvOS using Xcode 16.3 on 2 Jul 2026 19:24:54 UTC.
Build Command
No build command. This typically means the build failed at an early stage where we determine the build command.Build Log
========================================
RunAll
========================================
Builder version: undefined version: run 'make version' to update
Interrupt handler set up.
========================================
Checkout
========================================
Clone URL: https://github.com/SilverPineSoftware/UUSwiftImage.git
Reference: main
Initialized empty Git repository in /Users/admin/builder/spi-builder-workspace/.git/
From https://github.com/SilverPineSoftware/UUSwiftImage
* branch main -> FETCH_HEAD
* [new branch] main -> origin/main
HEAD is now at e927bb2 Use UUSwiftCore 1.5.0
Cloned https://github.com/SilverPineSoftware/UUSwiftImage.git
Revision (git rev-parse @):
e927bb2399c7cef7cbb2c6026edccad296bd6cf6
SUCCESS checkout https://github.com/SilverPineSoftware/UUSwiftImage.git at main
========================================
Build
========================================
Selected platform: tvOS
Swift version: 6.1
Building package at path: $PWD
https://github.com/SilverPineSoftware/UUSwiftImage.git
https://github.com/SilverPineSoftware/UUSwiftImage.git
error: 'spi-builder-workspace': package 'spi-builder-workspace' is using Swift tools version 6.2.0 but the installed version is 6.1.0
error: fatalError
Command line invocation:
/Applications/Xcode-16.3.0.app/Contents/Developer/usr/bin/xcodebuild -IDEClonedSourcePackagesDirPathOverride=/Users/admin/builder/spi-builder-workspace/.dependencies -resolvePackageDependencies
Resolve Package Graph
Fetching from https://github.com/SilverPineSoftware/UUSwiftCore
Creating working copy of package ‘UUSwiftCore’
Checking out 1.4.0 of package ‘UUSwiftCore’
package 'uuswiftcore' @ 1.4.0 is using Swift tools version 6.2.0 but the installed version is 6.1.0fatalError
2026-07-02 12:24:53.448 xcodebuild[503:2894] Writing error result bundle to /var/folders/5k/5yc19ymj0jqd5v0zvgfqz0xw0000gn/T/ResultBundle_2026-02-07_12-24-0053.xcresult
xcodebuild: error: Could not resolve package dependencies:
package 'uuswiftcore' @ 1.4.0 is using Swift tools version 6.2.0 but the installed version is 6.1.0
fatalError
Command line invocation:
/Applications/Xcode-16.3.0.app/Contents/Developer/usr/bin/xcodebuild -IDEClonedSourcePackagesDirPathOverride=/Users/admin/builder/spi-builder-workspace/.dependencies -resolvePackageDependencies
Resolve Package Graph
package 'uuswiftcore' @ 1.4.0 is using Swift tools version 6.2.0 but the installed version is 6.1.0fatalError
2026-07-02 12:24:54.209 xcodebuild[562:3223] Writing error result bundle to /var/folders/5k/5yc19ymj0jqd5v0zvgfqz0xw0000gn/T/ResultBundle_2026-02-07_12-24-0054.xcresult
xcodebuild: error: Could not resolve package dependencies:
package 'uuswiftcore' @ 1.4.0 is using Swift tools version 6.2.0 but the installed version is 6.1.0
fatalError
BUILD FAILURE 6.1 tvOS