Build Information
Failed to build TensorFlowLiteC, reference master (d4cb1f), with Swift 6.4 for watchOS using Xcode 27.0 on 21 Sep 2026 01:29:24 UTC.
Build Command
env DEVELOPER_DIR=/Applications/Xcode-27.0.0-Release.Candidate.app xcrun xcodebuild -IDEClonedSourcePackagesDirPathOverride=$PWD/.dependencies -skipMacroValidation -skipPackagePluginValidation -derivedDataPath $PWD/.derivedData build -scheme TensorFlowLiteC -destination generic/platform=watchOSBuild Log
========================================
RunAll
========================================
Builder version: 5.1.0
Interrupt handler set up.
========================================
Checkout
========================================
Clone URL: https://github.com/kewlbear/TensorflowLiteC.git
Reference: master
Initialized empty Git repository in /Users/admin/builder/spi-builder-workspace/.git/
From https://github.com/kewlbear/TensorflowLiteC
* branch master -> FETCH_HEAD
* [new branch] master -> origin/master
HEAD is now at d4cb1f2 add 0.0.20250619
Cloned https://github.com/kewlbear/TensorflowLiteC.git
Revision (git rev-parse @):
d4cb1f268ce037754cda9a291e6b31091e1b9912
SUCCESS checkout https://github.com/kewlbear/TensorflowLiteC.git at master
========================================
Build
========================================
Selected platform: watchOS
Swift version: 6.4
Building package at path: $PWD
https://github.com/kewlbear/TensorflowLiteC.git
Command line invocation:
/Applications/Xcode-27.0.0-Release.Candidate.app/Contents/Developer/usr/bin/xcodebuild -IDEClonedSourcePackagesDirPathOverride=/Users/admin/builder/spi-builder-workspace/.dependencies -resolvePackageDependencies
Resolve Package Graph
Resolve Package Graph
Resolved source packages:
TensorFlowLiteC: /Users/admin/builder/spi-builder-workspace
resolved source packages: TensorFlowLiteC
2026-09-20 21:28:43.133 xcodebuild[528:3046] [MT] IDERunDestination: Supported platforms for the buildables in the current scheme is empty.
{
"dependencies" : [
],
"manifest_display_name" : "TensorFlowLiteC",
"name" : "TensorFlowLiteC",
"path" : "/Users/admin/builder/spi-builder-workspace",
"platforms" : [
],
"products" : [
{
"name" : "TensorFlowLiteC",
"targets" : [
"TensorFlowLiteC",
"TensorFlowLiteCCoreML",
"TensorFlowLiteCMetal",
"Link"
],
"type" : {
"library" : [
"automatic"
]
}
}
],
"targets" : [
{
"c99name" : "TensorFlowLiteCMetal",
"module_type" : "BinaryTarget",
"name" : "TensorFlowLiteCMetal",
"path" : "remote/archive/TensorFlowLiteCMetal.xcframework.zip",
"product_memberships" : [
"TensorFlowLiteC"
],
"sources" : [
],
"type" : "binary"
},
{
"c99name" : "TensorFlowLiteCCoreML",
"module_type" : "BinaryTarget",
"name" : "TensorFlowLiteCCoreML",
"path" : "remote/archive/TensorFlowLiteCCoreML.xcframework.zip",
"product_memberships" : [
"TensorFlowLiteC"
],
"sources" : [
],
"type" : "binary"
},
{
"c99name" : "TensorFlowLiteC",
"module_type" : "BinaryTarget",
"name" : "TensorFlowLiteC",
"path" : "remote/archive/TensorFlowLiteC.xcframework.zip",
"product_memberships" : [
"TensorFlowLiteC"
],
"sources" : [
],
"type" : "binary"
},
{
"c99name" : "Link",
"module_type" : "SwiftTarget",
"name" : "Link",
"path" : "Sources/Link",
"product_memberships" : [
"TensorFlowLiteC"
],
"sources" : [
"TensorFlowLiteC.swift"
],
"type" : "library"
}
],
"tools_version" : "5.3"
}
{
"workspace" : {
"name" : "TensorFlowLiteC",
"schemes" : [
"TensorFlowLiteC"
]
}
}
2026-09-20 21:29:18.770 xcodebuild[662:4037] [MT] IDERunDestination: Supported platforms for the buildables in the current scheme is empty.
Running build ...
env DEVELOPER_DIR=/Applications/Xcode-27.0.0-Release.Candidate.app xcrun xcodebuild -IDEClonedSourcePackagesDirPathOverride=$PWD/.dependencies -skipMacroValidation -skipPackagePluginValidation -derivedDataPath $PWD/.derivedData build -scheme TensorFlowLiteC -destination generic/platform=watchOS
Command line invocation:
/Applications/Xcode-27.0.0-Release.Candidate.app/Contents/Developer/usr/bin/xcodebuild -IDEClonedSourcePackagesDirPathOverride=/Users/admin/builder/spi-builder-workspace/.dependencies -skipMacroValidation -skipPackagePluginValidation -derivedDataPath /Users/admin/builder/spi-builder-workspace/.derivedData build -scheme TensorFlowLiteC -destination generic/platform=watchOS
Resolve Package Graph
Resolved source packages:
TensorFlowLiteC: /Users/admin/builder/spi-builder-workspace
ComputePackagePrebuildTargetDependencyGraph
Prepare packages
CreateBuildRequest
SendProjectDescription
CreateBuildOperation
ComputeTargetDependencyGraph
note: Building targets in dependency order
note: Target dependency graph (2 targets)
Target 'TensorFlowLiteC-product' in project 'TensorFlowLiteC'
➜ Explicit dependency on target 'Link' in project 'TensorFlowLiteC'
Target 'Link' in project 'TensorFlowLiteC' (no dependencies)
GatherProvisioningInputs
CreateBuildDescription
ExecuteExternalTool /Applications/Xcode-27.0.0-Release.Candidate.app/Contents/Developer/Toolchains/XcodeDefault.xctoolchain/usr/bin/clang -v -E -dM -isysroot /Applications/Xcode-27.0.0-Release.Candidate.app/Contents/Developer/Platforms/WatchOS.platform/Developer/SDKs/WatchOS27.0.sdk -x c -c /dev/null
ExecuteExternalTool /Applications/Xcode-27.0.0-Release.Candidate.app/Contents/Developer/Toolchains/XcodeDefault.xctoolchain/usr/bin/swiftc --version
ExecuteExternalTool /Applications/Xcode-27.0.0-Release.Candidate.app/Contents/Developer/Toolchains/XcodeDefault.xctoolchain/usr/bin/ld -version_details
Build description signature: 0a1a4b6da9533c32c93eac03ce5cc723
Build description path: /Users/admin/builder/spi-builder-workspace/.derivedData/Build/Intermediates.noindex/XCBuildData/0a1a4b6da9533c32c93eac03ce5cc723.xcbuilddata
/Users/admin/builder/spi-builder-workspace/.dependencies/artifacts/spi-builder-workspace/TensorFlowLiteC/TensorFlowLiteC.xcframework:1:1: error: While building for watchOS, no library for this platform was found in '/Users/admin/builder/spi-builder-workspace/.dependencies/artifacts/spi-builder-workspace/TensorFlowLiteC/TensorFlowLiteC.xcframework'. (in target 'TensorFlowLiteC-product' from project 'TensorFlowLiteC')
/Users/admin/builder/spi-builder-workspace/.dependencies/artifacts/spi-builder-workspace/TensorFlowLiteCCoreML/TensorFlowLiteCCoreML.xcframework:1:1: error: While building for watchOS, no library for this platform was found in '/Users/admin/builder/spi-builder-workspace/.dependencies/artifacts/spi-builder-workspace/TensorFlowLiteCCoreML/TensorFlowLiteCCoreML.xcframework'. (in target 'TensorFlowLiteC-product' from project 'TensorFlowLiteC')
/Users/admin/builder/spi-builder-workspace/.dependencies/artifacts/spi-builder-workspace/TensorFlowLiteCMetal/TensorFlowLiteCMetal.xcframework:1:1: error: While building for watchOS, no library for this platform was found in '/Users/admin/builder/spi-builder-workspace/.dependencies/artifacts/spi-builder-workspace/TensorFlowLiteCMetal/TensorFlowLiteCMetal.xcframework'. (in target 'TensorFlowLiteC-product' from project 'TensorFlowLiteC')
2026-09-20 21:29:20.279 xcodebuild[688:4248] [MT] IDERunDestination: Supported platforms for the buildables in the current scheme is empty.
** BUILD FAILED **
The following build commands failed:
Building workspace TensorFlowLiteC with scheme TensorFlowLiteC
(1 failure)
Command line invocation:
/Applications/Xcode-27.0.0-Release.Candidate.app/Contents/Developer/usr/bin/xcodebuild -IDEClonedSourcePackagesDirPathOverride=/Users/admin/builder/spi-builder-workspace/.dependencies -resolvePackageDependencies
Resolve Package Graph
Resolved source packages:
TensorFlowLiteC: /Users/admin/builder/spi-builder-workspace
resolved source packages: TensorFlowLiteC
2026-09-20 21:29:22.018 xcodebuild[702:4369] [MT] IDERunDestination: Supported platforms for the buildables in the current scheme is empty.
{
"dependencies" : [
],
"manifest_display_name" : "TensorFlowLiteC",
"name" : "TensorFlowLiteC",
"path" : "/Users/admin/builder/spi-builder-workspace",
"platforms" : [
],
"products" : [
{
"name" : "TensorFlowLiteC",
"targets" : [
"TensorFlowLiteC",
"TensorFlowLiteCCoreML",
"TensorFlowLiteCMetal",
"Link"
],
"type" : {
"library" : [
"automatic"
]
}
}
],
"targets" : [
{
"c99name" : "TensorFlowLiteCMetal",
"module_type" : "BinaryTarget",
"name" : "TensorFlowLiteCMetal",
"path" : "remote/archive/TensorFlowLiteCMetal.xcframework.zip",
"product_memberships" : [
"TensorFlowLiteC"
],
"sources" : [
],
"type" : "binary"
},
{
"c99name" : "TensorFlowLiteCCoreML",
"module_type" : "BinaryTarget",
"name" : "TensorFlowLiteCCoreML",
"path" : "remote/archive/TensorFlowLiteCCoreML.xcframework.zip",
"product_memberships" : [
"TensorFlowLiteC"
],
"sources" : [
],
"type" : "binary"
},
{
"c99name" : "TensorFlowLiteC",
"module_type" : "BinaryTarget",
"name" : "TensorFlowLiteC",
"path" : "remote/archive/TensorFlowLiteC.xcframework.zip",
"product_memberships" : [
"TensorFlowLiteC"
],
"sources" : [
],
"type" : "binary"
},
{
"c99name" : "Link",
"module_type" : "SwiftTarget",
"name" : "Link",
"path" : "Sources/Link",
"product_memberships" : [
"TensorFlowLiteC"
],
"sources" : [
"TensorFlowLiteC.swift"
],
"type" : "library"
}
],
"tools_version" : "5.3"
}
{
"workspace" : {
"name" : "TensorFlowLiteC",
"schemes" : [
"TensorFlowLiteC"
]
}
}
2026-09-20 21:29:23.242 xcodebuild[710:4435] [MT] IDERunDestination: Supported platforms for the buildables in the current scheme is empty.
Running build ...
env DEVELOPER_DIR=/Applications/Xcode-27.0.0-Release.Candidate.app xcrun xcodebuild -IDEClonedSourcePackagesDirPathOverride=$PWD/.dependencies -skipMacroValidation -skipPackagePluginValidation -derivedDataPath $PWD/.derivedData build -scheme TensorFlowLiteC -destination generic/platform=watchOS
Command line invocation:
/Applications/Xcode-27.0.0-Release.Candidate.app/Contents/Developer/usr/bin/xcodebuild -IDEClonedSourcePackagesDirPathOverride=/Users/admin/builder/spi-builder-workspace/.dependencies -skipMacroValidation -skipPackagePluginValidation -derivedDataPath /Users/admin/builder/spi-builder-workspace/.derivedData build -scheme TensorFlowLiteC -destination generic/platform=watchOS
Resolve Package Graph
Resolved source packages:
TensorFlowLiteC: /Users/admin/builder/spi-builder-workspace
ComputePackagePrebuildTargetDependencyGraph
Prepare packages
CreateBuildRequest
SendProjectDescription
CreateBuildOperation
ComputeTargetDependencyGraph
note: Building targets in dependency order
note: Target dependency graph (2 targets)
Target 'TensorFlowLiteC-product' in project 'TensorFlowLiteC'
➜ Explicit dependency on target 'Link' in project 'TensorFlowLiteC'
Target 'Link' in project 'TensorFlowLiteC' (no dependencies)
GatherProvisioningInputs
CreateBuildDescription
/Users/admin/builder/spi-builder-workspace/.dependencies/artifacts/spi-builder-workspace/TensorFlowLiteC/TensorFlowLiteC.xcframework:1:1: error: While building for watchOS, no library for this platform was found in '/Users/admin/builder/spi-builder-workspace/.dependencies/artifacts/spi-builder-workspace/TensorFlowLiteC/TensorFlowLiteC.xcframework'. (in target 'TensorFlowLiteC-product' from project 'TensorFlowLiteC')
/Users/admin/builder/spi-builder-workspace/.dependencies/artifacts/spi-builder-workspace/TensorFlowLiteCCoreML/TensorFlowLiteCCoreML.xcframework:1:1: error: While building for watchOS, no library for this platform was found in '/Users/admin/builder/spi-builder-workspace/.dependencies/artifacts/spi-builder-workspace/TensorFlowLiteCCoreML/TensorFlowLiteCCoreML.xcframework'. (in target 'TensorFlowLiteC-product' from project 'TensorFlowLiteC')
/Users/admin/builder/spi-builder-workspace/.dependencies/artifacts/spi-builder-workspace/TensorFlowLiteCMetal/TensorFlowLiteCMetal.xcframework:1:1: error: While building for watchOS, no library for this platform was found in '/Users/admin/builder/spi-builder-workspace/.dependencies/artifacts/spi-builder-workspace/TensorFlowLiteCMetal/TensorFlowLiteCMetal.xcframework'. (in target 'TensorFlowLiteC-product' from project 'TensorFlowLiteC')
2026-09-20 21:29:24.187 xcodebuild[711:4459] [MT] IDERunDestination: Supported platforms for the buildables in the current scheme is empty.
** BUILD FAILED **
The following build commands failed:
Building workspace TensorFlowLiteC with scheme TensorFlowLiteC
(1 failure)
BUILD FAILURE 6.4 watchOS