Build Information
Failed to build SwiftyNetwork, reference main (2838a0), with Swift 6.1 for tvOS using Xcode 16.3 on 5 Oct 2026 10:00:00 UTC.
Build Command
No build command. This typically means the build failed at an early stage where we determine the build command.Build Log
========================================
RunAll
========================================
Builder version: 5.1.1
Interrupt handler set up.
========================================
Checkout
========================================
Clone URL: https://github.com/maniramezan/SwiftyNetwork.git
Reference: main
Initialized empty Git repository in /Users/admin/builder/spi-builder-workspace/.git/
From https://github.com/maniramezan/SwiftyNetwork
* branch main -> FETCH_HEAD
* [new branch] main -> origin/main
HEAD is now at 2838a02 feat!: require macOS 15 / iOS 18 and adopt SwiftTestCommons helpers (#29)
Cloned https://github.com/maniramezan/SwiftyNetwork.git
Revision (git rev-parse @):
2838a02b9c286772bea881062e020358cc42ae8c
SPI manifest file found: $PWD/.spi.yml
SUCCESS checkout https://github.com/maniramezan/SwiftyNetwork.git at main
========================================
Build
========================================
Selected platform: tvOS
Swift version: 6.1
Building package at path: $PWD
https://github.com/maniramezan/SwiftyNetwork.git
https://github.com/maniramezan/SwiftyNetwork.git
error: 'spi-builder-workspace': package 'spi-builder-workspace' is using Swift tools version 6.2.0 but the installed version is 6.1.0
error: fatalError
Command line invocation:
/Applications/Xcode-16.3.0.app/Contents/Developer/usr/bin/xcodebuild -IDEClonedSourcePackagesDirPathOverride=/Users/admin/builder/spi-builder-workspace/.dependencies -resolvePackageDependencies
Resolve Package Graph
package 'spi-builder-workspace' is using Swift tools version 6.2.0 but the installed version is 6.1.0
Resolved source packages:
spi-builder-workspace: (null)
2026-10-05 02:59:59.984 xcodebuild[504:2920] Writing error result bundle to /var/folders/5k/5yc19ymj0jqd5v0zvgfqz0xw0000gn/T/ResultBundle_2026-05-10_02-59-0059.xcresult
xcodebuild: error: Could not resolve package dependencies:
package 'spi-builder-workspace' is using Swift tools version 6.2.0 but the installed version is 6.1.0
Command line invocation:
/Applications/Xcode-16.3.0.app/Contents/Developer/usr/bin/xcodebuild -IDEClonedSourcePackagesDirPathOverride=/Users/admin/builder/spi-builder-workspace/.dependencies -resolvePackageDependencies
Resolve Package Graph
package 'spi-builder-workspace' is using Swift tools version 6.2.0 but the installed version is 6.1.0
Resolved source packages:
spi-builder-workspace: (null)
2026-10-05 03:00:00.725 xcodebuild[513:3015] Writing error result bundle to /var/folders/5k/5yc19ymj0jqd5v0zvgfqz0xw0000gn/T/ResultBundle_2026-05-10_03-00-0000.xcresult
xcodebuild: error: Could not resolve package dependencies:
package 'spi-builder-workspace' is using Swift tools version 6.2.0 but the installed version is 6.1.0
BUILD FAILURE 6.1 tvOS