Build Information
Failed to build FloatingAccessoryKit, reference v0.3.1 (1a0048), with Swift 6.2 for tvOS using Xcode 26.3 on 30 Jul 2026 19:38:50 UTC.
Build Command
env DEVELOPER_DIR=/Applications/Xcode-26.3.0.app xcrun xcodebuild -IDEClonedSourcePackagesDirPathOverride=$PWD/.dependencies -skipMacroValidation -skipPackagePluginValidation -derivedDataPath $PWD/.derivedData build -scheme FloatingAccessoryKit -destination generic/platform=tvOSBuild Log
========================================
RunAll
========================================
Builder version: undefined version: run 'make version' to update
Interrupt handler set up.
========================================
Checkout
========================================
Clone URL: https://github.com/lynnswap/FloatingAccessoryKit.git
Reference: v0.3.1
Initialized empty Git repository in /Users/admin/builder/spi-builder-workspace/.git/
From https://github.com/lynnswap/FloatingAccessoryKit
* tag v0.3.1 -> FETCH_HEAD
HEAD is now at 1a00484 Merge pull request #17 from lynnswap/codex/fix-ios27-native-placement
Cloned https://github.com/lynnswap/FloatingAccessoryKit.git
Revision (git rev-parse @):
1a00484f913183a7fdf7784b31c87f86d69710eb
SUCCESS checkout https://github.com/lynnswap/FloatingAccessoryKit.git at v0.3.1
========================================
Build
========================================
Selected platform: tvOS
Swift version: 6.2
Building package at path: $PWD
https://github.com/lynnswap/FloatingAccessoryKit.git
Command line invocation:
/Applications/Xcode-26.3.0.app/Contents/Developer/usr/bin/xcodebuild -IDEClonedSourcePackagesDirPathOverride=/Users/admin/builder/spi-builder-workspace/.dependencies -resolvePackageDependencies
Resolve Package Graph
Resolve Package Graph
Resolved source packages:
FloatingAccessoryKit: /Users/admin/builder/spi-builder-workspace
resolved source packages: FloatingAccessoryKit
2026-07-30 15:38:03.407 xcodebuild[538:3101] [MT] IDERunDestination: Supported platforms for the buildables in the current scheme is empty.
2026-07-30 15:38:10.993 xcodebuild[538:3101] [MT] IDERunDestination: Supported platforms for the buildables in the current scheme is empty.
2026-07-30 15:38:11.101 xcodebuild[538:3101] [MT] IDERunDestination: Supported platforms for the buildables in the current scheme is empty.
{
"dependencies" : [
],
"manifest_display_name" : "FloatingAccessoryKit",
"name" : "FloatingAccessoryKit",
"path" : "/Users/admin/builder/spi-builder-workspace",
"platforms" : [
{
"name" : "ios",
"version" : "18.0"
}
],
"products" : [
{
"name" : "FloatingAccessoryKit",
"targets" : [
"FloatingAccessoryKit"
],
"type" : {
"library" : [
"automatic"
]
}
}
],
"swift_languages_versions" : [
"6"
],
"targets" : [
{
"c99name" : "FloatingAccessoryKitTests",
"module_type" : "SwiftTarget",
"name" : "FloatingAccessoryKitTests",
"path" : "Tests/FloatingAccessoryKitTests",
"sources" : [
"AccessoryContentHostViewTests.swift",
"NativeAccessoryHelperTests.swift",
"NativeTabBarAccessoryRendererTests.swift",
"OverlaySafeAreaAdjustmentTests.swift",
"OverlayTabBarAccessoryRendererTests.swift",
"TabBarAccessoryContentMeasurementTests.swift",
"TabBarAccessoryControllerTests.swift",
"TabBarAccessoryLayoutObservationTests.swift",
"TestDoubles.swift"
],
"target_dependencies" : [
"FloatingAccessoryKit"
],
"type" : "test"
},
{
"c99name" : "FloatingAccessoryKit",
"module_type" : "SwiftTarget",
"name" : "FloatingAccessoryKit",
"path" : "Sources/FloatingAccessoryKit",
"product_memberships" : [
"FloatingAccessoryKit"
],
"sources" : [
"Public/TabBarAccessoryController.swift",
"Public/UITabBarController+FloatingAccessory.swift",
"Rendering/AccessoryContentHostView.swift",
"Rendering/AccessoryRendering.swift",
"Rendering/FloatingAccessoryDiagnostics.swift",
"Rendering/Native/NativeAccessoryContainerLayout.swift",
"Rendering/Native/NativeAccessoryEnvironmentObservation.swift",
"Rendering/Native/NativeAccessoryHitTesting.swift",
"Rendering/Native/NativeTabBarAccessoryRenderer.swift",
"Rendering/Overlay/OverlayAccessoryHostView.swift",
"Rendering/Overlay/OverlaySafeAreaAdjustment.swift",
"Rendering/Overlay/OverlayTabBarAccessoryRenderer.swift",
"Rendering/Overlay/TabBarRevealHitAreaView.swift",
"Rendering/TabBarAccessoryContentMeasurement.swift",
"Rendering/TabBarAccessoryHostObservation.swift",
"Rendering/TabBarAccessoryLayoutAnimator.swift",
"Rendering/TabBarAccessoryLayoutObservationView.swift",
"Rendering/TabBarAccessoryTabBarButtons.swift"
],
"type" : "library"
}
],
"tools_version" : "6.2"
}
{
"workspace" : {
"name" : "FloatingAccessoryKit",
"schemes" : [
"FloatingAccessoryKit",
"FloatingAccessoryKitTests",
"Sample"
]
}
}
2026-07-30 15:38:37.788 xcodebuild[673:4190] [MT] IDERunDestination: Supported platforms for the buildables in the current scheme is empty.
2026-07-30 15:38:37.951 xcodebuild[673:4190] [MT] IDERunDestination: Supported platforms for the buildables in the current scheme is empty.
{
"workspace" : {
"name" : "spi-builder-workspace",
"schemes" : [
"FloatingAccessoryKit",
"FloatingAccessoryKitTests"
]
}
}
2026-07-30 15:38:38.658 xcodebuild[676:4248] [MT] IDERunDestination: Supported platforms for the buildables in the current scheme is empty.
2026-07-30 15:38:38.821 xcodebuild[676:4248] [MT] IDERunDestination: Supported platforms for the buildables in the current scheme is empty.
Running build ...
env DEVELOPER_DIR=/Applications/Xcode-26.3.0.app xcrun xcodebuild -IDEClonedSourcePackagesDirPathOverride=$PWD/.dependencies -skipMacroValidation -skipPackagePluginValidation -derivedDataPath $PWD/.derivedData build -scheme FloatingAccessoryKit -destination generic/platform=tvOS
Command line invocation:
/Applications/Xcode-26.3.0.app/Contents/Developer/usr/bin/xcodebuild -IDEClonedSourcePackagesDirPathOverride=/Users/admin/builder/spi-builder-workspace/.dependencies -skipMacroValidation -skipPackagePluginValidation -derivedDataPath /Users/admin/builder/spi-builder-workspace/.derivedData build -scheme FloatingAccessoryKit -destination generic/platform=tvOS
Resolve Package Graph
Resolved source packages:
FloatingAccessoryKit: /Users/admin/builder/spi-builder-workspace
ComputePackagePrebuildTargetDependencyGraph
Prepare packages
CreateBuildRequest
SendProjectDescription
CreateBuildOperation
ComputeTargetDependencyGraph
note: Building targets in dependency order
note: Target dependency graph (2 targets)
Target 'FloatingAccessoryKit' in project 'FloatingAccessoryKit'
➜ Explicit dependency on target 'FloatingAccessoryKit' in project 'FloatingAccessoryKit'
Target 'FloatingAccessoryKit' in project 'FloatingAccessoryKit' (no dependencies)
GatherProvisioningInputs
CreateBuildDescription
ExecuteExternalTool /Applications/Xcode-26.3.0.app/Contents/Developer/Toolchains/XcodeDefault.xctoolchain/usr/bin/clang -v -E -dM -isysroot /Applications/Xcode-26.3.0.app/Contents/Developer/Platforms/AppleTVOS.platform/Developer/SDKs/AppleTVOS26.2.sdk -x c -c /dev/null
ExecuteExternalTool /Applications/Xcode-26.3.0.app/Contents/Developer/Toolchains/XcodeDefault.xctoolchain/usr/bin/swiftc --version
ExecuteExternalTool /Applications/Xcode-26.3.0.app/Contents/Developer/Toolchains/XcodeDefault.xctoolchain/usr/bin/ld -version_details
Build description signature: 0ae8fe9fb8f21ba67e6d37dae8111cee
Build description path: /Users/admin/builder/spi-builder-workspace/.derivedData/Build/Intermediates.noindex/XCBuildData/0ae8fe9fb8f21ba67e6d37dae8111cee.xcbuilddata
ClangStatCache /Applications/Xcode-26.3.0.app/Contents/Developer/Toolchains/XcodeDefault.xctoolchain/usr/bin/clang-stat-cache /Applications/Xcode-26.3.0.app/Contents/Developer/Platforms/AppleTVOS.platform/Developer/SDKs/AppleTVOS26.2.sdk /Users/admin/builder/spi-builder-workspace/.derivedData/SDKStatCaches.noindex/appletvos26.2-23K50-dc75598d0054f22ec865fa860f139d72c1feacec85df2e04b9fa10f95e757c08.sdkstatcache
cd /Users/admin/builder/spi-builder-workspace/.swiftpm/xcode
/Applications/Xcode-26.3.0.app/Contents/Developer/Toolchains/XcodeDefault.xctoolchain/usr/bin/clang-stat-cache /Applications/Xcode-26.3.0.app/Contents/Developer/Platforms/AppleTVOS.platform/Developer/SDKs/AppleTVOS26.2.sdk -o /Users/admin/builder/spi-builder-workspace/.derivedData/SDKStatCaches.noindex/appletvos26.2-23K50-dc75598d0054f22ec865fa860f139d72c1feacec85df2e04b9fa10f95e757c08.sdkstatcache
CreateBuildDirectory /Users/admin/builder/spi-builder-workspace/.derivedData/Build/Products
cd /Users/admin/builder/spi-builder-workspace/.swiftpm/xcode
builtin-create-build-directory /Users/admin/builder/spi-builder-workspace/.derivedData/Build/Products
CreateBuildDirectory /Users/admin/builder/spi-builder-workspace/.derivedData/Build/Intermediates.noindex
cd /Users/admin/builder/spi-builder-workspace/.swiftpm/xcode
builtin-create-build-directory /Users/admin/builder/spi-builder-workspace/.derivedData/Build/Intermediates.noindex
CreateBuildDirectory /Users/admin/builder/spi-builder-workspace/.derivedData/Build/Intermediates.noindex/SwiftExplicitPrecompiledModules
cd /Users/admin/builder/spi-builder-workspace/.swiftpm/xcode
builtin-create-build-directory /Users/admin/builder/spi-builder-workspace/.derivedData/Build/Intermediates.noindex/SwiftExplicitPrecompiledModules
CreateBuildDirectory /Users/admin/builder/spi-builder-workspace/.derivedData/Build/Intermediates.noindex/ExplicitPrecompiledModules
cd /Users/admin/builder/spi-builder-workspace/.swiftpm/xcode
builtin-create-build-directory /Users/admin/builder/spi-builder-workspace/.derivedData/Build/Intermediates.noindex/ExplicitPrecompiledModules
CreateBuildDirectory /Users/admin/builder/spi-builder-workspace/.derivedData/Build/Intermediates.noindex/EagerLinkingTBDs/Debug-appletvos
cd /Users/admin/builder/spi-builder-workspace/.swiftpm/xcode
builtin-create-build-directory /Users/admin/builder/spi-builder-workspace/.derivedData/Build/Intermediates.noindex/EagerLinkingTBDs/Debug-appletvos
CreateBuildDirectory /Users/admin/builder/spi-builder-workspace/.derivedData/Build/Products/Debug-appletvos
cd /Users/admin/builder/spi-builder-workspace/.swiftpm/xcode
builtin-create-build-directory /Users/admin/builder/spi-builder-workspace/.derivedData/Build/Products/Debug-appletvos
CreateBuildDirectory /Users/admin/builder/spi-builder-workspace/.derivedData/Build/Products/Debug-appletvos/PackageFrameworks
cd /Users/admin/builder/spi-builder-workspace/.swiftpm/xcode
builtin-create-build-directory /Users/admin/builder/spi-builder-workspace/.derivedData/Build/Products/Debug-appletvos/PackageFrameworks
WriteAuxiliaryFile /Users/admin/builder/spi-builder-workspace/.derivedData/Build/Intermediates.noindex/FloatingAccessoryKit.build/Debug-appletvos/FloatingAccessoryKit.build/FloatingAccessoryKit.DependencyMetadataFileList (in target 'FloatingAccessoryKit' from project 'FloatingAccessoryKit')
cd /Users/admin/builder/spi-builder-workspace
write-file /Users/admin/builder/spi-builder-workspace/.derivedData/Build/Intermediates.noindex/FloatingAccessoryKit.build/Debug-appletvos/FloatingAccessoryKit.build/FloatingAccessoryKit.DependencyMetadataFileList
WriteAuxiliaryFile /Users/admin/builder/spi-builder-workspace/.derivedData/Build/Intermediates.noindex/FloatingAccessoryKit.build/Debug-appletvos/FloatingAccessoryKit.build/FloatingAccessoryKit.modulemap (in target 'FloatingAccessoryKit' from project 'FloatingAccessoryKit')
cd /Users/admin/builder/spi-builder-workspace
write-file /Users/admin/builder/spi-builder-workspace/.derivedData/Build/Intermediates.noindex/FloatingAccessoryKit.build/Debug-appletvos/FloatingAccessoryKit.build/FloatingAccessoryKit.modulemap
WriteAuxiliaryFile /Users/admin/builder/spi-builder-workspace/.derivedData/Build/Intermediates.noindex/FloatingAccessoryKit.build/Debug-appletvos/FloatingAccessoryKit.build/FloatingAccessoryKit.DependencyStaticMetadataFileList (in target 'FloatingAccessoryKit' from project 'FloatingAccessoryKit')
cd /Users/admin/builder/spi-builder-workspace
write-file /Users/admin/builder/spi-builder-workspace/.derivedData/Build/Intermediates.noindex/FloatingAccessoryKit.build/Debug-appletvos/FloatingAccessoryKit.build/FloatingAccessoryKit.DependencyStaticMetadataFileList
WriteAuxiliaryFile /Users/admin/builder/spi-builder-workspace/.derivedData/Build/Intermediates.noindex/FloatingAccessoryKit.build/Debug-appletvos/FloatingAccessoryKit.build/Objects-normal/arm64/FloatingAccessoryKit_const_extract_protocols.json (in target 'FloatingAccessoryKit' from project 'FloatingAccessoryKit')
cd /Users/admin/builder/spi-builder-workspace
write-file /Users/admin/builder/spi-builder-workspace/.derivedData/Build/Intermediates.noindex/FloatingAccessoryKit.build/Debug-appletvos/FloatingAccessoryKit.build/Objects-normal/arm64/FloatingAccessoryKit_const_extract_protocols.json
WriteAuxiliaryFile /Users/admin/builder/spi-builder-workspace/.derivedData/Build/Intermediates.noindex/FloatingAccessoryKit.build/Debug-appletvos/FloatingAccessoryKit.build/Objects-normal/arm64/FloatingAccessoryKit-OutputFileMap.json (in target 'FloatingAccessoryKit' from project 'FloatingAccessoryKit')
cd /Users/admin/builder/spi-builder-workspace
write-file /Users/admin/builder/spi-builder-workspace/.derivedData/Build/Intermediates.noindex/FloatingAccessoryKit.build/Debug-appletvos/FloatingAccessoryKit.build/Objects-normal/arm64/FloatingAccessoryKit-OutputFileMap.json
WriteAuxiliaryFile /Users/admin/builder/spi-builder-workspace/.derivedData/Build/Intermediates.noindex/FloatingAccessoryKit.build/Debug-appletvos/FloatingAccessoryKit.build/Objects-normal/arm64/FloatingAccessoryKit.SwiftFileList (in target 'FloatingAccessoryKit' from project 'FloatingAccessoryKit')
cd /Users/admin/builder/spi-builder-workspace
write-file /Users/admin/builder/spi-builder-workspace/.derivedData/Build/Intermediates.noindex/FloatingAccessoryKit.build/Debug-appletvos/FloatingAccessoryKit.build/Objects-normal/arm64/FloatingAccessoryKit.SwiftFileList
WriteAuxiliaryFile /Users/admin/builder/spi-builder-workspace/.derivedData/Build/Intermediates.noindex/FloatingAccessoryKit.build/Debug-appletvos/FloatingAccessoryKit.build/Objects-normal/arm64/FloatingAccessoryKit.LinkFileList (in target 'FloatingAccessoryKit' from project 'FloatingAccessoryKit')
cd /Users/admin/builder/spi-builder-workspace
write-file /Users/admin/builder/spi-builder-workspace/.derivedData/Build/Intermediates.noindex/FloatingAccessoryKit.build/Debug-appletvos/FloatingAccessoryKit.build/Objects-normal/arm64/FloatingAccessoryKit.LinkFileList
WriteAuxiliaryFile /Users/admin/builder/spi-builder-workspace/.derivedData/Build/Intermediates.noindex/FloatingAccessoryKit.build/Debug-appletvos/FloatingAccessoryKit.build/Objects-normal/arm64/FloatingAccessoryKit.SwiftConstValuesFileList (in target 'FloatingAccessoryKit' from project 'FloatingAccessoryKit')
cd /Users/admin/builder/spi-builder-workspace
write-file /Users/admin/builder/spi-builder-workspace/.derivedData/Build/Intermediates.noindex/FloatingAccessoryKit.build/Debug-appletvos/FloatingAccessoryKit.build/Objects-normal/arm64/FloatingAccessoryKit.SwiftConstValuesFileList
Copy /Users/admin/builder/spi-builder-workspace/.derivedData/Build/Intermediates.noindex/GeneratedModuleMaps-appletvos/FloatingAccessoryKit.modulemap /Users/admin/builder/spi-builder-workspace/.derivedData/Build/Intermediates.noindex/FloatingAccessoryKit.build/Debug-appletvos/FloatingAccessoryKit.build/FloatingAccessoryKit.modulemap (in target 'FloatingAccessoryKit' from project 'FloatingAccessoryKit')
cd /Users/admin/builder/spi-builder-workspace
builtin-copy -exclude .DS_Store -exclude CVS -exclude .svn -exclude .git -exclude .hg -resolve-src-symlinks /Users/admin/builder/spi-builder-workspace/.derivedData/Build/Intermediates.noindex/FloatingAccessoryKit.build/Debug-appletvos/FloatingAccessoryKit.build/FloatingAccessoryKit.modulemap /Users/admin/builder/spi-builder-workspace/.derivedData/Build/Intermediates.noindex/GeneratedModuleMaps-appletvos
SwiftDriver FloatingAccessoryKit normal arm64 com.apple.xcode.tools.swift.compiler (in target 'FloatingAccessoryKit' from project 'FloatingAccessoryKit')
cd /Users/admin/builder/spi-builder-workspace/.swiftpm/xcode
builtin-SwiftDriver -- /Applications/Xcode-26.3.0.app/Contents/Developer/Toolchains/XcodeDefault.xctoolchain/usr/bin/swiftc -module-name FloatingAccessoryKit -Onone -enforce-exclusivity\=checked @/Users/admin/builder/spi-builder-workspace/.derivedData/Build/Intermediates.noindex/FloatingAccessoryKit.build/Debug-appletvos/FloatingAccessoryKit.build/Objects-normal/arm64/FloatingAccessoryKit.SwiftFileList -DSWIFT_PACKAGE -DDEBUG -DSWIFT_MODULE_RESOURCE_BUNDLE_UNAVAILABLE -DXcode -plugin-path /Applications/Xcode-26.3.0.app/Contents/Developer/Toolchains/XcodeDefault.xctoolchain/usr/lib/swift/host/plugins/testing -enable-experimental-feature DebugDescriptionMacro -sdk /Applications/Xcode-26.3.0.app/Contents/Developer/Platforms/AppleTVOS.platform/Developer/SDKs/AppleTVOS26.2.sdk -target arm64-apple-tvos18.0 -g -module-cache-path /Users/admin/builder/spi-builder-workspace/.derivedData/ModuleCache.noindex -Xfrontend -serialize-debugging-options -profile-coverage-mapping -profile-generate -enable-testing -index-store-path /Users/admin/builder/spi-builder-workspace/.derivedData/Index.noindex/DataStore -Xcc -D_LIBCPP_HARDENING_MODE\=_LIBCPP_HARDENING_MODE_DEBUG -swift-version 6 -I /Users/admin/builder/spi-builder-workspace/.derivedData/Build/Products/Debug-appletvos -Isystem /Applications/Xcode-26.3.0.app/Contents/Developer/Platforms/AppleTVOS.platform/Developer/usr/lib -F /Users/admin/builder/spi-builder-workspace/.derivedData/Build/Products/Debug-appletvos -F /Applications/Xcode-26.3.0.app/Contents/Developer/Platforms/AppleTVOS.platform/Developer/Library/Frameworks -F /Applications/Xcode-26.3.0.app/Contents/Developer/Platforms/AppleTVOS.platform/Developer/SDKs/AppleTVOS26.2.sdk/Developer/Library/Frameworks -c -j10 -enable-batch-mode -incremental -Xcc -ivfsstatcache -Xcc /Users/admin/builder/spi-builder-workspace/.derivedData/SDKStatCaches.noindex/appletvos26.2-23K50-dc75598d0054f22ec865fa860f139d72c1feacec85df2e04b9fa10f95e757c08.sdkstatcache -output-file-map /Users/admin/builder/spi-builder-workspace/.derivedData/Build/Intermediates.noindex/FloatingAccessoryKit.build/Debug-appletvos/FloatingAccessoryKit.build/Objects-normal/arm64/FloatingAccessoryKit-OutputFileMap.json -use-frontend-parseable-output -save-temps -no-color-diagnostics -explicit-module-build -module-cache-path /Users/admin/builder/spi-builder-workspace/.derivedData/Build/Intermediates.noindex/SwiftExplicitPrecompiledModules -clang-scanner-module-cache-path /Users/admin/builder/spi-builder-workspace/.derivedData/ModuleCache.noindex -sdk-module-cache-path /Users/admin/builder/spi-builder-workspace/.derivedData/ModuleCache.noindex -serialize-diagnostics -emit-dependencies -emit-module -emit-module-path /Users/admin/builder/spi-builder-workspace/.derivedData/Build/Intermediates.noindex/FloatingAccessoryKit.build/Debug-appletvos/FloatingAccessoryKit.build/Objects-normal/arm64/FloatingAccessoryKit.swiftmodule -validate-clang-modules-once -clang-build-session-file /Users/admin/builder/spi-builder-workspace/.derivedData/ModuleCache.noindex/Session.modulevalidation -package-name spi_builder_workspace -Xcc -I/Users/admin/builder/spi-builder-workspace/.derivedData/Build/Intermediates.noindex/FloatingAccessoryKit.build/Debug-appletvos/FloatingAccessoryKit.build/swift-overrides.hmap -emit-const-values -Xfrontend -const-gather-protocols-file -Xfrontend /Users/admin/builder/spi-builder-workspace/.derivedData/Build/Intermediates.noindex/FloatingAccessoryKit.build/Debug-appletvos/FloatingAccessoryKit.build/Objects-normal/arm64/FloatingAccessoryKit_const_extract_protocols.json -Xcc -I/Users/admin/builder/spi-builder-workspace/.derivedData/Build/Products/Debug-appletvos/include -Xcc -I/Users/admin/builder/spi-builder-workspace/.derivedData/Build/Intermediates.noindex/FloatingAccessoryKit.build/Debug-appletvos/FloatingAccessoryKit.build/DerivedSources-normal/arm64 -Xcc -I/Users/admin/builder/spi-builder-workspace/.derivedData/Build/Intermediates.noindex/FloatingAccessoryKit.build/Debug-appletvos/FloatingAccessoryKit.build/DerivedSources/arm64 -Xcc -I/Users/admin/builder/spi-builder-workspace/.derivedData/Build/Intermediates.noindex/FloatingAccessoryKit.build/Debug-appletvos/FloatingAccessoryKit.build/DerivedSources -Xcc -DSWIFT_PACKAGE -Xcc -DDEBUG\=1 -emit-objc-header -emit-objc-header-path /Users/admin/builder/spi-builder-workspace/.derivedData/Build/Intermediates.noindex/FloatingAccessoryKit.build/Debug-appletvos/FloatingAccessoryKit.build/Objects-normal/arm64/FloatingAccessoryKit-Swift.h -working-directory /Users/admin/builder/spi-builder-workspace/.swiftpm/xcode -experimental-emit-module-separately -disable-cmo
SwiftExplicitDependencyGeneratePcm arm64 /Users/admin/builder/spi-builder-workspace/.derivedData/ModuleCache.noindex/_Builtin_stddef-AMFHETDGZZBL95KB6W1W0T0VV.pcm
SwiftExplicitDependencyGeneratePcm arm64 /Users/admin/builder/spi-builder-workspace/.derivedData/ModuleCache.noindex/_Builtin_stdbool-1R0VA7GHOCZIBHY8NLIU8432O.pcm
SwiftExplicitDependencyGeneratePcm arm64 /Users/admin/builder/spi-builder-workspace/.derivedData/ModuleCache.noindex/_SwiftConcurrencyShims-63WYH7D9N5GA8C3BYH0SL0GLV.pcm
SwiftExplicitDependencyGeneratePcm arm64 /Users/admin/builder/spi-builder-workspace/.derivedData/ModuleCache.noindex/DeveloperToolsSupport-8RGY6B9XNYDSLHRAHUACZAEQT.pcm
SwiftExplicitDependencyGeneratePcm arm64 /Users/admin/builder/spi-builder-workspace/.derivedData/ModuleCache.noindex/ptrauth-F12J2CYS1H0H7PFJPSXR0BMRJ.pcm
SwiftExplicitDependencyGeneratePcm arm64 /Users/admin/builder/spi-builder-workspace/.derivedData/ModuleCache.noindex/_Builtin_stdarg-C7BYDF1U3HIH06DNXDSUM4FTT.pcm
SwiftExplicitDependencyGeneratePcm arm64 /Users/admin/builder/spi-builder-workspace/.derivedData/ModuleCache.noindex/_AvailabilityInternal-5SOSDZ6OWC0BZLNXP3M7RQAVZ.pcm
SwiftExplicitDependencyGeneratePcm arm64 /Users/admin/builder/spi-builder-workspace/.derivedData/ModuleCache.noindex/SwiftShims-3AHLVSDGRHJG0G0SOS8934V32.pcm
SwiftExplicitDependencyGeneratePcm arm64 /Users/admin/builder/spi-builder-workspace/.derivedData/ModuleCache.noindex/ptrcheck-1PYZUUSJVB3190KYWPQ2HPH6T.pcm
SwiftExplicitDependencyGeneratePcm arm64 /Users/admin/builder/spi-builder-workspace/.derivedData/ModuleCache.noindex/_Builtin_float-8QAK3C6Z57AM8E8FKW50RMKE0.pcm
SwiftExplicitDependencyGeneratePcm arm64 /Users/admin/builder/spi-builder-workspace/.derivedData/ModuleCache.noindex/_DarwinFoundation1-1QBHJ5571SRONB2YTEF0W1AZY.pcm
SwiftExplicitDependencyGeneratePcm arm64 /Users/admin/builder/spi-builder-workspace/.derivedData/ModuleCache.noindex/_DarwinFoundation2-C8RRMSSA0HAGP6ND221ZWI44X.pcm
SwiftExplicitDependencyGeneratePcm arm64 /Users/admin/builder/spi-builder-workspace/.derivedData/ModuleCache.noindex/_Builtin_limits-2E5S7VT2TXRPTXMF0BVOZZESK.pcm
SwiftExplicitDependencyGeneratePcm arm64 /Users/admin/builder/spi-builder-workspace/.derivedData/ModuleCache.noindex/sys_types-6BLO2NPL2992COH57RXH2U5HM.pcm
SwiftExplicitDependencyGeneratePcm arm64 /Users/admin/builder/spi-builder-workspace/.derivedData/ModuleCache.noindex/_Builtin_stdint-81OO0IBAPEXC8PDD3L0YS8RNX.pcm
SwiftExplicitDependencyGeneratePcm arm64 /Users/admin/builder/spi-builder-workspace/.derivedData/ModuleCache.noindex/_Builtin_stdatomic-1D26B1O5HO0J807V6TFE6XLS1.pcm
SwiftExplicitDependencyGeneratePcm arm64 /Users/admin/builder/spi-builder-workspace/.derivedData/ModuleCache.noindex/_DarwinFoundation3-6UHMDDSTU0LM5C7C4P4H0CUIY.pcm
SwiftExplicitDependencyGeneratePcm arm64 /Users/admin/builder/spi-builder-workspace/.derivedData/ModuleCache.noindex/_Builtin_inttypes-DLLIL3NWPRXNQNMBT8DC05YE8.pcm
SwiftExplicitDependencyGeneratePcm arm64 /Users/admin/builder/spi-builder-workspace/.derivedData/ModuleCache.noindex/Darwin-575OOLOMX910P5D3ATXB8SS2F.pcm
SwiftExplicitDependencyGeneratePcm arm64 /Users/admin/builder/spi-builder-workspace/.derivedData/ModuleCache.noindex/ObjectiveC-26T7JC2QU7TEZO7VVGNFJ6X8W.pcm
SwiftExplicitDependencyGeneratePcm arm64 /Users/admin/builder/spi-builder-workspace/.derivedData/ModuleCache.noindex/MachO-CRPQGIQ2S31NAK8WBEW08JEMM.pcm
SwiftExplicitDependencyGeneratePcm arm64 /Users/admin/builder/spi-builder-workspace/.derivedData/ModuleCache.noindex/os_object-9KOTYT53GTW08K0SC0NERBQKZ.pcm
SwiftExplicitDependencyGeneratePcm arm64 /Users/admin/builder/spi-builder-workspace/.derivedData/ModuleCache.noindex/os_workgroup-8LHTS21UZQ74V0AT5HZW75AV1.pcm
SwiftExplicitDependencyGeneratePcm arm64 /Users/admin/builder/spi-builder-workspace/.derivedData/ModuleCache.noindex/Dispatch-1PDGBJ5QVFC7CLI4RKJ0VMGH6.pcm
SwiftExplicitDependencyGeneratePcm arm64 /Users/admin/builder/spi-builder-workspace/.derivedData/ModuleCache.noindex/os-8GZMDX9BXB4AKZN8YMIV3Q6R5.pcm
SwiftExplicitDependencyGeneratePcm arm64 /Users/admin/builder/spi-builder-workspace/.derivedData/ModuleCache.noindex/CoreFoundation-3J23TPD9ZE2CL1B8K8EKFM921.pcm
SwiftExplicitDependencyGeneratePcm arm64 /Users/admin/builder/spi-builder-workspace/.derivedData/ModuleCache.noindex/Security-8TBOSOW7OGW1K0PRX58JW9BUJ.pcm
SwiftExplicitDependencyGeneratePcm arm64 /Users/admin/builder/spi-builder-workspace/.derivedData/ModuleCache.noindex/CFNetwork-EIGAIPZB6XFUTII1QUH5FMZNB.pcm
SwiftExplicitDependencyGeneratePcm arm64 /Users/admin/builder/spi-builder-workspace/.derivedData/ModuleCache.noindex/CoreGraphics-A0PB0QUO511U6ASTGVBAPMTSZ.pcm
SwiftExplicitDependencyGeneratePcm arm64 /Users/admin/builder/spi-builder-workspace/.derivedData/ModuleCache.noindex/Foundation-920MCA7YAE1WTX5FMTQJ2S6JD.pcm
SwiftExplicitDependencyGeneratePcm arm64 /Users/admin/builder/spi-builder-workspace/.derivedData/ModuleCache.noindex/CoreText-A22EGX1IME2NL2K642I11XO6Q.pcm
SwiftExplicitDependencyGeneratePcm arm64 /Users/admin/builder/spi-builder-workspace/.derivedData/ModuleCache.noindex/ImageIO-DGIXPKDOA98R10V7WVO81FO7Q.pcm
SwiftExplicitDependencyGeneratePcm arm64 /Users/admin/builder/spi-builder-workspace/.derivedData/ModuleCache.noindex/Symbols-83WIVV9ZLX0K2HCUB48J7Q38D.pcm
SwiftExplicitDependencyGeneratePcm arm64 /Users/admin/builder/spi-builder-workspace/.derivedData/ModuleCache.noindex/DataDetection-AQB8JZEQYV781DSE9TLXIS6ON.pcm
SwiftExplicitDependencyGeneratePcm arm64 /Users/admin/builder/spi-builder-workspace/.derivedData/ModuleCache.noindex/UniformTypeIdentifiers-9OUBJTJ9QS43CNKWOKAF7PVFW.pcm
SwiftExplicitDependencyGeneratePcm arm64 /Users/admin/builder/spi-builder-workspace/.derivedData/ModuleCache.noindex/Accessibility-BXWPXOI9FGZKSYL9E6TQ5BXNL.pcm
SwiftExplicitDependencyGeneratePcm arm64 /Users/admin/builder/spi-builder-workspace/.derivedData/ModuleCache.noindex/UserNotifications-F5LWF85KC90GJACC7PWTXN3ZI.pcm
SwiftExplicitDependencyGeneratePcm arm64 /Users/admin/builder/spi-builder-workspace/.derivedData/ModuleCache.noindex/IOSurface-7W4IKGN8OS8AI6168YH1AKYLN.pcm
SwiftExplicitDependencyGeneratePcm arm64 /Users/admin/builder/spi-builder-workspace/.derivedData/ModuleCache.noindex/UIUtilities-AFKAOUDZH67GXN7KNI3FI4EVK.pcm
SwiftExplicitDependencyGeneratePcm arm64 /Users/admin/builder/spi-builder-workspace/.derivedData/ModuleCache.noindex/CoreTransferable-6ABR90TBVSH7VNLD5TDSTRISA.pcm
SwiftExplicitDependencyGeneratePcm arm64 /Users/admin/builder/spi-builder-workspace/.derivedData/ModuleCache.noindex/OSLog-EHBXAUPFF7MR3V4XU7VA41J1A.pcm
SwiftExplicitDependencyGeneratePcm arm64 /Users/admin/builder/spi-builder-workspace/.derivedData/ModuleCache.noindex/Metal-8DRV37N4FORAALI4LJ3QBRB2N.pcm
SwiftExplicitDependencyGeneratePcm arm64 /Users/admin/builder/spi-builder-workspace/.derivedData/ModuleCache.noindex/OpenGLES-53M1U5Z9YYW8YN6GRVTT14EZ3.pcm
SwiftExplicitDependencyGeneratePcm arm64 /Users/admin/builder/spi-builder-workspace/.derivedData/ModuleCache.noindex/CoreVideo-BMTZCTUZ871AEVGCM2RGBKJQ6.pcm
SwiftExplicitDependencyGeneratePcm arm64 /Users/admin/builder/spi-builder-workspace/.derivedData/ModuleCache.noindex/CoreImage-3ZDYH2WTL3629CTJG114SBGBE.pcm
SwiftExplicitDependencyGeneratePcm arm64 /Users/admin/builder/spi-builder-workspace/.derivedData/ModuleCache.noindex/QuartzCore-31ZG0PLVJGBMUEINS6GK0UV0.pcm
SwiftExplicitDependencyGeneratePcm arm64 /Users/admin/builder/spi-builder-workspace/.derivedData/ModuleCache.noindex/SwiftUICore-77IFIWJX0TQHATW9YV3O0ROXO.pcm
SwiftExplicitDependencyGeneratePcm arm64 /Users/admin/builder/spi-builder-workspace/.derivedData/ModuleCache.noindex/UIKit-AWPC22D4CAO4359R1JLK2J7X0.pcm
SwiftCompile normal arm64 Compiling\ TabBarAccessoryLayoutObservationView.swift /Users/admin/builder/spi-builder-workspace/Sources/FloatingAccessoryKit/Rendering/TabBarAccessoryLayoutObservationView.swift (in target 'FloatingAccessoryKit' from project 'FloatingAccessoryKit')
SwiftCompile normal arm64 /Users/admin/builder/spi-builder-workspace/Sources/FloatingAccessoryKit/Rendering/TabBarAccessoryLayoutObservationView.swift (in target 'FloatingAccessoryKit' from project 'FloatingAccessoryKit')
cd /Users/admin/builder/spi-builder-workspace/.swiftpm/xcode
SwiftCompile normal arm64 Compiling\ AccessoryContentHostView.swift,\ AccessoryRendering.swift /Users/admin/builder/spi-builder-workspace/Sources/FloatingAccessoryKit/Rendering/AccessoryContentHostView.swift /Users/admin/builder/spi-builder-workspace/Sources/FloatingAccessoryKit/Rendering/AccessoryRendering.swift (in target 'FloatingAccessoryKit' from project 'FloatingAccessoryKit')
SwiftCompile normal arm64 /Users/admin/builder/spi-builder-workspace/Sources/FloatingAccessoryKit/Rendering/AccessoryContentHostView.swift (in target 'FloatingAccessoryKit' from project 'FloatingAccessoryKit')
cd /Users/admin/builder/spi-builder-workspace/.swiftpm/xcode
SwiftCompile normal arm64 /Users/admin/builder/spi-builder-workspace/Sources/FloatingAccessoryKit/Rendering/AccessoryRendering.swift (in target 'FloatingAccessoryKit' from project 'FloatingAccessoryKit')
cd /Users/admin/builder/spi-builder-workspace/.swiftpm/xcode
SwiftEmitModule normal arm64 Emitting\ module\ for\ FloatingAccessoryKit (in target 'FloatingAccessoryKit' from project 'FloatingAccessoryKit')
Failed frontend command:
/Applications/Xcode-26.3.0.app/Contents/Developer/Toolchains/XcodeDefault.xctoolchain/usr/bin/swift-frontend -frontend -emit-module -experimental-skip-non-inlinable-function-bodies-without-types /Users/admin/builder/spi-builder-workspace/Sources/FloatingAccessoryKit/Public/TabBarAccessoryController.swift /Users/admin/builder/spi-builder-workspace/Sources/FloatingAccessoryKit/Public/UITabBarController+FloatingAccessory.swift /Users/admin/builder/spi-builder-workspace/Sources/FloatingAccessoryKit/Rendering/AccessoryContentHostView.swift /Users/admin/builder/spi-builder-workspace/Sources/FloatingAccessoryKit/Rendering/AccessoryRendering.swift /Users/admin/builder/spi-builder-workspace/Sources/FloatingAccessoryKit/Rendering/FloatingAccessoryDiagnostics.swift /Users/admin/builder/spi-builder-workspace/Sources/FloatingAccessoryKit/Rendering/Native/NativeAccessoryContainerLayout.swift /Users/admin/builder/spi-builder-workspace/Sources/FloatingAccessoryKit/Rendering/Native/NativeAccessoryEnvironmentObservation.swift /Users/admin/builder/spi-builder-workspace/Sources/FloatingAccessoryKit/Rendering/Native/NativeAccessoryHitTesting.swift /Users/admin/builder/spi-builder-workspace/Sources/FloatingAccessoryKit/Rendering/Native/NativeTabBarAccessoryRenderer.swift /Users/admin/builder/spi-builder-workspace/Sources/FloatingAccessoryKit/Rendering/Overlay/OverlayAccessoryHostView.swift /Users/admin/builder/spi-builder-workspace/Sources/FloatingAccessoryKit/Rendering/Overlay/OverlaySafeAreaAdjustment.swift /Users/admin/builder/spi-builder-workspace/Sources/FloatingAccessoryKit/Rendering/Overlay/OverlayTabBarAccessoryRenderer.swift /Users/admin/builder/spi-builder-workspace/Sources/FloatingAccessoryKit/Rendering/Overlay/TabBarRevealHitAreaView.swift /Users/admin/builder/spi-builder-workspace/Sources/FloatingAccessoryKit/Rendering/TabBarAccessoryContentMeasurement.swift /Users/admin/builder/spi-builder-workspace/Sources/FloatingAccessoryKit/Rendering/TabBarAccessoryHostObservation.swift /Users/admin/builder/spi-builder-workspace/Sources/FloatingAccessoryKit/Rendering/TabBarAccessoryLayoutAnimator.swift /Users/admin/builder/spi-builder-workspace/Sources/FloatingAccessoryKit/Rendering/TabBarAccessoryLayoutObservationView.swift /Users/admin/builder/spi-builder-workspace/Sources/FloatingAccessoryKit/Rendering/TabBarAccessoryTabBarButtons.swift -target arm64-apple-tvos18.0 -load-resolved-plugin /Applications/Xcode-26.3.0.app/Contents/Developer/Platforms/AppleTVOS.platform/Developer/usr/lib/swift/host/plugins/libFoundationMacros.dylib\#/Applications/Xcode-26.3.0.app/Contents/Developer/Platforms/AppleTVOS.platform/Developer/usr/bin/swift-plugin-server\#FoundationMacros -load-resolved-plugin /Applications/Xcode-26.3.0.app/Contents/Developer/Platforms/AppleTVOS.platform/Developer/usr/lib/swift/host/plugins/libObservationMacros.dylib\#/Applications/Xcode-26.3.0.app/Contents/Developer/Platforms/AppleTVOS.platform/Developer/usr/bin/swift-plugin-server\#ObservationMacros -load-resolved-plugin /Applications/Xcode-26.3.0.app/Contents/Developer/Platforms/AppleTVOS.platform/Developer/usr/lib/swift/host/plugins/libPreviewsMacros.dylib\#/Applications/Xcode-26.3.0.app/Contents/Developer/Platforms/AppleTVOS.platform/Developer/usr/bin/swift-plugin-server\#PreviewsMacros -load-resolved-plugin /Applications/Xcode-26.3.0.app/Contents/Developer/Platforms/AppleTVOS.platform/Developer/usr/lib/swift/host/plugins/libSwiftMacros.dylib\#/Applications/Xcode-26.3.0.app/Contents/Developer/Platforms/AppleTVOS.platform/Developer/usr/bin/swift-plugin-server\#SwiftMacros -load-resolved-plugin /Applications/Xcode-26.3.0.app/Contents/Developer/Platforms/AppleTVOS.platform/Developer/usr/lib/swift/host/plugins/libSwiftUIMacros.dylib\#/Applications/Xcode-26.3.0.app/Contents/Developer/Platforms/AppleTVOS.platform/Developer/usr/bin/swift-plugin-server\#SwiftUIMacros -disable-implicit-swift-modules -Xcc -fno-implicit-modules -Xcc -fno-implicit-module-maps -explicit-swift-module-map-file /Users/admin/builder/spi-builder-workspace/.derivedData/Build/Intermediates.noindex/FloatingAccessoryKit.build/Debug-appletvos/FloatingAccessoryKit.build/Objects-normal/arm64/FloatingAccessoryKit-dependencies-1.json -Xllvm -aarch64-use-tbi -enable-objc-interop -stack-check -sdk /Applications/Xcode-26.3.0.app/Contents/Developer/Platforms/AppleTVOS.platform/Developer/SDKs/AppleTVOS26.2.sdk -I /Users/admin/builder/spi-builder-workspace/.derivedData/Build/Products/Debug-appletvos -Isystem /Applications/Xcode-26.3.0.app/Contents/Developer/Platforms/AppleTVOS.platform/Developer/usr/lib -F /Users/admin/builder/spi-builder-workspace/.derivedData/Build/Products/Debug-appletvos -F /Applications/Xcode-26.3.0.app/Contents/Developer/Platforms/AppleTVOS.platform/Developer/Library/Frameworks -F /Applications/Xcode-26.3.0.app/Contents/Developer/Platforms/AppleTVOS.platform/Developer/SDKs/AppleTVOS26.2.sdk/Developer/Library/Frameworks -no-color-diagnostics -Xcc -fno-color-diagnostics -enable-testing -g -debug-info-format\=dwarf -dwarf-version\=5 -module-cache-path /Users/admin/builder/spi-builder-workspace/.derivedData/Build/Intermediates.noindex/SwiftExplicitPrecompiledModules -profile-generate -profile-coverage-mapping -swift-version 6 -enforce-exclusivity\=checked -Onone -D SWIFT_PACKAGE -D DEBUG -D SWIFT_MODULE_RESOURCE_BUNDLE_UNAVAILABLE -D Xcode -serialize-debugging-options -const-gather-protocols-file /Users/admin/builder/spi-builder-workspace/.derivedData/Build/Intermediates.noindex/FloatingAccessoryKit.build/Debug-appletvos/FloatingAccessoryKit.build/Objects-normal/arm64/FloatingAccessoryKit_const_extract_protocols.json -enable-experimental-feature DebugDescriptionMacro -empty-abi-descriptor -validate-clang-modules-once -clang-build-session-file /Users/admin/builder/spi-builder-workspace/.derivedData/ModuleCache.noindex/Session.modulevalidation -Xcc -working-directory -Xcc /Users/admin/builder/spi-builder-workspace/.swiftpm/xcode -enable-anonymous-context-mangled-names -file-compilation-dir /Users/admin/builder/spi-builder-workspace/.swiftpm/xcode -Xcc -D_LIBCPP_HARDENING_MODE\=_LIBCPP_HARDENING_MODE_DEBUG -Xcc -ivfsstatcache -Xcc /Users/admin/builder/spi-builder-workspace/.derivedData/SDKStatCaches.noindex/appletvos26.2-23K50-dc75598d0054f22ec865fa860f139d72c1feacec85df2e04b9fa10f95e757c08.sdkstatcache -Xcc -I/Users/admin/builder/spi-builder-workspace/.derivedData/Build/Intermediates.noindex/FloatingAccessoryKit.build/Debug-appletvos/FloatingAccessoryKit.build/swift-overrides.hmap -Xcc -I/Users/admin/builder/spi-builder-workspace/.derivedData/Build/Products/Debug-appletvos/include -Xcc -I/Users/admin/builder/spi-builder-workspace/.derivedData/Build/Intermediates.noindex/FloatingAccessoryKit.build/Debug-appletvos/FloatingAccessoryKit.build/DerivedSources-normal/arm64 -Xcc -I/Users/admin/builder/spi-builder-workspace/.derivedData/Build/Intermediates.noindex/FloatingAccessoryKit.build/Debug-appletvos/FloatingAccessoryKit.build/DerivedSources/arm64 -Xcc -I/Users/admin/builder/spi-builder-workspace/.derivedData/Build/Intermediates.noindex/FloatingAccessoryKit.build/Debug-appletvos/FloatingAccessoryKit.build/DerivedSources -Xcc -DSWIFT_PACKAGE -Xcc -DDEBUG\=1 -no-auto-bridging-header-chaining -module-name FloatingAccessoryKit -package-name spi_builder_workspace -frontend-parseable-output -disable-clang-spi -target-sdk-version 26.2 -target-sdk-name appletvos26.2 -clang-target arm64-apple-tvos26.2 -in-process-plugin-server-path /Applications/Xcode-26.3.0.app/Contents/Developer/Toolchains/XcodeDefault.xctoolchain/usr/lib/swift/host/libSwiftInProcPluginServer.dylib -emit-module-doc-path /Users/admin/builder/spi-builder-workspace/.derivedData/Build/Intermediates.noindex/FloatingAccessoryKit.build/Debug-appletvos/FloatingAccessoryKit.build/Objects-normal/arm64/FloatingAccessoryKit.swiftdoc -emit-module-source-info-path /Users/admin/builder/spi-builder-workspace/.derivedData/Build/Intermediates.noindex/FloatingAccessoryKit.build/Debug-appletvos/FloatingAccessoryKit.build/Objects-normal/arm64/FloatingAccessoryKit.swiftsourceinfo -emit-objc-header-path /Users/admin/builder/spi-builder-workspace/.derivedData/Build/Intermediates.noindex/FloatingAccessoryKit.build/Debug-appletvos/FloatingAccessoryKit.build/Objects-normal/arm64/FloatingAccessoryKit-Swift.h -serialize-diagnostics-path /Users/admin/builder/spi-builder-workspace/.derivedData/Build/Intermediates.noindex/FloatingAccessoryKit.build/Debug-appletvos/FloatingAccessoryKit.build/Objects-normal/arm64/FloatingAccessoryKit-primary-emit-module.dia -emit-dependencies-path /Users/admin/builder/spi-builder-workspace/.derivedData/Build/Intermediates.noindex/FloatingAccessoryKit.build/Debug-appletvos/FloatingAccessoryKit.build/Objects-normal/arm64/FloatingAccessoryKit-primary-emit-module.d -o /Users/admin/builder/spi-builder-workspace/.derivedData/Build/Intermediates.noindex/FloatingAccessoryKit.build/Debug-appletvos/FloatingAccessoryKit.build/Objects-normal/arm64/FloatingAccessoryKit.swiftmodule -emit-abi-descriptor-path /Users/admin/builder/spi-builder-workspace/.derivedData/Build/Intermediates.noindex/FloatingAccessoryKit.build/Debug-appletvos/FloatingAccessoryKit.build/Objects-normal/arm64/FloatingAccessoryKit.abi.json
EmitSwiftModule normal arm64 (in target 'FloatingAccessoryKit' from project 'FloatingAccessoryKit')
cd /Users/admin/builder/spi-builder-workspace/.swiftpm/xcode
/Users/admin/builder/spi-builder-workspace/Sources/FloatingAccessoryKit/Rendering/Native/NativeTabBarAccessoryRenderer.swift:9:31: error: 'UITabAccessory' is unavailable in tvOS
private var tabAccessory: UITabAccessory?
^~~~~~~~~~~~~~
/Applications/Xcode-26.3.0.app/Contents/Developer/Platforms/AppleTVOS.platform/Developer/SDKs/AppleTVOS26.2.sdk/System/Library/Frameworks/UIKit.framework/Headers/UITabAccessory.h:18:12: note: 'UITabAccessory' has been explicitly marked unavailable here
@interface UITabAccessory: NSObject
^
SwiftCompile normal arm64 Compiling\ TabBarAccessoryController.swift,\ UITabBarController+FloatingAccessory.swift /Users/admin/builder/spi-builder-workspace/Sources/FloatingAccessoryKit/Public/TabBarAccessoryController.swift /Users/admin/builder/spi-builder-workspace/Sources/FloatingAccessoryKit/Public/UITabBarController+FloatingAccessory.swift (in target 'FloatingAccessoryKit' from project 'FloatingAccessoryKit')
SwiftCompile normal arm64 /Users/admin/builder/spi-builder-workspace/Sources/FloatingAccessoryKit/Public/TabBarAccessoryController.swift (in target 'FloatingAccessoryKit' from project 'FloatingAccessoryKit')
cd /Users/admin/builder/spi-builder-workspace/.swiftpm/xcode
SwiftCompile normal arm64 /Users/admin/builder/spi-builder-workspace/Sources/FloatingAccessoryKit/Public/UITabBarController+FloatingAccessory.swift (in target 'FloatingAccessoryKit' from project 'FloatingAccessoryKit')
cd /Users/admin/builder/spi-builder-workspace/.swiftpm/xcode
SwiftCompile normal arm64 Compiling\ FloatingAccessoryDiagnostics.swift,\ NativeAccessoryContainerLayout.swift /Users/admin/builder/spi-builder-workspace/Sources/FloatingAccessoryKit/Rendering/FloatingAccessoryDiagnostics.swift /Users/admin/builder/spi-builder-workspace/Sources/FloatingAccessoryKit/Rendering/Native/NativeAccessoryContainerLayout.swift (in target 'FloatingAccessoryKit' from project 'FloatingAccessoryKit')
SwiftCompile normal arm64 /Users/admin/builder/spi-builder-workspace/Sources/FloatingAccessoryKit/Rendering/FloatingAccessoryDiagnostics.swift (in target 'FloatingAccessoryKit' from project 'FloatingAccessoryKit')
cd /Users/admin/builder/spi-builder-workspace/.swiftpm/xcode
SwiftCompile normal arm64 /Users/admin/builder/spi-builder-workspace/Sources/FloatingAccessoryKit/Rendering/Native/NativeAccessoryContainerLayout.swift (in target 'FloatingAccessoryKit' from project 'FloatingAccessoryKit')
cd /Users/admin/builder/spi-builder-workspace/.swiftpm/xcode
SwiftCompile normal arm64 Compiling\ TabBarAccessoryHostObservation.swift,\ TabBarAccessoryLayoutAnimator.swift /Users/admin/builder/spi-builder-workspace/Sources/FloatingAccessoryKit/Rendering/TabBarAccessoryHostObservation.swift /Users/admin/builder/spi-builder-workspace/Sources/FloatingAccessoryKit/Rendering/TabBarAccessoryLayoutAnimator.swift (in target 'FloatingAccessoryKit' from project 'FloatingAccessoryKit')
SwiftCompile normal arm64 /Users/admin/builder/spi-builder-workspace/Sources/FloatingAccessoryKit/Rendering/TabBarAccessoryHostObservation.swift (in target 'FloatingAccessoryKit' from project 'FloatingAccessoryKit')
cd /Users/admin/builder/spi-builder-workspace/.swiftpm/xcode
SwiftCompile normal arm64 /Users/admin/builder/spi-builder-workspace/Sources/FloatingAccessoryKit/Rendering/TabBarAccessoryLayoutAnimator.swift (in target 'FloatingAccessoryKit' from project 'FloatingAccessoryKit')
cd /Users/admin/builder/spi-builder-workspace/.swiftpm/xcode
SwiftCompile normal arm64 Compiling\ OverlaySafeAreaAdjustment.swift,\ OverlayTabBarAccessoryRenderer.swift /Users/admin/builder/spi-builder-workspace/Sources/FloatingAccessoryKit/Rendering/Overlay/OverlaySafeAreaAdjustment.swift /Users/admin/builder/spi-builder-workspace/Sources/FloatingAccessoryKit/Rendering/Overlay/OverlayTabBarAccessoryRenderer.swift (in target 'FloatingAccessoryKit' from project 'FloatingAccessoryKit')
SwiftCompile normal arm64 /Users/admin/builder/spi-builder-workspace/Sources/FloatingAccessoryKit/Rendering/Overlay/OverlaySafeAreaAdjustment.swift (in target 'FloatingAccessoryKit' from project 'FloatingAccessoryKit')
cd /Users/admin/builder/spi-builder-workspace/.swiftpm/xcode
SwiftCompile normal arm64 /Users/admin/builder/spi-builder-workspace/Sources/FloatingAccessoryKit/Rendering/Overlay/OverlayTabBarAccessoryRenderer.swift (in target 'FloatingAccessoryKit' from project 'FloatingAccessoryKit')
cd /Users/admin/builder/spi-builder-workspace/.swiftpm/xcode
SwiftCompile normal arm64 Compiling\ NativeAccessoryEnvironmentObservation.swift,\ NativeAccessoryHitTesting.swift /Users/admin/builder/spi-builder-workspace/Sources/FloatingAccessoryKit/Rendering/Native/NativeAccessoryEnvironmentObservation.swift /Users/admin/builder/spi-builder-workspace/Sources/FloatingAccessoryKit/Rendering/Native/NativeAccessoryHitTesting.swift (in target 'FloatingAccessoryKit' from project 'FloatingAccessoryKit')
SwiftCompile normal arm64 /Users/admin/builder/spi-builder-workspace/Sources/FloatingAccessoryKit/Rendering/Native/NativeAccessoryEnvironmentObservation.swift (in target 'FloatingAccessoryKit' from project 'FloatingAccessoryKit')
cd /Users/admin/builder/spi-builder-workspace/.swiftpm/xcode
SwiftCompile normal arm64 /Users/admin/builder/spi-builder-workspace/Sources/FloatingAccessoryKit/Rendering/Native/NativeAccessoryHitTesting.swift (in target 'FloatingAccessoryKit' from project 'FloatingAccessoryKit')
cd /Users/admin/builder/spi-builder-workspace/.swiftpm/xcode
SwiftCompile normal arm64 Compiling\ NativeTabBarAccessoryRenderer.swift,\ OverlayAccessoryHostView.swift /Users/admin/builder/spi-builder-workspace/Sources/FloatingAccessoryKit/Rendering/Native/NativeTabBarAccessoryRenderer.swift /Users/admin/builder/spi-builder-workspace/Sources/FloatingAccessoryKit/Rendering/Overlay/OverlayAccessoryHostView.swift (in target 'FloatingAccessoryKit' from project 'FloatingAccessoryKit')
SwiftCompile normal arm64 /Users/admin/builder/spi-builder-workspace/Sources/FloatingAccessoryKit/Rendering/Native/NativeTabBarAccessoryRenderer.swift (in target 'FloatingAccessoryKit' from project 'FloatingAccessoryKit')
cd /Users/admin/builder/spi-builder-workspace/.swiftpm/xcode
SwiftCompile normal arm64 /Users/admin/builder/spi-builder-workspace/Sources/FloatingAccessoryKit/Rendering/Overlay/OverlayAccessoryHostView.swift (in target 'FloatingAccessoryKit' from project 'FloatingAccessoryKit')
cd /Users/admin/builder/spi-builder-workspace/.swiftpm/xcode
SwiftCompile normal arm64 Compiling\ TabBarRevealHitAreaView.swift,\ TabBarAccessoryContentMeasurement.swift /Users/admin/builder/spi-builder-workspace/Sources/FloatingAccessoryKit/Rendering/Overlay/TabBarRevealHitAreaView.swift /Users/admin/builder/spi-builder-workspace/Sources/FloatingAccessoryKit/Rendering/TabBarAccessoryContentMeasurement.swift (in target 'FloatingAccessoryKit' from project 'FloatingAccessoryKit')
SwiftCompile normal arm64 /Users/admin/builder/spi-builder-workspace/Sources/FloatingAccessoryKit/Rendering/Overlay/TabBarRevealHitAreaView.swift (in target 'FloatingAccessoryKit' from project 'FloatingAccessoryKit')
cd /Users/admin/builder/spi-builder-workspace/.swiftpm/xcode
SwiftCompile normal arm64 /Users/admin/builder/spi-builder-workspace/Sources/FloatingAccessoryKit/Rendering/TabBarAccessoryContentMeasurement.swift (in target 'FloatingAccessoryKit' from project 'FloatingAccessoryKit')
cd /Users/admin/builder/spi-builder-workspace/.swiftpm/xcode
SwiftCompile normal arm64 Compiling\ TabBarAccessoryTabBarButtons.swift /Users/admin/builder/spi-builder-workspace/Sources/FloatingAccessoryKit/Rendering/TabBarAccessoryTabBarButtons.swift (in target 'FloatingAccessoryKit' from project 'FloatingAccessoryKit')
2026-07-30 15:38:39.550 xcodebuild[678:4280] [MT] IDERunDestination: Supported platforms for the buildables in the current scheme is empty.
2026-07-30 15:38:39.708 xcodebuild[678:4280] [MT] IDERunDestination: Supported platforms for the buildables in the current scheme is empty.
** BUILD FAILED **
The following build commands failed:
SwiftEmitModule normal arm64 Emitting\ module\ for\ FloatingAccessoryKit (in target 'FloatingAccessoryKit' from project 'FloatingAccessoryKit')
EmitSwiftModule normal arm64 (in target 'FloatingAccessoryKit' from project 'FloatingAccessoryKit')
Building workspace spi-builder-workspace with scheme FloatingAccessoryKit
(3 failures)
Command line invocation:
/Applications/Xcode-26.3.0.app/Contents/Developer/usr/bin/xcodebuild -IDEClonedSourcePackagesDirPathOverride=/Users/admin/builder/spi-builder-workspace/.dependencies -resolvePackageDependencies
Resolve Package Graph
Resolved source packages:
FloatingAccessoryKit: /Users/admin/builder/spi-builder-workspace
resolved source packages: FloatingAccessoryKit
2026-07-30 15:38:46.896 xcodebuild[752:4591] [MT] IDERunDestination: Supported platforms for the buildables in the current scheme is empty.
2026-07-30 15:38:47.061 xcodebuild[752:4591] [MT] IDERunDestination: Supported platforms for the buildables in the current scheme is empty.
{
"dependencies" : [
],
"manifest_display_name" : "FloatingAccessoryKit",
"name" : "FloatingAccessoryKit",
"path" : "/Users/admin/builder/spi-builder-workspace",
"platforms" : [
{
"name" : "ios",
"version" : "18.0"
}
],
"products" : [
{
"name" : "FloatingAccessoryKit",
"targets" : [
"FloatingAccessoryKit"
],
"type" : {
"library" : [
"automatic"
]
}
}
],
"swift_languages_versions" : [
"6"
],
"targets" : [
{
"c99name" : "FloatingAccessoryKitTests",
"module_type" : "SwiftTarget",
"name" : "FloatingAccessoryKitTests",
"path" : "Tests/FloatingAccessoryKitTests",
"sources" : [
"AccessoryContentHostViewTests.swift",
"NativeAccessoryHelperTests.swift",
"NativeTabBarAccessoryRendererTests.swift",
"OverlaySafeAreaAdjustmentTests.swift",
"OverlayTabBarAccessoryRendererTests.swift",
"TabBarAccessoryContentMeasurementTests.swift",
"TabBarAccessoryControllerTests.swift",
"TabBarAccessoryLayoutObservationTests.swift",
"TestDoubles.swift"
],
"target_dependencies" : [
"FloatingAccessoryKit"
],
"type" : "test"
},
{
"c99name" : "FloatingAccessoryKit",
"module_type" : "SwiftTarget",
"name" : "FloatingAccessoryKit",
"path" : "Sources/FloatingAccessoryKit",
"product_memberships" : [
"FloatingAccessoryKit"
],
"sources" : [
"Public/TabBarAccessoryController.swift",
"Public/UITabBarController+FloatingAccessory.swift",
"Rendering/AccessoryContentHostView.swift",
"Rendering/AccessoryRendering.swift",
"Rendering/FloatingAccessoryDiagnostics.swift",
"Rendering/Native/NativeAccessoryContainerLayout.swift",
"Rendering/Native/NativeAccessoryEnvironmentObservation.swift",
"Rendering/Native/NativeAccessoryHitTesting.swift",
"Rendering/Native/NativeTabBarAccessoryRenderer.swift",
"Rendering/Overlay/OverlayAccessoryHostView.swift",
"Rendering/Overlay/OverlaySafeAreaAdjustment.swift",
"Rendering/Overlay/OverlayTabBarAccessoryRenderer.swift",
"Rendering/Overlay/TabBarRevealHitAreaView.swift",
"Rendering/TabBarAccessoryContentMeasurement.swift",
"Rendering/TabBarAccessoryHostObservation.swift",
"Rendering/TabBarAccessoryLayoutAnimator.swift",
"Rendering/TabBarAccessoryLayoutObservationView.swift",
"Rendering/TabBarAccessoryTabBarButtons.swift"
],
"type" : "library"
}
],
"tools_version" : "6.2"
}
{
"workspace" : {
"name" : "spi-builder-workspace",
"schemes" : [
"FloatingAccessoryKit",
"FloatingAccessoryKitTests"
]
}
}
2026-07-30 15:38:48.022 xcodebuild[760:4664] [MT] IDERunDestination: Supported platforms for the buildables in the current scheme is empty.
2026-07-30 15:38:48.186 xcodebuild[760:4664] [MT] IDERunDestination: Supported platforms for the buildables in the current scheme is empty.
{
"workspace" : {
"name" : "spi-builder-workspace",
"schemes" : [
"FloatingAccessoryKit",
"FloatingAccessoryKitTests"
]
}
}
2026-07-30 15:38:48.896 xcodebuild[763:4701] [MT] IDERunDestination: Supported platforms for the buildables in the current scheme is empty.
2026-07-30 15:38:49.057 xcodebuild[763:4701] [MT] IDERunDestination: Supported platforms for the buildables in the current scheme is empty.
Running build ...
env DEVELOPER_DIR=/Applications/Xcode-26.3.0.app xcrun xcodebuild -IDEClonedSourcePackagesDirPathOverride=$PWD/.dependencies -skipMacroValidation -skipPackagePluginValidation -derivedDataPath $PWD/.derivedData build -scheme FloatingAccessoryKit -destination generic/platform=tvOS
Command line invocation:
/Applications/Xcode-26.3.0.app/Contents/Developer/usr/bin/xcodebuild -IDEClonedSourcePackagesDirPathOverride=/Users/admin/builder/spi-builder-workspace/.dependencies -skipMacroValidation -skipPackagePluginValidation -derivedDataPath /Users/admin/builder/spi-builder-workspace/.derivedData build -scheme FloatingAccessoryKit -destination generic/platform=tvOS
Resolve Package Graph
Resolved source packages:
FloatingAccessoryKit: /Users/admin/builder/spi-builder-workspace
ComputePackagePrebuildTargetDependencyGraph
Prepare packages
CreateBuildRequest
SendProjectDescription
CreateBuildOperation
ComputeTargetDependencyGraph
note: Building targets in dependency order
note: Target dependency graph (2 targets)
Target 'FloatingAccessoryKit' in project 'FloatingAccessoryKit'
➜ Explicit dependency on target 'FloatingAccessoryKit' in project 'FloatingAccessoryKit'
Target 'FloatingAccessoryKit' in project 'FloatingAccessoryKit' (no dependencies)
GatherProvisioningInputs
CreateBuildDescription
ClangStatCache /Applications/Xcode-26.3.0.app/Contents/Developer/Toolchains/XcodeDefault.xctoolchain/usr/bin/clang-stat-cache /Applications/Xcode-26.3.0.app/Contents/Developer/Platforms/AppleTVOS.platform/Developer/SDKs/AppleTVOS26.2.sdk /Users/admin/builder/spi-builder-workspace/.derivedData/SDKStatCaches.noindex/appletvos26.2-23K50-dc75598d0054f22ec865fa860f139d72c1feacec85df2e04b9fa10f95e757c08.sdkstatcache
cd /Users/admin/builder/spi-builder-workspace/.swiftpm/xcode
/Applications/Xcode-26.3.0.app/Contents/Developer/Toolchains/XcodeDefault.xctoolchain/usr/bin/clang-stat-cache /Applications/Xcode-26.3.0.app/Contents/Developer/Platforms/AppleTVOS.platform/Developer/SDKs/AppleTVOS26.2.sdk -o /Users/admin/builder/spi-builder-workspace/.derivedData/SDKStatCaches.noindex/appletvos26.2-23K50-dc75598d0054f22ec865fa860f139d72c1feacec85df2e04b9fa10f95e757c08.sdkstatcache
SwiftDriver FloatingAccessoryKit normal arm64 com.apple.xcode.tools.swift.compiler (in target 'FloatingAccessoryKit' from project 'FloatingAccessoryKit')
cd /Users/admin/builder/spi-builder-workspace/.swiftpm/xcode
builtin-SwiftDriver -- /Applications/Xcode-26.3.0.app/Contents/Developer/Toolchains/XcodeDefault.xctoolchain/usr/bin/swiftc -module-name FloatingAccessoryKit -Onone -enforce-exclusivity\=checked @/Users/admin/builder/spi-builder-workspace/.derivedData/Build/Intermediates.noindex/FloatingAccessoryKit.build/Debug-appletvos/FloatingAccessoryKit.build/Objects-normal/arm64/FloatingAccessoryKit.SwiftFileList -DSWIFT_PACKAGE -DDEBUG -DSWIFT_MODULE_RESOURCE_BUNDLE_UNAVAILABLE -DXcode -plugin-path /Applications/Xcode-26.3.0.app/Contents/Developer/Toolchains/XcodeDefault.xctoolchain/usr/lib/swift/host/plugins/testing -enable-experimental-feature DebugDescriptionMacro -sdk /Applications/Xcode-26.3.0.app/Contents/Developer/Platforms/AppleTVOS.platform/Developer/SDKs/AppleTVOS26.2.sdk -target arm64-apple-tvos18.0 -g -module-cache-path /Users/admin/builder/spi-builder-workspace/.derivedData/ModuleCache.noindex -Xfrontend -serialize-debugging-options -profile-coverage-mapping -profile-generate -enable-testing -index-store-path /Users/admin/builder/spi-builder-workspace/.derivedData/Index.noindex/DataStore -Xcc -D_LIBCPP_HARDENING_MODE\=_LIBCPP_HARDENING_MODE_DEBUG -swift-version 6 -I /Users/admin/builder/spi-builder-workspace/.derivedData/Build/Products/Debug-appletvos -Isystem /Applications/Xcode-26.3.0.app/Contents/Developer/Platforms/AppleTVOS.platform/Developer/usr/lib -F /Users/admin/builder/spi-builder-workspace/.derivedData/Build/Products/Debug-appletvos -F /Applications/Xcode-26.3.0.app/Contents/Developer/Platforms/AppleTVOS.platform/Developer/Library/Frameworks -F /Applications/Xcode-26.3.0.app/Contents/Developer/Platforms/AppleTVOS.platform/Developer/SDKs/AppleTVOS26.2.sdk/Developer/Library/Frameworks -c -j10 -enable-batch-mode -incremental -Xcc -ivfsstatcache -Xcc /Users/admin/builder/spi-builder-workspace/.derivedData/SDKStatCaches.noindex/appletvos26.2-23K50-dc75598d0054f22ec865fa860f139d72c1feacec85df2e04b9fa10f95e757c08.sdkstatcache -output-file-map /Users/admin/builder/spi-builder-workspace/.derivedData/Build/Intermediates.noindex/FloatingAccessoryKit.build/Debug-appletvos/FloatingAccessoryKit.build/Objects-normal/arm64/FloatingAccessoryKit-OutputFileMap.json -use-frontend-parseable-output -save-temps -no-color-diagnostics -explicit-module-build -module-cache-path /Users/admin/builder/spi-builder-workspace/.derivedData/Build/Intermediates.noindex/SwiftExplicitPrecompiledModules -clang-scanner-module-cache-path /Users/admin/builder/spi-builder-workspace/.derivedData/ModuleCache.noindex -sdk-module-cache-path /Users/admin/builder/spi-builder-workspace/.derivedData/ModuleCache.noindex -serialize-diagnostics -emit-dependencies -emit-module -emit-module-path /Users/admin/builder/spi-builder-workspace/.derivedData/Build/Intermediates.noindex/FloatingAccessoryKit.build/Debug-appletvos/FloatingAccessoryKit.build/Objects-normal/arm64/FloatingAccessoryKit.swiftmodule -validate-clang-modules-once -clang-build-session-file /Users/admin/builder/spi-builder-workspace/.derivedData/ModuleCache.noindex/Session.modulevalidation -package-name spi_builder_workspace -Xcc -I/Users/admin/builder/spi-builder-workspace/.derivedData/Build/Intermediates.noindex/FloatingAccessoryKit.build/Debug-appletvos/FloatingAccessoryKit.build/swift-overrides.hmap -emit-const-values -Xfrontend -const-gather-protocols-file -Xfrontend /Users/admin/builder/spi-builder-workspace/.derivedData/Build/Intermediates.noindex/FloatingAccessoryKit.build/Debug-appletvos/FloatingAccessoryKit.build/Objects-normal/arm64/FloatingAccessoryKit_const_extract_protocols.json -Xcc -I/Users/admin/builder/spi-builder-workspace/.derivedData/Build/Products/Debug-appletvos/include -Xcc -I/Users/admin/builder/spi-builder-workspace/.derivedData/Build/Intermediates.noindex/FloatingAccessoryKit.build/Debug-appletvos/FloatingAccessoryKit.build/DerivedSources-normal/arm64 -Xcc -I/Users/admin/builder/spi-builder-workspace/.derivedData/Build/Intermediates.noindex/FloatingAccessoryKit.build/Debug-appletvos/FloatingAccessoryKit.build/DerivedSources/arm64 -Xcc -I/Users/admin/builder/spi-builder-workspace/.derivedData/Build/Intermediates.noindex/FloatingAccessoryKit.build/Debug-appletvos/FloatingAccessoryKit.build/DerivedSources -Xcc -DSWIFT_PACKAGE -Xcc -DDEBUG\=1 -emit-objc-header -emit-objc-header-path /Users/admin/builder/spi-builder-workspace/.derivedData/Build/Intermediates.noindex/FloatingAccessoryKit.build/Debug-appletvos/FloatingAccessoryKit.build/Objects-normal/arm64/FloatingAccessoryKit-Swift.h -working-directory /Users/admin/builder/spi-builder-workspace/.swiftpm/xcode -experimental-emit-module-separately -disable-cmo
SwiftCompile normal arm64 Compiling\ TabBarAccessoryController.swift,\ UITabBarController+FloatingAccessory.swift /Users/admin/builder/spi-builder-workspace/Sources/FloatingAccessoryKit/Public/TabBarAccessoryController.swift /Users/admin/builder/spi-builder-workspace/Sources/FloatingAccessoryKit/Public/UITabBarController+FloatingAccessory.swift (in target 'FloatingAccessoryKit' from project 'FloatingAccessoryKit')
SwiftCompile normal arm64 /Users/admin/builder/spi-builder-workspace/Sources/FloatingAccessoryKit/Public/TabBarAccessoryController.swift (in target 'FloatingAccessoryKit' from project 'FloatingAccessoryKit')
cd /Users/admin/builder/spi-builder-workspace/.swiftpm/xcode
SwiftCompile normal arm64 /Users/admin/builder/spi-builder-workspace/Sources/FloatingAccessoryKit/Public/UITabBarController+FloatingAccessory.swift (in target 'FloatingAccessoryKit' from project 'FloatingAccessoryKit')
cd /Users/admin/builder/spi-builder-workspace/.swiftpm/xcode
SwiftCompile normal arm64 Compiling\ FloatingAccessoryDiagnostics.swift,\ NativeAccessoryContainerLayout.swift /Users/admin/builder/spi-builder-workspace/Sources/FloatingAccessoryKit/Rendering/FloatingAccessoryDiagnostics.swift /Users/admin/builder/spi-builder-workspace/Sources/FloatingAccessoryKit/Rendering/Native/NativeAccessoryContainerLayout.swift (in target 'FloatingAccessoryKit' from project 'FloatingAccessoryKit')
SwiftCompile normal arm64 /Users/admin/builder/spi-builder-workspace/Sources/FloatingAccessoryKit/Rendering/FloatingAccessoryDiagnostics.swift (in target 'FloatingAccessoryKit' from project 'FloatingAccessoryKit')
cd /Users/admin/builder/spi-builder-workspace/.swiftpm/xcode
SwiftCompile normal arm64 /Users/admin/builder/spi-builder-workspace/Sources/FloatingAccessoryKit/Rendering/Native/NativeAccessoryContainerLayout.swift (in target 'FloatingAccessoryKit' from project 'FloatingAccessoryKit')
cd /Users/admin/builder/spi-builder-workspace/.swiftpm/xcode
SwiftCompile normal arm64 Compiling\ NativeAccessoryEnvironmentObservation.swift,\ NativeAccessoryHitTesting.swift /Users/admin/builder/spi-builder-workspace/Sources/FloatingAccessoryKit/Rendering/Native/NativeAccessoryEnvironmentObservation.swift /Users/admin/builder/spi-builder-workspace/Sources/FloatingAccessoryKit/Rendering/Native/NativeAccessoryHitTesting.swift (in target 'FloatingAccessoryKit' from project 'FloatingAccessoryKit')
SwiftCompile normal arm64 /Users/admin/builder/spi-builder-workspace/Sources/FloatingAccessoryKit/Rendering/Native/NativeAccessoryEnvironmentObservation.swift (in target 'FloatingAccessoryKit' from project 'FloatingAccessoryKit')
cd /Users/admin/builder/spi-builder-workspace/.swiftpm/xcode
SwiftCompile normal arm64 /Users/admin/builder/spi-builder-workspace/Sources/FloatingAccessoryKit/Rendering/Native/NativeAccessoryHitTesting.swift (in target 'FloatingAccessoryKit' from project 'FloatingAccessoryKit')
cd /Users/admin/builder/spi-builder-workspace/.swiftpm/xcode
SwiftCompile normal arm64 Compiling\ AccessoryContentHostView.swift,\ AccessoryRendering.swift /Users/admin/builder/spi-builder-workspace/Sources/FloatingAccessoryKit/Rendering/AccessoryContentHostView.swift /Users/admin/builder/spi-builder-workspace/Sources/FloatingAccessoryKit/Rendering/AccessoryRendering.swift (in target 'FloatingAccessoryKit' from project 'FloatingAccessoryKit')
SwiftCompile normal arm64 /Users/admin/builder/spi-builder-workspace/Sources/FloatingAccessoryKit/Rendering/AccessoryContentHostView.swift (in target 'FloatingAccessoryKit' from project 'FloatingAccessoryKit')
cd /Users/admin/builder/spi-builder-workspace/.swiftpm/xcode
SwiftCompile normal arm64 /Users/admin/builder/spi-builder-workspace/Sources/FloatingAccessoryKit/Rendering/AccessoryRendering.swift (in target 'FloatingAccessoryKit' from project 'FloatingAccessoryKit')
cd /Users/admin/builder/spi-builder-workspace/.swiftpm/xcode
SwiftCompile normal arm64 Compiling\ TabBarRevealHitAreaView.swift,\ TabBarAccessoryContentMeasurement.swift /Users/admin/builder/spi-builder-workspace/Sources/FloatingAccessoryKit/Rendering/Overlay/TabBarRevealHitAreaView.swift /Users/admin/builder/spi-builder-workspace/Sources/FloatingAccessoryKit/Rendering/TabBarAccessoryContentMeasurement.swift (in target 'FloatingAccessoryKit' from project 'FloatingAccessoryKit')
SwiftCompile normal arm64 /Users/admin/builder/spi-builder-workspace/Sources/FloatingAccessoryKit/Rendering/Overlay/TabBarRevealHitAreaView.swift (in target 'FloatingAccessoryKit' from project 'FloatingAccessoryKit')
cd /Users/admin/builder/spi-builder-workspace/.swiftpm/xcode
SwiftCompile normal arm64 /Users/admin/builder/spi-builder-workspace/Sources/FloatingAccessoryKit/Rendering/TabBarAccessoryContentMeasurement.swift (in target 'FloatingAccessoryKit' from project 'FloatingAccessoryKit')
cd /Users/admin/builder/spi-builder-workspace/.swiftpm/xcode
SwiftCompile normal arm64 Compiling\ TabBarAccessoryHostObservation.swift,\ TabBarAccessoryLayoutAnimator.swift /Users/admin/builder/spi-builder-workspace/Sources/FloatingAccessoryKit/Rendering/TabBarAccessoryHostObservation.swift /Users/admin/builder/spi-builder-workspace/Sources/FloatingAccessoryKit/Rendering/TabBarAccessoryLayoutAnimator.swift (in target 'FloatingAccessoryKit' from project 'FloatingAccessoryKit')
SwiftCompile normal arm64 /Users/admin/builder/spi-builder-workspace/Sources/FloatingAccessoryKit/Rendering/TabBarAccessoryHostObservation.swift (in target 'FloatingAccessoryKit' from project 'FloatingAccessoryKit')
cd /Users/admin/builder/spi-builder-workspace/.swiftpm/xcode
SwiftCompile normal arm64 /Users/admin/builder/spi-builder-workspace/Sources/FloatingAccessoryKit/Rendering/TabBarAccessoryLayoutAnimator.swift (in target 'FloatingAccessoryKit' from project 'FloatingAccessoryKit')
cd /Users/admin/builder/spi-builder-workspace/.swiftpm/xcode
SwiftCompile normal arm64 Compiling\ OverlaySafeAreaAdjustment.swift,\ OverlayTabBarAccessoryRenderer.swift /Users/admin/builder/spi-builder-workspace/Sources/FloatingAccessoryKit/Rendering/Overlay/OverlaySafeAreaAdjustment.swift /Users/admin/builder/spi-builder-workspace/Sources/FloatingAccessoryKit/Rendering/Overlay/OverlayTabBarAccessoryRenderer.swift (in target 'FloatingAccessoryKit' from project 'FloatingAccessoryKit')
SwiftCompile normal arm64 /Users/admin/builder/spi-builder-workspace/Sources/FloatingAccessoryKit/Rendering/Overlay/OverlaySafeAreaAdjustment.swift (in target 'FloatingAccessoryKit' from project 'FloatingAccessoryKit')
cd /Users/admin/builder/spi-builder-workspace/.swiftpm/xcode
SwiftCompile normal arm64 /Users/admin/builder/spi-builder-workspace/Sources/FloatingAccessoryKit/Rendering/Overlay/OverlayTabBarAccessoryRenderer.swift (in target 'FloatingAccessoryKit' from project 'FloatingAccessoryKit')
cd /Users/admin/builder/spi-builder-workspace/.swiftpm/xcode
SwiftCompile normal arm64 Compiling\ NativeTabBarAccessoryRenderer.swift,\ OverlayAccessoryHostView.swift /Users/admin/builder/spi-builder-workspace/Sources/FloatingAccessoryKit/Rendering/Native/NativeTabBarAccessoryRenderer.swift /Users/admin/builder/spi-builder-workspace/Sources/FloatingAccessoryKit/Rendering/Overlay/OverlayAccessoryHostView.swift (in target 'FloatingAccessoryKit' from project 'FloatingAccessoryKit')
SwiftCompile normal arm64 /Users/admin/builder/spi-builder-workspace/Sources/FloatingAccessoryKit/Rendering/Native/NativeTabBarAccessoryRenderer.swift (in target 'FloatingAccessoryKit' from project 'FloatingAccessoryKit')
cd /Users/admin/builder/spi-builder-workspace/.swiftpm/xcode
SwiftCompile normal arm64 /Users/admin/builder/spi-builder-workspace/Sources/FloatingAccessoryKit/Rendering/Overlay/OverlayAccessoryHostView.swift (in target 'FloatingAccessoryKit' from project 'FloatingAccessoryKit')
cd /Users/admin/builder/spi-builder-workspace/.swiftpm/xcode
SwiftCompile normal arm64 Compiling\ TabBarAccessoryTabBarButtons.swift /Users/admin/builder/spi-builder-workspace/Sources/FloatingAccessoryKit/Rendering/TabBarAccessoryTabBarButtons.swift (in target 'FloatingAccessoryKit' from project 'FloatingAccessoryKit')
SwiftCompile normal arm64 /Users/admin/builder/spi-builder-workspace/Sources/FloatingAccessoryKit/Rendering/TabBarAccessoryTabBarButtons.swift (in target 'FloatingAccessoryKit' from project 'FloatingAccessoryKit')
cd /Users/admin/builder/spi-builder-workspace/.swiftpm/xcode
SwiftEmitModule normal arm64 Emitting\ module\ for\ FloatingAccessoryKit (in target 'FloatingAccessoryKit' from project 'FloatingAccessoryKit')
Failed frontend command:
/Applications/Xcode-26.3.0.app/Contents/Developer/Toolchains/XcodeDefault.xctoolchain/usr/bin/swift-frontend -frontend -emit-module -experimental-skip-non-inlinable-function-bodies-without-types /Users/admin/builder/spi-builder-workspace/Sources/FloatingAccessoryKit/Public/TabBarAccessoryController.swift /Users/admin/builder/spi-builder-workspace/Sources/FloatingAccessoryKit/Public/UITabBarController+FloatingAccessory.swift /Users/admin/builder/spi-builder-workspace/Sources/FloatingAccessoryKit/Rendering/AccessoryContentHostView.swift /Users/admin/builder/spi-builder-workspace/Sources/FloatingAccessoryKit/Rendering/AccessoryRendering.swift /Users/admin/builder/spi-builder-workspace/Sources/FloatingAccessoryKit/Rendering/FloatingAccessoryDiagnostics.swift /Users/admin/builder/spi-builder-workspace/Sources/FloatingAccessoryKit/Rendering/Native/NativeAccessoryContainerLayout.swift /Users/admin/builder/spi-builder-workspace/Sources/FloatingAccessoryKit/Rendering/Native/NativeAccessoryEnvironmentObservation.swift /Users/admin/builder/spi-builder-workspace/Sources/FloatingAccessoryKit/Rendering/Native/NativeAccessoryHitTesting.swift /Users/admin/builder/spi-builder-workspace/Sources/FloatingAccessoryKit/Rendering/Native/NativeTabBarAccessoryRenderer.swift /Users/admin/builder/spi-builder-workspace/Sources/FloatingAccessoryKit/Rendering/Overlay/OverlayAccessoryHostView.swift /Users/admin/builder/spi-builder-workspace/Sources/FloatingAccessoryKit/Rendering/Overlay/OverlaySafeAreaAdjustment.swift /Users/admin/builder/spi-builder-workspace/Sources/FloatingAccessoryKit/Rendering/Overlay/OverlayTabBarAccessoryRenderer.swift /Users/admin/builder/spi-builder-workspace/Sources/FloatingAccessoryKit/Rendering/Overlay/TabBarRevealHitAreaView.swift /Users/admin/builder/spi-builder-workspace/Sources/FloatingAccessoryKit/Rendering/TabBarAccessoryContentMeasurement.swift /Users/admin/builder/spi-builder-workspace/Sources/FloatingAccessoryKit/Rendering/TabBarAccessoryHostObservation.swift /Users/admin/builder/spi-builder-workspace/Sources/FloatingAccessoryKit/Rendering/TabBarAccessoryLayoutAnimator.swift /Users/admin/builder/spi-builder-workspace/Sources/FloatingAccessoryKit/Rendering/TabBarAccessoryLayoutObservationView.swift /Users/admin/builder/spi-builder-workspace/Sources/FloatingAccessoryKit/Rendering/TabBarAccessoryTabBarButtons.swift -target arm64-apple-tvos18.0 -load-resolved-plugin /Applications/Xcode-26.3.0.app/Contents/Developer/Platforms/AppleTVOS.platform/Developer/usr/lib/swift/host/plugins/libFoundationMacros.dylib\#/Applications/Xcode-26.3.0.app/Contents/Developer/Platforms/AppleTVOS.platform/Developer/usr/bin/swift-plugin-server\#FoundationMacros -load-resolved-plugin /Applications/Xcode-26.3.0.app/Contents/Developer/Platforms/AppleTVOS.platform/Developer/usr/lib/swift/host/plugins/libObservationMacros.dylib\#/Applications/Xcode-26.3.0.app/Contents/Developer/Platforms/AppleTVOS.platform/Developer/usr/bin/swift-plugin-server\#ObservationMacros -load-resolved-plugin /Applications/Xcode-26.3.0.app/Contents/Developer/Platforms/AppleTVOS.platform/Developer/usr/lib/swift/host/plugins/libPreviewsMacros.dylib\#/Applications/Xcode-26.3.0.app/Contents/Developer/Platforms/AppleTVOS.platform/Developer/usr/bin/swift-plugin-server\#PreviewsMacros -load-resolved-plugin /Applications/Xcode-26.3.0.app/Contents/Developer/Platforms/AppleTVOS.platform/Developer/usr/lib/swift/host/plugins/libSwiftMacros.dylib\#/Applications/Xcode-26.3.0.app/Contents/Developer/Platforms/AppleTVOS.platform/Developer/usr/bin/swift-plugin-server\#SwiftMacros -load-resolved-plugin /Applications/Xcode-26.3.0.app/Contents/Developer/Platforms/AppleTVOS.platform/Developer/usr/lib/swift/host/plugins/libSwiftUIMacros.dylib\#/Applications/Xcode-26.3.0.app/Contents/Developer/Platforms/AppleTVOS.platform/Developer/usr/bin/swift-plugin-server\#SwiftUIMacros -disable-implicit-swift-modules -Xcc -fno-implicit-modules -Xcc -fno-implicit-module-maps -explicit-swift-module-map-file /Users/admin/builder/spi-builder-workspace/.derivedData/Build/Intermediates.noindex/FloatingAccessoryKit.build/Debug-appletvos/FloatingAccessoryKit.build/Objects-normal/arm64/FloatingAccessoryKit-dependencies-1.json -Xllvm -aarch64-use-tbi -enable-objc-interop -stack-check -sdk /Applications/Xcode-26.3.0.app/Contents/Developer/Platforms/AppleTVOS.platform/Developer/SDKs/AppleTVOS26.2.sdk -I /Users/admin/builder/spi-builder-workspace/.derivedData/Build/Products/Debug-appletvos -Isystem /Applications/Xcode-26.3.0.app/Contents/Developer/Platforms/AppleTVOS.platform/Developer/usr/lib -F /Users/admin/builder/spi-builder-workspace/.derivedData/Build/Products/Debug-appletvos -F /Applications/Xcode-26.3.0.app/Contents/Developer/Platforms/AppleTVOS.platform/Developer/Library/Frameworks -F /Applications/Xcode-26.3.0.app/Contents/Developer/Platforms/AppleTVOS.platform/Developer/SDKs/AppleTVOS26.2.sdk/Developer/Library/Frameworks -no-color-diagnostics -Xcc -fno-color-diagnostics -enable-testing -g -debug-info-format\=dwarf -dwarf-version\=5 -module-cache-path /Users/admin/builder/spi-builder-workspace/.derivedData/Build/Intermediates.noindex/SwiftExplicitPrecompiledModules -profile-generate -profile-coverage-mapping -swift-version 6 -enforce-exclusivity\=checked -Onone -D SWIFT_PACKAGE -D DEBUG -D SWIFT_MODULE_RESOURCE_BUNDLE_UNAVAILABLE -D Xcode -serialize-debugging-options -const-gather-protocols-file /Users/admin/builder/spi-builder-workspace/.derivedData/Build/Intermediates.noindex/FloatingAccessoryKit.build/Debug-appletvos/FloatingAccessoryKit.build/Objects-normal/arm64/FloatingAccessoryKit_const_extract_protocols.json -enable-experimental-feature DebugDescriptionMacro -empty-abi-descriptor -validate-clang-modules-once -clang-build-session-file /Users/admin/builder/spi-builder-workspace/.derivedData/ModuleCache.noindex/Session.modulevalidation -Xcc -working-directory -Xcc /Users/admin/builder/spi-builder-workspace/.swiftpm/xcode -enable-anonymous-context-mangled-names -file-compilation-dir /Users/admin/builder/spi-builder-workspace/.swiftpm/xcode -Xcc -D_LIBCPP_HARDENING_MODE\=_LIBCPP_HARDENING_MODE_DEBUG -Xcc -ivfsstatcache -Xcc /Users/admin/builder/spi-builder-workspace/.derivedData/SDKStatCaches.noindex/appletvos26.2-23K50-dc75598d0054f22ec865fa860f139d72c1feacec85df2e04b9fa10f95e757c08.sdkstatcache -Xcc -I/Users/admin/builder/spi-builder-workspace/.derivedData/Build/Intermediates.noindex/FloatingAccessoryKit.build/Debug-appletvos/FloatingAccessoryKit.build/swift-overrides.hmap -Xcc -I/Users/admin/builder/spi-builder-workspace/.derivedData/Build/Products/Debug-appletvos/include -Xcc -I/Users/admin/builder/spi-builder-workspace/.derivedData/Build/Intermediates.noindex/FloatingAccessoryKit.build/Debug-appletvos/FloatingAccessoryKit.build/DerivedSources-normal/arm64 -Xcc -I/Users/admin/builder/spi-builder-workspace/.derivedData/Build/Intermediates.noindex/FloatingAccessoryKit.build/Debug-appletvos/FloatingAccessoryKit.build/DerivedSources/arm64 -Xcc -I/Users/admin/builder/spi-builder-workspace/.derivedData/Build/Intermediates.noindex/FloatingAccessoryKit.build/Debug-appletvos/FloatingAccessoryKit.build/DerivedSources -Xcc -DSWIFT_PACKAGE -Xcc -DDEBUG\=1 -no-auto-bridging-header-chaining -module-name FloatingAccessoryKit -package-name spi_builder_workspace -frontend-parseable-output -disable-clang-spi -target-sdk-version 26.2 -target-sdk-name appletvos26.2 -clang-target arm64-apple-tvos26.2 -in-process-plugin-server-path /Applications/Xcode-26.3.0.app/Contents/Developer/Toolchains/XcodeDefault.xctoolchain/usr/lib/swift/host/libSwiftInProcPluginServer.dylib -emit-module-doc-path /Users/admin/builder/spi-builder-workspace/.derivedData/Build/Intermediates.noindex/FloatingAccessoryKit.build/Debug-appletvos/FloatingAccessoryKit.build/Objects-normal/arm64/FloatingAccessoryKit.swiftdoc -emit-module-source-info-path /Users/admin/builder/spi-builder-workspace/.derivedData/Build/Intermediates.noindex/FloatingAccessoryKit.build/Debug-appletvos/FloatingAccessoryKit.build/Objects-normal/arm64/FloatingAccessoryKit.swiftsourceinfo -emit-objc-header-path /Users/admin/builder/spi-builder-workspace/.derivedData/Build/Intermediates.noindex/FloatingAccessoryKit.build/Debug-appletvos/FloatingAccessoryKit.build/Objects-normal/arm64/FloatingAccessoryKit-Swift.h -serialize-diagnostics-path /Users/admin/builder/spi-builder-workspace/.derivedData/Build/Intermediates.noindex/FloatingAccessoryKit.build/Debug-appletvos/FloatingAccessoryKit.build/Objects-normal/arm64/FloatingAccessoryKit-primary-emit-module.dia -emit-dependencies-path /Users/admin/builder/spi-builder-workspace/.derivedData/Build/Intermediates.noindex/FloatingAccessoryKit.build/Debug-appletvos/FloatingAccessoryKit.build/Objects-normal/arm64/FloatingAccessoryKit-primary-emit-module.d -o /Users/admin/builder/spi-builder-workspace/.derivedData/Build/Intermediates.noindex/FloatingAccessoryKit.build/Debug-appletvos/FloatingAccessoryKit.build/Objects-normal/arm64/FloatingAccessoryKit.swiftmodule -emit-abi-descriptor-path /Users/admin/builder/spi-builder-workspace/.derivedData/Build/Intermediates.noindex/FloatingAccessoryKit.build/Debug-appletvos/FloatingAccessoryKit.build/Objects-normal/arm64/FloatingAccessoryKit.abi.json
EmitSwiftModule normal arm64 (in target 'FloatingAccessoryKit' from project 'FloatingAccessoryKit')
cd /Users/admin/builder/spi-builder-workspace/.swiftpm/xcode
/Users/admin/builder/spi-builder-workspace/Sources/FloatingAccessoryKit/Rendering/Native/NativeTabBarAccessoryRenderer.swift:9:31: error: 'UITabAccessory' is unavailable in tvOS
private var tabAccessory: UITabAccessory?
^~~~~~~~~~~~~~
/Applications/Xcode-26.3.0.app/Contents/Developer/Platforms/AppleTVOS.platform/Developer/SDKs/AppleTVOS26.2.sdk/System/Library/Frameworks/UIKit.framework/Headers/UITabAccessory.h:18:12: note: 'UITabAccessory' has been explicitly marked unavailable here
@interface UITabAccessory: NSObject
^
SwiftCompile normal arm64 Compiling\ TabBarAccessoryLayoutObservationView.swift /Users/admin/builder/spi-builder-workspace/Sources/FloatingAccessoryKit/Rendering/TabBarAccessoryLayoutObservationView.swift (in target 'FloatingAccessoryKit' from project 'FloatingAccessoryKit')
2026-07-30 15:38:49.757 xcodebuild[765:4732] [MT] IDERunDestination: Supported platforms for the buildables in the current scheme is empty.
2026-07-30 15:38:49.922 xcodebuild[765:4732] [MT] IDERunDestination: Supported platforms for the buildables in the current scheme is empty.
** BUILD FAILED **
The following build commands failed:
SwiftEmitModule normal arm64 Emitting\ module\ for\ FloatingAccessoryKit (in target 'FloatingAccessoryKit' from project 'FloatingAccessoryKit')
EmitSwiftModule normal arm64 (in target 'FloatingAccessoryKit' from project 'FloatingAccessoryKit')
Building workspace spi-builder-workspace with scheme FloatingAccessoryKit
(3 failures)
BUILD FAILURE 6.2 tvOS