The Swift Package Index logo.Swift Package Index

Build Information

Failed to build Swiftlier, reference master (e1f789), with Swift 6.4 for Wasm on 15 Sep 2026 21:35:59 UTC.

Build Command

bash -c docker run --pull=always --rm -v "checkouts-53886769-1":/host -w "$PWD" -e JAVA_HOME="/root/.sdkman/candidates/java/current" -e SPI_BUILD="1" -e SPI_PROCESSING="1" registry.gitlab.com/saguaro1/spi-images:wasm-6.4-latest swift build --swift-sdk swift-6.4.x-DEVELOPMENT-SNAPSHOT-2026-09-04-a_wasm 2>&1

Build Log

========================================
RunAll
========================================
Builder version: 5.1.0
Interrupt handler set up.
========================================
Checkout
========================================
Clone URL: https://github.com/drewag/swiftlier.git
Reference: master
Initialized empty Git repository in /host/spi-builder-workspace/.git/
hint: Using 'master' as the name for the initial branch. This default branch name
hint: is subject to change. To configure the initial branch name to use in all
hint: of your new repositories, which will suppress this warning, call:
hint:
hint: 	git config --global init.defaultBranch <name>
hint:
hint: Names commonly chosen instead of 'master' are 'main', 'trunk' and
hint: 'development'. The just-created branch can be renamed via this command:
hint:
hint: 	git branch -m <name>
From https://github.com/drewag/swiftlier
 * branch            master     -> FETCH_HEAD
 * [new branch]      master     -> origin/master
HEAD is now at e1f7897 [BF] Fix azure tests
Cloned https://github.com/drewag/swiftlier.git
Revision (git rev-parse @):
e1f78972b8a19cfff3248603d1a97f66ef9ef591
SUCCESS checkout https://github.com/drewag/swiftlier.git at master
========================================
Build
========================================
Selected platform:         wasm
Swift version:             6.4
Building package at path:  $PWD
https://github.com/drewag/swiftlier.git
Running build ...
bash -c docker run --pull=always --rm -v "checkouts-53886769-1":/host -w "$PWD" -e JAVA_HOME="/root/.sdkman/candidates/java/current" -e SPI_BUILD="1" -e SPI_PROCESSING="1" registry.gitlab.com/saguaro1/spi-images:wasm-6.4-latest swift build --swift-sdk swift-6.4.x-DEVELOPMENT-SNAPSHOT-2026-09-04-a_wasm 2>&1
wasm-6.4-latest: Pulling from saguaro1/spi-images
Digest: sha256:4328fdb43c680d205c1d6761b1e3267aa38277eefdda9ddfb17b6a0f1a77857a
Status: Image is up to date for registry.gitlab.com/saguaro1/spi-images:wasm-6.4-latest
Building for debugging...
[Planning deferred tasks]
error: SwiftCompile normal wasm32 failed with a nonzero exit code. Command line:     cd /host

/host/spi-builder-workspace/Sources/Swiftlier/Enhancements/DispatchQueue+Enhancements.swift:11:11: error: cannot find type 'DispatchQueue' in scope
 9 | import Foundation
10 |
11 | extension DispatchQueue {
   |           `- error: cannot find type 'DispatchQueue' in scope
12 |     /// Execute the work after a certain number of seconds
13 |     ///
/host/spi-builder-workspace/Sources/Swiftlier/FileSystem/Path+Coding.swift:13:189: error: 'atomic' is unavailable: atomic writing is unavailable in WASI because temporary files are not supported
 11 | extension DirectoryPath {
 12 |     @discardableResult
 13 |     public func addFile<E: Swift.Encodable>(named: String, containingEncodable encodable: E, userInfo: [CodingUserInfoKey:Any] = [:], canOverwrite: Bool, options: NSData.WritingOptions = .atomic, encrypt: (Data) throws -> Data = {return $0}) throws -> FilePath {
    |                                                                                                                                                                                             `- error: 'atomic' is unavailable: atomic writing is unavailable in WASI because temporary files are not supported
 14 |         let object = try NativeTypesEncoder.object(from: encodable, userInfo: userInfo)
 15 |         let data = try FileArchive.data(from: object, encrypt: encrypt)
FoundationEssentials.Data.WritingOptions.atomic:4:23: note: 'atomic' has been explicitly marked unavailable here
2 |   struct WritingOptions {
3 | @available(*, unavailable, message: "atomic writing is unavailable in WASI because temporary files are not supported")
4 |     public static let atomic: Data.WritingOptions  }
  |                       `- note: 'atomic' has been explicitly marked unavailable here
5 | }
6 |
/host/spi-builder-workspace/Sources/Swiftlier/FileSystem/Path+Coding.swift:20:197: error: 'atomic' is unavailable: atomic writing is unavailable in WASI because temporary files are not supported
 18 |
 19 |     @discardableResult
 20 |     public func addFile<E: Swift.Encodable>(named: String, containingEncodableDict dict: [String:E], userInfo: [CodingUserInfoKey:Any] = [:], canOverwrite: Bool, options: NSData.WritingOptions = .atomic, encrypt: (Data) throws -> Data = {return $0}) throws -> FilePath {
    |                                                                                                                                                                                                     `- error: 'atomic' is unavailable: atomic writing is unavailable in WASI because temporary files are not supported
 21 |         var finalDict = [String:Any]()
 22 |
FoundationEssentials.Data.WritingOptions.atomic:4:23: note: 'atomic' has been explicitly marked unavailable here
2 |   struct WritingOptions {
3 | @available(*, unavailable, message: "atomic writing is unavailable in WASI because temporary files are not supported")
4 |     public static let atomic: Data.WritingOptions  }
  |                       `- note: 'atomic' has been explicitly marked unavailable here
5 | }
6 |
/host/spi-builder-workspace/Sources/Swiftlier/FileSystem/Path+Coding.swift:32:192: error: 'atomic' is unavailable: atomic writing is unavailable in WASI because temporary files are not supported
 30 |
 31 |     @discardableResult
 32 |     public func addFile<E: Swift.Encodable>(named: String, containingEncodableArray array: [E], userInfo: [CodingUserInfoKey:Any] = [:], canOverwrite: Bool, options: NSData.WritingOptions = .atomic, encrypt: (Data) throws -> Data = {return $0}) throws -> FilePath {
    |                                                                                                                                                                                                `- error: 'atomic' is unavailable: atomic writing is unavailable in WASI because temporary files are not supported
 33 |         var finalArray = [Any]()
 34 |
FoundationEssentials.Data.WritingOptions.atomic:4:23: note: 'atomic' has been explicitly marked unavailable here
2 |   struct WritingOptions {
3 | @available(*, unavailable, message: "atomic writing is unavailable in WASI because temporary files are not supported")
4 |     public static let atomic: Data.WritingOptions  }
  |                       `- note: 'atomic' has been explicitly marked unavailable here
5 | }
6 |
/host/spi-builder-workspace/Sources/Swiftlier/FileSystem/Path+Coding.swift:46:177: error: 'atomic' is unavailable: atomic writing is unavailable in WASI because temporary files are not supported
 44 | extension Path {
 45 |     @discardableResult
 46 |     public func createFile<E: Swift.Encodable>(containingEncodable encodable: E, userInfo: [CodingUserInfoKey:Any] = [:], canOverwrite: Bool, options: NSData.WritingOptions = .atomic, encrypt: (Data) throws -> Data = {return $0}) throws -> FilePath {
    |                                                                                                                                                                                 `- error: 'atomic' is unavailable: atomic writing is unavailable in WASI because temporary files are not supported
 47 |         let name = self.basename
 48 |         let parentDirectory = try FileSystem.default.createDirectoryIfNotExists(at: self.withoutLastComponent.url)
FoundationEssentials.Data.WritingOptions.atomic:4:23: note: 'atomic' has been explicitly marked unavailable here
2 |   struct WritingOptions {
3 | @available(*, unavailable, message: "atomic writing is unavailable in WASI because temporary files are not supported")
4 |     public static let atomic: Data.WritingOptions  }
  |                       `- note: 'atomic' has been explicitly marked unavailable here
5 | }
6 |
/host/spi-builder-workspace/Sources/Swiftlier/FileSystem/Path+Coding.swift:53:174: error: 'atomic' is unavailable: atomic writing is unavailable in WASI because temporary files are not supported
 51 |
 52 |     @discardableResult
 53 |     public func createFile<E: Swift.Encodable>(containingEncodableDict encodableDict: [String:E], userInfo: [CodingUserInfoKey:Any] = [:], options: NSData.WritingOptions = .atomic, canOverwrite: Bool, encrypt: (Data) throws -> Data = {return $0}) throws -> FilePath {
    |                                                                                                                                                                              `- error: 'atomic' is unavailable: atomic writing is unavailable in WASI because temporary files are not supported
 54 |         let name = self.basename
 55 |         let parentDirectory = try FileSystem.default.createDirectoryIfNotExists(at: self.withoutLastComponent.url)
FoundationEssentials.Data.WritingOptions.atomic:4:23: note: 'atomic' has been explicitly marked unavailable here
2 |   struct WritingOptions {
3 | @available(*, unavailable, message: "atomic writing is unavailable in WASI because temporary files are not supported")
4 |     public static let atomic: Data.WritingOptions  }
  |                       `- note: 'atomic' has been explicitly marked unavailable here
5 | }
6 |
/host/spi-builder-workspace/Sources/Swiftlier/FileSystem/Path+Coding.swift:60:189: error: 'atomic' is unavailable: atomic writing is unavailable in WASI because temporary files are not supported
 58 |
 59 |     @discardableResult
 60 |     public func createFile<E: Swift.Encodable>(containingEncodableArray encodableArray: [E], userInfo: [CodingUserInfoKey:Any] = [:], canOverwrite: Bool, options: NSData.WritingOptions = .atomic, encrypt: (Data) throws -> Data = {return $0}) throws -> FilePath {
    |                                                                                                                                                                                             `- error: 'atomic' is unavailable: atomic writing is unavailable in WASI because temporary files are not supported
 61 |         let name = self.basename
 62 |         let parentDirectory = try FileSystem.default.createDirectoryIfNotExists(at: self.withoutLastComponent.url)
FoundationEssentials.Data.WritingOptions.atomic:4:23: note: 'atomic' has been explicitly marked unavailable here
2 |   struct WritingOptions {
3 | @available(*, unavailable, message: "atomic writing is unavailable in WASI because temporary files are not supported")
4 |     public static let atomic: Data.WritingOptions  }
  |                       `- note: 'atomic' has been explicitly marked unavailable here
5 | }
6 |
/host/spi-builder-workspace/Sources/Swiftlier/FileSystem/Path.swift:197:124: error: 'atomic' is unavailable: atomic writing is unavailable in WASI because temporary files are not supported
195 |     }
196 |
197 |     public func addFile(named: String, containing data: Data? = nil, canOverwrite: Bool, options: NSData.WritingOptions = .atomic) throws -> FilePath {
    |                                                                                                                            `- error: 'atomic' is unavailable: atomic writing is unavailable in WASI because temporary files are not supported
198 |         let newUrl = self.url.appendingPathComponent(named)
199 |         return try FileSystem.default.createFile(at: newUrl, with: data, canOverwrite: canOverwrite, options: options)
FoundationEssentials.Data.WritingOptions.atomic:4:23: note: 'atomic' has been explicitly marked unavailable here
2 |   struct WritingOptions {
3 | @available(*, unavailable, message: "atomic writing is unavailable in WASI because temporary files are not supported")
4 |     public static let atomic: Data.WritingOptions  }
  |                       `- note: 'atomic' has been explicitly marked unavailable here
5 | }
6 |
/host/spi-builder-workspace/Sources/Swiftlier/FileSystem/Path.swift:242:112: error: 'atomic' is unavailable: atomic writing is unavailable in WASI because temporary files are not supported
240 |
241 | extension Path {
242 |     public func createFile(containing data: Data? = nil, canOverwrite: Bool, options: NSData.WritingOptions = .atomic) throws -> FilePath {
    |                                                                                                                `- error: 'atomic' is unavailable: atomic writing is unavailable in WASI because temporary files are not supported
243 |         let name = self.basename
244 |         let parentDirectory = try FileSystem.default.createDirectoryIfNotExists(at: self.withoutLastComponent.url)
FoundationEssentials.Data.WritingOptions.atomic:4:23: note: 'atomic' has been explicitly marked unavailable here
2 |   struct WritingOptions {
3 | @available(*, unavailable, message: "atomic writing is unavailable in WASI because temporary files are not supported")
4 |     public static let atomic: Data.WritingOptions  }
  |                       `- note: 'atomic' has been explicitly marked unavailable here
5 | }
6 |
/host/spi-builder-workspace/Sources/Swiftlier/Model/Observable/EventCenter.swift:14:28: warning: using 'class' keyword to define a class-constrained protocol is deprecated; use 'AnyObject' instead [#deprecation]
 12 |     Protcol all events must implemenet to work with EventCenter
 13 | */
 14 | public protocol EventType: class {
    |                            `- warning: using 'class' keyword to define a class-constrained protocol is deprecated; use 'AnyObject' instead [#deprecation]
 15 |     associatedtype CallbackParam
 16 | }
/host/spi-builder-workspace/Sources/Swiftlier/Model/Observable/EventCenter.swift:123:67: error: cannot find type 'OperationQueue' in scope
121 | private extension EventCenter {
122 |     typealias Callback = Any
123 |     typealias CallbackSpec = (callback: Callback, operationQueue: OperationQueue?)
    |                                                                   `- error: cannot find type 'OperationQueue' in scope
124 |     typealias CallbackCollection = [(observer: WeakWrapper<AnyObject>, callbacks: [CallbackSpec])]
125 |
/host/spi-builder-workspace/Sources/Swiftlier/Model/Observable/EventCenter.swift:83:97: error: cannot find type 'OperationQueue' in scope
 81 |         - parameter callback: callback to be called when the event is triggered
 82 |     */
 83 |     open func addObserver<E: EventType>(_ observer: AnyObject, forEvent event: E.Type, inQueue: OperationQueue?, callback: @escaping (E.CallbackParam) -> ()) {
    |                                                                                                 `- error: cannot find type 'OperationQueue' in scope
 84 |         let key = NSStringFromClass(event)
 85 |
/host/spi-builder-workspace/Sources/Swiftlier/Model/Observable/ObservableReference.swift:30:32: warning: using 'class' keyword to define a class-constrained protocol is deprecated; use 'AnyObject' instead [#deprecation]
 28 |  Store a value that can be observed by external objects
 29 |  */
 30 | public protocol Referenceable: class {}
    |                                `- warning: using 'class' keyword to define a class-constrained protocol is deprecated; use 'AnyObject' instead [#deprecation]
 31 | public final class ObservableReference<T: Referenceable> {
 32 |     public typealias Handler = () -> ()
/host/spi-builder-workspace/Sources/Swiftlier/Testing/URLSession+Testing.swift:15:35: error: cannot find type 'URLRequest' in scope
13 |
14 | public protocol AnyURLSession {
15 |     func uploadTask(with request: URLRequest, fromFile fileURL: URL, completionHandler: @escaping (Data?, URLResponse?, Error?) -> Void) -> URLSessionUploadTask
   |                                   `- error: cannot find type 'URLRequest' in scope
16 |     func downloadTask(with url: URL, completionHandler: @escaping (URL?, URLResponse?, Error?) -> Void) -> URLSessionDownloadTask
17 |     func dataTask(with request: URLRequest, completionHandler: @escaping (Data?, URLResponse?, Error?) -> Void) -> URLSessionDataTask
/host/spi-builder-workspace/Sources/Swiftlier/Testing/URLSession+Testing.swift:15:107: error: 'URLResponse' is unavailable: This type has moved to the FoundationNetworking module. Import that module to use it.
13 |
14 | public protocol AnyURLSession {
15 |     func uploadTask(with request: URLRequest, fromFile fileURL: URL, completionHandler: @escaping (Data?, URLResponse?, Error?) -> Void) -> URLSessionUploadTask
   |                                                                                                           `- error: 'URLResponse' is unavailable: This type has moved to the FoundationNetworking module. Import that module to use it.
16 |     func downloadTask(with url: URL, completionHandler: @escaping (URL?, URLResponse?, Error?) -> Void) -> URLSessionDownloadTask
17 |     func dataTask(with request: URLRequest, completionHandler: @escaping (Data?, URLResponse?, Error?) -> Void) -> URLSessionDataTask
Foundation.URLResponse:2:18: note: 'URLResponse' has been explicitly marked unavailable here
1 | @available(*, unavailable, message: "This type has moved to the FoundationNetworking module. Import that module to use it.")
2 | public typealias URLResponse = AnyObject
  |                  `- note: 'URLResponse' has been explicitly marked unavailable here
/host/spi-builder-workspace/Sources/Swiftlier/Testing/URLSession+Testing.swift:15:141: error: 'URLSessionUploadTask' is unavailable: This type has moved to the FoundationNetworking module. Import that module to use it.
13 |
14 | public protocol AnyURLSession {
15 |     func uploadTask(with request: URLRequest, fromFile fileURL: URL, completionHandler: @escaping (Data?, URLResponse?, Error?) -> Void) -> URLSessionUploadTask
   |                                                                                                                                             `- error: 'URLSessionUploadTask' is unavailable: This type has moved to the FoundationNetworking module. Import that module to use it.
16 |     func downloadTask(with url: URL, completionHandler: @escaping (URL?, URLResponse?, Error?) -> Void) -> URLSessionDownloadTask
17 |     func dataTask(with request: URLRequest, completionHandler: @escaping (Data?, URLResponse?, Error?) -> Void) -> URLSessionDataTask
Foundation.URLSessionUploadTask:2:18: note: 'URLSessionUploadTask' has been explicitly marked unavailable here
1 | @available(*, unavailable, message: "This type has moved to the FoundationNetworking module. Import that module to use it.")
2 | public typealias URLSessionUploadTask = AnyObject
  |                  `- note: 'URLSessionUploadTask' has been explicitly marked unavailable here
/host/spi-builder-workspace/Sources/Swiftlier/Testing/URLSession+Testing.swift:16:74: error: 'URLResponse' is unavailable: This type has moved to the FoundationNetworking module. Import that module to use it.
14 | public protocol AnyURLSession {
15 |     func uploadTask(with request: URLRequest, fromFile fileURL: URL, completionHandler: @escaping (Data?, URLResponse?, Error?) -> Void) -> URLSessionUploadTask
16 |     func downloadTask(with url: URL, completionHandler: @escaping (URL?, URLResponse?, Error?) -> Void) -> URLSessionDownloadTask
   |                                                                          `- error: 'URLResponse' is unavailable: This type has moved to the FoundationNetworking module. Import that module to use it.
17 |     func dataTask(with request: URLRequest, completionHandler: @escaping (Data?, URLResponse?, Error?) -> Void) -> URLSessionDataTask
18 | }
Foundation.URLResponse:2:18: note: 'URLResponse' has been explicitly marked unavailable here
1 | @available(*, unavailable, message: "This type has moved to the FoundationNetworking module. Import that module to use it.")
2 | public typealias URLResponse = AnyObject
  |                  `- note: 'URLResponse' has been explicitly marked unavailable here
/host/spi-builder-workspace/Sources/Swiftlier/Testing/URLSession+Testing.swift:16:108: error: 'URLSessionDownloadTask' is unavailable: This type has moved to the FoundationNetworking module. Import that module to use it.
14 | public protocol AnyURLSession {
15 |     func uploadTask(with request: URLRequest, fromFile fileURL: URL, completionHandler: @escaping (Data?, URLResponse?, Error?) -> Void) -> URLSessionUploadTask
16 |     func downloadTask(with url: URL, completionHandler: @escaping (URL?, URLResponse?, Error?) -> Void) -> URLSessionDownloadTask
   |                                                                                                            `- error: 'URLSessionDownloadTask' is unavailable: This type has moved to the FoundationNetworking module. Import that module to use it.
17 |     func dataTask(with request: URLRequest, completionHandler: @escaping (Data?, URLResponse?, Error?) -> Void) -> URLSessionDataTask
18 | }
Foundation.URLSessionDownloadTask:2:18: note: 'URLSessionDownloadTask' has been explicitly marked unavailable here
1 | @available(*, unavailable, message: "This type has moved to the FoundationNetworking module. Import that module to use it.")
2 | public typealias URLSessionDownloadTask = AnyObject
  |                  `- note: 'URLSessionDownloadTask' has been explicitly marked unavailable here
/host/spi-builder-workspace/Sources/Swiftlier/Testing/URLSession+Testing.swift:17:33: error: cannot find type 'URLRequest' in scope
15 |     func uploadTask(with request: URLRequest, fromFile fileURL: URL, completionHandler: @escaping (Data?, URLResponse?, Error?) -> Void) -> URLSessionUploadTask
16 |     func downloadTask(with url: URL, completionHandler: @escaping (URL?, URLResponse?, Error?) -> Void) -> URLSessionDownloadTask
17 |     func dataTask(with request: URLRequest, completionHandler: @escaping (Data?, URLResponse?, Error?) -> Void) -> URLSessionDataTask
   |                                 `- error: cannot find type 'URLRequest' in scope
18 | }
19 |
/host/spi-builder-workspace/Sources/Swiftlier/Testing/URLSession+Testing.swift:17:82: error: 'URLResponse' is unavailable: This type has moved to the FoundationNetworking module. Import that module to use it.
15 |     func uploadTask(with request: URLRequest, fromFile fileURL: URL, completionHandler: @escaping (Data?, URLResponse?, Error?) -> Void) -> URLSessionUploadTask
16 |     func downloadTask(with url: URL, completionHandler: @escaping (URL?, URLResponse?, Error?) -> Void) -> URLSessionDownloadTask
17 |     func dataTask(with request: URLRequest, completionHandler: @escaping (Data?, URLResponse?, Error?) -> Void) -> URLSessionDataTask
   |                                                                                  `- error: 'URLResponse' is unavailable: This type has moved to the FoundationNetworking module. Import that module to use it.
18 | }
19 |
Foundation.URLResponse:2:18: note: 'URLResponse' has been explicitly marked unavailable here
1 | @available(*, unavailable, message: "This type has moved to the FoundationNetworking module. Import that module to use it.")
2 | public typealias URLResponse = AnyObject
  |                  `- note: 'URLResponse' has been explicitly marked unavailable here
/host/spi-builder-workspace/Sources/Swiftlier/Testing/URLSession+Testing.swift:17:116: error: 'URLSessionDataTask' is unavailable: This type has moved to the FoundationNetworking module. Import that module to use it.
15 |     func uploadTask(with request: URLRequest, fromFile fileURL: URL, completionHandler: @escaping (Data?, URLResponse?, Error?) -> Void) -> URLSessionUploadTask
16 |     func downloadTask(with url: URL, completionHandler: @escaping (URL?, URLResponse?, Error?) -> Void) -> URLSessionDownloadTask
17 |     func dataTask(with request: URLRequest, completionHandler: @escaping (Data?, URLResponse?, Error?) -> Void) -> URLSessionDataTask
   |                                                                                                                    `- error: 'URLSessionDataTask' is unavailable: This type has moved to the FoundationNetworking module. Import that module to use it.
18 | }
19 |
Foundation.URLSessionDataTask:2:18: note: 'URLSessionDataTask' has been explicitly marked unavailable here
1 | @available(*, unavailable, message: "This type has moved to the FoundationNetworking module. Import that module to use it.")
2 | public typealias URLSessionDataTask = AnyObject
  |                  `- note: 'URLSessionDataTask' has been explicitly marked unavailable here
/host/spi-builder-workspace/Sources/Swiftlier/Testing/URLSession+Testing.swift:22:38: error: 'URLResponse' is unavailable: This type has moved to the FoundationNetworking module. Import that module to use it.
20 | public class TestURLSession: AnyURLSession {
21 |     public enum Kind {
22 |         case fileUpload(URL, (Data?, URLResponse?, Error?) -> Void)
   |                                      `- error: 'URLResponse' is unavailable: This type has moved to the FoundationNetworking module. Import that module to use it.
23 |         case download
24 |         case data
Foundation.URLResponse:2:18: note: 'URLResponse' has been explicitly marked unavailable here
1 | @available(*, unavailable, message: "This type has moved to the FoundationNetworking module. Import that module to use it.")
2 | public typealias URLResponse = AnyObject
  |                  `- note: 'URLResponse' has been explicitly marked unavailable here
/host/spi-builder-workspace/Sources/Swiftlier/Testing/URLSession+Testing.swift:34:42: error: cannot find type 'URLRequest' in scope
32 |     public var startedTasks = [StartedTask]()
33 |
34 |     public func uploadTask(with request: URLRequest, fromFile fileURL: URL, completionHandler: @escaping (Data?, URLResponse?, Error?) -> Void) -> URLSessionUploadTask {
   |                                          `- error: cannot find type 'URLRequest' in scope
35 |         return TestURLSessionUploadTask(session: self, request: request, file: fileURL, completionHandler: completionHandler)
36 |     }
/host/spi-builder-workspace/Sources/Swiftlier/Testing/URLSession+Testing.swift:34:114: error: 'URLResponse' is unavailable: This type has moved to the FoundationNetworking module. Import that module to use it.
32 |     public var startedTasks = [StartedTask]()
33 |
34 |     public func uploadTask(with request: URLRequest, fromFile fileURL: URL, completionHandler: @escaping (Data?, URLResponse?, Error?) -> Void) -> URLSessionUploadTask {
   |                                                                                                                  `- error: 'URLResponse' is unavailable: This type has moved to the FoundationNetworking module. Import that module to use it.
35 |         return TestURLSessionUploadTask(session: self, request: request, file: fileURL, completionHandler: completionHandler)
36 |     }
Foundation.URLResponse:2:18: note: 'URLResponse' has been explicitly marked unavailable here
1 | @available(*, unavailable, message: "This type has moved to the FoundationNetworking module. Import that module to use it.")
2 | public typealias URLResponse = AnyObject
  |                  `- note: 'URLResponse' has been explicitly marked unavailable here
/host/spi-builder-workspace/Sources/Swiftlier/Testing/URLSession+Testing.swift:34:148: error: 'URLSessionUploadTask' is unavailable: This type has moved to the FoundationNetworking module. Import that module to use it.
32 |     public var startedTasks = [StartedTask]()
33 |
34 |     public func uploadTask(with request: URLRequest, fromFile fileURL: URL, completionHandler: @escaping (Data?, URLResponse?, Error?) -> Void) -> URLSessionUploadTask {
   |                                                                                                                                                    `- error: 'URLSessionUploadTask' is unavailable: This type has moved to the FoundationNetworking module. Import that module to use it.
35 |         return TestURLSessionUploadTask(session: self, request: request, file: fileURL, completionHandler: completionHandler)
36 |     }
Foundation.URLSessionUploadTask:2:18: note: 'URLSessionUploadTask' has been explicitly marked unavailable here
1 | @available(*, unavailable, message: "This type has moved to the FoundationNetworking module. Import that module to use it.")
2 | public typealias URLSessionUploadTask = AnyObject
  |                  `- note: 'URLSessionUploadTask' has been explicitly marked unavailable here
/host/spi-builder-workspace/Sources/Swiftlier/Testing/URLSession+Testing.swift:38:81: error: 'URLResponse' is unavailable: This type has moved to the FoundationNetworking module. Import that module to use it.
36 |     }
37 |
38 |     public func downloadTask(with url: URL, completionHandler: @escaping (URL?, URLResponse?, Error?) -> Void) -> URLSessionDownloadTask {
   |                                                                                 `- error: 'URLResponse' is unavailable: This type has moved to the FoundationNetworking module. Import that module to use it.
39 |         return TestURLSessionDownloadTask(session: self, url: url, completionHandler: completionHandler)
40 |     }
Foundation.URLResponse:2:18: note: 'URLResponse' has been explicitly marked unavailable here
1 | @available(*, unavailable, message: "This type has moved to the FoundationNetworking module. Import that module to use it.")
2 | public typealias URLResponse = AnyObject
  |                  `- note: 'URLResponse' has been explicitly marked unavailable here
/host/spi-builder-workspace/Sources/Swiftlier/Testing/URLSession+Testing.swift:38:115: error: 'URLSessionDownloadTask' is unavailable: This type has moved to the FoundationNetworking module. Import that module to use it.
36 |     }
37 |
38 |     public func downloadTask(with url: URL, completionHandler: @escaping (URL?, URLResponse?, Error?) -> Void) -> URLSessionDownloadTask {
   |                                                                                                                   `- error: 'URLSessionDownloadTask' is unavailable: This type has moved to the FoundationNetworking module. Import that module to use it.
39 |         return TestURLSessionDownloadTask(session: self, url: url, completionHandler: completionHandler)
40 |     }
Foundation.URLSessionDownloadTask:2:18: note: 'URLSessionDownloadTask' has been explicitly marked unavailable here
1 | @available(*, unavailable, message: "This type has moved to the FoundationNetworking module. Import that module to use it.")
2 | public typealias URLSessionDownloadTask = AnyObject
  |                  `- note: 'URLSessionDownloadTask' has been explicitly marked unavailable here
/host/spi-builder-workspace/Sources/Swiftlier/Testing/URLSession+Testing.swift:42:44: error: cannot find type 'URLRequest' in scope
40 |     }
41 |
42 |     public func downloadTask(with request: URLRequest, completionHandler: @escaping (URL?, URLResponse?, Error?) -> Void) -> URLSessionDownloadTask {
   |                                            `- error: cannot find type 'URLRequest' in scope
43 |         return TestURLSessionDownloadTask(session: self, url: request.url, completionHandler: completionHandler)
44 |     }
/host/spi-builder-workspace/Sources/Swiftlier/Testing/URLSession+Testing.swift:42:92: error: 'URLResponse' is unavailable: This type has moved to the FoundationNetworking module. Import that module to use it.
40 |     }
41 |
42 |     public func downloadTask(with request: URLRequest, completionHandler: @escaping (URL?, URLResponse?, Error?) -> Void) -> URLSessionDownloadTask {
   |                                                                                            `- error: 'URLResponse' is unavailable: This type has moved to the FoundationNetworking module. Import that module to use it.
43 |         return TestURLSessionDownloadTask(session: self, url: request.url, completionHandler: completionHandler)
44 |     }
Foundation.URLResponse:2:18: note: 'URLResponse' has been explicitly marked unavailable here
1 | @available(*, unavailable, message: "This type has moved to the FoundationNetworking module. Import that module to use it.")
2 | public typealias URLResponse = AnyObject
  |                  `- note: 'URLResponse' has been explicitly marked unavailable here
/host/spi-builder-workspace/Sources/Swiftlier/Testing/URLSession+Testing.swift:42:126: error: 'URLSessionDownloadTask' is unavailable: This type has moved to the FoundationNetworking module. Import that module to use it.
40 |     }
41 |
42 |     public func downloadTask(with request: URLRequest, completionHandler: @escaping (URL?, URLResponse?, Error?) -> Void) -> URLSessionDownloadTask {
   |                                                                                                                              `- error: 'URLSessionDownloadTask' is unavailable: This type has moved to the FoundationNetworking module. Import that module to use it.
43 |         return TestURLSessionDownloadTask(session: self, url: request.url, completionHandler: completionHandler)
44 |     }
Foundation.URLSessionDownloadTask:2:18: note: 'URLSessionDownloadTask' has been explicitly marked unavailable here
1 | @available(*, unavailable, message: "This type has moved to the FoundationNetworking module. Import that module to use it.")
2 | public typealias URLSessionDownloadTask = AnyObject
  |                  `- note: 'URLSessionDownloadTask' has been explicitly marked unavailable here
/host/spi-builder-workspace/Sources/Swiftlier/Testing/URLSession+Testing.swift:46:40: error: cannot find type 'URLRequest' in scope
44 |     }
45 |
46 |     public func dataTask(with request: URLRequest, completionHandler: @escaping (Data?, URLResponse?, Error?) -> Void) -> URLSessionDataTask {
   |                                        `- error: cannot find type 'URLRequest' in scope
47 |         return TestURLSessionDataTask(session: self, request: request, completionHandler: completionHandler)
48 |     }
/host/spi-builder-workspace/Sources/Swiftlier/Testing/URLSession+Testing.swift:46:89: error: 'URLResponse' is unavailable: This type has moved to the FoundationNetworking module. Import that module to use it.
44 |     }
45 |
46 |     public func dataTask(with request: URLRequest, completionHandler: @escaping (Data?, URLResponse?, Error?) -> Void) -> URLSessionDataTask {
   |                                                                                         `- error: 'URLResponse' is unavailable: This type has moved to the FoundationNetworking module. Import that module to use it.
47 |         return TestURLSessionDataTask(session: self, request: request, completionHandler: completionHandler)
48 |     }
Foundation.URLResponse:2:18: note: 'URLResponse' has been explicitly marked unavailable here
1 | @available(*, unavailable, message: "This type has moved to the FoundationNetworking module. Import that module to use it.")
2 | public typealias URLResponse = AnyObject
  |                  `- note: 'URLResponse' has been explicitly marked unavailable here
/host/spi-builder-workspace/Sources/Swiftlier/Testing/URLSession+Testing.swift:46:123: error: 'URLSessionDataTask' is unavailable: This type has moved to the FoundationNetworking module. Import that module to use it.
44 |     }
45 |
46 |     public func dataTask(with request: URLRequest, completionHandler: @escaping (Data?, URLResponse?, Error?) -> Void) -> URLSessionDataTask {
   |                                                                                                                           `- error: 'URLSessionDataTask' is unavailable: This type has moved to the FoundationNetworking module. Import that module to use it.
47 |         return TestURLSessionDataTask(session: self, request: request, completionHandler: completionHandler)
48 |     }
Foundation.URLSessionDataTask:2:18: note: 'URLSessionDataTask' has been explicitly marked unavailable here
1 | @available(*, unavailable, message: "This type has moved to the FoundationNetworking module. Import that module to use it.")
2 | public typealias URLSessionDataTask = AnyObject
  |                  `- note: 'URLSessionDataTask' has been explicitly marked unavailable here
/host/spi-builder-workspace/Sources/Swiftlier/Testing/URLSession+Testing.swift:53:1: error: non-nominal type 'URLSession' (aka 'AnyObject') cannot be extended [#]8;;https://docs.swift.org/compiler/documentation/diagnostics/nominal-types\NominalTypes]8;;\]
51 | }
52 |
53 | extension URLSession: AnyURLSession {}
   | `- error: non-nominal type 'URLSession' (aka 'AnyObject') cannot be extended [#]8;;https://docs.swift.org/compiler/documentation/diagnostics/nominal-types\NominalTypes]8;;\]
54 |
55 | private class TestURLSessionUploadTask: URLSessionUploadTask {
/host/spi-builder-workspace/Sources/Swiftlier/Testing/URLSession+Testing.swift:59:44: error: cannot find type 'URLRequest' in scope
57 |     let task: TestURLSession.StartedTask
58 |
59 |     init(session: TestURLSession, request: URLRequest, file: URL, completionHandler: @escaping (Data?, URLResponse?, Error?) -> Void) {
   |                                            `- error: cannot find type 'URLRequest' in scope
60 |         self.session = session
61 |         self.task = .init(url: request.url, kind: .fileUpload(file, completionHandler))
/host/spi-builder-workspace/Sources/Swiftlier/Testing/URLSession+Testing.swift:59:104: error: 'URLResponse' is unavailable: This type has moved to the FoundationNetworking module. Import that module to use it.
57 |     let task: TestURLSession.StartedTask
58 |
59 |     init(session: TestURLSession, request: URLRequest, file: URL, completionHandler: @escaping (Data?, URLResponse?, Error?) -> Void) {
   |                                                                                                        `- error: 'URLResponse' is unavailable: This type has moved to the FoundationNetworking module. Import that module to use it.
60 |         self.session = session
61 |         self.task = .init(url: request.url, kind: .fileUpload(file, completionHandler))
Foundation.URLResponse:2:18: note: 'URLResponse' has been explicitly marked unavailable here
1 | @available(*, unavailable, message: "This type has moved to the FoundationNetworking module. Import that module to use it.")
2 | public typealias URLResponse = AnyObject
  |                  `- note: 'URLResponse' has been explicitly marked unavailable here
/host/spi-builder-workspace/Sources/Swiftlier/Testing/URLSession+Testing.swift:64:19: error: method does not override any method from its superclass
62 |     }
63 |
64 |     override func resume() {
   |                   `- error: method does not override any method from its superclass
65 |         self.session.startedTasks.append(self.task)
66 |     }
/host/spi-builder-workspace/Sources/Swiftlier/Testing/URLSession+Testing.swift:55:41: error: 'URLSessionUploadTask' is unavailable: This type has moved to the FoundationNetworking module. Import that module to use it.
53 | extension URLSession: AnyURLSession {}
54 |
55 | private class TestURLSessionUploadTask: URLSessionUploadTask {
   |                                         `- error: 'URLSessionUploadTask' is unavailable: This type has moved to the FoundationNetworking module. Import that module to use it.
56 |     let session: TestURLSession
57 |     let task: TestURLSession.StartedTask
Foundation.URLSessionUploadTask:2:18: note: 'URLSessionUploadTask' has been explicitly marked unavailable here
1 | @available(*, unavailable, message: "This type has moved to the FoundationNetworking module. Import that module to use it.")
2 | public typealias URLSessionUploadTask = AnyObject
  |                  `- note: 'URLSessionUploadTask' has been explicitly marked unavailable here
/host/spi-builder-workspace/Sources/Swiftlier/Testing/URLSession+Testing.swift:73:82: error: 'URLResponse' is unavailable: This type has moved to the FoundationNetworking module. Import that module to use it.
71 |     let task: TestURLSession.StartedTask
72 |
73 |     init(session: TestURLSession, url: URL?, completionHandler: @escaping (URL?, URLResponse?, Error?) -> Void) {
   |                                                                                  `- error: 'URLResponse' is unavailable: This type has moved to the FoundationNetworking module. Import that module to use it.
74 |         self.session = session
75 |         self.task = .init(url: url, kind: .download)
Foundation.URLResponse:2:18: note: 'URLResponse' has been explicitly marked unavailable here
1 | @available(*, unavailable, message: "This type has moved to the FoundationNetworking module. Import that module to use it.")
2 | public typealias URLResponse = AnyObject
  |                  `- note: 'URLResponse' has been explicitly marked unavailable here
/host/spi-builder-workspace/Sources/Swiftlier/Testing/URLSession+Testing.swift:78:19: error: method does not override any method from its superclass
76 |     }
77 |
78 |     override func resume() {
   |                   `- error: method does not override any method from its superclass
79 |         self.session.startedTasks.append(self.task)
80 |     }
/host/spi-builder-workspace/Sources/Swiftlier/Testing/URLSession+Testing.swift:69:43: error: 'URLSessionDownloadTask' is unavailable: This type has moved to the FoundationNetworking module. Import that module to use it.
67 | }
68 |
69 | private class TestURLSessionDownloadTask: URLSessionDownloadTask {
   |                                           `- error: 'URLSessionDownloadTask' is unavailable: This type has moved to the FoundationNetworking module. Import that module to use it.
70 |     let session: TestURLSession
71 |     let task: TestURLSession.StartedTask
Foundation.URLSessionDownloadTask:2:18: note: 'URLSessionDownloadTask' has been explicitly marked unavailable here
1 | @available(*, unavailable, message: "This type has moved to the FoundationNetworking module. Import that module to use it.")
2 | public typealias URLSessionDownloadTask = AnyObject
  |                  `- note: 'URLSessionDownloadTask' has been explicitly marked unavailable here
/host/spi-builder-workspace/Sources/Swiftlier/Testing/URLSession+Testing.swift:87:44: error: cannot find type 'URLRequest' in scope
85 |     let task: TestURLSession.StartedTask
86 |
87 |     init(session: TestURLSession, request: URLRequest, completionHandler: @escaping (Data?, URLResponse?, Error?) -> Void) {
   |                                            `- error: cannot find type 'URLRequest' in scope
88 |         self.session = session
89 |         self.task = .init(url: request.url, kind: .data)
/host/spi-builder-workspace/Sources/Swiftlier/Testing/URLSession+Testing.swift:87:93: error: 'URLResponse' is unavailable: This type has moved to the FoundationNetworking module. Import that module to use it.
85 |     let task: TestURLSession.StartedTask
86 |
87 |     init(session: TestURLSession, request: URLRequest, completionHandler: @escaping (Data?, URLResponse?, Error?) -> Void) {
   |                                                                                             `- error: 'URLResponse' is unavailable: This type has moved to the FoundationNetworking module. Import that module to use it.
88 |         self.session = session
89 |         self.task = .init(url: request.url, kind: .data)
Foundation.URLResponse:2:18: note: 'URLResponse' has been explicitly marked unavailable here
1 | @available(*, unavailable, message: "This type has moved to the FoundationNetworking module. Import that module to use it.")
2 | public typealias URLResponse = AnyObject
  |                  `- note: 'URLResponse' has been explicitly marked unavailable here
/host/spi-builder-workspace/Sources/Swiftlier/Testing/URLSession+Testing.swift:92:19: error: method does not override any method from its superclass
90 |     }
91 |
92 |     override func resume() {
   |                   `- error: method does not override any method from its superclass
93 |         self.session.startedTasks.append(self.task)
94 |     }
/host/spi-builder-workspace/Sources/Swiftlier/Testing/URLSession+Testing.swift:83:39: error: 'URLSessionDataTask' is unavailable: This type has moved to the FoundationNetworking module. Import that module to use it.
81 | }
82 |
83 | private class TestURLSessionDataTask: URLSessionDataTask {
   |                                       `- error: 'URLSessionDataTask' is unavailable: This type has moved to the FoundationNetworking module. Import that module to use it.
84 |     let session: TestURLSession
85 |     let task: TestURLSession.StartedTask
Foundation.URLSessionDataTask:2:18: note: 'URLSessionDataTask' has been explicitly marked unavailable here
1 | @available(*, unavailable, message: "This type has moved to the FoundationNetworking module. Import that module to use it.")
2 | public typealias URLSessionDataTask = AnyObject
  |                  `- note: 'URLSessionDataTask' has been explicitly marked unavailable here
[#NominalTypes]: <https://docs.swift.org/compiler/documentation/diagnostics/nominal-types>
Failed frontend command:
/usr/bin/swift-frontend -frontend -emit-module -experimental-skip-non-inlinable-function-bodies-without-types /host/spi-builder-workspace/Sources/Swiftlier/Coding/Coding+Helpers.swift /host/spi-builder-workspace/Sources/Swiftlier/Coding/CodingKeys.swift /host/spi-builder-workspace/Sources/Swiftlier/Coding/NativeTypesDecoder.swift /host/spi-builder-workspace/Sources/Swiftlier/Coding/NativeTypesEncoder.swift /host/spi-builder-workspace/Sources/Swiftlier/Coding/PercentEncodable.swift /host/spi-builder-workspace/Sources/Swiftlier/Coding/SpecDecoder.swift /host/spi-builder-workspace/Sources/Swiftlier/Enhancements/Collection+Enhancments.swift /host/spi-builder-workspace/Sources/Swiftlier/Enhancements/Data+Processing.swift /host/spi-builder-workspace/Sources/Swiftlier/Enhancements/Date+Helpers.swift /host/spi-builder-workspace/Sources/Swiftlier/Enhancements/DispatchQueue+Enhancements.swift /host/spi-builder-workspace/Sources/Swiftlier/Enhancements/String+Enhancements.swift /host/spi-builder-workspace/Sources/Swiftlier/Enhancements/URL+Enhancements.swift /host/spi-builder-workspace/Sources/Swiftlier/Errors/AnySwiftlierError.swift /host/spi-builder-workspace/Sources/Swiftlier/Errors/GenericSwiftlierError.swift /host/spi-builder-workspace/Sources/Swiftlier/Errors/OperationBasedError.swift /host/spi-builder-workspace/Sources/Swiftlier/Errors/OtherSwiftlierError.swift /host/spi-builder-workspace/Sources/Swiftlier/Errors/SwiftlierError.swift /host/spi-builder-workspace/Sources/Swiftlier/Errors/SwiftlierResult.swift /host/spi-builder-workspace/Sources/Swiftlier/FileSystem/FileSystem+iOSDirectories.swift /host/spi-builder-workspace/Sources/Swiftlier/FileSystem/FileSystem.swift /host/spi-builder-workspace/Sources/Swiftlier/FileSystem/Path+Coding.swift /host/spi-builder-workspace/Sources/Swiftlier/FileSystem/Path.swift /host/spi-builder-workspace/Sources/Swiftlier/FileSystem/PersistenceService.swift /host/spi-builder-workspace/Sources/Swiftlier/FileSystem/ReferenceTypePersistenceService.swift /host/spi-builder-workspace/Sources/Swiftlier/FileSystem/ValueTypePersistenceService.swift /host/spi-builder-workspace/Sources/Swiftlier/Formatting/Bool+Formatting.swift /host/spi-builder-workspace/Sources/Swiftlier/Formatting/Data+Base64.swift /host/spi-builder-workspace/Sources/Swiftlier/Formatting/Date+Formatting.swift /host/spi-builder-workspace/Sources/Swiftlier/Formatting/Double+Formatting.swift /host/spi-builder-workspace/Sources/Swiftlier/Formatting/HeartRateFormatter.swift /host/spi-builder-workspace/Sources/Swiftlier/Formatting/TimeInterval+Formatting.swift /host/spi-builder-workspace/Sources/Swiftlier/Model/Containers/BinarySearchTree.swift /host/spi-builder-workspace/Sources/Swiftlier/Model/Containers/LimitedQueue.swift /host/spi-builder-workspace/Sources/Swiftlier/Model/Containers/OrderedDictionary.swift /host/spi-builder-workspace/Sources/Swiftlier/Model/Containers/PatchyRange.swift /host/spi-builder-workspace/Sources/Swiftlier/Model/Containers/SelectableValue.swift /host/spi-builder-workspace/Sources/Swiftlier/Model/Containers/Syncable.swift /host/spi-builder-workspace/Sources/Swiftlier/Model/Containers/WeakWrapper.swift /host/spi-builder-workspace/Sources/Swiftlier/Model/Observable/EventCenter.swift /host/spi-builder-workspace/Sources/Swiftlier/Model/Observable/MultiCallback.swift /host/spi-builder-workspace/Sources/Swiftlier/Model/Observable/Observable.swift /host/spi-builder-workspace/Sources/Swiftlier/Model/Observable/ObservableArray.swift /host/spi-builder-workspace/Sources/Swiftlier/Model/Observable/ObservableDictionary.swift /host/spi-builder-workspace/Sources/Swiftlier/Model/Observable/ObservableReference.swift /host/spi-builder-workspace/Sources/Swiftlier/Model/Structured/JSON.swift /host/spi-builder-workspace/Sources/Swiftlier/Model/Structured/NativeTypesStructured.swift /host/spi-builder-workspace/Sources/Swiftlier/Model/Structured/Structured.swift /host/spi-builder-workspace/Sources/Swiftlier/Model/Structured/XML.swift /host/spi-builder-workspace/Sources/Swiftlier/Model/Types/Age.swift /host/spi-builder-workspace/Sources/Swiftlier/Model/Types/AlwaysEqual.swift /host/spi-builder-workspace/Sources/Swiftlier/Model/Types/Angle.swift /host/spi-builder-workspace/Sources/Swiftlier/Model/Types/Day.swift /host/spi-builder-workspace/Sources/Swiftlier/Model/Types/EmailAddress.swift /host/spi-builder-workspace/Sources/Swiftlier/Model/Types/HTML.swift /host/spi-builder-workspace/Sources/Swiftlier/Model/Types/Mass.swift /host/spi-builder-workspace/Sources/Swiftlier/Model/Types/Price.swift /host/spi-builder-workspace/Sources/Swiftlier/Model/Types/UniquelyIdentifiable.swift /host/spi-builder-workspace/Sources/Swiftlier/Streams/CSVStreamReader.swift /host/spi-builder-workspace/Sources/Swiftlier/Streams/DelimiterStreamReader.swift /host/spi-builder-workspace/Sources/Swiftlier/Streams/StreamReader.swift /host/spi-builder-workspace/Sources/Swiftlier/Testing/Date+Testable.swift /host/spi-builder-workspace/Sources/Swiftlier/Testing/URLSession+Testing.swift -target wasm32-unknown-wasip1 -disable-objc-interop -sdk /root/.swiftpm/swift-sdks/swift-6.4.x-DEVELOPMENT-SNAPSHOT-2026-09-04-a_wasm.artifactbundle/swift-6.4.x-DEVELOPMENT-SNAPSHOT-2026-09-04-a_wasm/wasm32-unknown-wasip1/WASI.sdk -sysroot /root/.swiftpm/swift-sdks/swift-6.4.x-DEVELOPMENT-SNAPSHOT-2026-09-04-a_wasm.artifactbundle/swift-6.4.x-DEVELOPMENT-SNAPSHOT-2026-09-04-a_wasm/wasm32-unknown-wasip1/WASI.sdk -I /host/spi-builder-workspace/.build/out/Products/Debug-webassembly-wasm32 -module-cache-path /host/spi-builder-workspace/.build/out/ModuleCache.noindex -color-diagnostics -Xcc -fcolor-diagnostics -enable-testing -g -debug-info-format\=dwarf -dwarf-version\=4 -swift-version 5 -Onone -D SWIFT_PACKAGE -D DEBUG -D SWIFT_MODULE_RESOURCE_BUNDLE_UNAVAILABLE -D Xcode -serialize-debugging-options -enable-experimental-feature DebugDescriptionMacro -empty-abi-descriptor -external-plugin-path /usr/lib/swift/host/plugins/testing\#/usr/bin/swift-plugin-server -validate-clang-modules-once -clang-build-session-file /host/spi-builder-workspace/.build/out/ModuleCache.noindex/Session.modulevalidation -Xcc -working-directory -Xcc /host -resource-dir /root/.swiftpm/swift-sdks/swift-6.4.x-DEVELOPMENT-SNAPSHOT-2026-09-04-a_wasm.artifactbundle/swift-6.4.x-DEVELOPMENT-SNAPSHOT-2026-09-04-a_wasm/wasm32-unknown-wasip1/swift.xctoolchain/usr/lib/swift_static -use-static-resource-dir -enable-anonymous-context-mangled-names -file-compilation-dir /host -Xcc -resource-dir -Xcc /root/.swiftpm/swift-sdks/swift-6.4.x-DEVELOPMENT-SNAPSHOT-2026-09-04-a_wasm.artifactbundle/swift-6.4.x-DEVELOPMENT-SNAPSHOT-2026-09-04-a_wasm/wasm32-unknown-wasip1/swift.xctoolchain/usr/lib/swift_static/clang -Xcc -D_LIBCPP_HARDENING_MODE\=_LIBCPP_HARDENING_MODE_DEBUG -Xcc -fmodules-prune-interval\=86400 -Xcc -fmodules-prune-after\=345600 -Xcc -I/host/spi-builder-workspace/.build/out/Products/Debug-webassembly-wasm32/include -Xcc -I/host/spi-builder-workspace/.build/out/Intermediates.noindex/Swiftlier.build/Debug-webassembly-wasm32/Swiftlier-t.build/DerivedSources-normal/wasm32 -Xcc -I/host/spi-builder-workspace/.build/out/Intermediates.noindex/Swiftlier.build/Debug-webassembly-wasm32/Swiftlier-t.build/DerivedSources/wasm32 -Xcc -I/host/spi-builder-workspace/.build/out/Intermediates.noindex/Swiftlier.build/Debug-webassembly-wasm32/Swiftlier-t.build/DerivedSources -Xcc -DSWIFT_PACKAGE -Xcc -DDEBUG\=1 -no-auto-bridging-header-chaining -module-name Swiftlier -const-gather-protocols-file /host/spi-builder-workspace/.build/out/Intermediates.noindex/Swiftlier.build/Debug-webassembly-wasm32/Swiftlier-t.build/Objects-normal/wasm32/Swiftlier_const_extract_protocols.json -in-process-plugin-server-path /usr/lib/swift/host/libSwiftInProcPluginServer.so -plugin-path /usr/lib/swift/host/plugins -plugin-path /usr/local/lib/swift/host/plugins -emit-module-doc-path /host/spi-builder-workspace/.build/out/Intermediates.noindex/Swiftlier.build/Debug-webassembly-wasm32/Swiftlier-t.build/Objects-normal/wasm32/Modules/Swiftlier.swiftdoc -emit-module-source-info-path /host/spi-builder-workspace/.build/out/Intermediates.noindex/Swiftlier.build/Debug-webassembly-wasm32/Swiftlier-t.build/Objects-normal/wasm32/Modules/Swiftlier.swiftsourceinfo -emit-objc-header-path /host/spi-builder-workspace/.build/out/Intermediates.noindex/Swiftlier.build/Debug-webassembly-wasm32/Swiftlier-t.build/Objects-normal/wasm32/Swiftlier-Swift.h -serialize-diagnostics-path /host/spi-builder-workspace/.build/out/Intermediates.noindex/Swiftlier.build/Debug-webassembly-wasm32/Swiftlier-t.build/Objects-normal/wasm32/Swiftlier-primary-emit-module.dia -emit-dependencies-path /host/spi-builder-workspace/.build/out/Intermediates.noindex/Swiftlier.build/Debug-webassembly-wasm32/Swiftlier-t.build/Objects-normal/wasm32/Swiftlier-primary-emit-module.d -parse-as-library -o /host/spi-builder-workspace/.build/out/Intermediates.noindex/Swiftlier.build/Debug-webassembly-wasm32/Swiftlier-t.build/Objects-normal/wasm32/Modules/Swiftlier.swiftmodule
error: Build failed
BUILD FAILURE 6.4 wasm