The Swift Package Index logo.Swift Package Index

Build Information

Failed to build Revolve, reference 1.0.1 (eb2044), with Swift 6.4 for Wasm on 24 Sep 2026 02:57:50 UTC.

Build Command

bash -c docker run --pull=always --rm -v "checkouts-53886770-0":/host -w "$PWD" -e JAVA_HOME="/root/.sdkman/candidates/java/current" -e SPI_BUILD="1" -e SPI_PROCESSING="1" registry.gitlab.com/saguaro1/spi-images:wasm-6.4-latest swift build --swift-sdk swift-6.4.x-DEVELOPMENT-SNAPSHOT-2026-09-04-a_wasm 2>&1

Build Log

========================================
RunAll
========================================
Builder version: 5.1.0
Interrupt handler set up.
========================================
Checkout
========================================
Clone URL: https://github.com/handasa-io/Revolve.git
Reference: 1.0.1
Initialized empty Git repository in /host/spi-builder-workspace/.git/
hint: Using 'master' as the name for the initial branch. This default branch name
hint: is subject to change. To configure the initial branch name to use in all
hint: of your new repositories, which will suppress this warning, call:
hint:
hint: 	git config --global init.defaultBranch <name>
hint:
hint: Names commonly chosen instead of 'master' are 'main', 'trunk' and
hint: 'development'. The just-created branch can be renamed via this command:
hint:
hint: 	git branch -m <name>
From https://github.com/handasa-io/Revolve
 * tag               1.0.1      -> FETCH_HEAD
HEAD is now at eb20444 Update README.md
Cloned https://github.com/handasa-io/Revolve.git
Revision (git rev-parse @):
eb2044453c13dcd083c2136f8cec787e837fbbf2
SUCCESS checkout https://github.com/handasa-io/Revolve.git at 1.0.1
========================================
Build
========================================
Selected platform:         wasm
Swift version:             6.4
Building package at path:  $PWD
https://github.com/handasa-io/Revolve.git
Running build ...
bash -c docker run --pull=always --rm -v "checkouts-53886770-0":/host -w "$PWD" -e JAVA_HOME="/root/.sdkman/candidates/java/current" -e SPI_BUILD="1" -e SPI_PROCESSING="1" registry.gitlab.com/saguaro1/spi-images:wasm-6.4-latest swift build --swift-sdk swift-6.4.x-DEVELOPMENT-SNAPSHOT-2026-09-04-a_wasm 2>&1
wasm-6.4-latest: Pulling from saguaro1/spi-images
Digest: sha256:4328fdb43c680d205c1d6761b1e3267aa38277eefdda9ddfb17b6a0f1a77857a
Status: Image is up to date for registry.gitlab.com/saguaro1/spi-images:wasm-6.4-latest
Fetching https://github.com/pointfreeco/combine-schedulers
[1/2686] Fetching combine-schedulers
Fetched https://github.com/pointfreeco/combine-schedulers (0.47s)
Computing version for https://github.com/pointfreeco/combine-schedulers
Computed https://github.com/pointfreeco/combine-schedulers at 0.11.0 (1.53s)
Fetching https://github.com/pointfreeco/xctest-dynamic-overlay
Fetching https://github.com/pointfreeco/swift-concurrency-extras
[1/1058] Fetching swift-concurrency-extras
Fetched https://github.com/pointfreeco/swift-concurrency-extras (0.52s)
[1/2727] Fetching xctest-dynamic-overlay
Fetched https://github.com/pointfreeco/xctest-dynamic-overlay (0.70s)
Computing version for https://github.com/pointfreeco/xctest-dynamic-overlay
Computed https://github.com/pointfreeco/xctest-dynamic-overlay at 0.9.0 (0.91s)
Computing version for https://github.com/pointfreeco/swift-concurrency-extras
Computed https://github.com/pointfreeco/swift-concurrency-extras at 0.1.2 (0.19s)
Creating working copy for https://github.com/pointfreeco/swift-concurrency-extras
Working copy of https://github.com/pointfreeco/swift-concurrency-extras resolved at 0.1.2
Creating working copy for https://github.com/pointfreeco/combine-schedulers
Working copy of https://github.com/pointfreeco/combine-schedulers resolved at 0.11.0
Creating working copy for https://github.com/pointfreeco/xctest-dynamic-overlay
Working copy of https://github.com/pointfreeco/xctest-dynamic-overlay resolved at 0.9.0
Building for debugging...
[Constructing description]
[Planning deferred tasks]
[43 / 81] XCTestDynamicOverlay
[44 / 81] ConcurrencyExtras
[54 / 81] XCTestDynamicOverlay-product
[55 / 81] XCTestDynamicOverlay-product
[58 / 81] ConcurrencyExtras
[59 / 81] ConcurrencyExtras-product
[67 / 92] ConcurrencyExtras
[91 / 101] CombineSchedulers
error: SwiftCompile normal wasm32 /host/spi-builder-workspace/Sources/Revolve/Revolve.swift failed with a nonzero exit code. Command line:     cd /host
    builtin-SwiftPerFileCompile Revolve.swift
/host/spi-builder-workspace/Sources/Revolve/StateStore.swift:10:8: error: no such module 'SwiftUI'
 8 | import Foundation
 9 |
10 | import SwiftUI
   |        `- error: no such module 'SwiftUI'
11 | import Combine
12 | import CombineSchedulers
Failed frontend command:
/usr/bin/swift-frontend -frontend -c /host/spi-builder-workspace/Sources/Revolve/Action.swift /host/spi-builder-workspace/Sources/Revolve/Reducer.swift -primary-file /host/spi-builder-workspace/Sources/Revolve/Revolve.swift /host/spi-builder-workspace/Sources/Revolve/State.swift /host/spi-builder-workspace/Sources/Revolve/StateStore.swift -emit-dependencies-path /host/spi-builder-workspace/.build/out/Intermediates.noindex/Revolve.build/Debug-webassembly-wasm32/Revolve-t.build/Objects-normal/wasm32/Revolve.d -emit-const-values-path /host/spi-builder-workspace/.build/out/Intermediates.noindex/Revolve.build/Debug-webassembly-wasm32/Revolve-t.build/Objects-normal/wasm32/Revolve.swiftconstvalues -emit-reference-dependencies-path /host/spi-builder-workspace/.build/out/Intermediates.noindex/Revolve.build/Debug-webassembly-wasm32/Revolve-t.build/Objects-normal/wasm32/Revolve.swiftdeps -serialize-diagnostics-path /host/spi-builder-workspace/.build/out/Intermediates.noindex/Revolve.build/Debug-webassembly-wasm32/Revolve-t.build/Objects-normal/wasm32/Revolve.dia -target wasm32-unknown-wasip1 -disable-objc-interop -sdk /root/.swiftpm/swift-sdks/swift-6.4.x-DEVELOPMENT-SNAPSHOT-2026-09-04-a_wasm.artifactbundle/swift-6.4.x-DEVELOPMENT-SNAPSHOT-2026-09-04-a_wasm/wasm32-unknown-wasip1/WASI.sdk -sysroot /root/.swiftpm/swift-sdks/swift-6.4.x-DEVELOPMENT-SNAPSHOT-2026-09-04-a_wasm.artifactbundle/swift-6.4.x-DEVELOPMENT-SNAPSHOT-2026-09-04-a_wasm/wasm32-unknown-wasip1/WASI.sdk -I /host/spi-builder-workspace/.build/out/Products/Debug-webassembly-wasm32 -module-cache-path /host/spi-builder-workspace/.build/out/ModuleCache.noindex -color-diagnostics -Xcc -fcolor-diagnostics -enable-testing -g -debug-info-format\=dwarf -dwarf-version\=4 -swift-version 5 -Onone -D SWIFT_PACKAGE -D DEBUG -D SWIFT_MODULE_RESOURCE_BUNDLE_UNAVAILABLE -D Xcode -serialize-debugging-options -enable-experimental-feature DebugDescriptionMacro -empty-abi-descriptor -external-plugin-path /usr/lib/swift/host/plugins/testing\#/usr/bin/swift-plugin-server -validate-clang-modules-once -clang-build-session-file /host/spi-builder-workspace/.build/out/ModuleCache.noindex/Session.modulevalidation -Xcc -working-directory -Xcc /host -resource-dir /root/.swiftpm/swift-sdks/swift-6.4.x-DEVELOPMENT-SNAPSHOT-2026-09-04-a_wasm.artifactbundle/swift-6.4.x-DEVELOPMENT-SNAPSHOT-2026-09-04-a_wasm/wasm32-unknown-wasip1/swift.xctoolchain/usr/lib/swift_static -use-static-resource-dir -enable-anonymous-context-mangled-names -file-compilation-dir /host -Xcc -resource-dir -Xcc /root/.swiftpm/swift-sdks/swift-6.4.x-DEVELOPMENT-SNAPSHOT-2026-09-04-a_wasm.artifactbundle/swift-6.4.x-DEVELOPMENT-SNAPSHOT-2026-09-04-a_wasm/wasm32-unknown-wasip1/swift.xctoolchain/usr/lib/swift_static/clang -Xcc -D_LIBCPP_HARDENING_MODE\=_LIBCPP_HARDENING_MODE_DEBUG -Xcc -fmodules-prune-interval\=86400 -Xcc -fmodules-prune-after\=345600 -Xcc -I/host/spi-builder-workspace/.build/out/Products/Debug-webassembly-wasm32/include -Xcc -I/host/spi-builder-workspace/.build/out/Intermediates.noindex/Revolve.build/Debug-webassembly-wasm32/Revolve-t.build/DerivedSources-normal/wasm32 -Xcc -I/host/spi-builder-workspace/.build/out/Intermediates.noindex/Revolve.build/Debug-webassembly-wasm32/Revolve-t.build/DerivedSources/wasm32 -Xcc -I/host/spi-builder-workspace/.build/out/Intermediates.noindex/Revolve.build/Debug-webassembly-wasm32/Revolve-t.build/DerivedSources -Xcc -DSWIFT_PACKAGE -Xcc -DDEBUG\=1 -no-auto-bridging-header-chaining -module-name Revolve -const-gather-protocols-file /host/spi-builder-workspace/.build/out/Intermediates.noindex/Revolve.build/Debug-webassembly-wasm32/Revolve-t.build/Objects-normal/wasm32/Revolve_const_extract_protocols.json -in-process-plugin-server-path /usr/lib/swift/host/libSwiftInProcPluginServer.so -plugin-path /usr/lib/swift/host/plugins -plugin-path /usr/local/lib/swift/host/plugins -parse-as-library -o /host/spi-builder-workspace/.build/out/Intermediates.noindex/Revolve.build/Debug-webassembly-wasm32/Revolve-t.build/Objects-normal/wasm32/Revolve.o -index-unit-output-path /Revolve.build/Debug-webassembly-wasm32/Revolve-t.build/Objects-normal/wasm32/Revolve.o -index-store-path /host/spi-builder-workspace/.build/out -index-system-modules
error: SwiftCompile normal wasm32 /host/spi-builder-workspace/Sources/Revolve/Action.swift failed with a nonzero exit code. Command line:     cd /host
    builtin-SwiftPerFileCompile Action.swift
/host/spi-builder-workspace/Sources/Revolve/StateStore.swift:10:8: error: no such module 'SwiftUI'
 8 | import Foundation
 9 |
10 | import SwiftUI
   |        `- error: no such module 'SwiftUI'
11 | import Combine
12 | import CombineSchedulers
Failed frontend command:
/usr/bin/swift-frontend -frontend -c -primary-file /host/spi-builder-workspace/Sources/Revolve/Action.swift /host/spi-builder-workspace/Sources/Revolve/Reducer.swift /host/spi-builder-workspace/Sources/Revolve/Revolve.swift /host/spi-builder-workspace/Sources/Revolve/State.swift /host/spi-builder-workspace/Sources/Revolve/StateStore.swift -emit-dependencies-path /host/spi-builder-workspace/.build/out/Intermediates.noindex/Revolve.build/Debug-webassembly-wasm32/Revolve-t.build/Objects-normal/wasm32/Action.d -emit-const-values-path /host/spi-builder-workspace/.build/out/Intermediates.noindex/Revolve.build/Debug-webassembly-wasm32/Revolve-t.build/Objects-normal/wasm32/Action.swiftconstvalues -emit-reference-dependencies-path /host/spi-builder-workspace/.build/out/Intermediates.noindex/Revolve.build/Debug-webassembly-wasm32/Revolve-t.build/Objects-normal/wasm32/Action.swiftdeps -serialize-diagnostics-path /host/spi-builder-workspace/.build/out/Intermediates.noindex/Revolve.build/Debug-webassembly-wasm32/Revolve-t.build/Objects-normal/wasm32/Action.dia -target wasm32-unknown-wasip1 -disable-objc-interop -sdk /root/.swiftpm/swift-sdks/swift-6.4.x-DEVELOPMENT-SNAPSHOT-2026-09-04-a_wasm.artifactbundle/swift-6.4.x-DEVELOPMENT-SNAPSHOT-2026-09-04-a_wasm/wasm32-unknown-wasip1/WASI.sdk -sysroot /root/.swiftpm/swift-sdks/swift-6.4.x-DEVELOPMENT-SNAPSHOT-2026-09-04-a_wasm.artifactbundle/swift-6.4.x-DEVELOPMENT-SNAPSHOT-2026-09-04-a_wasm/wasm32-unknown-wasip1/WASI.sdk -I /host/spi-builder-workspace/.build/out/Products/Debug-webassembly-wasm32 -module-cache-path /host/spi-builder-workspace/.build/out/ModuleCache.noindex -color-diagnostics -Xcc -fcolor-diagnostics -enable-testing -g -debug-info-format\=dwarf -dwarf-version\=4 -swift-version 5 -Onone -D SWIFT_PACKAGE -D DEBUG -D SWIFT_MODULE_RESOURCE_BUNDLE_UNAVAILABLE -D Xcode -serialize-debugging-options -enable-experimental-feature DebugDescriptionMacro -empty-abi-descriptor -external-plugin-path /usr/lib/swift/host/plugins/testing\#/usr/bin/swift-plugin-server -validate-clang-modules-once -clang-build-session-file /host/spi-builder-workspace/.build/out/ModuleCache.noindex/Session.modulevalidation -Xcc -working-directory -Xcc /host -resource-dir /root/.swiftpm/swift-sdks/swift-6.4.x-DEVELOPMENT-SNAPSHOT-2026-09-04-a_wasm.artifactbundle/swift-6.4.x-DEVELOPMENT-SNAPSHOT-2026-09-04-a_wasm/wasm32-unknown-wasip1/swift.xctoolchain/usr/lib/swift_static -use-static-resource-dir -enable-anonymous-context-mangled-names -file-compilation-dir /host -Xcc -resource-dir -Xcc /root/.swiftpm/swift-sdks/swift-6.4.x-DEVELOPMENT-SNAPSHOT-2026-09-04-a_wasm.artifactbundle/swift-6.4.x-DEVELOPMENT-SNAPSHOT-2026-09-04-a_wasm/wasm32-unknown-wasip1/swift.xctoolchain/usr/lib/swift_static/clang -Xcc -D_LIBCPP_HARDENING_MODE\=_LIBCPP_HARDENING_MODE_DEBUG -Xcc -fmodules-prune-interval\=86400 -Xcc -fmodules-prune-after\=345600 -Xcc -I/host/spi-builder-workspace/.build/out/Products/Debug-webassembly-wasm32/include -Xcc -I/host/spi-builder-workspace/.build/out/Intermediates.noindex/Revolve.build/Debug-webassembly-wasm32/Revolve-t.build/DerivedSources-normal/wasm32 -Xcc -I/host/spi-builder-workspace/.build/out/Intermediates.noindex/Revolve.build/Debug-webassembly-wasm32/Revolve-t.build/DerivedSources/wasm32 -Xcc -I/host/spi-builder-workspace/.build/out/Intermediates.noindex/Revolve.build/Debug-webassembly-wasm32/Revolve-t.build/DerivedSources -Xcc -DSWIFT_PACKAGE -Xcc -DDEBUG\=1 -no-auto-bridging-header-chaining -module-name Revolve -const-gather-protocols-file /host/spi-builder-workspace/.build/out/Intermediates.noindex/Revolve.build/Debug-webassembly-wasm32/Revolve-t.build/Objects-normal/wasm32/Revolve_const_extract_protocols.json -in-process-plugin-server-path /usr/lib/swift/host/libSwiftInProcPluginServer.so -plugin-path /usr/lib/swift/host/plugins -plugin-path /usr/local/lib/swift/host/plugins -parse-as-library -o /host/spi-builder-workspace/.build/out/Intermediates.noindex/Revolve.build/Debug-webassembly-wasm32/Revolve-t.build/Objects-normal/wasm32/Action.o -index-unit-output-path /Revolve.build/Debug-webassembly-wasm32/Revolve-t.build/Objects-normal/wasm32/Action.o -index-store-path /host/spi-builder-workspace/.build/out -index-system-modules
error: Build failed
BUILD FAILURE 6.4 wasm