Build Information
Failed to build cluster-virtual-actors, reference 0.1.3 (82b733), with Swift 6.2 for Wasm on 30 Sep 2026 17:55:41 UTC.
Build Command
bash -c docker run --pull=always --rm -v "checkouts-54344845-1":/host -w "$PWD" -e JAVA_HOME="/root/.sdkman/candidates/java/current" -e SPI_BUILD="1" -e SPI_PROCESSING="1" registry.gitlab.com/saguaro1/spi-images:wasm-6.2-latest swift build --swift-sdk swift-6.2-RELEASE_wasm 2>&1Build Log
========================================
RunAll
========================================
Builder version: 5.1.1
Interrupt handler set up.
========================================
Checkout
========================================
Clone URL: https://github.com/akbashev/cluster-virtual-actors.git
Reference: 0.1.3
Initialized empty Git repository in /host/spi-builder-workspace/.git/
hint: Using 'master' as the name for the initial branch. This default branch name
hint: is subject to change. To configure the initial branch name to use in all
hint: of your new repositories, which will suppress this warning, call:
hint:
hint: git config --global init.defaultBranch <name>
hint:
hint: Names commonly chosen instead of 'master' are 'main', 'trunk' and
hint: 'development'. The just-created branch can be renamed via this command:
hint:
hint: git branch -m <name>
From https://github.com/akbashev/cluster-virtual-actors
* tag 0.1.3 -> FETCH_HEAD
HEAD is now at 82b733b Recover actor placements after router failover
Cloned https://github.com/akbashev/cluster-virtual-actors.git
Revision (git rev-parse @):
82b733b18133e85ff8bec7a8bfed0340a19ba20c
SUCCESS checkout https://github.com/akbashev/cluster-virtual-actors.git at 0.1.3
========================================
Build
========================================
Selected platform: wasm
Swift version: 6.2
Building package at path: $PWD
https://github.com/akbashev/cluster-virtual-actors.git
Running build ...
bash -c docker run --pull=always --rm -v "checkouts-54344845-1":/host -w "$PWD" -e JAVA_HOME="/root/.sdkman/candidates/java/current" -e SPI_BUILD="1" -e SPI_PROCESSING="1" registry.gitlab.com/saguaro1/spi-images:wasm-6.2-latest swift build --swift-sdk swift-6.2-RELEASE_wasm 2>&1
wasm-6.2-latest: Pulling from saguaro1/spi-images
Digest: sha256:ff44196b45f83e5a0a99a627b185f548850d9bc1242e3dee2178fb1570812fe8
Status: Image is up to date for registry.gitlab.com/saguaro1/spi-images:wasm-6.2-latest
Fetching https://github.com/apple/swift-distributed-actors.git
[1/55476] Fetching swift-distributed-actors
Fetched https://github.com/apple/swift-distributed-actors.git from cache (2.46s)
Fetching https://github.com/apple/swift-metrics
Fetching https://github.com/apple/swift-collections
Fetching https://github.com/apple/swift-service-discovery
[1/1289] Fetching swift-service-discovery
Fetched https://github.com/apple/swift-service-discovery from cache (0.58s)
Fetching https://github.com/apple/swift-protobuf
[1/28069] Fetching swift-collections
[28070/31602] Fetching swift-collections, swift-metrics
[31603/85986] Fetching swift-collections, swift-metrics, swift-protobuf
Fetching https://github.com/apple/swift-log
Fetching https://github.com/swift-server/swift-backtrace
Fetched https://github.com/apple/swift-metrics from cache (1.81s)
Fetching https://github.com/apple/swift-async-algorithms
Fetched https://github.com/apple/swift-collections from cache (1.84s)
[3807/54384] Fetching swift-protobuf
Fetching https://github.com/apple/swift-cluster-membership
[13054/62587] Fetching swift-protobuf, swift-log
[13055/69379] Fetching swift-protobuf, swift-log, swift-async-algorithms
[14442/70010] Fetching swift-protobuf, swift-log, swift-async-algorithms, swift-backtrace
[17257/73317] Fetching swift-protobuf, swift-log, swift-async-algorithms, swift-backtrace, swift-cluster-membership
Fetched https://github.com/apple/swift-cluster-membership from cache (0.88s)
Fetching https://github.com/apple/swift-nio-extras
[33029/70010] Fetching swift-protobuf, swift-log, swift-async-algorithms, swift-backtrace
Fetching https://github.com/apple/swift-nio-ssl
Fetched https://github.com/swift-server/swift-backtrace from cache (0.99s)
[32942/69379] Fetching swift-protobuf, swift-log, swift-async-algorithms
Fetched https://github.com/apple/swift-async-algorithms from cache (0.99s)
Fetching https://github.com/apple/swift-nio
[26694/62587] Fetching swift-protobuf, swift-log
Fetched https://github.com/apple/swift-log from cache (1.11s)
Fetching https://github.com/apple/swift-atomics
[19579/54384] Fetching swift-protobuf
[38070/56269] Fetching swift-protobuf, swift-atomics
[38202/62962] Fetching swift-protobuf, swift-atomics, swift-nio-extras
Fetched https://github.com/apple/swift-atomics from cache (0.89s)
Fetching https://github.com/daisuke-t-jp/MurmurHash-Swift.git
[49657/61077] Fetching swift-protobuf, swift-nio-extras
Fetched https://github.com/apple/swift-nio-extras from cache (1.07s)
[42965/71247] Fetching swift-protobuf, swift-nio-ssl
[43510/157480] Fetching swift-protobuf, swift-nio-ssl, swift-nio
[61170/158465] Fetching swift-protobuf, swift-nio-ssl, swift-nio, murmurhash-swift
Fetched https://github.com/daisuke-t-jp/MurmurHash-Swift.git from cache (0.54s)
[71572/157480] Fetching swift-protobuf, swift-nio-ssl, swift-nio
Fetched https://github.com/apple/swift-nio-ssl from cache (3.58s)
[119922/140617] Fetching swift-protobuf, swift-nio
Fetching https://github.com/swiftlang/swift-syntax.git
Fetched https://github.com/apple/swift-protobuf from cache (10.56s)
Fetched https://github.com/apple/swift-nio from cache (8.39s)
[1/80087] Fetching swift-syntax
Fetched https://github.com/swiftlang/swift-syntax.git from cache (4.78s)
Computing version for https://github.com/apple/swift-cluster-membership
Computed https://github.com/apple/swift-cluster-membership at 0.4.0 (16.20s)
Fetching https://github.com/swift-server/swift-service-lifecycle.git
[1/2849] Fetching swift-service-lifecycle
Fetched https://github.com/swift-server/swift-service-lifecycle.git from cache (1.64s)
Computing version for https://github.com/daisuke-t-jp/MurmurHash-Swift.git
Computed https://github.com/daisuke-t-jp/MurmurHash-Swift.git at 1.1.1 (2.65s)
Computing version for https://github.com/apple/swift-metrics
Computed https://github.com/apple/swift-metrics at 2.11.0 (0.14s)
Computing version for https://github.com/apple/swift-service-discovery
Computed https://github.com/apple/swift-service-discovery at 1.5.0 (0.14s)
Computing version for https://github.com/apple/swift-atomics
Computed https://github.com/apple/swift-atomics at 1.3.1 (0.14s)
Computing version for https://github.com/apple/swift-log
Computed https://github.com/apple/swift-log at 1.15.1 (0.15s)
Computing version for https://github.com/swift-server/swift-service-lifecycle.git
Computed https://github.com/swift-server/swift-service-lifecycle.git at 2.12.0 (0.14s)
Computing version for https://github.com/apple/swift-async-algorithms
Computed https://github.com/apple/swift-async-algorithms at 1.1.7 (0.20s)
Computing version for https://github.com/apple/swift-collections
Computed https://github.com/apple/swift-collections at 1.7.1 (0.23s)
Computing version for https://github.com/apple/swift-nio
Computed https://github.com/apple/swift-nio at 2.103.0 (0.34s)
Fetching https://github.com/apple/swift-system.git
[1/7019] Fetching swift-system
Fetched https://github.com/apple/swift-system.git from cache (0.66s)
Computing version for https://github.com/swift-server/swift-backtrace
Computed https://github.com/swift-server/swift-backtrace at 1.3.5 (0.88s)
Computing version for https://github.com/swiftlang/swift-syntax.git
Computed https://github.com/swiftlang/swift-syntax.git at 604.0.0 (0.34s)
Computing version for https://github.com/apple/swift-system.git
Computed https://github.com/apple/swift-system.git at 1.8.1 (0.24s)
Computing version for https://github.com/apple/swift-nio-ssl
Computed https://github.com/apple/swift-nio-ssl at 2.37.5 (0.24s)
Computing version for https://github.com/apple/swift-nio-extras
Computed https://github.com/apple/swift-nio-extras at 1.35.1 (0.34s)
Fetching https://github.com/apple/swift-asn1.git
Fetching https://github.com/apple/swift-algorithms.git
Fetching https://github.com/apple/swift-http-structured-headers.git
Fetching https://github.com/apple/swift-certificates.git
Fetching https://github.com/apple/swift-nio-http2.git
Fetching https://github.com/apple/swift-http-types.git
[1/1253] Fetching swift-http-structured-headers
[390/8851] Fetching swift-http-structured-headers, swift-certificates
[429/10837] Fetching swift-http-structured-headers, swift-certificates, swift-asn1
[1509/16996] Fetching swift-http-structured-headers, swift-certificates, swift-asn1, swift-algorithms
Fetched https://github.com/apple/swift-asn1.git from cache (0.56s)
[8207/15010] Fetching swift-http-structured-headers, swift-certificates, swift-algorithms
[15011/16949] Fetching swift-http-structured-headers, swift-certificates, swift-algorithms, swift-http-types
[15031/29204] Fetching swift-http-structured-headers, swift-certificates, swift-algorithms, swift-http-types, swift-nio-http2
Fetched https://github.com/apple/swift-http-types.git from cache (0.72s)
Fetched https://github.com/apple/swift-http-structured-headers.git from cache (0.72s)
[16454/26012] Fetching swift-certificates, swift-algorithms, swift-nio-http2
Fetched https://github.com/apple/swift-algorithms.git from cache (1.09s)
Fetched https://github.com/apple/swift-certificates.git from cache (1.09s)
Fetched https://github.com/apple/swift-nio-http2.git from cache (1.09s)
Computing version for https://github.com/apple/swift-algorithms.git
Computed https://github.com/apple/swift-algorithms.git at 1.2.1 (1.26s)
Fetching https://github.com/apple/swift-numerics.git
[1/6651] Fetching swift-numerics
Fetched https://github.com/apple/swift-numerics.git from cache (0.77s)
Computing version for https://github.com/apple/swift-numerics.git
Computed https://github.com/apple/swift-numerics.git at 1.1.1 (0.96s)
Computing version for https://github.com/apple/swift-http-structured-headers.git
Computed https://github.com/apple/swift-http-structured-headers.git at 1.7.0 (0.15s)
Computing version for https://github.com/apple/swift-http-types.git
Computed https://github.com/apple/swift-http-types.git at 1.8.0 (0.17s)
Computing version for https://github.com/apple/swift-asn1.git
Computed https://github.com/apple/swift-asn1.git at 1.7.3 (0.17s)
Computing version for https://github.com/apple/swift-certificates.git
Computed https://github.com/apple/swift-certificates.git at 1.21.0 (0.20s)
Fetching https://github.com/apple/swift-crypto.git
[1/18572] Fetching swift-crypto
Fetched https://github.com/apple/swift-crypto.git from cache (1.49s)
Computing version for https://github.com/apple/swift-crypto.git
Computed https://github.com/apple/swift-crypto.git at 5.0.0 (2.21s)
Computing version for https://github.com/apple/swift-nio-http2.git
Computed https://github.com/apple/swift-nio-http2.git at 1.46.0 (0.19s)
Computing version for https://github.com/apple/swift-protobuf
Computed https://github.com/apple/swift-protobuf at 1.38.1 (0.17s)
Creating working copy for https://github.com/apple/swift-asn1.git
Working copy of https://github.com/apple/swift-asn1.git resolved at 1.7.3
Creating working copy for https://github.com/apple/swift-distributed-actors.git
Working copy of https://github.com/apple/swift-distributed-actors.git resolved at main (50e789f)
Creating working copy for https://github.com/apple/swift-crypto.git
Working copy of https://github.com/apple/swift-crypto.git resolved at 5.0.0
Creating working copy for https://github.com/swiftlang/swift-syntax.git
Working copy of https://github.com/swiftlang/swift-syntax.git resolved at 604.0.0
Creating working copy for https://github.com/apple/swift-collections
Working copy of https://github.com/apple/swift-collections resolved at 1.7.1
Creating working copy for https://github.com/apple/swift-certificates.git
Working copy of https://github.com/apple/swift-certificates.git resolved at 1.21.0
Creating working copy for https://github.com/apple/swift-algorithms.git
Working copy of https://github.com/apple/swift-algorithms.git resolved at 1.2.1
Creating working copy for https://github.com/daisuke-t-jp/MurmurHash-Swift.git
Working copy of https://github.com/daisuke-t-jp/MurmurHash-Swift.git resolved at 1.1.1
Creating working copy for https://github.com/apple/swift-metrics
Working copy of https://github.com/apple/swift-metrics resolved at 2.11.0
Creating working copy for https://github.com/apple/swift-numerics.git
Working copy of https://github.com/apple/swift-numerics.git resolved at 1.1.1
Creating working copy for https://github.com/swift-server/swift-backtrace
Working copy of https://github.com/swift-server/swift-backtrace resolved at 1.3.5
Creating working copy for https://github.com/apple/swift-protobuf
Working copy of https://github.com/apple/swift-protobuf resolved at 1.38.1
Creating working copy for https://github.com/apple/swift-log
Working copy of https://github.com/apple/swift-log resolved at 1.15.1
Creating working copy for https://github.com/apple/swift-nio-extras
Working copy of https://github.com/apple/swift-nio-extras resolved at 1.35.1
Creating working copy for https://github.com/apple/swift-nio-ssl
Working copy of https://github.com/apple/swift-nio-ssl resolved at 2.37.5
Creating working copy for https://github.com/apple/swift-nio
Working copy of https://github.com/apple/swift-nio resolved at 2.103.0
Creating working copy for https://github.com/apple/swift-nio-http2.git
Working copy of https://github.com/apple/swift-nio-http2.git resolved at 1.46.0
Creating working copy for https://github.com/apple/swift-system.git
Working copy of https://github.com/apple/swift-system.git resolved at 1.8.1
Creating working copy for https://github.com/apple/swift-cluster-membership
Working copy of https://github.com/apple/swift-cluster-membership resolved at 0.4.0
Creating working copy for https://github.com/apple/swift-async-algorithms
Working copy of https://github.com/apple/swift-async-algorithms resolved at 1.1.7
Creating working copy for https://github.com/apple/swift-atomics
Working copy of https://github.com/apple/swift-atomics resolved at 1.3.1
Creating working copy for https://github.com/swift-server/swift-service-lifecycle.git
Working copy of https://github.com/swift-server/swift-service-lifecycle.git resolved at 2.12.0
Creating working copy for https://github.com/apple/swift-http-types.git
Working copy of https://github.com/apple/swift-http-types.git resolved at 1.8.0
Creating working copy for https://github.com/apple/swift-service-discovery
Working copy of https://github.com/apple/swift-service-discovery resolved at 1.5.0
Creating working copy for https://github.com/apple/swift-http-structured-headers.git
Working copy of https://github.com/apple/swift-http-structured-headers.git resolved at 1.7.0
[1/1] Compiling plugin SwiftProtobufPlugin
Building for debugging...
[1/965] Write sources
[50/965] Compiling CNIOWindows WSAStartup.c
[51/965] Compiling CNIOWASI CNIOWASI.c
[51/965] Compiling CNIOWindows shim.c
[53/965] Compiling CNIOPosix event_loop_id.c
[54/965] Compiling _AtomicsShims.c
[55/965] Compiling _SwiftSyntaxCShims PlatformMutex.c
[56/965] Compiling CNIOOpenBSD shim.c
[57/965] Compiling CNIOLinux liburing_shims.c
[58/965] Write swift-version-24593BA9C3E375BF.txt
[59/965] Compiling CNIODarwin shim.c
[60/965] Compiling CNIOLLHTTP c_nio_http.c
[61/965] Compiling CNIOFreeBSD shim.c
[62/965] Compiling CNIOLinux shim.c
[63/965] Compiling CNIOLLHTTP c_nio_api.c
[64/969] Compiling fiat_p256_adx_sqr.S
[65/978] Compiling CNIOLLHTTP c_nio_llhttp.c
[67/979] Emitting module SwiftSyntax602
[67/979] Compiling CNIOBoringSSLShims shims.c
[69/983] Compiling SwiftSyntax602 Empty.swift
[71/984] Emitting module SwiftSyntax604
[72/984] Compiling SwiftSyntax604 Empty.swift
[74/987] Emitting module SwiftSyntax509
[75/987] Compiling SwiftSyntax509 Empty.swift
[76/988] Emitting module SwiftSyntax600
[77/988] Compiling SwiftSyntax600 Empty.swift
[79/989] Emitting module _NIOBase64
[80/989] Compiling _NIOBase64 Base64.swift
[83/990] Compiling SwiftSyntax603 Empty.swift
[84/990] Emitting module SwiftSyntax603
[85/991] Emitting module SwiftSyntax510
[86/991] Compiling SwiftSyntax510 Empty.swift
[89/1129] Compiling _NIODataStructures _TinyArray.swift
[90/1129] Compiling _NIODataStructures PriorityQueue.swift
[91/1129] Emitting module SwiftSyntax601
[92/1129] Compiling SwiftSyntax601 Empty.swift
[94/1130] Compiling CoreMetrics MappingMetricsFactory.swift
[95/1130] Compiling CoreMetrics WithMetricsFactory.swift
[96/1130] Compiling Logging LoggingSystem.swift
[97/1131] Compiling InternalCollectionsUtilities UnsafeMutablePointer+Extras.swift
[98/1131] Compiling InternalCollectionsUtilities UnsafeMutableRawBufferPointer+Extras.swift
[99/1131] Compiling InternalCollectionsUtilities UnsafePointer+Extras.swift
[100/1136] Compiling Logging Logger+Attributes.swift
[101/1136] Compiling InternalCollectionsUtilities MutableSpan+Extras.swift
[102/1136] Compiling InternalCollectionsUtilities OutputSpan+Extras.swift
[103/1136] Compiling InternalCollectionsUtilities Strideable+LimitHelpers.swift
[104/1136] Compiling InternalCollectionsUtilities String+Padding.swift
[105/1136] Compiling InternalCollectionsUtilities TemporaryAllocation.swift
[106/1136] Compiling InternalCollectionsUtilities _UnsafeBitSet+Index.swift
[107/1136] Emitting module ClusterMembership
[108/1136] Compiling InternalCollectionsUtilities UnsafeRawBufferPointer+Extras.swift
[109/1136] Compiling InternalCollectionsUtilities _SortedCollection.swift
[110/1136] Compiling InternalCollectionsUtilities _UniqueCollection.swift
[111/1136] Compiling ClusterMembership Node.swift
[113/1137] Emitting module DistributedActorsConcurrencyHelpers
[114/1152] Compiling SwiftSyntax AbsolutePosition.swift
[115/1152] Compiling SwiftSyntax AbsoluteSyntaxInfo.swift
[116/1152] Compiling SwiftSyntax ArenaAllocatedBuffer.swift
[117/1152] Compiling SwiftSyntax Assert.swift
[118/1192] Compiling Logging MetadataProvider.swift
[123/1201] Emitting module Logging
[124/1201] Compiling _NIODataStructures Heap.swift
[125/1201] Emitting module _NIODataStructures
[126/1202] Compiling CoreMetrics Locks.swift
[128/1202] Compiling SwiftSyntax EditorPlaceholder.swift
[129/1202] Compiling SwiftSyntax SyntaxNodeStructure.swift
[130/1202] Compiling SwiftSyntax SyntaxProtocol.swift
[131/1202] Compiling SwiftSyntax SyntaxText.swift
[132/1202] Compiling SwiftSyntax Trivia+commentValue.swift
[133/1202] Compiling SwiftSyntax Trivia.swift
[134/1202] Compiling SwiftSyntax SourceLength.swift
[135/1202] Compiling SwiftSyntax SourceLocation.swift
[136/1202] Compiling SwiftSyntax BumpPtrAllocator.swift
[137/1202] Compiling SwiftSyntax CommonAncestor.swift
[138/1202] Compiling SwiftSyntax Convenience.swift
[139/1202] Compiling SwiftSyntax CustomTraits.swift
[140/1202] Compiling Logging Logger.swift
[141/1202] Compiling Logging Logger+With.swift
[142/1203] Emitting module CoreMetrics
[143/1203] Wrapping AST for SwiftSyntax604 for debugging
[144/1203] Wrapping AST for SwiftSyntax603 for debugging
[145/1203] Wrapping AST for SwiftSyntax602 for debugging
[146/1203] Wrapping AST for SwiftSyntax601 for debugging
[147/1203] Wrapping AST for SwiftSyntax600 for debugging
[148/1203] Wrapping AST for SwiftSyntax510 for debugging
[150/1203] Compiling DistributedActorsConcurrencyHelpers lock.swift
[150/1204] Wrapping AST for SwiftSyntax509 for debugging
[152/1204] Compiling fiat_curve25519_adx_square.S
[153/1204] Compiling fiat_p256_adx_mul.S
[154/1204] Compiling fiat_curve25519_adx_mul.S
[156/1204] Compiling SwiftSyntax SourcePresence.swift
[157/1204] Compiling SwiftSyntax SwiftSyntaxCompatibility.swift
[158/1204] Compiling SwiftSyntax Syntax.swift
[159/1204] Compiling SwiftSyntax SyntaxChildren.swift
[160/1204] Emitting module InternalCollectionsUtilities
[162/1205] Compiling CoreMetrics Metrics.swift
[164/1210] Compiling SpanPreview OutputSpan+InputSpanHelpers.swift
[165/1210] Compiling SpanPreview MutableSpan+InputSpanHelpers.swift
[166/1210] Compiling SpanPreview InputSpan.swift
[167/1210] Emitting module SpanPreview
[167/1211] Compiling tls_method.cc
[169/1270] Compiling tls_record.cc
[171/1270] Compiling OrderedCollections OrderedDictionary+CustomReflectable.swift
[172/1270] Compiling OrderedCollections OrderedDictionary+Deprecations.swift
[173/1270] Compiling OrderedCollections OrderedDictionary+Descriptions.swift
[174/1270] Compiling OrderedCollections OrderedDictionary+Elements.SubSequence.swift
[175/1270] Compiling OrderedCollections OrderedDictionary+Elements.swift
[176/1270] Compiling OrderedCollections OrderedDictionary+Equatable.swift
[177/1270] Compiling OrderedCollections OrderedDictionary+ExpressibleByDictionaryLiteral.swift
[178/1270] Compiling OrderedCollections OrderedDictionary+Hashable.swift
[179/1270] Compiling OrderedCollections OrderedDictionary+Initializers.swift
[180/1305] Compiling DequeModule _DequeBuffer.swift
[181/1305] Compiling DequeModule _DequeBufferHeader.swift
[182/1305] Compiling DequeModule RigidDeque+Append.swift
[183/1305] Compiling DequeModule RigidDeque+Consumption.swift
[184/1305] Compiling DequeModule RigidDeque+ContainerOperations.swift
[185/1305] Compiling DequeModule RigidDeque+Deprecations.swift
[186/1305] Compiling DequeModule RigidDeque+Prepend.swift
[187/1305] Compiling DequeModule RigidDeque+Removals.swift
[188/1305] Compiling OrderedCollections OrderedSet+Codable.swift
[189/1320] Compiling OrderedCollections OrderedSet+Partial SetAlgebra isSuperset.swift
[190/1320] Compiling OrderedCollections OrderedSet+Partial SetAlgebra subtract.swift
[191/1320] Compiling OrderedCollections OrderedSet+Partial SetAlgebra subtracting.swift
[192/1320] Compiling OrderedCollections OrderedSet+Partial SetAlgebra symmetricDifference.swift
[193/1320] Compiling OrderedCollections OrderedSet+Partial SetAlgebra union.swift
[194/1320] Compiling OrderedCollections OrderedSet+Partial SetAlgebra+Basics.swift
[195/1320] Compiling OrderedCollections OrderedSet+RandomAccessCollection.swift
[196/1320] Compiling OrderedCollections OrderedSet+ReserveCapacity.swift
[197/1320] Compiling SwiftSyntax RawSyntaxNodesGHI.swift
[198/1320] Compiling SwiftSyntax RawSyntaxNodesJKLMN.swift
[199/1320] Compiling SwiftSyntax RawSyntaxNodesOP.swift
[200/1320] Compiling SwiftSyntax RawSyntaxNodesQRS.swift
[201/1331] Compiling DequeModule RigidDeque+Testing.swift
[202/1331] Compiling DequeModule RigidDeque.swift
[203/1331] Compiling DequeModule UniqueDeque+Append.swift
[204/1331] Compiling DequeModule UniqueDeque+Consumption.swift
[205/1331] Compiling DequeModule UniqueDeque+ContainerOperations.swift
[206/1331] Compiling DequeModule UniqueDeque+Deprecations.swift
[207/1331] Compiling DequeModule UniqueDeque+Descriptions.swift
[208/1331] Compiling DequeModule UniqueDeque+Equatable.swift
[209/1331] Compiling DequeModule UniqueDeque+Hashable.swift
[210/1331] Compiling DequeModule Deque+Extras.swift
[211/1331] Compiling DequeModule Deque+Hashable.swift
[212/1331] Compiling DequeModule Deque+Testing.swift
[213/1331] Compiling DequeModule Deque._Storage.swift
[214/1331] Compiling DequeModule Deque._UnsafeHandle.swift
[215/1331] Compiling DequeModule Deque.swift
[216/1331] Compiling DequeModule Deque+Codable.swift
[217/1331] Compiling DequeModule Deque+Collection.swift
[218/1331] Compiling DequeModule Deque+CustomReflectable.swift
[219/1331] Compiling Metrics Metrics.swift
[220/1331] Emitting module Metrics
[222/1332] Compiling DequeModule RigidDeque+Descriptions.swift
[223/1332] Compiling DequeModule RigidDeque+Equatable.swift
[224/1332] Compiling DequeModule RigidDeque+Hashable.swift
[225/1332] Compiling DequeModule RigidDeque+Initializers.swift
[226/1332] Compiling DequeModule RigidDeque+Insertions.swift
[227/1332] Compiling DequeModule RigidDeque+Iterable.swift
[233/1332] Compiling tls13_server.cc
[243/1332] Compiling DequeModule UniqueDeque+Removals.swift
[244/1332] Compiling OrderedCollections OrderedSet+Partial SetAlgebra formUnion.swift
[245/1332] Compiling OrderedCollections OrderedSet+Partial SetAlgebra intersection.swift
[246/1332] Compiling OrderedCollections OrderedSet+Partial SetAlgebra isDisjoint.swift
[247/1332] Compiling OrderedCollections OrderedSet+Partial SetAlgebra isEqualSet.swift
[248/1332] Compiling OrderedCollections OrderedSet+Partial SetAlgebra isStrictSubset.swift
[249/1332] Compiling OrderedCollections OrderedSet+Partial SetAlgebra isStrictSuperset.swift
[250/1332] Compiling OrderedCollections OrderedSet+Partial SetAlgebra isSubset.swift
[260/1339] Compiling DequeModule Deque+Descriptions.swift
[261/1339] Compiling DequeModule Deque+Equatable.swift
[262/1339] Compiling DequeModule Deque+ExpressibleByArrayLiteral.swift
[266/1350] Compiling tls13_enc.cc
[268/1350] Compiling DequeModule UniqueDeque+Initializers.swift
[269/1350] Compiling DequeModule UniqueDeque+Insertions.swift
[270/1350] Compiling DequeModule UniqueDeque+Iterable.swift
[271/1350] Compiling DequeModule UniqueDeque+Prepend.swift
[281/1355] Compiling DequeModule RigidDeque+Replacements.swift
[287/1355] Compiling MurmurHash_Swift MurmurHash3Tail.swift
[288/1355] Compiling MurmurHash_Swift MurmurHash3.swift
[289/1355] Compiling SWIM String+Extensions.swift
[290/1356] Compiling SWIM _PrettyLog.swift
[309/1356] Compiling SWIM Status.swift
[310/1356] Compiling SWIM Heap.swift
[311/1356] Emitting module OrderedCollections
[312/1356] Compiling SWIM Metrics.swift
[313/1356] Compiling SWIM SWIM.swift
[314/1356] Compiling SWIM Events.swift
[315/1356] Compiling SWIM Member.swift
[316/1356] Compiling SWIM SWIMInstance.swift
[317/1356] Compiling SWIM Settings.swift
[320/1356] Compiling OrderedCollections OrderedSet+UnstableInternals.swift
[321/1356] Compiling OrderedCollections OrderedSet.swift
[322/1356] Compiling OrderedCollections _UnsafeBitset.swift
[323/1356] Compiling SwiftSyntax SyntaxNodesC.swift
[324/1356] Compiling SwiftSyntax SyntaxNodesD.swift
[325/1356] Compiling SwiftSyntax SyntaxNodesEF.swift
[326/1356] Compiling SwiftSyntax SyntaxNodesGHI.swift
[327/1356] Compiling SwiftSyntax SyntaxNodesJKLMN.swift
[328/1356] Compiling SwiftSyntax SyntaxNodesOP.swift
[329/1356] Compiling SwiftSyntax SyntaxNodesQRS.swift
[330/1356] Compiling SwiftSyntax SyntaxNodesTUVWXYZ.swift
[337/1356] Compiling SwiftProtobuf ProtoNameProviding.swift
[338/1356] Compiling SwiftProtobuf ProtobufAPIVersionCheck.swift
[339/1356] Compiling SwiftProtobuf ProtobufMap.swift
[340/1356] Compiling SwiftProtobuf SelectiveVisitor.swift
[341/1356] Compiling SwiftProtobuf SimpleExtensionMap.swift
[342/1356] Compiling SwiftProtobuf StringUtils.swift
[343/1356] Compiling SwiftProtobuf SwiftProtobufContiguousBytes.swift
[344/1356] Compiling SwiftProtobuf SwiftProtobufError.swift
[345/1356] Compiling SwiftProtobuf TextFormatDecoder.swift
[346/1356] Compiling SwiftProtobuf TextFormatDecodingError.swift
[347/1356] Compiling SwiftProtobuf TextFormatDecodingOptions.swift
[348/1356] Compiling SwiftProtobuf TextFormatEncoder.swift
[357/1356] Compiling SWIM time.swift
[358/1356] Compiling MurmurHash_Swift Common.swift
[359/1356] Emitting module MurmurHash_Swift
[360/1356] Compiling MurmurHash_Swift MurmurHash3_x86_32.swift
[361/1356] Compiling MurmurHash_Swift MurmurHash3_x86_128.swift
[362/1356] Compiling MurmurHash_Swift MurmurHash3_x64_128.swift
[370/1357] Compiling OrderedCollections OrderedSet+Sendable.swift
[371/1357] Compiling OrderedCollections OrderedSet+SubSequence.swift
[372/1357] Compiling OrderedCollections OrderedSet+Testing.swift
[373/1357] Compiling OrderedCollections OrderedSet+UnorderedView.swift
[377/1358] Compiling t1_enc.cc
[379/1358] Emitting module SwiftProtobuf
[397/1358] Compiling DequeModule UniqueDeque+Replacements.swift
[398/1358] Compiling DequeModule UniqueDeque.swift
[399/1358] Compiling DequeModule _DequeSlot.swift
[400/1358] Compiling DequeModule _UnsafeDequeHandle.swift
[401/1358] Compiling DequeModule _UnsafeDequeSegments.swift
[415/1358] Compiling ssl_versions.cc
[416/1358] Compiling tls13_client.cc
[417/1358] Compiling tls13_both.cc
[423/1358] Emitting module SWIM
[426/1359] Compiling ssl_transcript.cc
[427/1359] Compiling ssl_stat.cc
[428/1359] Compiling ssl_session.cc
[429/1359] Compiling ssl_x509.cc
[430/1359] Compiling ssl_key_share.cc
[437/1359] Compiling SwiftProtobuf any.pb.swift
[438/1359] Compiling SwiftProtobuf api.pb.swift
[439/1359] Compiling SwiftProtobuf descriptor.pb.swift
[440/1359] Compiling SwiftProtobuf duration.pb.swift
[441/1359] Compiling SwiftProtobuf empty.pb.swift
[442/1359] Compiling SwiftProtobuf field_mask.pb.swift
[443/1359] Compiling SwiftProtobuf source_context.pb.swift
[444/1359] Compiling SwiftProtobuf struct.pb.swift
[445/1359] Compiling SwiftProtobuf timestamp.pb.swift
[446/1359] Compiling SwiftProtobuf type.pb.swift
[447/1359] Compiling SwiftProtobuf wrappers.pb.swift
[448/1360] Compiling ssl_file.cc
[450/1360] Emitting module DequeModule
[451/1361] Compiling ssl_privkey.cc
[452/1414] Compiling ssl_cert.cc
[453/1414] Compiling ssl_buffer.cc
[454/1414] Compiling ssl_cipher.cc
[455/1414] Compiling ssl_aead_ctx.cc
[456/1414] Compiling ssl_lib.cc
[457/1414] Compiling ssl_credential.cc
[458/1414] Compiling s3_lib.cc
[459/1414] Compiling s3_both.cc
[460/1414] Compiling s3_pkt.cc
[462/1414] Compiling AsyncAlgorithms AsyncFlatMapLatestSequence.swift
[463/1414] Compiling AsyncAlgorithms FlatMapLatestStateMachine.swift
[464/1414] Compiling AsyncAlgorithms FlatMapLatestStorage.swift
[465/1414] Compiling AsyncAlgorithms Disconnected.swift
[466/1414] Compiling AsyncAlgorithms _TinyArray.swift
[467/1414] Compiling AsyncAlgorithms AsyncInterspersedSequence.swift
[468/1414] Compiling AsyncAlgorithms Locking.swift
[468/1421] Compiling handshake_client.cc
[470/1421] Compiling AsyncAlgorithms AsyncCombineLatest3Sequence.swift
[471/1421] Compiling AsyncAlgorithms CombineLatestStateMachine.swift
[472/1421] Compiling AsyncAlgorithms CombineLatestStorage.swift
[473/1421] Compiling AsyncAlgorithms AsyncDebounceSequence.swift
[474/1421] Compiling AsyncAlgorithms DebounceStateMachine.swift
[475/1421] Compiling AsyncAlgorithms DebounceStorage.swift
[476/1421] Compiling AsyncAlgorithms Dictionary.swift
[477/1421] Compiling AsyncAlgorithms UnboundedBufferStateMachine.swift
[478/1421] Compiling AsyncAlgorithms UnboundedBufferStorage.swift
[479/1421] Compiling AsyncAlgorithms AsyncChannel.swift
[480/1421] Compiling AsyncAlgorithms AsyncThrowingChannel.swift
[481/1421] Compiling AsyncAlgorithms ChannelStateMachine.swift
[482/1421] Compiling AsyncAlgorithms ChannelStorage.swift
[483/1421] Compiling AsyncAlgorithms AsyncCombineLatest2Sequence.swift
[483/1421] Compiling ssl_asn1.cc
[485/1421] Compiling AsyncAlgorithms AsyncSyncSequence.swift
[486/1421] Compiling AsyncAlgorithms AsyncThrottleSequence.swift
[487/1421] Compiling AsyncAlgorithms AsyncThrowingExclusiveReductionsSequence.swift
[488/1421] Compiling AsyncAlgorithms AsyncThrowingInclusiveReductionsSequence.swift
[489/1421] Compiling AsyncAlgorithms AsyncTimerSequence.swift
[490/1421] Compiling AsyncAlgorithms AsyncBufferSequence.swift
[491/1421] Compiling AsyncAlgorithms BoundedBufferStateMachine.swift
[492/1421] Compiling AsyncAlgorithms BoundedBufferStorage.swift
[493/1421] Emitting module AsyncAlgorithms
[493/1421] Compiling encrypted_client_hello.cc
[495/1421] Compiling AsyncAlgorithms Rethrow.swift
[496/1421] Compiling AsyncAlgorithms SetAlgebra.swift
[497/1421] Compiling AsyncAlgorithms UnsafeTransfer.swift
[498/1421] Compiling AsyncAlgorithms AsyncZip2Sequence.swift
[499/1421] Compiling AsyncAlgorithms AsyncZip3Sequence.swift
[500/1421] Compiling AsyncAlgorithms ZipStateMachine.swift
[501/1421] Compiling AsyncAlgorithms ZipStorage.swift
[501/1421] Compiling dtls_record.cc
[502/1421] Compiling handshake.cc
[503/1421] Compiling handshake_server.cc
[504/1421] Compiling d1_srtp.cc
[505/1421] Compiling d1_pkt.cc
[506/1421] Compiling d1_both.cc
[507/1421] Compiling md5-x86_64-linux.S
[508/1421] Compiling md5-x86_64-apple.S
[509/1421] Compiling bio_ssl.cc
[510/1421] Compiling md5-586-linux.S
[511/1421] Compiling md5-586-apple.S
[512/1421] Compiling chacha20_poly1305_x86_64-linux.S
[513/1421] Compiling chacha20_poly1305_x86_64-apple.S
[514/1421] Compiling err_data.cc
[515/1421] Compiling chacha20_poly1305_armv8-win.S
[516/1421] Compiling chacha20_poly1305_armv8-linux.S
[517/1421] Compiling chacha20_poly1305_armv8-apple.S
[518/1421] Compiling dtls_method.cc
[519/1421] Compiling chacha-x86_64-linux.S
[520/1421] Compiling chacha-x86_64-apple.S
[521/1421] Compiling chacha-armv8-win.S
[522/1421] Compiling chacha-x86-linux.S
[523/1421] Compiling handoff.cc
[524/1421] Compiling chacha-x86-apple.S
[525/1421] Compiling chacha-armv8-apple.S
[526/1421] Compiling chacha-armv8-linux.S
[527/1421] Compiling aes128gcmsiv-x86_64-linux.S
[528/1421] Compiling chacha-armv4-linux.S
[529/1421] Compiling aes128gcmsiv-x86_64-apple.S
[530/1421] Compiling x86_64-mont-apple.S
[531/1421] Compiling x86_64-mont5-linux.S
[532/1421] Compiling x86_64-mont-linux.S
[533/1421] Compiling x86-mont-linux.S
[534/1421] Compiling x86_64-mont5-apple.S
[535/1421] Compiling x86-mont-apple.S
[536/1421] Compiling vpaes-x86_64-linux.S
[537/1421] Compiling vpaes-x86-linux.S
[538/1421] Compiling vpaes-x86_64-apple.S
[539/1421] Compiling vpaes-x86-apple.S
[540/1421] Compiling vpaes-armv8-linux.S
[541/1421] Compiling vpaes-armv7-linux.S
[542/1421] Compiling vpaes-armv8-apple.S
[543/1421] Compiling sha512-x86_64-linux.S
[544/1421] Compiling sha512-x86_64-apple.S
[545/1421] Compiling sha512-armv8-win.S
[546/1421] Compiling vpaes-armv8-win.S
[546/1421] Compiling sha512-armv8-linux.S
[548/1421] Compiling sha512-586-linux.S
[549/1421] Compiling sha512-armv8-apple.S
[550/1421] Compiling sha512-armv4-linux.S
[551/1421] Compiling sha512-586-apple.S
[552/1421] Compiling sha256-armv8-win.S
[553/1421] Compiling sha256-x86_64-linux.S
[554/1421] Compiling sha256-x86_64-apple.S
[555/1421] Compiling sha256-armv8-linux.S
[556/1421] Compiling sha256-armv8-apple.S
[557/1421] Compiling sha256-armv4-linux.S
[558/1421] Compiling sha256-586-linux.S
[559/1421] Compiling sha256-586-apple.S
[560/1421] Compiling sha1-x86_64-linux.S
[561/1421] Compiling sha1-armv8-win.S
[562/1421] Compiling sha1-armv8-apple.S
[563/1421] Compiling sha1-armv8-linux.S
[564/1421] Compiling sha1-armv4-large-linux.S
[565/1421] Compiling sha1-586-linux.S
[566/1421] Compiling sha1-586-apple.S
[567/1421] Compiling rsaz-avx2-linux.S
[568/1421] Compiling sha1-x86_64-apple.S
[569/1421] Compiling rsaz-avx2-apple.S
[570/1421] Compiling rdrand-x86_64-linux.S
[571/1421] Compiling rdrand-x86_64-apple.S
[572/1421] Compiling p256_beeu-x86_64-asm-linux.S
[573/1421] Compiling p256_beeu-x86_64-asm-apple.S
[574/1421] Compiling p256_beeu-armv8-asm-win.S
[575/1421] Compiling p256_beeu-armv8-asm-linux.S
[576/1421] Compiling p256_beeu-armv8-asm-apple.S
[577/1421] Compiling p256-x86_64-asm-linux.S
[578/1421] Compiling p256-x86_64-asm-apple.S
[579/1421] Compiling p256-armv8-asm-win.S
[580/1421] Compiling p256-armv8-asm-linux.S
[581/1421] Compiling p256-armv8-asm-apple.S
[582/1421] Compiling ghashv8-armv7-linux.S
[583/1421] Compiling ghashv8-armv8-linux.S
[584/1421] Compiling ghashv8-armv8-apple.S
[585/1421] Compiling ghashv8-armv8-win.S
[586/1421] Compiling ghash-x86_64-apple.S
[587/1421] Compiling ghash-x86_64-linux.S
[588/1421] Compiling ghash-ssse3-x86_64-linux.S
[589/1421] Compiling ghash-x86-linux.S
[590/1421] Compiling ghash-x86-apple.S
[591/1421] Compiling ghash-ssse3-x86_64-apple.S
[593/1421] Compiling AsyncAlgorithms AsyncCompactedSequence.swift
[594/1421] Compiling AsyncAlgorithms AsyncExclusiveReductionsSequence.swift
[595/1421] Compiling AsyncAlgorithms AsyncInclusiveReductionsSequence.swift
[596/1421] Compiling AsyncAlgorithms AsyncJoinedBySeparatorSequence.swift
[597/1421] Compiling AsyncAlgorithms AsyncJoinedSequence.swift
[598/1421] Compiling AsyncAlgorithms AsyncMapErrorSequence.swift
[599/1421] Compiling AsyncAlgorithms AsyncRemoveDuplicatesSequence.swift
[600/1421] Compiling AsyncAlgorithms AsyncShareSequence.swift
[600/1421] Compiling ghash-ssse3-x86-linux.S
[601/1421] Compiling ghash-neon-armv8-win.S
[602/1421] Compiling ghash-ssse3-x86-apple.S
[603/1421] Compiling ghash-neon-armv8-linux.S
[604/1421] Compiling co-586-linux.S
[605/1421] Compiling ghash-neon-armv8-apple.S
[606/1421] Compiling ghash-armv4-linux.S
[607/1421] Compiling bn-armv8-win.S
[608/1421] Compiling co-586-apple.S
[609/1421] Compiling bn-armv8-linux.S
[610/1421] Compiling extensions.cc
[611/1421] Compiling bn-armv8-apple.S
[612/1421] Compiling bsaes-armv7-linux.S
[613/1421] Compiling bn-586-linux.S
[614/1421] Compiling bn-586-apple.S
[615/1421] Compiling armv8-mont-linux.S
[616/1421] Compiling armv8-mont-win.S
[617/1421] Compiling aesv8-gcm-armv8-win.S
[619/1421] Compiling AsyncAlgorithms AsyncMerge2Sequence.swift
[620/1421] Compiling AsyncAlgorithms AsyncMerge3Sequence.swift
[621/1421] Compiling AsyncAlgorithms MergeStateMachine.swift
[622/1421] Compiling AsyncAlgorithms MergeStorage.swift
[623/1421] Compiling AsyncAlgorithms MultiProducerSingleConsumerAsyncChannel+Internal.swift
[624/1421] Compiling AsyncAlgorithms MultiProducerSingleConsumerAsyncChannel.swift
[625/1421] Compiling AsyncAlgorithms RangeReplaceableCollection.swift
[626/1421] Compiling AsyncAlgorithms AsyncAdjacentPairsSequence.swift
[627/1421] Compiling AsyncAlgorithms AsyncBufferedByteIterator.swift
[628/1421] Compiling AsyncAlgorithms AsyncChain2Sequence.swift
[629/1421] Compiling AsyncAlgorithms AsyncChain3Sequence.swift
[630/1421] Compiling AsyncAlgorithms AsyncChunkedByGroupSequence.swift
[631/1421] Compiling AsyncAlgorithms AsyncChunkedOnProjectionSequence.swift
[632/1421] Compiling AsyncAlgorithms AsyncChunksOfCountOrSignalSequence.swift
[633/1421] Compiling AsyncAlgorithms AsyncChunksOfCountSequence.swift
[633/1421] Compiling armv8-mont-apple.S
[634/1421] Compiling armv4-mont-linux.S
[635/1421] Compiling aesv8-gcm-armv8-apple.S
[636/1422] Compiling aesv8-armv8-win.S
[637/1422] Compiling aesv8-gcm-armv8-linux.S
[638/1422] Compiling aesv8-armv8-linux.S
[640/1422] Compiling aesv8-armv8-apple.S
[641/1422] Compiling aesv8-armv7-linux.S
[642/1422] Compiling aesni-x86-linux.S
[643/1422] Compiling aesni-x86_64-linux.S
[644/1422] Compiling aesni-x86-apple.S
[645/1422] Compiling aesni-gcm-x86_64-linux.S
[646/1422] Compiling aes-gcm-avx2-x86_64-linux.S
[647/1422] Compiling aesni-gcm-x86_64-apple.S
[648/1422] Compiling aesni-x86_64-apple.S
[649/1422] Compiling aes-gcm-avx2-x86_64-apple.S
[650/1422] Compiling aes-gcm-avx10-x86_64-apple.S
[651/1422] Compiling aes-gcm-avx10-x86_64-linux.S
[652/1422] Compiling d1_lib.cc
[653/1422] Compiling x_x509.cc
[654/1422] Compiling x_req.cc
[655/1422] Compiling x_pubkey.cc
[656/1422] Compiling x_val.cc
[657/1422] Compiling x_sig.cc
[658/1422] Compiling x_spki.cc
[659/1422] Compiling x_x509a.cc
[660/1422] Compiling x_name.cc
[661/1422] Compiling x_exten.cc
[662/1422] Compiling x_attrib.cc
[663/1422] Compiling x509cset.cc
[664/1422] Compiling x509rset.cc
[666/1422] Emitting module SwiftSyntax
[666/1422] Compiling x_algor.cc
[667/1422] Compiling x509name.cc
[668/1422] Compiling x_crl.cc
[669/1422] Compiling x509spki.cc
[670/1422] Compiling x509_vpm.cc
[671/1422] Compiling x_all.cc
[672/1422] Compiling x509_v3.cc
[673/1422] Compiling x509_lu.cc
[674/1422] Compiling x509_txt.cc
[675/1422] Compiling x509_trs.cc
[676/1422] Compiling x509_vfy.cc
[677/1422] Compiling x509_set.cc
[678/1422] Compiling x509_req.cc
[679/1422] Compiling x509_d2.cc
[680/1422] Compiling x509_obj.cc
[681/1422] Compiling x509_att.cc
[682/1422] Compiling x509_ext.cc
[683/1422] Compiling x509_def.cc
[684/1422] Compiling x509_cmp.cc
[685/1422] Compiling v3_skey.cc
[686/1422] Compiling x509.cc
[687/1422] Compiling v3_prn.cc
[688/1422] Compiling v3_utl.cc
[689/1422] Compiling v3_pmaps.cc
[690/1422] Compiling v3_pcons.cc
[691/1422] Compiling v3_purp.cc
[692/1422] Compiling v3_ocsp.cc
[693/1422] Compiling v3_info.cc
[694/1422] Compiling v3_int.cc
[695/1422] Compiling v3_extku.cc
[696/1422] Compiling v3_ia5.cc
[697/1422] Compiling v3_enum.cc
[698/1422] Compiling v3_lib.cc
[699/1422] Compiling v3_ncons.cc
[700/1422] Compiling v3_cpols.cc
[701/1422] Compiling v3_bitst.cc
[702/1422] Compiling v3_akeya.cc
[703/1422] Compiling v3_genn.cc
[704/1422] Compiling v3_akey.cc
[705/1422] Compiling t_x509a.cc
[706/1422] Compiling v3_crld.cc
[707/1422] Compiling t_crl.cc
[708/1422] Compiling v3_conf.cc
[709/1422] Compiling t_x509.cc
[710/1422] Compiling v3_bcons.cc
[711/1422] Compiling t_req.cc
[712/1422] Compiling v3_alt.cc
[713/1422] Compiling rsa_pss.cc
[714/1422] Compiling i2d_pr.cc
[715/1422] Compiling name_print.cc
[716/1422] Compiling policy.cc
[717/1422] Compiling a_sign.cc
[718/1422] Compiling by_file.cc
[719/1422] Compiling algorithm.cc
[720/1422] Compiling voprf.cc
[721/1422] Compiling asn1_gen.cc
[722/1422] Compiling by_dir.cc
[723/1422] Compiling a_digest.cc
[724/1422] Compiling pmbtoken.cc
[725/1422] Compiling thread_win.cc
[726/1422] Compiling a_verify.cc
[727/1422] Compiling thread_pthread.cc
[728/1422] Compiling thread.cc
[729/1422] Compiling thread_none.cc
[730/1422] Compiling trust_token.cc
[731/1422] Compiling slhdsa.cc
[732/1422] Compiling sha256.cc
[733/1422] Compiling sha1.cc
[734/1422] Compiling siphash.cc
[735/1422] Compiling stack.cc
[736/1422] Compiling spake2plus.cc
[737/1422] Compiling sha512.cc
[738/1422] Compiling rsa_extra.cc
[739/1422] Compiling rsa_print.cc
[740/1422] Compiling windows.cc
[741/1422] Compiling rand.cc
[742/1422] Compiling passive.cc
[743/1422] Compiling urandom.cc
[744/1422] Compiling trusty.cc
[745/1422] Compiling rc4.cc
[746/1422] Compiling rsa_crypt.cc
[747/1422] Compiling refcount.cc
[748/1422] Compiling rsa_asn1.cc
[749/1422] Compiling ios.cc
[750/1422] Compiling getentropy.cc
[751/1422] Compiling deterministic.cc
[752/1422] Compiling poly1305_arm_asm.S
[753/1422] Compiling forkunsafe.cc
[754/1422] Compiling poly1305.cc
[755/1422] Compiling fork_detect.cc
[756/1422] Compiling poly1305_arm.cc
[757/1422] Compiling poly1305_vec.cc
[758/1422] Compiling p5_pbev2.cc
[759/1422] Compiling pool.cc
[760/1422] Compiling pkcs8.cc
[761/1422] Compiling pkcs7.cc
[762/1422] Compiling pkcs7_x509.cc
[763/1422] Compiling pkcs8_x509.cc
[764/1422] Compiling pem_oth.cc
[765/1422] Compiling pem_xaux.cc
[766/1422] Compiling pem_pkey.cc
[767/1422] Compiling pem_pk8.cc
[768/1422] Compiling pem_lib.cc
[769/1422] Compiling mlkem.cc
[770/1422] Compiling mldsa.cc
[771/1422] Compiling pem_x509.cc
[772/1422] Compiling md5.cc
[773/1422] Compiling mem.cc
[774/1422] Compiling pem_all.cc
[775/1422] Compiling obj_xref.cc
[776/1422] Compiling md4.cc
[777/1422] Compiling lhash.cc
[778/1422] Compiling fips_shared_support.cc
[779/1422] Compiling pem_info.cc
[780/1422] Compiling obj.cc
[781/1422] Compiling poly_rq_mul.S
[782/1422] Compiling sign.cc
[783/1422] Compiling ex_data.cc
[784/1422] Compiling scrypt.cc
[785/1422] Compiling hrss.cc
[786/1422] Compiling hpke.cc
[787/1422] Compiling pbkdf.cc
[788/1422] Compiling kyber.cc
[789/1422] Compiling p_x25519.cc
[790/1422] Compiling p_x25519_asn1.cc
[791/1422] Compiling print.cc
[801/1422] Compiling p_rsa_asn1.cc
[802/1422] Compiling p_ed25519.cc
[803/1422] Compiling p_ec.cc
[804/1422] Compiling p_ed25519_asn1.cc
[805/1422] Compiling p_rsa.cc
[806/1422] Compiling p_dh.cc
[807/1422] Compiling p_dh_asn1.cc
[808/1422] Compiling p_hkdf.cc
[809/1422] Compiling p_ec_asn1.cc
[810/1422] Compiling evp_ctx.cc
[811/1422] Compiling p_dsa_asn1.cc
[812/1422] Compiling engine.cc
[813/1422] Compiling evp.cc
[814/1422] Compiling err.cc
[815/1422] Compiling ecdh.cc
[816/1422] Compiling evp_asn1.cc
[817/1422] Compiling ecdsa_asn1.cc
[818/1422] Compiling ec_derive.cc
[819/1422] Compiling hash_to_curve.cc
[820/1422] Compiling ec_asn1.cc
[821/1422] Compiling digest_extra.cc
[822/1422] Compiling dsa.cc
[823/1422] Compiling params.cc
[824/1422] Compiling dsa_asn1.cc
[825/1422] Compiling x25519-asm-arm.S
[826/1422] Compiling dh_asn1.cc
[827/1422] Compiling crypto.cc
[828/1422] Compiling cpu_arm_linux.cc
[829/1422] Compiling des.cc
[830/1422] Compiling cpu_intel.cc
[831/1422] Compiling spake25519.cc
[832/1422] Compiling bcm.cc
[833/1422] Compiling cpu_aarch64_win.cc
[834/1422] Compiling curve25519.cc
[835/1422] Compiling cpu_aarch64_sysreg.cc
[836/1422] Compiling cpu_aarch64_openbsd.cc
[837/1422] Compiling cpu_arm_freebsd.cc
[838/1422] Compiling cpu_aarch64_fuchsia.cc
[839/1422] Compiling cpu_aarch64_linux.cc
[840/1422] Compiling curve25519_64_adx.cc
[841/1422] Compiling e_rc4.cc
[842/1422] Compiling cpu_aarch64_apple.cc
[843/1422] Compiling e_tls.cc
[844/1422] Compiling get_cipher.cc
[845/1422] Compiling e_rc2.cc
[846/1422] Compiling tls_cbc.cc
[847/1422] Compiling conf.cc
[848/1422] Compiling e_null.cc
[849/1422] Compiling e_des.cc
[850/1422] Compiling e_chacha20poly1305.cc
[851/1422] Compiling e_aesgcmsiv.cc
[852/1422] Compiling unicode.cc
[853/1422] Compiling derive_key.cc
[854/1422] Compiling e_aesctrhmac.cc
[855/1422] Compiling chacha.cc
[856/1422] Compiling ber.cc
[857/1422] Compiling buf.cc
[858/1422] Compiling convert.cc
[859/1422] Compiling asn1_compat.cc
[860/1422] Compiling blake2.cc
[861/1422] Compiling cbb.cc
[862/1422] Compiling socket_helper.cc
[863/1422] Compiling cbs.cc
[864/1422] Compiling bn_asn1.cc
[865/1422] Compiling printf.cc
[866/1422] Compiling socket.cc
[867/1422] Compiling hexdump.cc
[868/1422] Compiling pair.cc
[869/1422] Compiling file.cc
[870/1422] Compiling fd.cc
[871/1422] Compiling connect.cc
[872/1422] Compiling errno.cc
[873/1422] Compiling bio_mem.cc
[874/1422] Compiling base64.cc
[875/1422] Compiling tasn_typ.cc
[876/1422] Compiling bio.cc
[877/1422] Compiling tasn_fre.cc
[878/1422] Compiling tasn_utl.cc
[879/1422] Compiling posix_time.cc
[880/1422] Compiling f_string.cc
[881/1422] Compiling tasn_new.cc
[882/1422] Compiling tasn_enc.cc
[883/1422] Compiling tasn_dec.cc
[884/1422] Compiling f_int.cc
[885/1422] Compiling asn_pack.cc
[886/1422] Compiling asn1_par.cc
[887/1422] Compiling a_type.cc
[888/1422] Compiling asn1_lib.cc
[889/1422] Compiling a_utctm.cc
[890/1422] Compiling a_octet.cc
[891/1422] Compiling a_time.cc
[892/1422] Compiling a_strnid.cc
[893/1422] Compiling a_strex.cc
[894/1422] Compiling a_i2d_fp.cc
[895/1422] Compiling a_object.cc
[896/1422] Compiling a_mbstr.cc
[897/1422] Compiling a_int.cc
[898/1422] Compiling a_d2i_fp.cc
[899/1422] Compiling a_dup.cc
[900/1422] Compiling CDistributedActorsMailbox c_mpsc_linked_queue.c
[901/1422] Compiling CDistributedActorsMailbox backtrace_support.c
[902/1422] Compiling CBacktrace state.c
[903/1422] Compiling CBacktrace simple.c
[904/1422] Compiling CBacktrace sort.c
[905/1422] Compiling CBacktrace print.c
[906/1422] Compiling CBacktrace posix.c
[907/1422] Compiling CBacktrace mmapio.c
[908/1422] Compiling CBacktrace mmap.c
[909/1422] Compiling CBacktrace fileline.c
[910/1422] Compiling a_gentm.cc
[911/1422] Compiling a_bitstr.cc
[912/1422] Compiling CBacktrace backtrace.c
[913/1422] Write sources
[915/1422] Compiling CBacktrace atomic.c
[915/1422] Write sources
[918/1422] Compiling _AtomicsShims.c
[919/1422] Compiling a_bool.cc
[920/1422] Compiling CBacktrace dwarf.c
[920/1422] Write sources
[925/1445] Compiling CBacktrace elf.c
[925/1445] Write sources
[931/1533] Compiling SwiftProtobuf BinaryEncodingOptions.swift
[932/1533] Compiling SwiftProtobuf BinaryEncodingSizeVisitor.swift
[933/1535] Compiling Backtrace Demangle.swift
[934/1535] Emitting module Backtrace
[935/1535] Compiling Backtrace Backtrace.swift
[936/1536] Write sources
[954/1536] Compiling CNIOWindows shim.c
[956/1536] Compiling SwiftProtobuf Decoder.swift
[957/1536] Compiling SwiftProtobuf DoubleParser.swift
[958/1543] Compiling SwiftProtobuf BytecodeReader.swift
[959/1543] Compiling SwiftProtobuf CustomJSONCodable.swift
[960/1543] Compiling SwiftProtobuf BinaryEncodingVisitor.swift
[961/1543] Compiling SwiftProtobuf BytecodeInterpreter.swift
[962/1543] Compiling Atomics IntegerOperations.swift
[963/1543] Compiling Atomics Unmanaged extensions.swift
[964/1543] Compiling SwiftProtobuf BinaryDecoder.swift
[965/1543] Compiling SwiftProtobuf BinaryDecodingError.swift
[966/1543] Compiling SwiftProtobuf BinaryDecodingOptions.swift
[967/1543] Emitting module _NIODataStructures
error: emit-module command failed with exit code 1 (use -v to see invocation)
[968/1543] Emitting module MurmurHash_Swift
/root/.swiftpm/swift-sdks/swift-6.2-RELEASE_wasm.artifactbundle/swift-6.2-RELEASE_wasm/wasm32-unknown-wasip1/swift.xctoolchain/usr/lib/swift_static/CoreFoundation/CoreFoundation.h:28:10: note: while building module 'wasi_emulated_signal' imported from /root/.swiftpm/swift-sdks/swift-6.2-RELEASE_wasm.artifactbundle/swift-6.2-RELEASE_wasm/wasm32-unknown-wasip1/swift.xctoolchain/usr/lib/swift_static/CoreFoundation/CoreFoundation.h:28:
26 | #include <setjmp.h>
27 | #endif
28 | #include <signal.h>
| `- note: while building module 'wasi_emulated_signal' imported from /root/.swiftpm/swift-sdks/swift-6.2-RELEASE_wasm.artifactbundle/swift-6.2-RELEASE_wasm/wasm32-unknown-wasip1/swift.xctoolchain/usr/lib/swift_static/CoreFoundation/CoreFoundation.h:28:
29 | #include <stddef.h>
30 | #include <stdio.h>
<module-includes>:1:10: note: in file included from <module-includes>:1:
1 | #include "signal.h"
| `- note: in file included from <module-includes>:1:
2 |
/root/.swiftpm/swift-sdks/swift-6.2-RELEASE_wasm.artifactbundle/swift-6.2-RELEASE_wasm/wasm32-unknown-wasip1/WASI.sdk/include/wasm32-wasip1/signal.h:2:2: error: "wasm lacks signal support; to enable minimal signal emulation, compile with -D_WASI_EMULATED_SIGNAL and link with -lwasi-emulated-signal"
1 | #ifndef _WASI_EMULATED_SIGNAL
2 | #error "wasm lacks signal support; to enable minimal signal emulation, \
| `- error: "wasm lacks signal support; to enable minimal signal emulation, compile with -D_WASI_EMULATED_SIGNAL and link with -lwasi-emulated-signal"
3 | compile with -D_WASI_EMULATED_SIGNAL and link with -lwasi-emulated-signal"
4 | #else
<module-includes>:1:10: note: in file included from <module-includes>:1:
1 | #include "CoreFoundation.h"
| `- note: in file included from <module-includes>:1:
2 |
/root/.swiftpm/swift-sdks/swift-6.2-RELEASE_wasm.artifactbundle/swift-6.2-RELEASE_wasm/wasm32-unknown-wasip1/swift.xctoolchain/usr/lib/swift_static/CoreFoundation/CoreFoundation.h:28:10: error: could not build module 'wasi_emulated_signal'
26 | #include <setjmp.h>
27 | #endif
28 | #include <signal.h>
| `- error: could not build module 'wasi_emulated_signal'
29 | #include <stddef.h>
30 | #include <stdio.h>
/root/.swiftpm/swift-sdks/swift-6.2-RELEASE_wasm.artifactbundle/swift-6.2-RELEASE_wasm/wasm32-unknown-wasip1/swift.xctoolchain/usr/lib/swift_static/CoreFoundation/ForSwiftFoundationOnly.h:86:10: note: while building module 'wasi_emulated_mman' imported from /root/.swiftpm/swift-sdks/swift-6.2-RELEASE_wasm.artifactbundle/swift-6.2-RELEASE_wasm/wasm32-unknown-wasip1/swift.xctoolchain/usr/lib/swift_static/CoreFoundation/ForSwiftFoundationOnly.h:86:
84 | #undef _WASI_EMULATED_MMAN
85 | #define _WASI_EMULATED_MMAN
86 | #include <sys/mman.h>
| `- note: while building module 'wasi_emulated_mman' imported from /root/.swiftpm/swift-sdks/swift-6.2-RELEASE_wasm.artifactbundle/swift-6.2-RELEASE_wasm/wasm32-unknown-wasip1/swift.xctoolchain/usr/lib/swift_static/CoreFoundation/ForSwiftFoundationOnly.h:86:
87 | #elif TARGET_OS_LINUX
88 | #include <errno.h>
<module-includes>:1:10: note: in file included from <module-includes>:1:
1 | #include "sys/mman.h"
| `- note: in file included from <module-includes>:1:
2 |
/root/.swiftpm/swift-sdks/swift-6.2-RELEASE_wasm.artifactbundle/swift-6.2-RELEASE_wasm/wasm32-unknown-wasip1/WASI.sdk/include/wasm32-wasip1/sys/mman.h:2:2: error: "WASI lacks a true mmap; to enable minimal mmap emulation, compile with -D_WASI_EMULATED_MMAN and link with -lwasi-emulated-mman"
1 | #ifndef _WASI_EMULATED_MMAN
2 | #error "WASI lacks a true mmap; to enable minimal mmap emulation, \
| `- error: "WASI lacks a true mmap; to enable minimal mmap emulation, compile with -D_WASI_EMULATED_MMAN and link with -lwasi-emulated-mman"
3 | compile with -D_WASI_EMULATED_MMAN and link with -lwasi-emulated-mman"
4 | #else
/host/spi-builder-workspace/.build/checkouts/MurmurHash-Swift/Sources/MurmurHash/Common.swift:10:8: error: could not build C module 'CoreFoundation'
8 |
9 | import Foundation
10 | import CoreFoundation
| `- error: could not build C module 'CoreFoundation'
11 |
12 | final class Common {
[969/1543] Emitting module Atomics
[969/1543] Compiling c-atomics.c
[971/1554] Compiling SwiftProtobuf BinaryDelimited.swift
[972/1554] Compiling SwiftProtobuf BinaryEncoder.swift
[973/1554] Compiling SwiftProtobuf BinaryEncodingError.swift
[974/1554] Compiling Logging MultiplexLogHandler.swift
[975/1554] Compiling Logging StreamLogHandler.swift
[976/1554] Compiling Logging SwiftLogNoOpLogHandler.swift
[976/1555] Compiling c-nioatomics.c
[979/1590] Compiling NIOConcurrencyHelpers NIOLock.swift
[980/1590] Emitting module Logging
[981/1591] Compiling NIOConcurrencyHelpers NIOAtomic.swift
[982/1591] Emitting module NIOConcurrencyHelpers
[983/1591] Compiling NIOConcurrencyHelpers lock.swift
[984/1591] Compiling NIOConcurrencyHelpers NIOLockedValueBox.swift
[985/1591] Compiling NIOConcurrencyHelpers atomics.swift
[986/1591] Compiling NIOConcurrencyHelpers NIOThreadPoolWorkAvailable.swift
[988/1601] Compiling ServiceDiscovery MapServiceServiceDiscovery.swift
[989/1602] Compiling ServiceDiscovery MapInstanceServiceDiscovery.swift
[990/1602] Compiling ServiceDiscovery FilterInstanceServiceDiscovery.swift
[991/1602] Compiling ServiceDiscovery HostPort.swift
[992/1602] Compiling _NIOBase64 Base64.swift
[993/1602] Emitting module _NIOBase64
[995/1603] Emitting module ServiceDiscovery
[996/1603] Compiling InternalCollectionsUtilities UnsafeMutablePointer+Extras.swift
[997/1603] Compiling InternalCollectionsUtilities UnsafeMutableRawBufferPointer+Extras.swift
[998/1603] Compiling InternalCollectionsUtilities UnsafePointer+Extras.swift
[999/1603] Compiling InternalCollectionsUtilities FixedWidthInteger+roundUpToPowerOfTwo.swift
[1000/1603] Compiling InternalCollectionsUtilities Integer rank.swift
[1001/1603] Compiling InternalCollectionsUtilities UInt+first and last set bit.swift
[1002/1603] Compiling InternalCollectionsUtilities UInt+reversed.swift
[1005/1603] Compiling InternalCollectionsUtilities Debugging.swift
[1006/1603] Compiling InternalCollectionsUtilities Descriptions.swift
[1007/1606] Emitting module InternalCollectionsUtilities
[1008/1606] Compiling InternalCollectionsUtilities Iterable+CopyContents.swift
[1009/1606] Compiling InternalCollectionsUtilities Iterable+Equality.swift
[1010/1606] Compiling InternalCollectionsUtilities LifetimeOverride.swift
[1011/1606] Compiling InternalCollectionsUtilities MutableRef.swift
[1012/1606] Compiling InternalCollectionsUtilities MutableSpan+Extras.swift
[1013/1606] Compiling InternalCollectionsUtilities OutputSpan+Extras.swift
[1014/1606] Compiling InternalCollectionsUtilities RandomAccessCollection+Offsets.swift
[1015/1606] Compiling InternalCollectionsUtilities Span+Extras.swift
[1016/1606] Compiling ServiceDiscovery ServiceDiscovery+AsyncAwait.swift
[1017/1606] Compiling Logging LoggingSystem.swift
[1018/1623] Compiling InternalCollectionsUtilities _UnsafeBitSet+_Word.swift
[1019/1623] Compiling InternalCollectionsUtilities _UnsafeBitSet.swift
[1020/1623] Compiling InternalCollectionsUtilities UnsafeBufferPointer+Extras.swift
[1021/1623] Compiling InternalCollectionsUtilities UnsafeMutableBufferPointer+Extras.swift
[1022/1623] Compiling InternalCollectionsUtilities Strideable+LimitHelpers.swift
[1023/1623] Compiling InternalCollectionsUtilities String+Padding.swift
[1024/1623] Compiling InternalCollectionsUtilities TemporaryAllocation.swift
[1025/1623] Compiling InternalCollectionsUtilities _UnsafeBitSet+Index.swift
[1026/1663] Compiling ServiceDiscovery ServiceDiscovery.swift
[1027/1670] Compiling ServiceDiscovery InMemoryServiceDiscovery.swift
[1028/1670] Compiling NIOCore EventLoopFuture+Deprecated.swift
[1029/1670] Compiling NIOCore EventLoopFuture+WithEventLoop.swift
[1030/1670] Compiling NIOCore EventLoopFuture.swift
[1031/1671] Compiling _NIODataStructures _TinyArray.swift
[1032/1671] Compiling _NIODataStructures PriorityQueue.swift
[1033/1671] Compiling Logging Logger+Attributes.swift
[1035/1671] Compiling ServiceDiscovery ServiceDiscovery+TypeErased.swift
[1036/1671] Compiling ServiceDiscovery ServiceDiscovery+Combinators.swift
[1038/1678] Compiling Logging Logger.swift
[1039/1678] Compiling Logging Logger+With.swift
[1040/1678] Compiling SpanPreview OutputSpan+InputSpanHelpers.swift
[1041/1678] Compiling SpanPreview MutableSpan+InputSpanHelpers.swift
[1042/1678] Compiling SpanPreview InputSpan.swift
[1043/1678] Emitting module SpanPreview
[1045/1679] Compiling DistributedActorsConcurrencyHelpers lock.swift
/host/spi-builder-workspace/.build/checkouts/swift-distributed-actors/Sources/DistributedActorsConcurrencyHelpers/lock.swift:42:49: error: cannot find type 'pthread_mutex_t' in scope
40 | @available(*, noasync, message: "Locks are bad in async code; If you truly must, use DispatchSemaphore")
41 | public final class Lock {
42 | fileprivate let mutex: UnsafeMutablePointer<pthread_mutex_t> = UnsafeMutablePointer.allocate(capacity: 1)
| `- error: cannot find type 'pthread_mutex_t' in scope
43 |
44 | /// Create a new lock.
/host/spi-builder-workspace/.build/checkouts/swift-distributed-actors/Sources/DistributedActorsConcurrencyHelpers/lock.swift:113:44: error: cannot find type 'pthread_cond_t' in scope
111 | private var _value: T
112 | private let mutex: Lock
113 | private let cond: UnsafeMutablePointer<pthread_cond_t> = UnsafeMutablePointer.allocate(capacity: 1)
| `- error: cannot find type 'pthread_cond_t' in scope
114 |
115 | /// Create the lock, and initialize the state variable to `value`.
/host/spi-builder-workspace/.build/checkouts/swift-distributed-actors/Sources/DistributedActorsConcurrencyHelpers/lock.swift:46:20: error: cannot find 'pthread_mutexattr_t' in scope
44 | /// Create a new lock.
45 | public init() {
46 | var attr = pthread_mutexattr_t()
| `- error: cannot find 'pthread_mutexattr_t' in scope
47 | pthread_mutexattr_init(&attr)
48 | pthread_mutexattr_settype(&attr, .init(PTHREAD_MUTEX_ERRORCHECK))
/host/spi-builder-workspace/.build/checkouts/swift-distributed-actors/Sources/DistributedActorsConcurrencyHelpers/lock.swift:47:9: error: cannot find 'pthread_mutexattr_init' in scope
45 | public init() {
46 | var attr = pthread_mutexattr_t()
47 | pthread_mutexattr_init(&attr)
| `- error: cannot find 'pthread_mutexattr_init' in scope
48 | pthread_mutexattr_settype(&attr, .init(PTHREAD_MUTEX_ERRORCHECK))
49 |
/host/spi-builder-workspace/.build/checkouts/swift-distributed-actors/Sources/DistributedActorsConcurrencyHelpers/lock.swift:48:9: error: cannot find 'pthread_mutexattr_settype' in scope
46 | var attr = pthread_mutexattr_t()
47 | pthread_mutexattr_init(&attr)
48 | pthread_mutexattr_settype(&attr, .init(PTHREAD_MUTEX_ERRORCHECK))
| `- error: cannot find 'pthread_mutexattr_settype' in scope
49 |
50 | let err = pthread_mutex_init(self.mutex, &attr)
/host/spi-builder-workspace/.build/checkouts/swift-distributed-actors/Sources/DistributedActorsConcurrencyHelpers/lock.swift:48:48: error: cannot find 'PTHREAD_MUTEX_ERRORCHECK' in scope
46 | var attr = pthread_mutexattr_t()
47 | pthread_mutexattr_init(&attr)
48 | pthread_mutexattr_settype(&attr, .init(PTHREAD_MUTEX_ERRORCHECK))
| `- error: cannot find 'PTHREAD_MUTEX_ERRORCHECK' in scope
49 |
50 | let err = pthread_mutex_init(self.mutex, &attr)
/host/spi-builder-workspace/.build/checkouts/swift-distributed-actors/Sources/DistributedActorsConcurrencyHelpers/lock.swift:48:43: error: cannot infer contextual base in reference to member 'init'
46 | var attr = pthread_mutexattr_t()
47 | pthread_mutexattr_init(&attr)
48 | pthread_mutexattr_settype(&attr, .init(PTHREAD_MUTEX_ERRORCHECK))
| `- error: cannot infer contextual base in reference to member 'init'
49 |
50 | let err = pthread_mutex_init(self.mutex, &attr)
/host/spi-builder-workspace/.build/checkouts/swift-distributed-actors/Sources/DistributedActorsConcurrencyHelpers/lock.swift:50:19: error: cannot find 'pthread_mutex_init' in scope
48 | pthread_mutexattr_settype(&attr, .init(PTHREAD_MUTEX_ERRORCHECK))
49 |
50 | let err = pthread_mutex_init(self.mutex, &attr)
| `- error: cannot find 'pthread_mutex_init' in scope
51 | precondition(err == 0, "\(#function) failed in pthread_mutex with error \(err)")
52 | }
/host/spi-builder-workspace/.build/checkouts/swift-distributed-actors/Sources/DistributedActorsConcurrencyHelpers/lock.swift:55:19: error: cannot find 'pthread_mutex_destroy' in scope
53 |
54 | deinit {
55 | let err = pthread_mutex_destroy(self.mutex)
| `- error: cannot find 'pthread_mutex_destroy' in scope
56 | precondition(err == 0, "\(#function) failed in pthread_mutex with error \(err)")
57 | mutex.deallocate()
/host/spi-builder-workspace/.build/checkouts/swift-distributed-actors/Sources/DistributedActorsConcurrencyHelpers/lock.swift:65:19: error: cannot find 'pthread_mutex_lock' in scope
63 | /// `unlock`, to simplify lock handling.
64 | public func lock() {
65 | let err = pthread_mutex_lock(self.mutex)
| `- error: cannot find 'pthread_mutex_lock' in scope
66 | if err != 0 {
67 | fatalError("\(#function) failed in pthread_mutex with error \(err)")
/host/spi-builder-workspace/.build/checkouts/swift-distributed-actors/Sources/DistributedActorsConcurrencyHelpers/lock.swift:76:19: error: cannot find 'pthread_mutex_unlock' in scope
74 | /// `lock`, to simplify lock handling.
75 | public func unlock() {
76 | let err = pthread_mutex_unlock(self.mutex)
| `- error: cannot find 'pthread_mutex_unlock' in scope
77 | precondition(err == 0, "\(#function) failed in pthread_mutex with error \(err)")
78 | }
/host/spi-builder-workspace/.build/checkouts/swift-distributed-actors/Sources/DistributedActorsConcurrencyHelpers/lock.swift:121:19: error: cannot find 'pthread_cond_init' in scope
119 | self._value = value
120 | self.mutex = Lock()
121 | let err = pthread_cond_init(self.cond, nil)
| `- error: cannot find 'pthread_cond_init' in scope
122 | precondition(err == 0, "\(#function) failed in pthread_mutex with error \(err)")
123 | }
/host/spi-builder-workspace/.build/checkouts/swift-distributed-actors/Sources/DistributedActorsConcurrencyHelpers/lock.swift:121:48: error: 'nil' requires a contextual type
119 | self._value = value
120 | self.mutex = Lock()
121 | let err = pthread_cond_init(self.cond, nil)
| `- error: 'nil' requires a contextual type
122 | precondition(err == 0, "\(#function) failed in pthread_mutex with error \(err)")
123 | }
/host/spi-builder-workspace/.build/checkouts/swift-distributed-actors/Sources/DistributedActorsConcurrencyHelpers/lock.swift:126:19: error: cannot find 'pthread_cond_destroy' in scope
124 |
125 | deinit {
126 | let err = pthread_cond_destroy(self.cond)
| `- error: cannot find 'pthread_cond_destroy' in scope
127 | precondition(err == 0, "\(#function) failed in pthread_mutex with error \(err)")
128 | self.cond.deallocate()
/host/spi-builder-workspace/.build/checkouts/swift-distributed-actors/Sources/DistributedActorsConcurrencyHelpers/lock.swift:164:23: error: cannot find 'pthread_cond_wait' in scope
162 | break
163 | }
164 | let err = pthread_cond_wait(self.cond, self.mutex.mutex)
| `- error: cannot find 'pthread_cond_wait' in scope
165 | precondition(err == 0, "\(#function) failed in pthread_cond with error \(err)")
166 | }
/host/spi-builder-workspace/.build/checkouts/swift-distributed-actors/Sources/DistributedActorsConcurrencyHelpers/lock.swift:185:23: error: cannot find 'timeval' in scope
183 | let timeoutNS = Int64(timeoutSeconds * Double(nsecPerSec))
184 |
185 | var curTime = timeval()
| `- error: cannot find 'timeval' in scope
186 | gettimeofday(&curTime, nil)
187 |
/host/spi-builder-workspace/.build/checkouts/swift-distributed-actors/Sources/DistributedActorsConcurrencyHelpers/lock.swift:186:9: error: cannot find 'gettimeofday' in scope
184 |
185 | var curTime = timeval()
186 | gettimeofday(&curTime, nil)
| `- error: cannot find 'gettimeofday' in scope
187 |
188 | let allNSecs: Int64 = timeoutNS + Int64(curTime.tv_usec) * 1000
/host/spi-builder-workspace/.build/checkouts/swift-distributed-actors/Sources/DistributedActorsConcurrencyHelpers/lock.swift:186:32: error: 'nil' requires a contextual type
184 |
185 | var curTime = timeval()
186 | gettimeofday(&curTime, nil)
| `- error: 'nil' requires a contextual type
187 |
188 | let allNSecs: Int64 = timeoutNS + Int64(curTime.tv_usec) * 1000
/host/spi-builder-workspace/.build/checkouts/swift-distributed-actors/Sources/DistributedActorsConcurrencyHelpers/lock.swift:189:26: error: cannot find 'timespec' in scope
187 |
188 | let allNSecs: Int64 = timeoutNS + Int64(curTime.tv_usec) * 1000
189 | var timeoutAbs = timespec(
| `- error: cannot find 'timespec' in scope
190 | tv_sec: curTime.tv_sec + Int(allNSecs / nsecPerSec),
191 | tv_nsec: Int(allNSecs % nsecPerSec)
/host/spi-builder-workspace/.build/checkouts/swift-distributed-actors/Sources/DistributedActorsConcurrencyHelpers/lock.swift:199:20: error: cannot find 'pthread_cond_timedwait' in scope
197 | return true
198 | }
199 | switch pthread_cond_timedwait(self.cond, self.mutex.mutex, &timeoutAbs) {
| `- error: cannot find 'pthread_cond_timedwait' in scope
200 | case 0:
201 | continue
/host/spi-builder-workspace/.build/checkouts/swift-distributed-actors/Sources/DistributedActorsConcurrencyHelpers/lock.swift:202:18: error: cannot find 'ETIMEDOUT' in scope
200 | case 0:
201 | continue
202 | case ETIMEDOUT:
| `- error: cannot find 'ETIMEDOUT' in scope
203 | self.unlock()
204 | return false
/host/spi-builder-workspace/.build/checkouts/swift-distributed-actors/Sources/DistributedActorsConcurrencyHelpers/lock.swift:218:19: error: cannot find 'pthread_cond_broadcast' in scope
216 | self._value = newValue
217 | self.unlock()
218 | let err = pthread_cond_broadcast(self.cond)
| `- error: cannot find 'pthread_cond_broadcast' in scope
219 | precondition(err == 0, "\(#function) failed in pthread_cond with error \(err)")
220 | }
error: emit-module command failed with exit code 1 (use -v to see invocation)
[1046/1679] Emitting module DistributedActorsConcurrencyHelpers
/host/spi-builder-workspace/.build/checkouts/swift-distributed-actors/Sources/DistributedActorsConcurrencyHelpers/lock.swift:42:49: error: cannot find type 'pthread_mutex_t' in scope
40 | @available(*, noasync, message: "Locks are bad in async code; If you truly must, use DispatchSemaphore")
41 | public final class Lock {
42 | fileprivate let mutex: UnsafeMutablePointer<pthread_mutex_t> = UnsafeMutablePointer.allocate(capacity: 1)
| `- error: cannot find type 'pthread_mutex_t' in scope
43 |
44 | /// Create a new lock.
/host/spi-builder-workspace/.build/checkouts/swift-distributed-actors/Sources/DistributedActorsConcurrencyHelpers/lock.swift:113:44: error: cannot find type 'pthread_cond_t' in scope
111 | private var _value: T
112 | private let mutex: Lock
113 | private let cond: UnsafeMutablePointer<pthread_cond_t> = UnsafeMutablePointer.allocate(capacity: 1)
| `- error: cannot find type 'pthread_cond_t' in scope
114 |
115 | /// Create the lock, and initialize the state variable to `value`.
/root/.swiftpm/swift-sdks/swift-6.2-RELEASE_wasm.artifactbundle/swift-6.2-RELEASE_wasm/wasm32-unknown-wasip1/swift.xctoolchain/usr/lib/swift_static/CoreFoundation/CoreFoundation.h:28:10: note: while building module 'wasi_emulated_signal' imported from /root/.swiftpm/swift-sdks/swift-6.2-RELEASE_wasm.artifactbundle/swift-6.2-RELEASE_wasm/wasm32-unknown-wasip1/swift.xctoolchain/usr/lib/swift_static/CoreFoundation/CoreFoundation.h:28:
26 | #include <setjmp.h>
27 | #endif
28 | #include <signal.h>
| `- note: while building module 'wasi_emulated_signal' imported from /root/.swiftpm/swift-sdks/swift-6.2-RELEASE_wasm.artifactbundle/swift-6.2-RELEASE_wasm/wasm32-unknown-wasip1/swift.xctoolchain/usr/lib/swift_static/CoreFoundation/CoreFoundation.h:28:
29 | #include <stddef.h>
30 | #include <stdio.h>
<module-includes>:1:10: note: in file included from <module-includes>:1:
1 | #include "signal.h"
| `- note: in file included from <module-includes>:1:
2 |
/root/.swiftpm/swift-sdks/swift-6.2-RELEASE_wasm.artifactbundle/swift-6.2-RELEASE_wasm/wasm32-unknown-wasip1/WASI.sdk/include/wasm32-wasip1/signal.h:2:2: error: "wasm lacks signal support; to enable minimal signal emulation, compile with -D_WASI_EMULATED_SIGNAL and link with -lwasi-emulated-signal"
1 | #ifndef _WASI_EMULATED_SIGNAL
2 | #error "wasm lacks signal support; to enable minimal signal emulation, \
| `- error: "wasm lacks signal support; to enable minimal signal emulation, compile with -D_WASI_EMULATED_SIGNAL and link with -lwasi-emulated-signal"
3 | compile with -D_WASI_EMULATED_SIGNAL and link with -lwasi-emulated-signal"
4 | #else
<module-includes>:1:10: note: in file included from <module-includes>:1:
1 | #include "CoreFoundation.h"
| `- note: in file included from <module-includes>:1:
2 |
/root/.swiftpm/swift-sdks/swift-6.2-RELEASE_wasm.artifactbundle/swift-6.2-RELEASE_wasm/wasm32-unknown-wasip1/swift.xctoolchain/usr/lib/swift_static/CoreFoundation/CoreFoundation.h:28:10: error: could not build module 'wasi_emulated_signal'
26 | #include <setjmp.h>
27 | #endif
28 | #include <signal.h>
| `- error: could not build module 'wasi_emulated_signal'
29 | #include <stddef.h>
30 | #include <stdio.h>
/root/.swiftpm/swift-sdks/swift-6.2-RELEASE_wasm.artifactbundle/swift-6.2-RELEASE_wasm/wasm32-unknown-wasip1/swift.xctoolchain/usr/lib/swift_static/CoreFoundation/ForSwiftFoundationOnly.h:86:10: note: while building module 'wasi_emulated_mman' imported from /root/.swiftpm/swift-sdks/swift-6.2-RELEASE_wasm.artifactbundle/swift-6.2-RELEASE_wasm/wasm32-unknown-wasip1/swift.xctoolchain/usr/lib/swift_static/CoreFoundation/ForSwiftFoundationOnly.h:86:
84 | #undef _WASI_EMULATED_MMAN
85 | #define _WASI_EMULATED_MMAN
86 | #include <sys/mman.h>
| `- note: while building module 'wasi_emulated_mman' imported from /root/.swiftpm/swift-sdks/swift-6.2-RELEASE_wasm.artifactbundle/swift-6.2-RELEASE_wasm/wasm32-unknown-wasip1/swift.xctoolchain/usr/lib/swift_static/CoreFoundation/ForSwiftFoundationOnly.h:86:
87 | #elif TARGET_OS_LINUX
88 | #include <errno.h>
<module-includes>:1:10: note: in file included from <module-includes>:1:
1 | #include "sys/mman.h"
| `- note: in file included from <module-includes>:1:
2 |
/root/.swiftpm/swift-sdks/swift-6.2-RELEASE_wasm.artifactbundle/swift-6.2-RELEASE_wasm/wasm32-unknown-wasip1/WASI.sdk/include/wasm32-wasip1/sys/mman.h:2:2: error: "WASI lacks a true mmap; to enable minimal mmap emulation, compile with -D_WASI_EMULATED_MMAN and link with -lwasi-emulated-mman"
1 | #ifndef _WASI_EMULATED_MMAN
2 | #error "WASI lacks a true mmap; to enable minimal mmap emulation, \
| `- error: "WASI lacks a true mmap; to enable minimal mmap emulation, compile with -D_WASI_EMULATED_MMAN and link with -lwasi-emulated-mman"
3 | compile with -D_WASI_EMULATED_MMAN and link with -lwasi-emulated-mman"
4 | #else
BUILD FAILURE 6.2 wasm