The Swift Package Index logo.Swift Package Index

Build Information

Failed to build PrettyLog, reference main (96113f), with Swift 6.3 for Wasm on 24 Oct 2026 09:34:26 UTC.

Build Command

bash -c docker run --pull=always --rm -v "checkouts-54344844-0":/host -w "$PWD" -e JAVA_HOME="/root/.sdkman/candidates/java/current" -e SPI_BUILD="1" -e SPI_PROCESSING="1" registry.gitlab.com/saguaro1/spi-images:wasm-6.3-latest swift build --swift-sdk swift-6.3.2-RELEASE_wasm 2>&1

Build Log

========================================
RunAll
========================================
Builder version: 5.1.3
Interrupt handler set up.
========================================
Checkout
========================================
Clone URL: https://github.com/bennokress/PrettyLog.git
Reference: main
Initialized empty Git repository in /host/spi-builder-workspace/.git/
hint: Using 'master' as the name for the initial branch. This default branch name
hint: is subject to change. To configure the initial branch name to use in all
hint: of your new repositories, which will suppress this warning, call:
hint:
hint: 	git config --global init.defaultBranch <name>
hint:
hint: Names commonly chosen instead of 'master' are 'main', 'trunk' and
hint: 'development'. The just-created branch can be renamed via this command:
hint:
hint: 	git branch -m <name>
From https://github.com/bennokress/PrettyLog
 * branch            main       -> FETCH_HEAD
 * [new branch]      main       -> origin/main
HEAD is now at 96113f9 Merge pull request #70 from bennokress/feature/functionality
Cloned https://github.com/bennokress/PrettyLog.git
Revision (git rev-parse @):
96113f9f19817eafaaee80739950879ab9609748
SPI manifest file found: $PWD/.spi.yml
SUCCESS checkout https://github.com/bennokress/PrettyLog.git at main
========================================
Build
========================================
Selected platform:         wasm
Swift version:             6.3
Building package at path:  $PWD
https://github.com/bennokress/PrettyLog.git
Running build ...
bash -c docker run --pull=always --rm -v "checkouts-54344844-0":/host -w "$PWD" -e JAVA_HOME="/root/.sdkman/candidates/java/current" -e SPI_BUILD="1" -e SPI_PROCESSING="1" registry.gitlab.com/saguaro1/spi-images:wasm-6.3-latest swift build --swift-sdk swift-6.3.2-RELEASE_wasm 2>&1
wasm-6.3-latest: Pulling from saguaro1/spi-images
Digest: sha256:eea66feda95ad8894091082dbcb77ec1fc917891d37888fd1938b0b68455d992
Status: Image is up to date for registry.gitlab.com/saguaro1/spi-images:wasm-6.3-latest
Building for debugging...
[0/2] Write sources
[1/2] Write swift-version-24593BA9C3E375BF.txt
error: emit-module command failed with exit code 1 (use -v to see invocation)
[3/9] Emitting module PrettyLog
/host/spi-builder-workspace/Sources/PrettyLog/Helpers/PrettyLogProxy.swift:59:41: error: cannot find type 'NSException' in scope
57 |     ///   - targets: The targets this log statement is sent to; an empty array logs nothing, so an app can switch logging off this way
58 |     /// - Attention: No log will be created, if `exception` is `nil`.
59 |     public static func log(_ exception: NSException?, as level: LogLevel, category: LogCategory = .uncategorized, to targets: [LogTarget]) {
   |                                         `- error: cannot find type 'NSException' in scope
60 |         guard let exception else { return }
61 |         let userInfo = exception.userInfo.map { "\($0)" }
[4/9] Compiling PrettyLog String.swift
[5/9] Compiling PrettyLog LogTarget.swift
[6/9] Compiling PrettyLog PrettyLogProxy.swift
/host/spi-builder-workspace/Sources/PrettyLog/Helpers/PrettyLogProxy.swift:59:41: error: cannot find type 'NSException' in scope
57 |     ///   - targets: The targets this log statement is sent to; an empty array logs nothing, so an app can switch logging off this way
58 |     /// - Attention: No log will be created, if `exception` is `nil`.
59 |     public static func log(_ exception: NSException?, as level: LogLevel, category: LogCategory = .uncategorized, to targets: [LogTarget]) {
   |                                         `- error: cannot find type 'NSException' in scope
60 |         guard let exception else { return }
61 |         let userInfo = exception.userInfo.map { "\($0)" }
[7/9] Compiling PrettyLog LogLevel.swift
[8/9] Compiling PrettyLog LogStatementAssembler.swift
[9/9] Compiling PrettyLog LogCategory.swift
BUILD FAILURE 6.3 wasm