Build Information
Failed to build IMessage, reference v0.25.4 (a4491f), with Swift 6.1 for Wasm on 30 Oct 2026 13:05:48 UTC.
Build Command
bash -c docker run --pull=always --rm -v "checkouts-54344844-0":/host -w "$PWD" -e JAVA_HOME="/root/.sdkman/candidates/java/current" -e SPI_BUILD="1" -e SPI_PROCESSING="1" registry.gitlab.com/saguaro1/spi-images:wasm-6.1-latest swift build --swift-sdk wasm32-unknown-wasi 2>&1Build Log
========================================
RunAll
========================================
Builder version: 5.1.4
Interrupt handler set up.
========================================
Checkout
========================================
Clone URL: https://github.com/beeper/platform-imessage.git
Reference: v0.25.4
Initialized empty Git repository in /host/spi-builder-workspace/.git/
hint: Using 'master' as the name for the initial branch. This default branch name
hint: is subject to change. To configure the initial branch name to use in all
hint: of your new repositories, which will suppress this warning, call:
hint:
hint: git config --global init.defaultBranch <name>
hint:
hint: Names commonly chosen instead of 'master' are 'main', 'trunk' and
hint: 'development'. The just-created branch can be renamed via this command:
hint:
hint: git branch -m <name>
From https://github.com/beeper/platform-imessage
* tag v0.25.4 -> FETCH_HEAD
HEAD is now at a4491f1 fix mp4 videos not accepted by the beeper client
Cloned https://github.com/beeper/platform-imessage.git
Revision (git rev-parse @):
a4491f19a390a0ebfa79c75518282556cbd04e4d
SUCCESS checkout https://github.com/beeper/platform-imessage.git at v0.25.4
========================================
Build
========================================
Selected platform: wasm
Swift version: 6.1
Building package at path: $PWD
https://github.com/beeper/platform-imessage.git
https://github.com/beeper/platform-imessage.git
WARNING: environment variable SUPPRESS_SWIFT_6_FLAGS is not set
Running build ...
bash -c docker run --pull=always --rm -v "checkouts-54344844-0":/host -w "$PWD" -e JAVA_HOME="/root/.sdkman/candidates/java/current" -e SPI_BUILD="1" -e SPI_PROCESSING="1" registry.gitlab.com/saguaro1/spi-images:wasm-6.1-latest swift build --swift-sdk wasm32-unknown-wasi -Xswiftc -Xfrontend -Xswiftc -stats-output-dir -Xswiftc -Xfrontend -Xswiftc .stats -Xswiftc -strict-concurrency=complete -Xswiftc -enable-upcoming-feature -Xswiftc StrictConcurrency -Xswiftc -enable-upcoming-feature -Xswiftc DisableOutwardActorInference -Xswiftc -enable-upcoming-feature -Xswiftc GlobalActorIsolatedTypesUsability -Xswiftc -enable-upcoming-feature -Xswiftc InferSendableFromCaptures 2>&1
wasm-6.1-latest: Pulling from saguaro1/spi-images
Digest: sha256:f257c9b8465670613eb336f6def351d681b1d395aebdb231a45bac980c1f9d3c
Status: Image is up to date for registry.gitlab.com/saguaro1/spi-images:wasm-6.1-latest
Fetching https://github.com/jpsim/Yams.git
Fetching https://github.com/apple/swift-log.git
Fetching https://github.com/swiftlang/swift-syntax.git
Fetching https://github.com/apple/swift-collections.git
Fetching https://github.com/apple/swift-async-algorithms
[1/8381] Fetching swift-log
[8382/20259] Fetching swift-log, yams
[8383/27084] Fetching swift-log, yams, swift-async-algorithms
[14105/56459] Fetching swift-log, yams, swift-async-algorithms, swift-collections
Fetched https://github.com/apple/swift-log.git from cache (0.74s)
Fetched https://github.com/apple/swift-async-algorithms from cache (0.74s)
[14959/41253] Fetching yams, swift-collections
Fetching https://github.com/beeper/BetterSwiftAX.git
Fetching https://github.com/sindresorhus/ExceptionCatcher
[41254/41357] Fetching yams, swift-collections, exceptioncatcher
Fetched https://github.com/sindresorhus/ExceptionCatcher from cache (0.33s)
[41254/41824] Fetching yams, swift-collections, betterswiftax
Fetched https://github.com/beeper/BetterSwiftAX.git from cache (0.43s)
[1/81362] Fetching swift-syntax
Fetching https://github.com/apple/swift-argument-parser
Fetched https://github.com/apple/swift-collections.git from cache (3.76s)
Fetched https://github.com/jpsim/Yams.git from cache (3.77s)
Fetched https://github.com/swiftlang/swift-syntax.git from cache (3.78s)
[1/19313] Fetching swift-argument-parser
Fetched https://github.com/apple/swift-argument-parser from cache (1.00s)
Computing version for https://github.com/jpsim/Yams.git
Computed https://github.com/jpsim/Yams.git at 6.2.2 (4.99s)
Computing version for https://github.com/beeper/BetterSwiftAX.git
Computed https://github.com/beeper/BetterSwiftAX.git at 0.1.3 (0.22s)
Computing version for https://github.com/sindresorhus/ExceptionCatcher
Computed https://github.com/sindresorhus/ExceptionCatcher at 2.2.1 (0.22s)
Computing version for https://github.com/apple/swift-argument-parser
Computed https://github.com/apple/swift-argument-parser at 1.8.2 (0.24s)
Computing version for https://github.com/apple/swift-async-algorithms
Computed https://github.com/apple/swift-async-algorithms at 1.1.7 (0.27s)
Computing version for https://github.com/apple/swift-collections.git
Computed https://github.com/apple/swift-collections.git at 1.6.0 (0.33s)
Computing version for https://github.com/apple/swift-log.git
Computed https://github.com/apple/swift-log.git at 1.15.1 (0.23s)
Computing version for https://github.com/swiftlang/swift-syntax.git
Computed https://github.com/swiftlang/swift-syntax.git at 603.0.0-prerelease-2025-10-30 (0.34s)
Creating working copy for https://github.com/sindresorhus/ExceptionCatcher
Working copy of https://github.com/sindresorhus/ExceptionCatcher resolved at 2.2.1
Creating working copy for https://github.com/jpsim/Yams.git
Working copy of https://github.com/jpsim/Yams.git resolved at 6.2.2
Creating working copy for https://github.com/swiftlang/swift-syntax.git
Working copy of https://github.com/swiftlang/swift-syntax.git resolved at 603.0.0-prerelease-2025-10-30
Creating working copy for https://github.com/apple/swift-collections.git
Working copy of https://github.com/apple/swift-collections.git resolved at 1.6.0
Creating working copy for https://github.com/apple/swift-async-algorithms
Working copy of https://github.com/apple/swift-async-algorithms resolved at 1.1.7
Creating working copy for https://github.com/apple/swift-log.git
Working copy of https://github.com/apple/swift-log.git resolved at 1.15.1
Creating working copy for https://github.com/apple/swift-argument-parser
Working copy of https://github.com/apple/swift-argument-parser resolved at 1.8.2
Creating working copy for https://github.com/beeper/BetterSwiftAX.git
Working copy of https://github.com/beeper/BetterSwiftAX.git resolved at 0.1.3
[0/5] Write sources
[1/5] Write swift-version-24593BA9C3E375BF.txt
[3/7] Compiling GenerateIMessageCLIVersion GenerateIMessageCLIVersion.swift
[4/7] Emitting module GenerateIMessageCLIVersion
[5/8] Wrapping AST for GenerateIMessageCLIVersion for debugging
[6/8] Write Objects.LinkFileList
[7/8] Linking GenerateIMessageCLIVersion-tool
[1/1] Compiling plugin GenerateIMessageCLIVersionPlugin
[2/2] Compiling plugin GenerateManual
[3/3] Compiling plugin GenerateDoccReference
Building for debugging...
[3/121] Write sources
In file included from /host/spi-builder-workspace/.build/checkouts/ExceptionCatcher/Sources/ExceptionCatcherInternal/ExceptionCatcher.m:1:
/host/spi-builder-workspace/.build/checkouts/ExceptionCatcher/Sources/ExceptionCatcherInternal/include/ExceptionCatcher.h:1:9: fatal error: 'Foundation/Foundation.h' file not found
1 | #import <Foundation/Foundation.h>
| ^~~~~~~~~~~~~~~~~~~~~~~~~
1 error generated.
[43/121] Compiling ExceptionCatcherInternal ExceptionCatcher.m
[43/121] Compiling scanner.c
In file included from /host/spi-builder-workspace/src/IMessage/Sources/IMessagePrivateSPI/SpaceBridge.m:1:
/host/spi-builder-workspace/src/IMessage/Sources/IMessagePrivateSPI/include/IMessagePrivateSPI.h:1:9: fatal error: 'AppKit/AppKit.h' file not found
1 | #import <AppKit/AppKit.h>
| ^~~~~~~~~~~~~~~~~
1 error generated.
[43/121] Compiling IMessagePrivateSPI SpaceBridge.m
[43/121] Compiling writer.c
[43/121] Compiling _SwiftSyntaxCShims PlatformMutex.c
[43/121] Compiling EmojiSPIObjc EmojiSPIObjc.m
In file included from /host/spi-builder-workspace/src/IMessage/Sources/IMessagePrivateSPI/IMessagePrivateSPI.m:1:
/host/spi-builder-workspace/src/IMessage/Sources/IMessagePrivateSPI/include/IMessagePrivateSPI.h:1:9: fatal error: 'AppKit/AppKit.h' file not found
1 | #import <AppKit/AppKit.h>
| ^~~~~~~~~~~~~~~~~
1 error generated.
[43/121] Compiling IMessagePrivateSPI IMessagePrivateSPI.m
[43/121] Write swift-version-24593BA9C3E375BF.txt
Running build ...
bash -c docker run --pull=always --rm -v "checkouts-54344844-0":/host -w "$PWD" -e JAVA_HOME="/root/.sdkman/candidates/java/current" -e SPI_BUILD="1" -e SPI_PROCESSING="1" registry.gitlab.com/saguaro1/spi-images:wasm-6.1-latest swift build --swift-sdk wasm32-unknown-wasi 2>&1
wasm-6.1-latest: Pulling from saguaro1/spi-images
Digest: sha256:f257c9b8465670613eb336f6def351d681b1d395aebdb231a45bac980c1f9d3c
Status: Image is up to date for registry.gitlab.com/saguaro1/spi-images:wasm-6.1-latest
[0/4] Write swift-version-24593BA9C3E375BF.txt
[2/6] Compiling GenerateIMessageCLIVersion GenerateIMessageCLIVersion.swift
[3/6] Emitting module GenerateIMessageCLIVersion
[4/6] Write Objects.LinkFileList
[5/6] Linking GenerateIMessageCLIVersion-tool
[0/1] Planning build
[1/1] Compiling plugin GenerateIMessageCLIVersionPlugin
[2/2] Compiling plugin GenerateManual
[3/3] Compiling plugin GenerateDoccReference
Building for debugging...
[3/81] Write sources
In file included from /host/spi-builder-workspace/src/IMessage/Sources/IMessagePrivateSPI/SpaceBridge.m:1:
/host/spi-builder-workspace/src/IMessage/Sources/IMessagePrivateSPI/include/IMessagePrivateSPI.h:1:9: fatal error: 'AppKit/AppKit.h' file not found
1 | #import <AppKit/AppKit.h>
| ^~~~~~~~~~~~~~~~~
1 error generated.
[7/81] Compiling IMessagePrivateSPI SpaceBridge.m
[7/81] Compiling scanner.c
[7/81] Compiling writer.c
[7/81] Compiling _SwiftSyntaxCShims PlatformMutex.c
In file included from /host/spi-builder-workspace/src/IMessage/Sources/IMessagePrivateSPI/IMessagePrivateSPI.m:1:
/host/spi-builder-workspace/src/IMessage/Sources/IMessagePrivateSPI/include/IMessagePrivateSPI.h:1:9: fatal error: 'AppKit/AppKit.h' file not found
1 | #import <AppKit/AppKit.h>
| ^~~~~~~~~~~~~~~~~
[7/81] Compiling IMessagePrivateSPI IMessagePrivateSPI.m
[7/81] Compiling parser.c
[7/81] Compiling reader.c
[7/81] Write swift-version-24593BA9C3E375BF.txt
BUILD FAILURE 6.1 wasm